[INFO] fetching crate ewgpu 0.1.0...
[INFO] testing ewgpu-0.1.0 against 1.75.0 for beta-1.76-1
[INFO] extracting crate ewgpu 0.1.0 into /workspace/builds/worker-7-tc1/source
[INFO] validating manifest of crates.io crate ewgpu 0.1.0 on toolchain 1.75.0
[INFO] running `Command { std: CARGO_HOME="/workspace/cargo-home" RUSTUP_HOME="/workspace/rustup-home" "/workspace/cargo-home/bin/cargo" "+1.75.0" "metadata" "--manifest-path" "Cargo.toml" "--no-deps", kill_on_drop: false }`
[INFO] started tweaking crates.io crate ewgpu 0.1.0
[INFO] finished tweaking crates.io crate ewgpu 0.1.0
[INFO] tweaked toml for crates.io crate ewgpu 0.1.0 written to /workspace/builds/worker-7-tc1/source/Cargo.toml
[INFO] running `Command { std: CARGO_HOME="/workspace/cargo-home" RUSTUP_HOME="/workspace/rustup-home" "/workspace/cargo-home/bin/cargo" "+1.75.0" "generate-lockfile" "--manifest-path" "Cargo.toml", kill_on_drop: false }`
[INFO] [stderr]     Updating crates.io index
[INFO] running `Command { std: CARGO_HOME="/workspace/cargo-home" RUSTUP_HOME="/workspace/rustup-home" "/workspace/cargo-home/bin/cargo" "+1.75.0" "fetch" "--manifest-path" "Cargo.toml", kill_on_drop: false }`
[INFO] [stderr] warning: only one of `license` or `license-file` is necessary
[INFO] [stderr] `license` should be used if the package license can be expressed with a standard SPDX expression.
[INFO] [stderr] `license-file` should be used if the package uses a non-standard license.
[INFO] [stderr] See https://doc.rust-lang.org/cargo/reference/manifest.html#the-license-and-license-file-fields for more information.
[INFO] [stderr]  Downloading crates ...
[INFO] [stderr]   Downloaded chlorine v1.0.10
[INFO] [stderr]   Downloaded shaderc v0.7.4
[INFO] [stderr]   Downloaded ewgpu_macros v0.1.0
[INFO] [stderr]   Downloaded pollster v0.2.5
[INFO] [stderr]   Downloaded memmap2 v0.3.1
[INFO] [stderr]   Downloaded imgui-winit-support v0.8.2
[INFO] [stderr]   Downloaded calloop v0.9.3
[INFO] [stderr]   Downloaded imgui v0.8.2
[INFO] [stderr]   Downloaded nix v0.22.3
[INFO] [stderr]   Downloaded imgui-sys v0.8.2
[INFO] [stderr]   Downloaded smithay-client-toolkit v0.15.4
[INFO] [stderr]   Downloaded shaderc-sys v0.7.4
[INFO] [stderr]   Downloaded imgui-wgpu v0.19.0
[INFO] running `Command { std: "docker" "create" "-v" "/var/lib/crater-agent-workspace/builds/worker-7-tc1/target:/opt/rustwide/target:rw,Z" "-v" "/var/lib/crater-agent-workspace/builds/worker-7-tc1/source:/opt/rustwide/workdir:ro,Z" "-v" "/var/lib/crater-agent-workspace/cargo-home:/opt/rustwide/cargo-home:ro,Z" "-v" "/var/lib/crater-agent-workspace/rustup-home:/opt/rustwide/rustup-home:ro,Z" "-e" "SOURCE_DIR=/opt/rustwide/workdir" "-e" "CARGO_TARGET_DIR=/opt/rustwide/target" "-e" "CARGO_HOME=/opt/rustwide/cargo-home" "-e" "RUSTUP_HOME=/opt/rustwide/rustup-home" "-w" "/opt/rustwide/workdir" "-m" "1610612736" "--user" "0:0" "--network" "none" "ghcr.io/rust-lang/crates-build-env/linux@sha256:2788e3201cd34a07e3172128adcd8b3090168a8e3bcc40d7c032b9dda1df7d1c" "/opt/rustwide/cargo-home/bin/cargo" "+1.75.0" "metadata" "--no-deps" "--format-version=1", kill_on_drop: false }`
[INFO] [stdout] ede37aa09a47c626b6e90dc8c3e8d0ed76ccc035de69b5216e151bbea87f77a1
[INFO] running `Command { std: "docker" "start" "-a" "ede37aa09a47c626b6e90dc8c3e8d0ed76ccc035de69b5216e151bbea87f77a1", kill_on_drop: false }`
[INFO] running `Command { std: "docker" "inspect" "ede37aa09a47c626b6e90dc8c3e8d0ed76ccc035de69b5216e151bbea87f77a1", kill_on_drop: false }`
[INFO] running `Command { std: "docker" "rm" "-f" "ede37aa09a47c626b6e90dc8c3e8d0ed76ccc035de69b5216e151bbea87f77a1", kill_on_drop: false }`
[INFO] [stdout] ede37aa09a47c626b6e90dc8c3e8d0ed76ccc035de69b5216e151bbea87f77a1
[INFO] running `Command { std: "docker" "create" "-v" "/var/lib/crater-agent-workspace/builds/worker-7-tc1/target:/opt/rustwide/target:rw,Z" "-v" "/var/lib/crater-agent-workspace/builds/worker-7-tc1/source:/opt/rustwide/workdir:ro,Z" "-v" "/var/lib/crater-agent-workspace/cargo-home:/opt/rustwide/cargo-home:ro,Z" "-v" "/var/lib/crater-agent-workspace/rustup-home:/opt/rustwide/rustup-home:ro,Z" "-e" "SOURCE_DIR=/opt/rustwide/workdir" "-e" "CARGO_TARGET_DIR=/opt/rustwide/target" "-e" "CARGO_INCREMENTAL=0" "-e" "RUST_BACKTRACE=full" "-e" "RUSTFLAGS=--cap-lints=warn" "-e" "RUSTDOCFLAGS=--cap-lints=warn" "-e" "CARGO_HOME=/opt/rustwide/cargo-home" "-e" "RUSTUP_HOME=/opt/rustwide/rustup-home" "-w" "/opt/rustwide/workdir" "-m" "1610612736" "--user" "0:0" "--network" "none" "ghcr.io/rust-lang/crates-build-env/linux@sha256:2788e3201cd34a07e3172128adcd8b3090168a8e3bcc40d7c032b9dda1df7d1c" "/opt/rustwide/cargo-home/bin/cargo" "+1.75.0" "build" "--frozen" "--message-format=json", kill_on_drop: false }`
[INFO] [stdout] b3b2238c84b9277c9db2a0b3a4a9be8114d44192fb15d0c2702d59f1867ca2f1
[INFO] running `Command { std: "docker" "start" "-a" "b3b2238c84b9277c9db2a0b3a4a9be8114d44192fb15d0c2702d59f1867ca2f1", kill_on_drop: false }`
[INFO] [stderr] warning: only one of `license` or `license-file` is necessary
[INFO] [stderr] `license` should be used if the package license can be expressed with a standard SPDX expression.
[INFO] [stderr] `license-file` should be used if the package uses a non-standard license.
[INFO] [stderr] See https://doc.rust-lang.org/cargo/reference/manifest.html#the-license-and-license-file-fields for more information.
[INFO] [stderr]    Compiling libc v0.2.151
[INFO] [stderr]    Compiling once_cell v1.19.0
[INFO] [stderr]    Compiling pkg-config v0.3.28
[INFO] [stderr]    Compiling num-traits v0.2.17
[INFO] [stderr]    Compiling memoffset v0.6.5
[INFO] [stderr]    Compiling xml-rs v0.8.19
[INFO] [stderr]    Compiling zerocopy v0.7.32
[INFO] [stderr]    Compiling ahash v0.8.7
[INFO] [stderr]    Compiling parking_lot_core v0.8.6
[INFO] [stderr]    Compiling libloading v0.8.1
[INFO] [stderr]    Compiling instant v0.1.12
[INFO] [stderr]    Compiling allocator-api2 v0.2.16
[INFO] [stderr]    Compiling indexmap v1.9.3
[INFO] [stderr]    Compiling cty v0.2.2
[INFO] [stderr]    Compiling thiserror-impl v1.0.56
[INFO] [stderr]    Compiling raw-window-handle v0.4.3
[INFO] [stderr]    Compiling libloading v0.7.4
[INFO] [stderr]    Compiling dlib v0.5.2
[INFO] [stderr]    Compiling scoped-tls v1.0.1
[INFO] [stderr]    Compiling fixedbitset v0.4.2
[INFO] [stderr]    Compiling bit-vec v0.6.3
[INFO] [stderr]    Compiling unicode-xid v0.2.4
[INFO] [stderr]    Compiling ash v0.34.0+1.2.203
[INFO] [stderr]    Compiling khronos-egl v4.1.0
[INFO] [stderr]    Compiling downcast-rs v1.2.0
[INFO] [stderr]    Compiling gpu-descriptor-types v0.1.2
[INFO] [stderr]    Compiling pp-rs v0.2.1
[INFO] [stderr]    Compiling codespan-reporting v0.11.1
[INFO] [stderr]    Compiling bit-set v0.5.3
[INFO] [stderr]    Compiling gpu-alloc-types v0.2.0
[INFO] [stderr]    Compiling num-integer v0.1.45
[INFO] [stderr]    Compiling cfg_aliases v0.1.1
[INFO] [stderr]    Compiling hexf-parse v0.2.1
[INFO] [stderr]    Compiling hashbrown v0.14.3
[INFO] [stderr]    Compiling rustc-hash v1.1.0
[INFO] [stderr]    Compiling wgpu-core v0.12.2
[INFO] [stderr]    Compiling gpu-alloc v0.5.4
[INFO] [stderr]    Compiling wgpu-types v0.12.0
[INFO] [stderr]    Compiling wayland-scanner v0.29.5
[INFO] [stderr]    Compiling wayland-sys v0.29.5
[INFO] [stderr]    Compiling cc v1.0.83
[INFO] [stderr]    Compiling smithay-client-toolkit v0.15.4
[INFO] [stderr]    Compiling x11-dl v2.21.0
[INFO] [stderr]    Compiling miniz_oxide v0.4.4
[INFO] [stderr]    Compiling renderdoc-sys v0.7.1
[INFO] [stderr]    Compiling profiling v1.0.13
[INFO] [stderr]    Compiling adler32 v1.2.0
[INFO] [stderr]    Compiling either v1.9.0
[INFO] [stderr]    Compiling crc32fast v1.3.2
[INFO] [stderr]    Compiling arrayvec v0.7.4
[INFO] [stderr]    Compiling indexmap v2.1.0
[INFO] [stderr]    Compiling gpu-descriptor v0.2.4
[INFO] [stderr]    Compiling cmake v0.1.50
[INFO] [stderr]    Compiling xcursor v0.3.5
[INFO] [stderr]    Compiling glow v0.11.2
[INFO] [stderr]    Compiling inplace_it v0.3.5
[INFO] [stderr]    Compiling chlorine v1.0.10
[INFO] [stderr]    Compiling rayon v1.8.0
[INFO] [stderr]    Compiling bytemuck_derive v1.5.0
[INFO] [stderr]    Compiling num-iter v0.1.43
[INFO] [stderr]    Compiling spirv v0.2.0+1.5.4
[INFO] [stderr]    Compiling num-rational v0.3.2
[INFO] [stderr]    Compiling weezl v0.1.7
[INFO] [stderr]    Compiling copyless v0.1.5
[INFO] [stderr]    Compiling winit v0.26.1
[INFO] [stderr]    Compiling adler v1.0.2
[INFO] [stderr]    Compiling nix v0.24.3
[INFO] [stderr]    Compiling petgraph v0.6.4
[INFO] [stderr]    Compiling thiserror v1.0.56
[INFO] [stderr]    Compiling nix v0.22.3
[INFO] [stderr]    Compiling wayland-client v0.29.5
[INFO] [stderr]    Compiling wayland-protocols v0.29.5
[INFO] [stderr]    Compiling parking_lot v0.11.2
[INFO] [stderr]    Compiling memmap2 v0.3.1
[INFO] [stderr]    Compiling imgui-sys v0.8.2
[INFO] [stderr]    Compiling shaderc-sys v0.7.4
[INFO] [stderr]    Compiling regex-syntax v0.8.2
[INFO] [stderr]    Compiling mio v0.8.10
[INFO] [stderr]    Compiling miniz_oxide v0.3.7
[INFO] [stderr]    Compiling bytemuck v1.14.0
[INFO] [stderr]    Compiling deflate v0.8.6
[INFO] [stderr]    Compiling color_quant v1.1.0
[INFO] [stderr]    Compiling wayland-commons v0.29.5
[INFO] [stderr]    Compiling naga v0.8.5
[INFO] [stderr]    Compiling jpeg-decoder v0.1.22
[INFO] [stderr]    Compiling regex-automata v0.4.3
[INFO] [stderr]    Compiling percent-encoding v2.3.1
[INFO] [stderr]    Compiling cgmath v0.18.0
[INFO] [stderr]    Compiling png v0.16.8
[INFO] [stderr]    Compiling gif v0.11.4
[INFO] [stderr]    Compiling tiff v0.6.1
[INFO] [stderr]    Compiling atty v0.2.14
[INFO] [stderr]    Compiling approx v0.4.0
[INFO] [stderr]    Compiling scoped_threadpool v0.1.9
[INFO] [stderr]    Compiling image v0.23.14
[INFO] [stderr]    Compiling ewgpu_macros v0.1.0
[INFO] [stderr]    Compiling calloop v0.9.3
[INFO] [stderr] error: could not compile `ash` (lib)
[INFO] [stderr] 
[INFO] [stderr] Caused by:
[INFO] [stderr]   process didn't exit successfully: `/opt/rustwide/rustup-home/toolchains/1.75.0-x86_64-unknown-linux-gnu/bin/rustc --crate-name ash --edition=2018 /opt/rustwide/cargo-home/registry/src/index.crates.io-6f17d22bba15001f/ash-0.34.0+1.2.203/src/lib.rs --error-format=json --json=diagnostic-rendered-ansi,artifacts,future-incompat --crate-type lib --emit=dep-info,metadata,link -C embed-bitcode=no -C debuginfo=2 --cfg 'feature="debug"' --cfg 'feature="libloading"' --cfg 'feature="loaded"' -C metadata=cb0df074d4024883 -C extra-filename=-cb0df074d4024883 --out-dir /opt/rustwide/target/debug/deps -L dependency=/opt/rustwide/target/debug/deps --extern libloading=/opt/rustwide/target/debug/deps/liblibloading-b7eb8bc211ce6205.rmeta --cap-lints allow --cap-lints=warn` (signal: 9, SIGKILL: kill)
[INFO] [stderr] warning: build failed, waiting for other jobs to finish...
[INFO] [stderr] The following warnings were emitted during compilation:
[INFO] [stderr] 
[INFO] [stderr] warning: imgui-sys@0.8.2: c++: fatal error: Killed signal terminated program cc1plus
[INFO] [stderr] warning: imgui-sys@0.8.2: compilation terminated.
[INFO] [stderr] 
[INFO] [stderr] error: failed to run custom build command for `imgui-sys v0.8.2`
[INFO] [stderr] note: To improve backtraces for build dependencies, set the CARGO_PROFILE_DEV_BUILD_OVERRIDE_DEBUG=true environment variable to enable debug information generation.
[INFO] [stderr] 
[INFO] [stderr] Caused by:
[INFO] [stderr]   process didn't exit successfully: `/opt/rustwide/target/debug/build/imgui-sys-21a5a70ffe1a8c8c/build-script-build` (exit status: 1)
[INFO] [stderr]   --- stdout
[INFO] [stderr]   cargo:THIRD_PARTY=/opt/rustwide/cargo-home/registry/src/index.crates.io-6f17d22bba15001f/imgui-sys-0.8.2/third-party
[INFO] [stderr]   cargo:DEFINE_IMGUI_USE_WCHAR32=
[INFO] [stderr]   cargo:DEFINE_CIMGUI_NO_EXPORT=
[INFO] [stderr]   cargo:DEFINE_IMGUI_DISABLE_WIN32_FUNCTIONS=
[INFO] [stderr]   cargo:DEFINE_IMGUI_DISABLE_OSX_FUNCTIONS=
[INFO] [stderr]   OPT_LEVEL = Some("0")
[INFO] [stderr]   TARGET = Some("x86_64-unknown-linux-gnu")
[INFO] [stderr]   HOST = Some("x86_64-unknown-linux-gnu")
[INFO] [stderr]   cargo:rerun-if-env-changed=CXX_x86_64-unknown-linux-gnu
[INFO] [stderr]   CXX_x86_64-unknown-linux-gnu = None
[INFO] [stderr]   cargo:rerun-if-env-changed=CXX_x86_64_unknown_linux_gnu
[INFO] [stderr]   CXX_x86_64_unknown_linux_gnu = None
[INFO] [stderr]   cargo:rerun-if-env-changed=HOST_CXX
[INFO] [stderr]   HOST_CXX = None
[INFO] [stderr]   cargo:rerun-if-env-changed=CXX
[INFO] [stderr]   CXX = None
[INFO] [stderr]   cargo:rerun-if-env-changed=CRATE_CC_NO_DEFAULTS
[INFO] [stderr]   CRATE_CC_NO_DEFAULTS = None
[INFO] [stderr]   DEBUG = Some("true")
[INFO] [stderr]   CARGO_CFG_TARGET_FEATURE = Some("fxsr,sse,sse2")
[INFO] [stderr]   cargo:rerun-if-env-changed=CXXFLAGS_x86_64-unknown-linux-gnu
[INFO] [stderr]   CXXFLAGS_x86_64-unknown-linux-gnu = None
[INFO] [stderr]   cargo:rerun-if-env-changed=CXXFLAGS_x86_64_unknown_linux_gnu
[INFO] [stderr]   CXXFLAGS_x86_64_unknown_linux_gnu = None
[INFO] [stderr]   cargo:rerun-if-env-changed=HOST_CXXFLAGS
[INFO] [stderr]   HOST_CXXFLAGS = None
[INFO] [stderr]   cargo:rerun-if-env-changed=CXXFLAGS
[INFO] [stderr]   CXXFLAGS = None
[INFO] [stderr]   running: "c++" "-O0" "-ffunction-sections" "-fdata-sections" "-fPIC" "-gdwarf-4" "-fno-omit-frame-pointer" "-m64" "-fno-exceptions" "-fno-rtti" "-DIMGUI_USE_WCHAR32" "-DCIMGUI_NO_EXPORT" "-DIMGUI_DISABLE_WIN32_FUNCTIONS" "-DIMGUI_DISABLE_OSX_FUNCTIONS" "-o" "/opt/rustwide/target/debug/build/imgui-sys-c7217c6cf34bbffb/out/include_all_imgui.o" "-c" "include_all_imgui.cpp"
[INFO] [stderr]   exit status: 1
[INFO] [stderr]   cargo:warning=c++: fatal error: Killed signal terminated program cc1plus
[INFO] [stderr] 
[INFO] [stderr]   cargo:warning=compilation terminated.
[INFO] [stderr] 
[INFO] [stderr] 
[INFO] [stderr]   --- stderr
[INFO] [stderr] 
[INFO] [stderr] 
[INFO] [stderr]   error occurred: Command "c++" "-O0" "-ffunction-sections" "-fdata-sections" "-fPIC" "-gdwarf-4" "-fno-omit-frame-pointer" "-m64" "-fno-exceptions" "-fno-rtti" "-DIMGUI_USE_WCHAR32" "-DCIMGUI_NO_EXPORT" "-DIMGUI_DISABLE_WIN32_FUNCTIONS" "-DIMGUI_DISABLE_OSX_FUNCTIONS" "-o" "/opt/rustwide/target/debug/build/imgui-sys-c7217c6cf34bbffb/out/include_all_imgui.o" "-c" "include_all_imgui.cpp" with args "c++" did not execute successfully (status code exit status: 1).
[INFO] [stderr] 
[INFO] [stderr] 
[INFO] [stderr] error: could not compile `regex-automata` (lib)
[INFO] [stderr] 
[INFO] [stderr] Caused by:
[INFO] [stderr]   process didn't exit successfully: `/opt/rustwide/rustup-home/toolchains/1.75.0-x86_64-unknown-linux-gnu/bin/rustc --crate-name regex_automata --edition=2021 /opt/rustwide/cargo-home/registry/src/index.crates.io-6f17d22bba15001f/regex-automata-0.4.3/src/lib.rs --error-format=json --json=diagnostic-rendered-ansi,artifacts,future-incompat --crate-type lib --emit=dep-info,metadata,link -C embed-bitcode=no -C debuginfo=2 --cfg 'feature="alloc"' --cfg 'feature="dfa-onepass"' --cfg 'feature="hybrid"' --cfg 'feature="meta"' --cfg 'feature="nfa-backtrack"' --cfg 'feature="nfa-pikevm"' --cfg 'feature="nfa-thompson"' --cfg 'feature="perf-inline"' --cfg 'feature="perf-literal"' --cfg 'feature="perf-literal-multisubstring"' --cfg 'feature="perf-literal-substring"' --cfg 'feature="std"' --cfg 'feature="syntax"' -C metadata=41b935b8a0326771 -C extra-filename=-41b935b8a0326771 --out-dir /opt/rustwide/target/debug/deps -L dependency=/opt/rustwide/target/debug/deps --extern aho_corasick=/opt/rustwide/target/debug/deps/libaho_corasick-c461b2416345444e.rmeta --extern memchr=/opt/rustwide/target/debug/deps/libmemchr-94009dd89ebb9d8d.rmeta --extern regex_syntax=/opt/rustwide/target/debug/deps/libregex_syntax-ec727727d9e652fd.rmeta --cap-lints allow --cap-lints=warn` (signal: 9, SIGKILL: kill)
[INFO] [stderr] error: could not compile `naga` (lib)
[INFO] [stderr] 
[INFO] [stderr] Caused by:
[INFO] [stderr]   process didn't exit successfully: `/opt/rustwide/rustup-home/toolchains/1.75.0-x86_64-unknown-linux-gnu/bin/rustc --crate-name naga --edition=2018 /opt/rustwide/cargo-home/registry/src/index.crates.io-6f17d22bba15001f/naga-0.8.5/src/lib.rs --error-format=json --json=diagnostic-rendered-ansi,artifacts,future-incompat --crate-type lib --emit=dep-info,metadata,link -C embed-bitcode=no -C debuginfo=2 --cfg 'feature="codespan-reporting"' --cfg 'feature="default"' --cfg 'feature="glsl-in"' --cfg 'feature="glsl-out"' --cfg 'feature="hexf-parse"' --cfg 'feature="petgraph"' --cfg 'feature="pp-rs"' --cfg 'feature="span"' --cfg 'feature="spirv"' --cfg 'feature="spv-in"' --cfg 'feature="spv-out"' --cfg 'feature="validate"' --cfg 'feature="wgsl-in"' -C metadata=4596dd82808fa1b8 -C extra-filename=-4596dd82808fa1b8 --out-dir /opt/rustwide/target/debug/deps -L dependency=/opt/rustwide/target/debug/deps --extern bit_set=/opt/rustwide/target/debug/deps/libbit_set-1c30cf26081adff1.rmeta --extern bitflags=/opt/rustwide/target/debug/deps/libbitflags-b7cee2ca4fb438d0.rmeta --extern codespan_reporting=/opt/rustwide/target/debug/deps/libcodespan_reporting-59f5065d168d3658.rmeta --extern hexf_parse=/opt/rustwide/target/debug/deps/libhexf_parse-55d9d3541fa29af9.rmeta --extern indexmap=/opt/rustwide/target/debug/deps/libindexmap-7b2113ac7fccbab6.rmeta --extern log=/opt/rustwide/target/debug/deps/liblog-e491f2c1d0b13538.rmeta --extern num_traits=/opt/rustwide/target/debug/deps/libnum_traits-aa75f3964f70d2b4.rmeta --extern petgraph=/opt/rustwide/target/debug/deps/libpetgraph-7452f6f9705e7cbe.rmeta --extern pp_rs=/opt/rustwide/target/debug/deps/libpp_rs-872d178ad5762aed.rmeta --extern rustc_hash=/opt/rustwide/target/debug/deps/librustc_hash-3fb13bc50a653a23.rmeta --extern spirv=/opt/rustwide/target/debug/deps/libspirv-f30555e2c736287c.rmeta --extern thiserror=/opt/rustwide/target/debug/deps/libthiserror-3b0757fdb1ac579f.rmeta --cap-lints allow --cap-lints=warn` (signal: 9, SIGKILL: kill)
[INFO] [stderr] error: could not compile `image` (lib)
[INFO] [stderr] 
[INFO] [stderr] Caused by:
[INFO] [stderr]   process didn't exit successfully: `/opt/rustwide/rustup-home/toolchains/1.75.0-x86_64-unknown-linux-gnu/bin/rustc --crate-name image --edition=2018 /opt/rustwide/cargo-home/registry/src/index.crates.io-6f17d22bba15001f/image-0.23.14/./src/lib.rs --error-format=json --json=diagnostic-rendered-ansi,artifacts,future-incompat --crate-type lib --emit=dep-info,metadata,link -C embed-bitcode=no -C debuginfo=2 --cfg 'feature="bmp"' --cfg 'feature="dds"' --cfg 'feature="default"' --cfg 'feature="dxt"' --cfg 'feature="farbfeld"' --cfg 'feature="gif"' --cfg 'feature="hdr"' --cfg 'feature="ico"' --cfg 'feature="jpeg"' --cfg 'feature="jpeg_rayon"' --cfg 'feature="png"' --cfg 'feature="pnm"' --cfg 'feature="scoped_threadpool"' --cfg 'feature="tga"' --cfg 'feature="tiff"' --cfg 'feature="webp"' -C metadata=4ad5145395ecf5f2 -C extra-filename=-4ad5145395ecf5f2 --out-dir /opt/rustwide/target/debug/deps -L dependency=/opt/rustwide/target/debug/deps --extern bytemuck=/opt/rustwide/target/debug/deps/libbytemuck-68944c6dc4082d8b.rmeta --extern byteorder=/opt/rustwide/target/debug/deps/libbyteorder-e9468b374a0c0c11.rmeta --extern color_quant=/opt/rustwide/target/debug/deps/libcolor_quant-76e42fe6d44f3f56.rmeta --extern gif=/opt/rustwide/target/debug/deps/libgif-be6f3641dce8a1be.rmeta --extern jpeg=/opt/rustwide/target/debug/deps/libjpeg_decoder-51d0f9b49ca22b9f.rmeta --extern num_iter=/opt/rustwide/target/debug/deps/libnum_iter-158c607f7781e07e.rmeta --extern num_rational=/opt/rustwide/target/debug/deps/libnum_rational-8ca787bceac37dc3.rmeta --extern num_traits=/opt/rustwide/target/debug/deps/libnum_traits-aa75f3964f70d2b4.rmeta --extern png=/opt/rustwide/target/debug/deps/libpng-fc8b557e59a93002.rmeta --extern scoped_threadpool=/opt/rustwide/target/debug/deps/libscoped_threadpool-cf49c53216faf76b.rmeta --extern tiff=/opt/rustwide/target/debug/deps/libtiff-a4a88cee8f16e5f3.rmeta --cap-lints allow --cap-lints=warn` (signal: 9, SIGKILL: kill)
[INFO] [stderr] The following warnings were emitted during compilation:
[INFO] [stderr] 
[INFO] [stderr] warning: shaderc-sys@0.7.4: shaderc: searching for native shaderc libraries on system;  use '--features build-from-source' to force building from source code
[INFO] [stderr] warning: shaderc-sys@0.7.4: shaderc: cannot find native shaderc library on system; falling back to build from source
[INFO] [stderr] 
[INFO] [stderr] error: failed to run custom build command for `shaderc-sys v0.7.4`
[INFO] [stderr] note: To improve backtraces for build dependencies, set the CARGO_PROFILE_DEV_BUILD_OVERRIDE_DEBUG=true environment variable to enable debug information generation.
[INFO] [stderr] 
[INFO] [stderr] Caused by:
[INFO] [stderr]   process didn't exit successfully: `/opt/rustwide/target/debug/build/shaderc-sys-57fe483352cf9d51/build-script-build` (exit status: 101)
[INFO] [stderr]   --- stdout
[INFO] [stderr]   cargo:warning=shaderc: searching for native shaderc libraries on system;  use '--features build-from-source' to force building from source code
[INFO] [stderr]   cargo:warning=shaderc: cannot find native shaderc library on system; falling back to build from source
[INFO] [stderr]   CMAKE_TOOLCHAIN_FILE_x86_64-unknown-linux-gnu = None
[INFO] [stderr]   CMAKE_TOOLCHAIN_FILE_x86_64_unknown_linux_gnu = None
[INFO] [stderr]   HOST_CMAKE_TOOLCHAIN_FILE = None
[INFO] [stderr]   CMAKE_TOOLCHAIN_FILE = None
[INFO] [stderr]   CMAKE_PREFIX_PATH_x86_64-unknown-linux-gnu = None
[INFO] [stderr]   CMAKE_PREFIX_PATH_x86_64_unknown_linux_gnu = None
[INFO] [stderr]   HOST_CMAKE_PREFIX_PATH = None
[INFO] [stderr]   CMAKE_PREFIX_PATH = None
[INFO] [stderr]   CMAKE_x86_64-unknown-linux-gnu = None
[INFO] [stderr]   CMAKE_x86_64_unknown_linux_gnu = None
[INFO] [stderr]   HOST_CMAKE = None
[INFO] [stderr]   CMAKE = None
[INFO] [stderr]   running: cd "/opt/rustwide/target/debug/build/shaderc-sys-3314bd9a5050dde6/out/build" && CMAKE_PREFIX_PATH="" "cmake" "/opt/rustwide/cargo-home/registry/src/index.crates.io-6f17d22bba15001f/shaderc-sys-0.7.4/build" "-G" "Ninja" "-DCMAKE_INSTALL_LIBDIR=lib" "-DCMAKE_POSITION_INDEPENDENT_CODE=ON" "-DENABLE_SPVREMAPPER=OFF" "-DENABLE_GLSLANG_BINARIES=OFF" "-DSHADERC_SKIP_TESTS=ON" "-DSPIRV_SKIP_EXECUTABLES=ON" "-DSPIRV_WERROR=OFF" "-DCMAKE_INSTALL_PREFIX=/opt/rustwide/target/debug/build/shaderc-sys-3314bd9a5050dde6/out" "-DCMAKE_C_FLAGS= -ffunction-sections -fdata-sections -fPIC -m64" "-DCMAKE_C_COMPILER=/usr/bin/cc" "-DCMAKE_CXX_FLAGS= -ffunction-sections -fdata-sections -fPIC -m64" "-DCMAKE_CXX_COMPILER=/usr/bin/c++" "-DCMAKE_ASM_FLAGS= -ffunction-sections -fdata-sections -fPIC -m64" "-DCMAKE_ASM_COMPILER=/usr/bin/cc" "-DCMAKE_BUILD_TYPE=Release"
[INFO] [stderr]   -- The C compiler identification is GNU 11.4.0
[INFO] [stderr]   -- The CXX compiler identification is GNU 11.4.0
[INFO] [stderr]   -- Detecting C compiler ABI info
[INFO] [stderr]   -- Detecting C compiler ABI info - done
[INFO] [stderr]   -- Check for working C compiler: /usr/bin/cc - skipped
[INFO] [stderr]   -- Detecting C compile features
[INFO] [stderr]   -- Detecting C compile features - done
[INFO] [stderr]   -- Detecting CXX compiler ABI info
[INFO] [stderr]   -- Detecting CXX compiler ABI info - done
[INFO] [stderr]   -- Check for working CXX compiler: /usr/bin/c++ - skipped
[INFO] [stderr]   -- Detecting CXX compile features
[INFO] [stderr]   -- Detecting CXX compile features - done
[INFO] [stderr]   -- Building SPIRV-Header examples
[INFO] [stderr]   -- Installing SPIRV-Header
[INFO] [stderr]   -- Found PythonInterp: /usr/bin/python3 (found suitable version "3.10.12", minimum required is "3") 
[INFO] [stderr]   -- Google Mock was not found - tests based on that will not build
[INFO] [stderr]   -- optimizer enabled
[INFO] [stderr]   -- Looking for pthread.h
[INFO] [stderr]   -- Looking for pthread.h - found
[INFO] [stderr]   -- Performing Test CMAKE_HAVE_LIBC_PTHREAD
[INFO] [stderr]   -- Performing Test CMAKE_HAVE_LIBC_PTHREAD - Success
[INFO] [stderr]   -- Found Threads: TRUE  
[INFO] [stderr]   -- Shaderc: build type is "Release".
[INFO] [stderr]   -- Configuring Shaderc to avoid building tests.
[INFO] [stderr]   -- Configuring Shaderc to build examples.
[INFO] [stderr]   -- Configuring Shaderc to check copyrights.
[INFO] [stderr]   -- asciidoctor was not found - no documentation will be generated
[INFO] [stderr]   -- Performing Test COMPILER_SUPPORTS_FALLTHROUGH_WARNING
[INFO] [stderr]   -- Performing Test COMPILER_SUPPORTS_FALLTHROUGH_WARNING - Success
[INFO] [stderr]   -- Performing Test COMPILER_SUPPORTS_EXTRA_SEMI_WARNING
[INFO] [stderr]   -- Performing Test COMPILER_SUPPORTS_EXTRA_SEMI_WARNING - Success
[INFO] [stderr]   -- Performing Test COMPILER_SUPPORTS_PIC
[INFO] [stderr]   -- Performing Test COMPILER_SUPPORTS_PIC - Success
[INFO] [stderr]   -- Configuring done
[INFO] [stderr]   -- Generating done
[INFO] [stderr]   -- Build files have been written to: /opt/rustwide/target/debug/build/shaderc-sys-3314bd9a5050dde6/out/build
[INFO] [stderr]   running: cd "/opt/rustwide/target/debug/build/shaderc-sys-3314bd9a5050dde6/out/build" && "cmake" "--build" "." "--target" "install" "--config" "Release" "--parallel" "16"
[INFO] [stderr]   [1/391] cd /opt/rustwide/target/debug/build/shaderc-sys-3314bd9a5050dde6/out/build/spirv-tools && /usr/bin/cmake -DCHANGES_FILE=/opt/rustwide/cargo-home/registry/src/index.crates.io-6f17d22bba15001f/shaderc-sys-0.7.4/build/spirv-tools/CHANGES -DTEMPLATE_FILE=/opt/rustwide/cargo-home/registry/src/index.crates.io-6f17d22bba15001f/shaderc-sys-0.7.4/build/spirv-tools/cmake/SPIRV-Tools-shared.pc.in -DOUT_FILE=/opt/rustwide/target/debug/build/shaderc-sys-3314bd9a5050dde6/out/build/spirv-tools/SPIRV-Tools-shared.pc -DCMAKE_INSTALL_PREFIX=/opt/rustwide/target/debug/build/shaderc-sys-3314bd9a5050dde6/out -DCMAKE_INSTALL_LIBDIR=lib -DCMAKE_INSTALL_INCLUDEDIR=include -DSPIRV_SHARED_LIBRARIES=-lSPIRV-Tools-shared -P /opt/rustwide/cargo-home/registry/src/index.crates.io-6f17d22bba15001f/shaderc-sys-0.7.4/build/spirv-tools/cmake/write_pkg_config.cmake
[INFO] [stderr]   [2/391] cd /opt/rustwide/target/debug/build/shaderc-sys-3314bd9a5050dde6/out/build/spirv-tools && /usr/bin/cmake -DCHANGES_FILE=/opt/rustwide/cargo-home/registry/src/index.crates.io-6f17d22bba15001f/shaderc-sys-0.7.4/build/spirv-tools/CHANGES -DTEMPLATE_FILE=/opt/rustwide/cargo-home/registry/src/index.crates.io-6f17d22bba15001f/shaderc-sys-0.7.4/build/spirv-tools/cmake/SPIRV-Tools.pc.in -DOUT_FILE=/opt/rustwide/target/debug/build/shaderc-sys-3314bd9a5050dde6/out/build/spirv-tools/SPIRV-Tools.pc -DCMAKE_INSTALL_PREFIX=/opt/rustwide/target/debug/build/shaderc-sys-3314bd9a5050dde6/out -DCMAKE_INSTALL_LIBDIR=lib -DCMAKE_INSTALL_INCLUDEDIR=include -DSPIRV_LIBRARIES=-lSPIRV-Tools-opt\ -lSPIRV-Tools\ -lSPIRV-Tools-link -P /opt/rustwide/cargo-home/registry/src/index.crates.io-6f17d22bba15001f/shaderc-sys-0.7.4/build/spirv-tools/cmake/write_pkg_config.cmake
[INFO] [stderr]   [3/391] Building CXX object spirv-headers/example/CMakeFiles/SPIRV-Headers-example.dir/example.cpp.o
[INFO] [stderr]   [4/391] Generate extended instruction tables for spv-amd-gcn-shader.
[INFO] [stderr]   [5/391] Generate extended instruction tables for spv-amd-shader-ballot.
[INFO] [stderr]   [6/391] Generate extended instruction tables for nonsemantic.clspvreflection.
[INFO] [stderr]   [7/391] Generate extended instruction tables for spv-amd-shader-explicit-vertex-parameter.
[INFO] [stderr]   [8/391] Generate extended instruction tables for spv-amd-shader-trinary-minmax.
[INFO] [stderr]   [9/391] Generate extended instruction tables for nonsemantic.shader.debuginfo.100.
[INFO] [stderr]   [10/391] Generate extended instruction tables for opencl.debuginfo.100.
[INFO] [stderr]   [11/391] Generate language specific header for NonSemanticShaderDebugInfo100.
[INFO] [stderr]   [12/391] Generate tables based on the SPIR-V XML registry.
[INFO] [stderr]   [13/391] Generate extended instruction tables for debuginfo.
[INFO] [stderr]   [14/391] Update build-version.inc in the SPIRV-Tools build directory (if necessary).
[INFO] [stderr]   [15/391] Generate enum-string mapping for SPIR-V vunified1.
[INFO] [stderr]   [16/391] Generate language specific header for DebugInfo.
[INFO] [stderr]   [17/391] Generate language specific header for OpenCLDebugInfo100.
[INFO] [stderr]   [18/391] Building CXX object glslang/hlsl/CMakeFiles/HLSL.dir/stub.cpp.o
[INFO] [stderr]   [19/391] cd /opt/rustwide/target/debug/build/shaderc-sys-3314bd9a5050dde6/out/build/shaderc && /usr/bin/cmake -DCHANGES_FILE=/opt/rustwide/cargo-home/registry/src/index.crates.io-6f17d22bba15001f/shaderc-sys-0.7.4/build/shaderc/CHANGES -DTEMPLATE_FILE=/opt/rustwide/cargo-home/registry/src/index.crates.io-6f17d22bba15001f/shaderc-sys-0.7.4/build/shaderc/cmake/shaderc.pc.in -DOUT_FILE=/opt/rustwide/target/debug/build/shaderc-sys-3314bd9a5050dde6/out/build/shaderc/shaderc.pc -DCMAKE_INSTALL_PREFIX=/opt/rustwide/target/debug/build/shaderc-sys-3314bd9a5050dde6/out -DCMAKE_INSTALL_LIBDIR=lib -DCMAKE_INSTALL_INCLUDEDIR=include -DLIBS=-lshaderc_shared -P /opt/rustwide/cargo-home/registry/src/index.crates.io-6f17d22bba15001f/shaderc-sys-0.7.4/build/shaderc/cmake/write_pkg_config.cmake
[INFO] [stderr]   [20/391] cd /opt/rustwide/target/debug/build/shaderc-sys-3314bd9a5050dde6/out/build/shaderc && /usr/bin/cmake -DCHANGES_FILE=/opt/rustwide/cargo-home/registry/src/index.crates.io-6f17d22bba15001f/shaderc-sys-0.7.4/build/shaderc/CHANGES -DTEMPLATE_FILE=/opt/rustwide/cargo-home/registry/src/index.crates.io-6f17d22bba15001f/shaderc-sys-0.7.4/build/shaderc/cmake/shaderc_static.pc.in -DOUT_FILE=/opt/rustwide/target/debug/build/shaderc-sys-3314bd9a5050dde6/out/build/shaderc/shaderc_static.pc -DCMAKE_INSTALL_PREFIX=/opt/rustwide/target/debug/build/shaderc-sys-3314bd9a5050dde6/out -DCMAKE_INSTALL_LIBDIR=lib -DCMAKE_INSTALL_INCLUDEDIR=include -DLIBS=-lshaderc\ \ -lshaderc_util -P /opt/rustwide/cargo-home/registry/src/index.crates.io-6f17d22bba15001f/shaderc-sys-0.7.4/build/shaderc/cmake/write_pkg_config.cmake
[INFO] [stderr]   [21/391] Update build-version.inc in the Shaderc build directory (if necessary).
[INFO] [stderr]   [22/391] cd /opt/rustwide/target/debug/build/shaderc-sys-3314bd9a5050dde6/out/build/shaderc && /usr/bin/cmake -DCHANGES_FILE=/opt/rustwide/cargo-home/registry/src/index.crates.io-6f17d22bba15001f/shaderc-sys-0.7.4/build/shaderc/CHANGES -DTEMPLATE_FILE=/opt/rustwide/cargo-home/registry/src/index.crates.io-6f17d22bba15001f/shaderc-sys-0.7.4/build/shaderc/cmake/shaderc_combined.pc.in -DOUT_FILE=/opt/rustwide/target/debug/build/shaderc-sys-3314bd9a5050dde6/out/build/shaderc/shaderc_combined.pc -DCMAKE_INSTALL_PREFIX=/opt/rustwide/target/debug/build/shaderc-sys-3314bd9a5050dde6/out -DCMAKE_INSTALL_LIBDIR=lib -DCMAKE_INSTALL_INCLUDEDIR=include -DLIBS=-lshaderc_combined -P /opt/rustwide/cargo-home/registry/src/index.crates.io-6f17d22bba15001f/shaderc-sys-0.7.4/build/shaderc/cmake/write_pkg_config.cmake
[INFO] [stderr]   [23/391] Generate info tables for GLSL extended instructions and operands vunified1.
[INFO] [stderr]   [24/391] Check copyright
[INFO] [stderr]   [25/391] Generate info tables for SPIR-V vunified1 core instructions and operands.
[INFO] [stderr]   [26/391] Linking CXX static library spirv-headers/example/libSPIRV-Headers-example.a
[INFO] [stderr]   [27/391] Generate info tables for OpenCL extended instructions and operands vunified1.
[INFO] [stderr]   [28/391] Linking CXX static library glslang/hlsl/libHLSL.a
[INFO] [stderr]   [29/391] Building CXX object glslang/glslang/OSDependent/Unix/CMakeFiles/OSDependent.dir/ossource.cpp.o
[INFO] [stderr]   [30/391] Building CXX object glslang/OGLCompilersDLL/CMakeFiles/OGLCompiler.dir/InitializeDll.cpp.o
[INFO] [stderr]   [31/391] Building CXX object glslang/glslang/CMakeFiles/GenericCodeGen.dir/GenericCodeGen/CodeGen.cpp.o
[INFO] [stderr]   [32/391] Building CXX object glslang/glslang/CMakeFiles/GenericCodeGen.dir/GenericCodeGen/Link.cpp.o
[INFO] [stderr]   [33/391] Building CXX object spirv-tools/source/CMakeFiles/SPIRV-Tools-shared.dir/util/bit_vector.cpp.o
[INFO] [stderr]   [34/391] Building CXX object spirv-tools/source/CMakeFiles/SPIRV-Tools-shared.dir/enum_string_mapping.cpp.o
[INFO] [stderr]   [35/391] Building CXX object spirv-tools/source/CMakeFiles/SPIRV-Tools-shared.dir/ext_inst.cpp.o
[INFO] [stderr]   [36/391] Building CXX object spirv-tools/source/CMakeFiles/SPIRV-Tools-shared.dir/extensions.cpp.o
[INFO] [stderr]   [37/391] Building CXX object spirv-tools/source/CMakeFiles/SPIRV-Tools-shared.dir/software_version.cpp.o
[INFO] [stderr]   [38/391] Building CXX object spirv-tools/source/CMakeFiles/SPIRV-Tools-shared.dir/util/string_utils.cpp.o
[INFO] [stderr]   [39/391] Building CXX object spirv-tools/source/CMakeFiles/SPIRV-Tools-shared.dir/spirv_endian.cpp.o
[INFO] [stderr]   [40/391] Building CXX object spirv-tools/source/CMakeFiles/SPIRV-Tools-shared.dir/spirv_optimizer_options.cpp.o
[INFO] [stderr]   [41/391] Building CXX object spirv-tools/source/CMakeFiles/SPIRV-Tools-shared.dir/assembly_grammar.cpp.o
[INFO] [stderr]   [42/391] Building CXX object spirv-tools/source/CMakeFiles/SPIRV-Tools-shared.dir/libspirv.cpp.o
[INFO] [stderr]   [43/391] Building CXX object spirv-tools/source/CMakeFiles/SPIRV-Tools-shared.dir/spirv_validator_options.cpp.o
[INFO] [stderr]   [44/391] Building CXX object spirv-tools/source/CMakeFiles/SPIRV-Tools-shared.dir/spirv_fuzzer_options.cpp.o
[INFO] [stderr]   [45/391] Building CXX object spirv-tools/source/CMakeFiles/SPIRV-Tools-shared.dir/diagnostic.cpp.o
[INFO] [stderr]   [46/391] Building CXX object spirv-tools/source/CMakeFiles/SPIRV-Tools-shared.dir/spirv_reducer_options.cpp.o
[INFO] [stderr]   [47/391] Building CXX object spirv-tools/source/CMakeFiles/SPIRV-Tools-shared.dir/print.cpp.o
[INFO] [stderr]   [48/391] Building CXX object spirv-tools/source/CMakeFiles/SPIRV-Tools-shared.dir/spirv_target_env.cpp.o
[INFO] [stderr]   [49/391] Building CXX object glslang/glslang/CMakeFiles/glslang.dir/CInterface/glslang_c_interface.cpp.o
[INFO] [stderr]   [50/391] Building CXX object spirv-tools/source/CMakeFiles/SPIRV-Tools-shared.dir/opcode.cpp.o
[INFO] [stderr]   [51/391] Building CXX object spirv-tools/source/CMakeFiles/SPIRV-Tools-shared.dir/table.cpp.o
[INFO] [stderr]   [52/391] Building CXX object spirv-tools/source/CMakeFiles/SPIRV-Tools-shared.dir/parsed_operand.cpp.o
[INFO] [stderr]   [53/391] Building CXX object spirv-tools/source/CMakeFiles/SPIRV-Tools-shared.dir/disassemble.cpp.o
[INFO] [stderr]   [54/391] Building CXX object spirv-tools/source/CMakeFiles/SPIRV-Tools-shared.dir/operand.cpp.o
[INFO] [stderr]   [55/391] Building CXX object spirv-tools/source/CMakeFiles/SPIRV-Tools-shared.dir/name_mapper.cpp.o
[INFO] [stderr]   [56/391] Building CXX object glslang/glslang/CMakeFiles/MachineIndependent.dir/cmake_pch.hxx.gch
[INFO] [stderr]   FAILED: glslang/glslang/CMakeFiles/MachineIndependent.dir/cmake_pch.hxx.gch 
[INFO] [stderr]   /usr/bin/c++ -DENABLE_HLSL -DENABLE_OPT=1 -DGLSLANG_OSINCLUDE_UNIX -I/opt/rustwide/target/debug/build/shaderc-sys-3314bd9a5050dde6/out/build/include -ffunction-sections -fdata-sections -fPIC -m64 -O3 -DNDEBUG -fPIC -Wall -Wmaybe-uninitialized -Wuninitialized -Wunused -Wunused-local-typedefs -Wunused-parameter -Wunused-value -Wunused-variable -Wunused-but-set-parameter -Wunused-but-set-variable -fno-exceptions -Wno-reorder -fno-rtti -Werror=deprecated-copy -std=c++11 -Winvalid-pch -x c++-header -include /opt/rustwide/target/debug/build/shaderc-sys-3314bd9a5050dde6/out/build/glslang/glslang/CMakeFiles/MachineIndependent.dir/cmake_pch.hxx -MD -MT glslang/glslang/CMakeFiles/MachineIndependent.dir/cmake_pch.hxx.gch -MF glslang/glslang/CMakeFiles/MachineIndependent.dir/cmake_pch.hxx.gch.d -o glslang/glslang/CMakeFiles/MachineIndependent.dir/cmake_pch.hxx.gch -c /opt/rustwide/target/debug/build/shaderc-sys-3314bd9a5050dde6/out/build/glslang/glslang/CMakeFiles/MachineIndependent.dir/cmake_pch.hxx.cxx
[INFO] [stderr]   c++: fatal error: Killed signal terminated program cc1plus
[INFO] [stderr]   compilation terminated.
[INFO] [stderr]   [57/391] Building CXX object spirv-tools/source/CMakeFiles/SPIRV-Tools-shared.dir/binary.cpp.o
[INFO] [stderr]   [58/391] Building CXX object spirv-tools/source/CMakeFiles/SPIRV-Tools-shared.dir/val/validate_barriers.cpp.o
[INFO] [stderr]   [59/391] Building CXX object spirv-tools/source/CMakeFiles/SPIRV-Tools-shared.dir/util/parse_number.cpp.o
[INFO] [stderr]   [60/391] Building CXX object spirv-tools/source/CMakeFiles/SPIRV-Tools-shared.dir/val/validate_adjacency.cpp.o
[INFO] [stderr]   [61/391] Building CXX object spirv-tools/source/CMakeFiles/SPIRV-Tools-shared.dir/text_handler.cpp.o
[INFO] [stderr]   [62/391] Building CXX object spirv-tools/source/CMakeFiles/SPIRV-Tools-shared.dir/val/validate_atomics.cpp.o
[INFO] [stderr]   [63/391] Building CXX object spirv-tools/source/CMakeFiles/SPIRV-Tools-shared.dir/val/validate_annotation.cpp.o
[INFO] [stderr]   [64/391] Building CXX object spirv-tools/source/CMakeFiles/SPIRV-Tools-shared.dir/val/validate_bitwise.cpp.o
[INFO] [stderr]   [65/391] Building CXX object spirv-tools/source/CMakeFiles/SPIRV-Tools-shared.dir/val/validate_arithmetics.cpp.o
[INFO] [stderr]   [66/391] Building CXX object spirv-tools/source/CMakeFiles/SPIRV-Tools-shared.dir/val/validate_composites.cpp.o
[INFO] [stderr]   [67/391] Building CXX object spirv-tools/source/CMakeFiles/SPIRV-Tools-shared.dir/val/validate_capability.cpp.o
[INFO] [stderr]   [68/391] Building CXX object spirv-tools/source/CMakeFiles/SPIRV-Tools-shared.dir/text.cpp.o
[INFO] [stderr]   [69/391] Building CXX object spirv-tools/source/CMakeFiles/SPIRV-Tools-shared.dir/val/validate.cpp.o
[INFO] [stderr]   [70/391] Building CXX object spirv-tools/source/CMakeFiles/SPIRV-Tools-shared.dir/val/validate_cfg.cpp.o
[INFO] [stderr]   [71/391] Building CXX object spirv-tools/source/CMakeFiles/SPIRV-Tools-shared.dir/val/validate_builtins.cpp.o
[INFO] [stderr]   ninja: build stopped: subcommand failed.
[INFO] [stderr] 
[INFO] [stderr]   --- stderr
[INFO] [stderr]   CMake Warning:
[INFO] [stderr]     Manually-specified variables were not used by the project:
[INFO] [stderr] 
[INFO] [stderr]       CMAKE_ASM_COMPILER
[INFO] [stderr]       CMAKE_ASM_FLAGS
[INFO] [stderr] 
[INFO] [stderr] 
[INFO] [stderr]   thread 'main' panicked at /opt/rustwide/cargo-home/registry/src/index.crates.io-6f17d22bba15001f/cmake-0.1.50/src/lib.rs:1098:5:
[INFO] [stderr] 
[INFO] [stderr]   command did not execute successfully, got: exit status: 1
[INFO] [stderr] 
[INFO] [stderr]   build script failed, must exit now
[INFO] [stderr]   stack backtrace:
[INFO] [stderr]      0:     0x55ef266d301c - std::backtrace_rs::backtrace::libunwind::trace::ha637c64ce894333a
[INFO] [stderr]                                  at /rustc/82e1608dfa6e0b5569232559e3d385fea5a93112/library/std/src/../../backtrace/src/backtrace/libunwind.rs:104:5
[INFO] [stderr]      1:     0x55ef266d301c - std::backtrace_rs::backtrace::trace_unsynchronized::h47f62dea28e0c88d
[INFO] [stderr]                                  at /rustc/82e1608dfa6e0b5569232559e3d385fea5a93112/library/std/src/../../backtrace/src/backtrace/mod.rs:66:5
[INFO] [stderr]      2:     0x55ef266d301c - std::sys_common::backtrace::_print_fmt::h9eef0abe20ede486
[INFO] [stderr]                                  at /rustc/82e1608dfa6e0b5569232559e3d385fea5a93112/library/std/src/sys_common/backtrace.rs:67:5
[INFO] [stderr]      3:     0x55ef266d301c - <std::sys_common::backtrace::_print::DisplayBacktrace as core::fmt::Display>::fmt::hed7f999df88cc644
[INFO] [stderr]                                  at /rustc/82e1608dfa6e0b5569232559e3d385fea5a93112/library/std/src/sys_common/backtrace.rs:44:22
[INFO] [stderr]      4:     0x55ef266f9520 - core::fmt::rt::Argument::fmt::h1539a9308b8d058d
[INFO] [stderr]                                  at /rustc/82e1608dfa6e0b5569232559e3d385fea5a93112/library/core/src/fmt/rt.rs:142:9
[INFO] [stderr]      5:     0x55ef266f9520 - core::fmt::write::h3a39390d8560d9c9
[INFO] [stderr]                                  at /rustc/82e1608dfa6e0b5569232559e3d385fea5a93112/library/core/src/fmt/mod.rs:1120:17
[INFO] [stderr]      6:     0x55ef266d051f - std::io::Write::write_fmt::h5fc9997dfe05f882
[INFO] [stderr]                                  at /rustc/82e1608dfa6e0b5569232559e3d385fea5a93112/library/std/src/io/mod.rs:1762:15
[INFO] [stderr]      7:     0x55ef266d2e04 - std::sys_common::backtrace::_print::h894006fb5c6f3d45
[INFO] [stderr]                                  at /rustc/82e1608dfa6e0b5569232559e3d385fea5a93112/library/std/src/sys_common/backtrace.rs:47:5
[INFO] [stderr]      8:     0x55ef266d2e04 - std::sys_common::backtrace::print::h23a2d212c6fff936
[INFO] [stderr]                                  at /rustc/82e1608dfa6e0b5569232559e3d385fea5a93112/library/std/src/sys_common/backtrace.rs:34:9
[INFO] [stderr]      9:     0x55ef266d4617 - std::panicking::default_hook::{{closure}}::h8a1d2ee00185001a
[INFO] [stderr]     10:     0x55ef266d437f - std::panicking::default_hook::h6038f2eba384e475
[INFO] [stderr]                                  at /rustc/82e1608dfa6e0b5569232559e3d385fea5a93112/library/std/src/panicking.rs:292:9
[INFO] [stderr]     11:     0x55ef266d4a98 - std::panicking::rust_panic_with_hook::h2b5517d590cab22e
[INFO] [stderr]                                  at /rustc/82e1608dfa6e0b5569232559e3d385fea5a93112/library/std/src/panicking.rs:779:13
[INFO] [stderr]     12:     0x55ef266d497e - std::panicking::begin_panic_handler::{{closure}}::h233112c06e0ef43e
[INFO] [stderr]                                  at /rustc/82e1608dfa6e0b5569232559e3d385fea5a93112/library/std/src/panicking.rs:657:13
[INFO] [stderr]     13:     0x55ef266d34e6 - std::sys_common::backtrace::__rust_end_short_backtrace::h6e893f24d7ebbff8
[INFO] [stderr]                                  at /rustc/82e1608dfa6e0b5569232559e3d385fea5a93112/library/std/src/sys_common/backtrace.rs:170:18
[INFO] [stderr]     14:     0x55ef266d46e2 - rust_begin_unwind
[INFO] [stderr]                                  at /rustc/82e1608dfa6e0b5569232559e3d385fea5a93112/library/std/src/panicking.rs:645:5
[INFO] [stderr]     15:     0x55ef2664b625 - core::panicking::panic_fmt::hbf0e066aabfa482c
[INFO] [stderr]                                  at /rustc/82e1608dfa6e0b5569232559e3d385fea5a93112/library/core/src/panicking.rs:72:14
[INFO] [stderr]     16:     0x55ef2666c3e1 - cmake::fail::h7a5caf818fa20d52
[INFO] [stderr]     17:     0x55ef2666bb67 - cmake::run::hbdd51256d1726b59
[INFO] [stderr]     18:     0x55ef26668481 - cmake::Config::build::he7f58d1afe21f6cc
[INFO] [stderr]     19:     0x55ef266513b1 - build_script_build::build_shaderc_unix::h34cdc0e6b2dbf4dd
[INFO] [stderr]     20:     0x55ef266546ee - build_script_build::main::hb3a712b96cef09c5
[INFO] [stderr]     21:     0x55ef2664d0e3 - core::ops::function::FnOnce::call_once::ha0e3437f72cceb9d
[INFO] [stderr]     22:     0x55ef2664c066 - std::sys_common::backtrace::__rust_begin_short_backtrace::he0b7c2406b172568
[INFO] [stderr]     23:     0x55ef2664c8c9 - std::rt::lang_start::{{closure}}::h206fc34f1edc15db
[INFO] [stderr]     24:     0x55ef266cc3e7 - core::ops::function::impls::<impl core::ops::function::FnOnce<A> for &F>::call_once::hd95060ecd5e1ca24
[INFO] [stderr]                                  at /rustc/82e1608dfa6e0b5569232559e3d385fea5a93112/library/core/src/ops/function.rs:284:13
[INFO] [stderr]     25:     0x55ef266cc3e7 - std::panicking::try::do_call::h6e8cf51db32a6e4b
[INFO] [stderr]                                  at /rustc/82e1608dfa6e0b5569232559e3d385fea5a93112/library/std/src/panicking.rs:552:40
[INFO] [stderr]     26:     0x55ef266cc3e7 - std::panicking::try::h3a52eefe24fe3c29
[INFO] [stderr]                                  at /rustc/82e1608dfa6e0b5569232559e3d385fea5a93112/library/std/src/panicking.rs:516:19
[INFO] [stderr]     27:     0x55ef266cc3e7 - std::panic::catch_unwind::h24c28c23c02c3841
[INFO] [stderr]                                  at /rustc/82e1608dfa6e0b5569232559e3d385fea5a93112/library/std/src/panic.rs:142:14
[INFO] [stderr]     28:     0x55ef266cc3e7 - std::rt::lang_start_internal::{{closure}}::h705d3c9cbc06ef47
[INFO] [stderr]                                  at /rustc/82e1608dfa6e0b5569232559e3d385fea5a93112/library/std/src/rt.rs:148:48
[INFO] [stderr]     29:     0x55ef266cc3e7 - std::panicking::try::do_call::ha21f52ba13158470
[INFO] [stderr]                                  at /rustc/82e1608dfa6e0b5569232559e3d385fea5a93112/library/std/src/panicking.rs:552:40
[INFO] [stderr]     30:     0x55ef266cc3e7 - std::panicking::try::h5581346bf6aeb1f8
[INFO] [stderr]                                  at /rustc/82e1608dfa6e0b5569232559e3d385fea5a93112/library/std/src/panicking.rs:516:19
[INFO] [stderr]     31:     0x55ef266cc3e7 - std::panic::catch_unwind::h7919645a6b72e25b
[INFO] [stderr]                                  at /rustc/82e1608dfa6e0b5569232559e3d385fea5a93112/library/std/src/panic.rs:142:14
[INFO] [stderr]     32:     0x55ef266cc3e7 - std::rt::lang_start_internal::h12de51168669836e
[INFO] [stderr]                                  at /rustc/82e1608dfa6e0b5569232559e3d385fea5a93112/library/std/src/rt.rs:148:20
[INFO] [stderr]     33:     0x55ef2664c8a7 - std::rt::lang_start::h9452af2b44ff8565
[INFO] [stderr]     34:     0x55ef26654d95 - main
[INFO] [stderr]     35:     0x7f6e426aed90 - <unknown>
[INFO] [stderr]     36:     0x7f6e426aee40 - __libc_start_main
[INFO] [stderr]     37:     0x55ef2664bd45 - _start
[INFO] [stderr]     38:                0x0 - <unknown>
[INFO] running `Command { std: "docker" "inspect" "b3b2238c84b9277c9db2a0b3a4a9be8114d44192fb15d0c2702d59f1867ca2f1", kill_on_drop: false }`
[INFO] running `Command { std: "docker" "rm" "-f" "b3b2238c84b9277c9db2a0b3a4a9be8114d44192fb15d0c2702d59f1867ca2f1", kill_on_drop: false }`
[INFO] [stdout] b3b2238c84b9277c9db2a0b3a4a9be8114d44192fb15d0c2702d59f1867ca2f1
[INFO] testing ewgpu-0.1.0 against beta-2023-12-22 for beta-1.76-1
[INFO] extracting crate ewgpu 0.1.0 into /workspace/builds/worker-7-tc2/source
[INFO] validating manifest of crates.io crate ewgpu 0.1.0 on toolchain beta-2023-12-22
[INFO] running `Command { std: CARGO_HOME="/workspace/cargo-home" RUSTUP_HOME="/workspace/rustup-home" "/workspace/cargo-home/bin/cargo" "+beta-2023-12-22" "metadata" "--manifest-path" "Cargo.toml" "--no-deps", kill_on_drop: false }`
[INFO] started tweaking crates.io crate ewgpu 0.1.0
[INFO] finished tweaking crates.io crate ewgpu 0.1.0
[INFO] tweaked toml for crates.io crate ewgpu 0.1.0 written to /workspace/builds/worker-7-tc2/source/Cargo.toml
[INFO] running `Command { std: CARGO_HOME="/workspace/cargo-home" RUSTUP_HOME="/workspace/rustup-home" "/workspace/cargo-home/bin/cargo" "+beta-2023-12-22" "generate-lockfile" "--manifest-path" "Cargo.toml", kill_on_drop: false }`
[INFO] [stderr]     Updating crates.io index
[INFO] running `Command { std: CARGO_HOME="/workspace/cargo-home" RUSTUP_HOME="/workspace/rustup-home" "/workspace/cargo-home/bin/cargo" "+beta-2023-12-22" "fetch" "--manifest-path" "Cargo.toml", kill_on_drop: false }`
[INFO] [stderr] warning: only one of `license` or `license-file` is necessary
[INFO] [stderr] `license` should be used if the package license can be expressed with a standard SPDX expression.
[INFO] [stderr] `license-file` should be used if the package uses a non-standard license.
[INFO] [stderr] See https://doc.rust-lang.org/cargo/reference/manifest.html#the-license-and-license-file-fields for more information.
[INFO] running `Command { std: "docker" "create" "-v" "/var/lib/crater-agent-workspace/builds/worker-7-tc2/target:/opt/rustwide/target:rw,Z" "-v" "/var/lib/crater-agent-workspace/builds/worker-7-tc2/source:/opt/rustwide/workdir:ro,Z" "-v" "/var/lib/crater-agent-workspace/cargo-home:/opt/rustwide/cargo-home:ro,Z" "-v" "/var/lib/crater-agent-workspace/rustup-home:/opt/rustwide/rustup-home:ro,Z" "-e" "SOURCE_DIR=/opt/rustwide/workdir" "-e" "CARGO_TARGET_DIR=/opt/rustwide/target" "-e" "CARGO_HOME=/opt/rustwide/cargo-home" "-e" "RUSTUP_HOME=/opt/rustwide/rustup-home" "-w" "/opt/rustwide/workdir" "-m" "1610612736" "--user" "0:0" "--network" "none" "ghcr.io/rust-lang/crates-build-env/linux@sha256:2788e3201cd34a07e3172128adcd8b3090168a8e3bcc40d7c032b9dda1df7d1c" "/opt/rustwide/cargo-home/bin/cargo" "+beta-2023-12-22" "metadata" "--no-deps" "--format-version=1", kill_on_drop: false }`
[INFO] [stdout] a9c6dae15bf73f51a681843ce192028ba193ef9baffe6e47d60dc0b8124a038b
[INFO] running `Command { std: "docker" "start" "-a" "a9c6dae15bf73f51a681843ce192028ba193ef9baffe6e47d60dc0b8124a038b", kill_on_drop: false }`
[INFO] running `Command { std: "docker" "inspect" "a9c6dae15bf73f51a681843ce192028ba193ef9baffe6e47d60dc0b8124a038b", kill_on_drop: false }`
[INFO] running `Command { std: "docker" "rm" "-f" "a9c6dae15bf73f51a681843ce192028ba193ef9baffe6e47d60dc0b8124a038b", kill_on_drop: false }`
[INFO] [stdout] a9c6dae15bf73f51a681843ce192028ba193ef9baffe6e47d60dc0b8124a038b
[INFO] running `Command { std: "docker" "create" "-v" "/var/lib/crater-agent-workspace/builds/worker-7-tc2/target:/opt/rustwide/target:rw,Z" "-v" "/var/lib/crater-agent-workspace/builds/worker-7-tc2/source:/opt/rustwide/workdir:ro,Z" "-v" "/var/lib/crater-agent-workspace/cargo-home:/opt/rustwide/cargo-home:ro,Z" "-v" "/var/lib/crater-agent-workspace/rustup-home:/opt/rustwide/rustup-home:ro,Z" "-e" "SOURCE_DIR=/opt/rustwide/workdir" "-e" "CARGO_TARGET_DIR=/opt/rustwide/target" "-e" "CARGO_INCREMENTAL=0" "-e" "RUST_BACKTRACE=full" "-e" "RUSTFLAGS=--cap-lints=warn" "-e" "RUSTDOCFLAGS=--cap-lints=warn" "-e" "CARGO_HOME=/opt/rustwide/cargo-home" "-e" "RUSTUP_HOME=/opt/rustwide/rustup-home" "-w" "/opt/rustwide/workdir" "-m" "1610612736" "--user" "0:0" "--network" "none" "ghcr.io/rust-lang/crates-build-env/linux@sha256:2788e3201cd34a07e3172128adcd8b3090168a8e3bcc40d7c032b9dda1df7d1c" "/opt/rustwide/cargo-home/bin/cargo" "+beta-2023-12-22" "build" "--frozen" "--message-format=json", kill_on_drop: false }`
[INFO] [stdout] de28d83caea371258c57393363826d46b137f7f9965346b61c5d439c707cc0ec
[INFO] running `Command { std: "docker" "start" "-a" "de28d83caea371258c57393363826d46b137f7f9965346b61c5d439c707cc0ec", kill_on_drop: false }`
[INFO] [stderr] warning: only one of `license` or `license-file` is necessary
[INFO] [stderr] `license` should be used if the package license can be expressed with a standard SPDX expression.
[INFO] [stderr] `license-file` should be used if the package uses a non-standard license.
[INFO] [stderr] See https://doc.rust-lang.org/cargo/reference/manifest.html#the-license-and-license-file-fields for more information.
[INFO] [stderr]    Compiling libc v0.2.151
[INFO] [stderr]    Compiling once_cell v1.19.0
[INFO] [stderr]    Compiling pkg-config v0.3.28
[INFO] [stderr]    Compiling num-traits v0.2.17
[INFO] [stderr]    Compiling memoffset v0.6.5
[INFO] [stderr]    Compiling xml-rs v0.8.19
[INFO] [stderr]    Compiling parking_lot_core v0.8.6
[INFO] [stderr]    Compiling ahash v0.8.7
[INFO] [stderr]    Compiling zerocopy v0.7.32
[INFO] [stderr]    Compiling instant v0.1.12
[INFO] [stderr]    Compiling libloading v0.8.1
[INFO] [stderr]    Compiling allocator-api2 v0.2.16
[INFO] [stderr]    Compiling indexmap v1.9.3
[INFO] [stderr]    Compiling cty v0.2.2
[INFO] [stderr]    Compiling thiserror-impl v1.0.56
[INFO] [stderr]    Compiling libloading v0.7.4
[INFO] [stderr]    Compiling raw-window-handle v0.4.3
[INFO] [stderr]    Compiling dlib v0.5.2
[INFO] [stderr]    Compiling unicode-xid v0.2.4
[INFO] [stderr]    Compiling fixedbitset v0.4.2
[INFO] [stderr]    Compiling downcast-rs v1.2.0
[INFO] [stderr]    Compiling khronos-egl v4.1.0
[INFO] [stderr]    Compiling bit-vec v0.6.3
[INFO] [stderr]    Compiling scoped-tls v1.0.1
[INFO] [stderr]    Compiling ash v0.34.0+1.2.203
[INFO] [stderr]    Compiling codespan-reporting v0.11.1
[INFO] [stderr]    Compiling gpu-descriptor-types v0.1.2
[INFO] [stderr]    Compiling pp-rs v0.2.1
[INFO] [stderr]    Compiling bit-set v0.5.3
[INFO] [stderr]    Compiling gpu-alloc-types v0.2.0
[INFO] [stderr]    Compiling hashbrown v0.14.3
[INFO] [stderr]    Compiling num-integer v0.1.45
[INFO] [stderr]    Compiling hexf-parse v0.2.1
[INFO] [stderr]    Compiling rustc-hash v1.1.0
[INFO] [stderr]    Compiling cfg_aliases v0.1.1
[INFO] [stderr]    Compiling wgpu-core v0.12.2
[INFO] [stderr]    Compiling gpu-alloc v0.5.4
[INFO] [stderr]    Compiling wgpu-types v0.12.0
[INFO] [stderr]    Compiling miniz_oxide v0.4.4
[INFO] [stderr]    Compiling wayland-scanner v0.29.5
[INFO] [stderr]    Compiling wayland-sys v0.29.5
[INFO] [stderr]    Compiling cc v1.0.83
[INFO] [stderr]    Compiling smithay-client-toolkit v0.15.4
[INFO] [stderr]    Compiling x11-dl v2.21.0
[INFO] [stderr]    Compiling adler32 v1.2.0
[INFO] [stderr]    Compiling profiling v1.0.13
[INFO] [stderr]    Compiling renderdoc-sys v0.7.1
[INFO] [stderr]    Compiling xcursor v0.3.5
[INFO] [stderr]    Compiling either v1.9.0
[INFO] [stderr]    Compiling inplace_it v0.3.5
[INFO] [stderr]    Compiling glow v0.11.2
[INFO] [stderr]    Compiling chlorine v1.0.10
[INFO] [stderr]    Compiling arrayvec v0.7.4
[INFO] [stderr]    Compiling crc32fast v1.3.2
[INFO] [stderr]    Compiling rayon v1.8.0
[INFO] [stderr]    Compiling indexmap v2.1.0
[INFO] [stderr]    Compiling gpu-descriptor v0.2.4
[INFO] [stderr]    Compiling bytemuck_derive v1.5.0
[INFO] [stderr]    Compiling num-iter v0.1.43
[INFO] [stderr]    Compiling num-rational v0.3.2
[INFO] [stderr]    Compiling weezl v0.1.7
[INFO] [stderr]    Compiling cmake v0.1.50
[INFO] [stderr]    Compiling adler v1.0.2
[INFO] [stderr]    Compiling regex-syntax v0.8.2
[INFO] [stderr]    Compiling winit v0.26.1
[INFO] [stderr]    Compiling copyless v0.1.5
[INFO] [stderr]    Compiling petgraph v0.6.4
[INFO] [stderr]    Compiling wayland-client v0.29.5
[INFO] [stderr]    Compiling thiserror v1.0.56
[INFO] [stderr]    Compiling wayland-protocols v0.29.5
[INFO] [stderr]    Compiling spirv v0.2.0+1.5.4
[INFO] [stderr]    Compiling nix v0.24.3
[INFO] [stderr]    Compiling parking_lot v0.11.2
[INFO] [stderr]    Compiling nix v0.22.3
[INFO] [stderr]    Compiling imgui-sys v0.8.2
[INFO] [stderr]    Compiling shaderc-sys v0.7.4
[INFO] [stderr]    Compiling memmap2 v0.3.1
[INFO] [stderr]    Compiling mio v0.8.10
[INFO] [stderr]    Compiling regex-automata v0.4.3
[INFO] [stderr]    Compiling miniz_oxide v0.3.7
[INFO] [stderr]    Compiling bytemuck v1.14.0
[INFO] [stderr]    Compiling naga v0.8.5
[INFO] [stderr]    Compiling jpeg-decoder v0.1.22
[INFO] [stderr]    Compiling deflate v0.8.6
[INFO] [stderr]    Compiling cgmath v0.18.0
[INFO] [stderr]    Compiling percent-encoding v2.3.1
[INFO] [stderr]    Compiling wayland-commons v0.29.5
[INFO] [stderr]    Compiling color_quant v1.1.0
[INFO] [stderr]    Compiling gif v0.11.4
[INFO] [stderr]    Compiling png v0.16.8
[INFO] [stderr]    Compiling tiff v0.6.1
[INFO] [stderr]    Compiling atty v0.2.14
[INFO] [stderr]    Compiling approx v0.4.0
[INFO] [stderr]    Compiling scoped_threadpool v0.1.9
[INFO] [stderr] error: could not compile `ash` (lib)
[INFO] [stderr] 
[INFO] [stderr] Caused by:
[INFO] [stderr]   process didn't exit successfully: `/opt/rustwide/rustup-home/toolchains/beta-2023-12-22-x86_64-unknown-linux-gnu/bin/rustc --crate-name ash --edition=2018 /opt/rustwide/cargo-home/registry/src/index.crates.io-6f17d22bba15001f/ash-0.34.0+1.2.203/src/lib.rs --error-format=json --json=diagnostic-rendered-ansi,artifacts,future-incompat --crate-type lib --emit=dep-info,metadata,link -C embed-bitcode=no -C debuginfo=2 --cfg 'feature="debug"' --cfg 'feature="libloading"' --cfg 'feature="loaded"' -C metadata=2539927618522f6a -C extra-filename=-2539927618522f6a --out-dir /opt/rustwide/target/debug/deps -L dependency=/opt/rustwide/target/debug/deps --extern libloading=/opt/rustwide/target/debug/deps/liblibloading-8fc60105e6f7f82d.rmeta --cap-lints allow --cap-lints=warn` (signal: 9, SIGKILL: kill)
[INFO] [stderr] warning: build failed, waiting for other jobs to finish...
[INFO] [stderr] error: could not compile `nix` (lib)
[INFO] [stderr] 
[INFO] [stderr] Caused by:
[INFO] [stderr]   process didn't exit successfully: `/opt/rustwide/rustup-home/toolchains/beta-2023-12-22-x86_64-unknown-linux-gnu/bin/rustc --crate-name nix --edition=2018 /opt/rustwide/cargo-home/registry/src/index.crates.io-6f17d22bba15001f/nix-0.22.3/src/lib.rs --error-format=json --json=diagnostic-rendered-ansi,artifacts,future-incompat --crate-type lib --emit=dep-info,metadata,link -C embed-bitcode=no -C debuginfo=2 -C metadata=16298132ed458f55 -C extra-filename=-16298132ed458f55 --out-dir /opt/rustwide/target/debug/deps -L dependency=/opt/rustwide/target/debug/deps --extern bitflags=/opt/rustwide/target/debug/deps/libbitflags-85e13ed1e0c6d910.rmeta --extern cfg_if=/opt/rustwide/target/debug/deps/libcfg_if-e7002d307f97bc56.rmeta --extern libc=/opt/rustwide/target/debug/deps/liblibc-a3863744b2422075.rmeta --extern memoffset=/opt/rustwide/target/debug/deps/libmemoffset-3b8b6c5d2cb3d911.rmeta --cap-lints allow --cap-lints=warn` (signal: 9, SIGKILL: kill)
[INFO] [stderr] error: could not compile `regex-automata` (lib)
[INFO] [stderr] 
[INFO] [stderr] Caused by:
[INFO] [stderr]   process didn't exit successfully: `/opt/rustwide/rustup-home/toolchains/beta-2023-12-22-x86_64-unknown-linux-gnu/bin/rustc --crate-name regex_automata --edition=2021 /opt/rustwide/cargo-home/registry/src/index.crates.io-6f17d22bba15001f/regex-automata-0.4.3/src/lib.rs --error-format=json --json=diagnostic-rendered-ansi,artifacts,future-incompat --crate-type lib --emit=dep-info,metadata,link -C embed-bitcode=no -C debuginfo=2 --cfg 'feature="alloc"' --cfg 'feature="dfa-onepass"' --cfg 'feature="hybrid"' --cfg 'feature="meta"' --cfg 'feature="nfa-backtrack"' --cfg 'feature="nfa-pikevm"' --cfg 'feature="nfa-thompson"' --cfg 'feature="perf-inline"' --cfg 'feature="perf-literal"' --cfg 'feature="perf-literal-multisubstring"' --cfg 'feature="perf-literal-substring"' --cfg 'feature="std"' --cfg 'feature="syntax"' -C metadata=4dbfde1347fa3685 -C extra-filename=-4dbfde1347fa3685 --out-dir /opt/rustwide/target/debug/deps -L dependency=/opt/rustwide/target/debug/deps --extern aho_corasick=/opt/rustwide/target/debug/deps/libaho_corasick-0efee17d6ff570a3.rmeta --extern memchr=/opt/rustwide/target/debug/deps/libmemchr-14a47255884553ca.rmeta --extern regex_syntax=/opt/rustwide/target/debug/deps/libregex_syntax-36e7ddff41779e57.rmeta --cap-lints allow --cap-lints=warn` (signal: 9, SIGKILL: kill)
[INFO] [stderr] error: could not compile `naga` (lib)
[INFO] [stderr] 
[INFO] [stderr] Caused by:
[INFO] [stderr]   process didn't exit successfully: `/opt/rustwide/rustup-home/toolchains/beta-2023-12-22-x86_64-unknown-linux-gnu/bin/rustc --crate-name naga --edition=2018 /opt/rustwide/cargo-home/registry/src/index.crates.io-6f17d22bba15001f/naga-0.8.5/src/lib.rs --error-format=json --json=diagnostic-rendered-ansi,artifacts,future-incompat --crate-type lib --emit=dep-info,metadata,link -C embed-bitcode=no -C debuginfo=2 --cfg 'feature="codespan-reporting"' --cfg 'feature="default"' --cfg 'feature="glsl-in"' --cfg 'feature="glsl-out"' --cfg 'feature="hexf-parse"' --cfg 'feature="petgraph"' --cfg 'feature="pp-rs"' --cfg 'feature="span"' --cfg 'feature="spirv"' --cfg 'feature="spv-in"' --cfg 'feature="spv-out"' --cfg 'feature="validate"' --cfg 'feature="wgsl-in"' -C metadata=8f4709fd8b9e60bc -C extra-filename=-8f4709fd8b9e60bc --out-dir /opt/rustwide/target/debug/deps -L dependency=/opt/rustwide/target/debug/deps --extern bit_set=/opt/rustwide/target/debug/deps/libbit_set-0010a728dbb518a0.rmeta --extern bitflags=/opt/rustwide/target/debug/deps/libbitflags-85e13ed1e0c6d910.rmeta --extern codespan_reporting=/opt/rustwide/target/debug/deps/libcodespan_reporting-cb1a3d6071ce9a7b.rmeta --extern hexf_parse=/opt/rustwide/target/debug/deps/libhexf_parse-3bfcf334e526d93c.rmeta --extern indexmap=/opt/rustwide/target/debug/deps/libindexmap-62fedebfd28271ec.rmeta --extern log=/opt/rustwide/target/debug/deps/liblog-2cf4a51dfa4e790a.rmeta --extern num_traits=/opt/rustwide/target/debug/deps/libnum_traits-cc64df6c73429046.rmeta --extern petgraph=/opt/rustwide/target/debug/deps/libpetgraph-ae3dec9c8362aca0.rmeta --extern pp_rs=/opt/rustwide/target/debug/deps/libpp_rs-becca79ec18c950b.rmeta --extern rustc_hash=/opt/rustwide/target/debug/deps/librustc_hash-d8dd0847b35f1832.rmeta --extern spirv=/opt/rustwide/target/debug/deps/libspirv-633caadaba9e2fcf.rmeta --extern thiserror=/opt/rustwide/target/debug/deps/libthiserror-0ca7ac121b7363c6.rmeta --cap-lints allow --cap-lints=warn` (signal: 9, SIGKILL: kill)
[INFO] [stderr] error: could not compile `x11-dl` (lib)
[INFO] [stderr] 
[INFO] [stderr] Caused by:
[INFO] [stderr]   process didn't exit successfully: `/opt/rustwide/rustup-home/toolchains/beta-2023-12-22-x86_64-unknown-linux-gnu/bin/rustc --crate-name x11_dl --edition=2021 /opt/rustwide/cargo-home/registry/src/index.crates.io-6f17d22bba15001f/x11-dl-2.21.0/src/lib.rs --error-format=json --json=diagnostic-rendered-ansi,artifacts,future-incompat --crate-type lib --emit=dep-info,metadata,link -C embed-bitcode=no -C debuginfo=2 -C metadata=6381d09c08492c39 -C extra-filename=-6381d09c08492c39 --out-dir /opt/rustwide/target/debug/deps -L dependency=/opt/rustwide/target/debug/deps --extern libc=/opt/rustwide/target/debug/deps/liblibc-a3863744b2422075.rmeta --extern once_cell=/opt/rustwide/target/debug/deps/libonce_cell-334d739f4e3a4961.rmeta --cap-lints allow --cap-lints=warn -l dl` (signal: 9, SIGKILL: kill)
[INFO] [stderr] The following warnings were emitted during compilation:
[INFO] [stderr] 
[INFO] [stderr] warning: imgui-sys@0.8.2: c++: fatal error: Killed signal terminated program cc1plus
[INFO] [stderr] warning: imgui-sys@0.8.2: compilation terminated.
[INFO] [stderr] 
[INFO] [stderr] error: failed to run custom build command for `imgui-sys v0.8.2`
[INFO] [stderr] note: To improve backtraces for build dependencies, set the CARGO_PROFILE_DEV_BUILD_OVERRIDE_DEBUG=true environment variable to enable debug information generation.
[INFO] [stderr] 
[INFO] [stderr] Caused by:
[INFO] [stderr]   process didn't exit successfully: `/opt/rustwide/target/debug/build/imgui-sys-8e0ffd52c59d3aa2/build-script-build` (exit status: 1)
[INFO] [stderr]   --- stdout
[INFO] [stderr]   cargo:THIRD_PARTY=/opt/rustwide/cargo-home/registry/src/index.crates.io-6f17d22bba15001f/imgui-sys-0.8.2/third-party
[INFO] [stderr]   cargo:DEFINE_IMGUI_USE_WCHAR32=
[INFO] [stderr]   cargo:DEFINE_CIMGUI_NO_EXPORT=
[INFO] [stderr]   cargo:DEFINE_IMGUI_DISABLE_WIN32_FUNCTIONS=
[INFO] [stderr]   cargo:DEFINE_IMGUI_DISABLE_OSX_FUNCTIONS=
[INFO] [stderr]   OPT_LEVEL = Some("0")
[INFO] [stderr]   TARGET = Some("x86_64-unknown-linux-gnu")
[INFO] [stderr]   HOST = Some("x86_64-unknown-linux-gnu")
[INFO] [stderr]   cargo:rerun-if-env-changed=CXX_x86_64-unknown-linux-gnu
[INFO] [stderr]   CXX_x86_64-unknown-linux-gnu = None
[INFO] [stderr]   cargo:rerun-if-env-changed=CXX_x86_64_unknown_linux_gnu
[INFO] [stderr]   CXX_x86_64_unknown_linux_gnu = None
[INFO] [stderr]   cargo:rerun-if-env-changed=HOST_CXX
[INFO] [stderr]   HOST_CXX = None
[INFO] [stderr]   cargo:rerun-if-env-changed=CXX
[INFO] [stderr]   CXX = None
[INFO] [stderr]   cargo:rerun-if-env-changed=CRATE_CC_NO_DEFAULTS
[INFO] [stderr]   CRATE_CC_NO_DEFAULTS = None
[INFO] [stderr]   DEBUG = Some("true")
[INFO] [stderr]   CARGO_CFG_TARGET_FEATURE = Some("fxsr,sse,sse2")
[INFO] [stderr]   cargo:rerun-if-env-changed=CXXFLAGS_x86_64-unknown-linux-gnu
[INFO] [stderr]   CXXFLAGS_x86_64-unknown-linux-gnu = None
[INFO] [stderr]   cargo:rerun-if-env-changed=CXXFLAGS_x86_64_unknown_linux_gnu
[INFO] [stderr]   CXXFLAGS_x86_64_unknown_linux_gnu = None
[INFO] [stderr]   cargo:rerun-if-env-changed=HOST_CXXFLAGS
[INFO] [stderr]   HOST_CXXFLAGS = None
[INFO] [stderr]   cargo:rerun-if-env-changed=CXXFLAGS
[INFO] [stderr]   CXXFLAGS = None
[INFO] [stderr]   running: "c++" "-O0" "-ffunction-sections" "-fdata-sections" "-fPIC" "-gdwarf-4" "-fno-omit-frame-pointer" "-m64" "-fno-exceptions" "-fno-rtti" "-DIMGUI_USE_WCHAR32" "-DCIMGUI_NO_EXPORT" "-DIMGUI_DISABLE_WIN32_FUNCTIONS" "-DIMGUI_DISABLE_OSX_FUNCTIONS" "-o" "/opt/rustwide/target/debug/build/imgui-sys-cba9c26fd23435cd/out/include_all_imgui.o" "-c" "include_all_imgui.cpp"
[INFO] [stderr]   exit status: 1
[INFO] [stderr]   cargo:warning=c++: fatal error: Killed signal terminated program cc1plus
[INFO] [stderr] 
[INFO] [stderr]   cargo:warning=compilation terminated.
[INFO] [stderr] 
[INFO] [stderr] 
[INFO] [stderr]   --- stderr
[INFO] [stderr] 
[INFO] [stderr] 
[INFO] [stderr]   error occurred: Command "c++" "-O0" "-ffunction-sections" "-fdata-sections" "-fPIC" "-gdwarf-4" "-fno-omit-frame-pointer" "-m64" "-fno-exceptions" "-fno-rtti" "-DIMGUI_USE_WCHAR32" "-DCIMGUI_NO_EXPORT" "-DIMGUI_DISABLE_WIN32_FUNCTIONS" "-DIMGUI_DISABLE_OSX_FUNCTIONS" "-o" "/opt/rustwide/target/debug/build/imgui-sys-cba9c26fd23435cd/out/include_all_imgui.o" "-c" "include_all_imgui.cpp" with args "c++" did not execute successfully (status code exit status: 1).
[INFO] [stderr] 
[INFO] [stderr] 
[INFO] [stderr] error: could not compile `wayland-client` (lib)
[INFO] [stderr] 
[INFO] [stderr] Caused by:
[INFO] [stderr]   process didn't exit successfully: `/opt/rustwide/rustup-home/toolchains/beta-2023-12-22-x86_64-unknown-linux-gnu/bin/rustc --crate-name wayland_client --edition=2018 /opt/rustwide/cargo-home/registry/src/index.crates.io-6f17d22bba15001f/wayland-client-0.29.5/src/lib.rs --error-format=json --json=diagnostic-rendered-ansi,artifacts,future-incompat --crate-type lib --emit=dep-info,metadata,link -C embed-bitcode=no -C debuginfo=2 --cfg 'feature="dlopen"' --cfg 'feature="scoped-tls"' --cfg 'feature="use_system_lib"' -C metadata=d06e86eeed684d5c -C extra-filename=-d06e86eeed684d5c --out-dir /opt/rustwide/target/debug/deps -L dependency=/opt/rustwide/target/debug/deps --extern bitflags=/opt/rustwide/target/debug/deps/libbitflags-85e13ed1e0c6d910.rmeta --extern downcast_rs=/opt/rustwide/target/debug/deps/libdowncast_rs-c4a86e4848913de8.rmeta --extern libc=/opt/rustwide/target/debug/deps/liblibc-a3863744b2422075.rmeta --extern nix=/opt/rustwide/target/debug/deps/libnix-8fa14446170f5b53.rmeta --extern scoped_tls=/opt/rustwide/target/debug/deps/libscoped_tls-f6838ea757d14c0f.rmeta --extern wayland_commons=/opt/rustwide/target/debug/deps/libwayland_commons-a470396c6b0b7380.rmeta --extern wayland_sys=/opt/rustwide/target/debug/deps/libwayland_sys-0bc4e42dd7b570ae.rmeta --cap-lints allow --cap-lints=warn` (signal: 9, SIGKILL: kill)
[INFO] [stderr] The following warnings were emitted during compilation:
[INFO] [stderr] 
[INFO] [stderr] warning: shaderc-sys@0.7.4: shaderc: searching for native shaderc libraries on system;  use '--features build-from-source' to force building from source code
[INFO] [stderr] warning: shaderc-sys@0.7.4: shaderc: cannot find native shaderc library on system; falling back to build from source
[INFO] [stderr] 
[INFO] [stderr] error: failed to run custom build command for `shaderc-sys v0.7.4`
[INFO] [stderr] note: To improve backtraces for build dependencies, set the CARGO_PROFILE_DEV_BUILD_OVERRIDE_DEBUG=true environment variable to enable debug information generation.
[INFO] [stderr] 
[INFO] [stderr] Caused by:
[INFO] [stderr]   process didn't exit successfully: `/opt/rustwide/target/debug/build/shaderc-sys-ea034dd47bf7f442/build-script-build` (exit status: 101)
[INFO] [stderr]   --- stdout
[INFO] [stderr]   cargo:warning=shaderc: searching for native shaderc libraries on system;  use '--features build-from-source' to force building from source code
[INFO] [stderr]   cargo:warning=shaderc: cannot find native shaderc library on system; falling back to build from source
[INFO] [stderr]   CMAKE_TOOLCHAIN_FILE_x86_64-unknown-linux-gnu = None
[INFO] [stderr]   CMAKE_TOOLCHAIN_FILE_x86_64_unknown_linux_gnu = None
[INFO] [stderr]   HOST_CMAKE_TOOLCHAIN_FILE = None
[INFO] [stderr]   CMAKE_TOOLCHAIN_FILE = None
[INFO] [stderr]   CMAKE_PREFIX_PATH_x86_64-unknown-linux-gnu = None
[INFO] [stderr]   CMAKE_PREFIX_PATH_x86_64_unknown_linux_gnu = None
[INFO] [stderr]   HOST_CMAKE_PREFIX_PATH = None
[INFO] [stderr]   CMAKE_PREFIX_PATH = None
[INFO] [stderr]   CMAKE_x86_64-unknown-linux-gnu = None
[INFO] [stderr]   CMAKE_x86_64_unknown_linux_gnu = None
[INFO] [stderr]   HOST_CMAKE = None
[INFO] [stderr]   CMAKE = None
[INFO] [stderr]   running: cd "/opt/rustwide/target/debug/build/shaderc-sys-9bce2092493b1bf0/out/build" && CMAKE_PREFIX_PATH="" "cmake" "/opt/rustwide/cargo-home/registry/src/index.crates.io-6f17d22bba15001f/shaderc-sys-0.7.4/build" "-G" "Ninja" "-DCMAKE_INSTALL_LIBDIR=lib" "-DCMAKE_POSITION_INDEPENDENT_CODE=ON" "-DENABLE_SPVREMAPPER=OFF" "-DENABLE_GLSLANG_BINARIES=OFF" "-DSHADERC_SKIP_TESTS=ON" "-DSPIRV_SKIP_EXECUTABLES=ON" "-DSPIRV_WERROR=OFF" "-DCMAKE_INSTALL_PREFIX=/opt/rustwide/target/debug/build/shaderc-sys-9bce2092493b1bf0/out" "-DCMAKE_C_FLAGS= -ffunction-sections -fdata-sections -fPIC -m64" "-DCMAKE_C_COMPILER=/usr/bin/cc" "-DCMAKE_CXX_FLAGS= -ffunction-sections -fdata-sections -fPIC -m64" "-DCMAKE_CXX_COMPILER=/usr/bin/c++" "-DCMAKE_ASM_FLAGS= -ffunction-sections -fdata-sections -fPIC -m64" "-DCMAKE_ASM_COMPILER=/usr/bin/cc" "-DCMAKE_BUILD_TYPE=Release"
[INFO] [stderr]   -- The C compiler identification is GNU 11.4.0
[INFO] [stderr]   -- The CXX compiler identification is GNU 11.4.0
[INFO] [stderr]   -- Detecting C compiler ABI info
[INFO] [stderr]   -- Detecting C compiler ABI info - done
[INFO] [stderr]   -- Check for working C compiler: /usr/bin/cc - skipped
[INFO] [stderr]   -- Detecting C compile features
[INFO] [stderr]   -- Detecting C compile features - done
[INFO] [stderr]   -- Detecting CXX compiler ABI info
[INFO] [stderr]   -- Detecting CXX compiler ABI info - done
[INFO] [stderr]   -- Check for working CXX compiler: /usr/bin/c++ - skipped
[INFO] [stderr]   -- Detecting CXX compile features
[INFO] [stderr]   -- Detecting CXX compile features - done
[INFO] [stderr]   -- Building SPIRV-Header examples
[INFO] [stderr]   -- Installing SPIRV-Header
[INFO] [stderr]   -- Found PythonInterp: /usr/bin/python3 (found suitable version "3.10.12", minimum required is "3") 
[INFO] [stderr]   -- Google Mock was not found - tests based on that will not build
[INFO] [stderr]   -- optimizer enabled
[INFO] [stderr]   -- Looking for pthread.h
[INFO] [stderr]   -- Looking for pthread.h - found
[INFO] [stderr]   -- Performing Test CMAKE_HAVE_LIBC_PTHREAD
[INFO] [stderr]   -- Performing Test CMAKE_HAVE_LIBC_PTHREAD - Success
[INFO] [stderr]   -- Found Threads: TRUE  
[INFO] [stderr]   -- Shaderc: build type is "Release".
[INFO] [stderr]   -- Configuring Shaderc to avoid building tests.
[INFO] [stderr]   -- Configuring Shaderc to build examples.
[INFO] [stderr]   -- Configuring Shaderc to check copyrights.
[INFO] [stderr]   -- asciidoctor was not found - no documentation will be generated
[INFO] [stderr]   -- Performing Test COMPILER_SUPPORTS_FALLTHROUGH_WARNING
[INFO] [stderr]   -- Performing Test COMPILER_SUPPORTS_FALLTHROUGH_WARNING - Success
[INFO] [stderr]   -- Performing Test COMPILER_SUPPORTS_EXTRA_SEMI_WARNING
[INFO] [stderr]   -- Performing Test COMPILER_SUPPORTS_EXTRA_SEMI_WARNING - Success
[INFO] [stderr]   -- Performing Test COMPILER_SUPPORTS_PIC
[INFO] [stderr]   -- Performing Test COMPILER_SUPPORTS_PIC - Success
[INFO] [stderr]   -- Configuring done
[INFO] [stderr]   -- Generating done
[INFO] [stderr]   -- Build files have been written to: /opt/rustwide/target/debug/build/shaderc-sys-9bce2092493b1bf0/out/build
[INFO] [stderr]   running: cd "/opt/rustwide/target/debug/build/shaderc-sys-9bce2092493b1bf0/out/build" && "cmake" "--build" "." "--target" "install" "--config" "Release" "--parallel" "16"
[INFO] [stderr]   [1/391] Building CXX object spirv-headers/example/CMakeFiles/SPIRV-Headers-example.dir/example.cpp.o
[INFO] [stderr]   [2/391] cd /opt/rustwide/target/debug/build/shaderc-sys-9bce2092493b1bf0/out/build/spirv-tools && /usr/bin/cmake -DCHANGES_FILE=/opt/rustwide/cargo-home/registry/src/index.crates.io-6f17d22bba15001f/shaderc-sys-0.7.4/build/spirv-tools/CHANGES -DTEMPLATE_FILE=/opt/rustwide/cargo-home/registry/src/index.crates.io-6f17d22bba15001f/shaderc-sys-0.7.4/build/spirv-tools/cmake/SPIRV-Tools.pc.in -DOUT_FILE=/opt/rustwide/target/debug/build/shaderc-sys-9bce2092493b1bf0/out/build/spirv-tools/SPIRV-Tools.pc -DCMAKE_INSTALL_PREFIX=/opt/rustwide/target/debug/build/shaderc-sys-9bce2092493b1bf0/out -DCMAKE_INSTALL_LIBDIR=lib -DCMAKE_INSTALL_INCLUDEDIR=include -DSPIRV_LIBRARIES=-lSPIRV-Tools-opt\ -lSPIRV-Tools\ -lSPIRV-Tools-link -P /opt/rustwide/cargo-home/registry/src/index.crates.io-6f17d22bba15001f/shaderc-sys-0.7.4/build/spirv-tools/cmake/write_pkg_config.cmake
[INFO] [stderr]   [3/391] cd /opt/rustwide/target/debug/build/shaderc-sys-9bce2092493b1bf0/out/build/spirv-tools && /usr/bin/cmake -DCHANGES_FILE=/opt/rustwide/cargo-home/registry/src/index.crates.io-6f17d22bba15001f/shaderc-sys-0.7.4/build/spirv-tools/CHANGES -DTEMPLATE_FILE=/opt/rustwide/cargo-home/registry/src/index.crates.io-6f17d22bba15001f/shaderc-sys-0.7.4/build/spirv-tools/cmake/SPIRV-Tools-shared.pc.in -DOUT_FILE=/opt/rustwide/target/debug/build/shaderc-sys-9bce2092493b1bf0/out/build/spirv-tools/SPIRV-Tools-shared.pc -DCMAKE_INSTALL_PREFIX=/opt/rustwide/target/debug/build/shaderc-sys-9bce2092493b1bf0/out -DCMAKE_INSTALL_LIBDIR=lib -DCMAKE_INSTALL_INCLUDEDIR=include -DSPIRV_SHARED_LIBRARIES=-lSPIRV-Tools-shared -P /opt/rustwide/cargo-home/registry/src/index.crates.io-6f17d22bba15001f/shaderc-sys-0.7.4/build/spirv-tools/cmake/write_pkg_config.cmake
[INFO] [stderr]   [4/391] Generate extended instruction tables for nonsemantic.shader.debuginfo.100.
[INFO] [stderr]   [5/391] Generate enum-string mapping for SPIR-V vunified1.
[INFO] [stderr]   [6/391] Generate extended instruction tables for spv-amd-shader-trinary-minmax.
[INFO] [stderr]   [7/391] Generate extended instruction tables for spv-amd-gcn-shader.
[INFO] [stderr]   [8/391] Generate extended instruction tables for spv-amd-shader-ballot.
[INFO] [stderr]   [9/391] Generate extended instruction tables for debuginfo.
[INFO] [stderr]   [10/391] Generate extended instruction tables for opencl.debuginfo.100.
[INFO] [stderr]   [11/391] Generate language specific header for OpenCLDebugInfo100.
[INFO] [stderr]   [12/391] Generate language specific header for NonSemanticShaderDebugInfo100.
[INFO] [stderr]   [13/391] Generate extended instruction tables for spv-amd-shader-explicit-vertex-parameter.
[INFO] [stderr]   [14/391] Generate extended instruction tables for nonsemantic.clspvreflection.
[INFO] [stderr]   [15/391] Generate language specific header for DebugInfo.
[INFO] [stderr]   [16/391] Update build-version.inc in the SPIRV-Tools build directory (if necessary).
[INFO] [stderr]   [17/391] Building CXX object glslang/hlsl/CMakeFiles/HLSL.dir/stub.cpp.o
[INFO] [stderr]   [18/391] Generate tables based on the SPIR-V XML registry.
[INFO] [stderr]   [19/391] cd /opt/rustwide/target/debug/build/shaderc-sys-9bce2092493b1bf0/out/build/shaderc && /usr/bin/cmake -DCHANGES_FILE=/opt/rustwide/cargo-home/registry/src/index.crates.io-6f17d22bba15001f/shaderc-sys-0.7.4/build/shaderc/CHANGES -DTEMPLATE_FILE=/opt/rustwide/cargo-home/registry/src/index.crates.io-6f17d22bba15001f/shaderc-sys-0.7.4/build/shaderc/cmake/shaderc.pc.in -DOUT_FILE=/opt/rustwide/target/debug/build/shaderc-sys-9bce2092493b1bf0/out/build/shaderc/shaderc.pc -DCMAKE_INSTALL_PREFIX=/opt/rustwide/target/debug/build/shaderc-sys-9bce2092493b1bf0/out -DCMAKE_INSTALL_LIBDIR=lib -DCMAKE_INSTALL_INCLUDEDIR=include -DLIBS=-lshaderc_shared -P /opt/rustwide/cargo-home/registry/src/index.crates.io-6f17d22bba15001f/shaderc-sys-0.7.4/build/shaderc/cmake/write_pkg_config.cmake
[INFO] [stderr]   [20/391] cd /opt/rustwide/target/debug/build/shaderc-sys-9bce2092493b1bf0/out/build/shaderc && /usr/bin/cmake -DCHANGES_FILE=/opt/rustwide/cargo-home/registry/src/index.crates.io-6f17d22bba15001f/shaderc-sys-0.7.4/build/shaderc/CHANGES -DTEMPLATE_FILE=/opt/rustwide/cargo-home/registry/src/index.crates.io-6f17d22bba15001f/shaderc-sys-0.7.4/build/shaderc/cmake/shaderc_static.pc.in -DOUT_FILE=/opt/rustwide/target/debug/build/shaderc-sys-9bce2092493b1bf0/out/build/shaderc/shaderc_static.pc -DCMAKE_INSTALL_PREFIX=/opt/rustwide/target/debug/build/shaderc-sys-9bce2092493b1bf0/out -DCMAKE_INSTALL_LIBDIR=lib -DCMAKE_INSTALL_INCLUDEDIR=include -DLIBS=-lshaderc\ \ -lshaderc_util -P /opt/rustwide/cargo-home/registry/src/index.crates.io-6f17d22bba15001f/shaderc-sys-0.7.4/build/shaderc/cmake/write_pkg_config.cmake
[INFO] [stderr]   [21/391] Linking CXX static library spirv-headers/example/libSPIRV-Headers-example.a
[INFO] [stderr]   [22/391] Building CXX object glslang/glslang/OSDependent/Unix/CMakeFiles/OSDependent.dir/ossource.cpp.o
[INFO] [stderr]   [23/391] cd /opt/rustwide/target/debug/build/shaderc-sys-9bce2092493b1bf0/out/build/shaderc && /usr/bin/cmake -DCHANGES_FILE=/opt/rustwide/cargo-home/registry/src/index.crates.io-6f17d22bba15001f/shaderc-sys-0.7.4/build/shaderc/CHANGES -DTEMPLATE_FILE=/opt/rustwide/cargo-home/registry/src/index.crates.io-6f17d22bba15001f/shaderc-sys-0.7.4/build/shaderc/cmake/shaderc_combined.pc.in -DOUT_FILE=/opt/rustwide/target/debug/build/shaderc-sys-9bce2092493b1bf0/out/build/shaderc/shaderc_combined.pc -DCMAKE_INSTALL_PREFIX=/opt/rustwide/target/debug/build/shaderc-sys-9bce2092493b1bf0/out -DCMAKE_INSTALL_LIBDIR=lib -DCMAKE_INSTALL_INCLUDEDIR=include -DLIBS=-lshaderc_combined -P /opt/rustwide/cargo-home/registry/src/index.crates.io-6f17d22bba15001f/shaderc-sys-0.7.4/build/shaderc/cmake/write_pkg_config.cmake
[INFO] [stderr]   [24/391] Update build-version.inc in the Shaderc build directory (if necessary).
[INFO] [stderr]   [25/391] Check copyright
[INFO] [stderr]   [26/391] Generate info tables for SPIR-V vunified1 core instructions and operands.
[INFO] [stderr]   [27/391] Generate info tables for GLSL extended instructions and operands vunified1.
[INFO] [stderr]   [28/391] Linking CXX static library glslang/hlsl/libHLSL.a
[INFO] [stderr]   [29/391] Generate info tables for OpenCL extended instructions and operands vunified1.
[INFO] [stderr]   [30/391] Linking CXX static library glslang/glslang/OSDependent/Unix/libOSDependent.a
[INFO] [stderr]   [31/391] Building CXX object glslang/OGLCompilersDLL/CMakeFiles/OGLCompiler.dir/InitializeDll.cpp.o
[INFO] [stderr]   [32/391] Building CXX object glslang/glslang/CMakeFiles/GenericCodeGen.dir/GenericCodeGen/Link.cpp.o
[INFO] [stderr]   [33/391] Building CXX object spirv-tools/source/CMakeFiles/SPIRV-Tools-shared.dir/ext_inst.cpp.o
[INFO] [stderr]   [34/391] Building CXX object spirv-tools/source/CMakeFiles/SPIRV-Tools-shared.dir/util/string_utils.cpp.o
[INFO] [stderr]   [35/391] Building CXX object spirv-tools/source/CMakeFiles/SPIRV-Tools-shared.dir/util/bit_vector.cpp.o
[INFO] [stderr]   [36/391] Building CXX object glslang/glslang/CMakeFiles/GenericCodeGen.dir/GenericCodeGen/CodeGen.cpp.o
[INFO] [stderr]   [37/391] Building CXX object spirv-tools/source/CMakeFiles/SPIRV-Tools-shared.dir/extensions.cpp.o
[INFO] [stderr]   [38/391] Building CXX object spirv-tools/source/CMakeFiles/SPIRV-Tools-shared.dir/software_version.cpp.o
[INFO] [stderr]   [39/391] Building CXX object spirv-tools/source/CMakeFiles/SPIRV-Tools-shared.dir/spirv_endian.cpp.o
[INFO] [stderr]   [40/391] Building CXX object spirv-tools/source/CMakeFiles/SPIRV-Tools-shared.dir/assembly_grammar.cpp.o
[INFO] [stderr]   [41/391] Building CXX object glslang/glslang/CMakeFiles/glslang.dir/CInterface/glslang_c_interface.cpp.o
[INFO] [stderr]   [42/391] Building CXX object spirv-tools/source/CMakeFiles/SPIRV-Tools-shared.dir/spirv_optimizer_options.cpp.o
[INFO] [stderr]   [43/391] Building CXX object spirv-tools/source/CMakeFiles/SPIRV-Tools-shared.dir/enum_string_mapping.cpp.o
[INFO] [stderr]   [44/391] Building CXX object spirv-tools/source/CMakeFiles/SPIRV-Tools-shared.dir/libspirv.cpp.o
[INFO] [stderr]   [45/391] Building CXX object spirv-tools/source/CMakeFiles/SPIRV-Tools-shared.dir/spirv_fuzzer_options.cpp.o
[INFO] [stderr]   [46/391] Building CXX object spirv-tools/source/CMakeFiles/SPIRV-Tools-shared.dir/spirv_validator_options.cpp.o
[INFO] [stderr]   [47/391] Building CXX object spirv-tools/source/CMakeFiles/SPIRV-Tools-shared.dir/diagnostic.cpp.o
[INFO] [stderr]   [48/391] Building CXX object spirv-tools/source/CMakeFiles/SPIRV-Tools-shared.dir/print.cpp.o
[INFO] [stderr]   [49/391] Building CXX object spirv-tools/source/CMakeFiles/SPIRV-Tools-shared.dir/spirv_reducer_options.cpp.o
[INFO] [stderr]   [50/391] Building CXX object spirv-tools/source/CMakeFiles/SPIRV-Tools-shared.dir/spirv_target_env.cpp.o
[INFO] [stderr]   [51/391] Building CXX object spirv-tools/source/CMakeFiles/SPIRV-Tools-shared.dir/table.cpp.o
[INFO] [stderr]   [52/391] Building CXX object spirv-tools/source/CMakeFiles/SPIRV-Tools-shared.dir/name_mapper.cpp.o
[INFO] [stderr]   [53/391] Building CXX object spirv-tools/source/CMakeFiles/SPIRV-Tools-shared.dir/parsed_operand.cpp.o
[INFO] [stderr]   [54/391] Building CXX object spirv-tools/source/CMakeFiles/SPIRV-Tools-shared.dir/disassemble.cpp.o
[INFO] [stderr]   [55/391] Building CXX object spirv-tools/source/CMakeFiles/SPIRV-Tools-shared.dir/opcode.cpp.o
[INFO] [stderr]   [56/391] Building CXX object spirv-tools/source/CMakeFiles/SPIRV-Tools-shared.dir/operand.cpp.o
[INFO] [stderr]   [57/391] Building CXX object glslang/glslang/CMakeFiles/MachineIndependent.dir/cmake_pch.hxx.gch
[INFO] [stderr]   FAILED: glslang/glslang/CMakeFiles/MachineIndependent.dir/cmake_pch.hxx.gch 
[INFO] [stderr]   /usr/bin/c++ -DENABLE_HLSL -DENABLE_OPT=1 -DGLSLANG_OSINCLUDE_UNIX -I/opt/rustwide/target/debug/build/shaderc-sys-9bce2092493b1bf0/out/build/include -ffunction-sections -fdata-sections -fPIC -m64 -O3 -DNDEBUG -fPIC -Wall -Wmaybe-uninitialized -Wuninitialized -Wunused -Wunused-local-typedefs -Wunused-parameter -Wunused-value -Wunused-variable -Wunused-but-set-parameter -Wunused-but-set-variable -fno-exceptions -Wno-reorder -fno-rtti -Werror=deprecated-copy -std=c++11 -Winvalid-pch -x c++-header -include /opt/rustwide/target/debug/build/shaderc-sys-9bce2092493b1bf0/out/build/glslang/glslang/CMakeFiles/MachineIndependent.dir/cmake_pch.hxx -MD -MT glslang/glslang/CMakeFiles/MachineIndependent.dir/cmake_pch.hxx.gch -MF glslang/glslang/CMakeFiles/MachineIndependent.dir/cmake_pch.hxx.gch.d -o glslang/glslang/CMakeFiles/MachineIndependent.dir/cmake_pch.hxx.gch -c /opt/rustwide/target/debug/build/shaderc-sys-9bce2092493b1bf0/out/build/glslang/glslang/CMakeFiles/MachineIndependent.dir/cmake_pch.hxx.cxx
[INFO] [stderr]   c++: fatal error: Killed signal terminated program cc1plus
[INFO] [stderr]   compilation terminated.
[INFO] [stderr]   [58/391] Building CXX object spirv-tools/source/CMakeFiles/SPIRV-Tools-shared.dir/util/parse_number.cpp.o
[INFO] [stderr]   [59/391] Building CXX object spirv-tools/source/CMakeFiles/SPIRV-Tools-shared.dir/binary.cpp.o
[INFO] [stderr]   [60/391] Building CXX object spirv-tools/source/CMakeFiles/SPIRV-Tools-shared.dir/val/validate_arithmetics.cpp.o
[INFO] [stderr]   [61/391] Building CXX object spirv-tools/source/CMakeFiles/SPIRV-Tools-shared.dir/val/validate_adjacency.cpp.o
[INFO] [stderr]   [62/391] Building CXX object spirv-tools/source/CMakeFiles/SPIRV-Tools-shared.dir/text_handler.cpp.o
[INFO] [stderr]   [63/391] Building CXX object spirv-tools/source/CMakeFiles/SPIRV-Tools-shared.dir/val/validate_barriers.cpp.o
[INFO] [stderr]   [64/391] Building CXX object spirv-tools/source/CMakeFiles/SPIRV-Tools-shared.dir/val/validate_atomics.cpp.o
[INFO] [stderr]   [65/391] Building CXX object spirv-tools/source/CMakeFiles/SPIRV-Tools-shared.dir/val/validate_bitwise.cpp.o
[INFO] [stderr]   [66/391] Building CXX object spirv-tools/source/CMakeFiles/SPIRV-Tools-shared.dir/val/validate_annotation.cpp.o
[INFO] [stderr]   [67/391] Building CXX object spirv-tools/source/CMakeFiles/SPIRV-Tools-shared.dir/val/validate_capability.cpp.o
[INFO] [stderr]   [68/391] Building CXX object spirv-tools/source/CMakeFiles/SPIRV-Tools-shared.dir/text.cpp.o
[INFO] [stderr]   [69/391] Building CXX object spirv-tools/source/CMakeFiles/SPIRV-Tools-shared.dir/val/validate_composites.cpp.o
[INFO] [stderr]   [70/391] Building CXX object spirv-tools/source/CMakeFiles/SPIRV-Tools-shared.dir/val/validate.cpp.o
[INFO] [stderr]   [71/391] Building CXX object spirv-tools/source/CMakeFiles/SPIRV-Tools-shared.dir/val/validate_cfg.cpp.o
[INFO] [stderr]   [72/391] Building CXX object spirv-tools/source/CMakeFiles/SPIRV-Tools-shared.dir/val/validate_builtins.cpp.o
[INFO] [stderr]   ninja: build stopped: subcommand failed.
[INFO] [stderr] 
[INFO] [stderr]   --- stderr
[INFO] [stderr]   CMake Warning:
[INFO] [stderr]     Manually-specified variables were not used by the project:
[INFO] [stderr] 
[INFO] [stderr]       CMAKE_ASM_COMPILER
[INFO] [stderr]       CMAKE_ASM_FLAGS
[INFO] [stderr] 
[INFO] [stderr] 
[INFO] [stderr]   thread 'main' panicked at /opt/rustwide/cargo-home/registry/src/index.crates.io-6f17d22bba15001f/cmake-0.1.50/src/lib.rs:1098:5:
[INFO] [stderr] 
[INFO] [stderr]   command did not execute successfully, got: exit status: 1
[INFO] [stderr] 
[INFO] [stderr]   build script failed, must exit now
[INFO] [stderr]   stack backtrace:
[INFO] [stderr]      0:     0x557b719b8a66 - std::backtrace_rs::backtrace::libunwind::trace::h261606ad26a499c1
[INFO] [stderr]                                  at /rustc/0e09125c6c3c2fd70d7de961bcf0e51575235fad/library/std/src/../../backtrace/src/backtrace/libunwind.rs:104:5
[INFO] [stderr]      1:     0x557b719b8a66 - std::backtrace_rs::backtrace::trace_unsynchronized::hd183f0625477fb28
[INFO] [stderr]                                  at /rustc/0e09125c6c3c2fd70d7de961bcf0e51575235fad/library/std/src/../../backtrace/src/backtrace/mod.rs:66:5
[INFO] [stderr]      2:     0x557b719b8a66 - std::sys_common::backtrace::_print_fmt::hd7f8fef21b4eda67
[INFO] [stderr]                                  at /rustc/0e09125c6c3c2fd70d7de961bcf0e51575235fad/library/std/src/sys_common/backtrace.rs:68:5
[INFO] [stderr]      3:     0x557b719b8a66 - <std::sys_common::backtrace::_print::DisplayBacktrace as core::fmt::Display>::fmt::h623d9b51f2f453f1
[INFO] [stderr]                                  at /rustc/0e09125c6c3c2fd70d7de961bcf0e51575235fad/library/std/src/sys_common/backtrace.rs:44:22
[INFO] [stderr]      4:     0x557b719de330 - core::fmt::rt::Argument::fmt::h9f417ac76a86f368
[INFO] [stderr]                                  at /rustc/0e09125c6c3c2fd70d7de961bcf0e51575235fad/library/core/src/fmt/rt.rs:142:9
[INFO] [stderr]      5:     0x557b719de330 - core::fmt::write::hc9b6faf4ac2aeff7
[INFO] [stderr]                                  at /rustc/0e09125c6c3c2fd70d7de961bcf0e51575235fad/library/core/src/fmt/mod.rs:1120:17
[INFO] [stderr]      6:     0x557b719b604f - std::io::Write::write_fmt::hfead1eee52c2e65e
[INFO] [stderr]                                  at /rustc/0e09125c6c3c2fd70d7de961bcf0e51575235fad/library/std/src/io/mod.rs:1810:15
[INFO] [stderr]      7:     0x557b719b8844 - std::sys_common::backtrace::_print::hd5d66399c7df88a2
[INFO] [stderr]                                  at /rustc/0e09125c6c3c2fd70d7de961bcf0e51575235fad/library/std/src/sys_common/backtrace.rs:47:5
[INFO] [stderr]      8:     0x557b719b8844 - std::sys_common::backtrace::print::he81ed2da642d37e5
[INFO] [stderr]                                  at /rustc/0e09125c6c3c2fd70d7de961bcf0e51575235fad/library/std/src/sys_common/backtrace.rs:34:9
[INFO] [stderr]      9:     0x557b719ba127 - std::panicking::default_hook::{{closure}}::h85773f4fa117163d
[INFO] [stderr]     10:     0x557b719b9e89 - std::panicking::default_hook::h6a1694a91d09b278
[INFO] [stderr]                                  at /rustc/0e09125c6c3c2fd70d7de961bcf0e51575235fad/library/std/src/panicking.rs:292:9
[INFO] [stderr]     11:     0x557b719ba5b8 - std::panicking::rust_panic_with_hook::h0a7ad96e90f7145b
[INFO] [stderr]                                  at /rustc/0e09125c6c3c2fd70d7de961bcf0e51575235fad/library/std/src/panicking.rs:779:13
[INFO] [stderr]     12:     0x557b719ba492 - std::panicking::begin_panic_handler::{{closure}}::h7919090525c6485e
[INFO] [stderr]                                  at /rustc/0e09125c6c3c2fd70d7de961bcf0e51575235fad/library/std/src/panicking.rs:657:13
[INFO] [stderr]     13:     0x557b719b8f66 - std::sys_common::backtrace::__rust_end_short_backtrace::hf3289479464f7dfe
[INFO] [stderr]                                  at /rustc/0e09125c6c3c2fd70d7de961bcf0e51575235fad/library/std/src/sys_common/backtrace.rs:171:18
[INFO] [stderr]     14:     0x557b719ba1f0 - rust_begin_unwind
[INFO] [stderr]                                  at /rustc/0e09125c6c3c2fd70d7de961bcf0e51575235fad/library/std/src/panicking.rs:645:5
[INFO] [stderr]     15:     0x557b7192f635 - core::panicking::panic_fmt::hcc9f77c5c132af55
[INFO] [stderr]                                  at /rustc/0e09125c6c3c2fd70d7de961bcf0e51575235fad/library/core/src/panicking.rs:72:14
[INFO] [stderr]     16:     0x557b719505c1 - cmake::fail::h08ddde5275cf866f
[INFO] [stderr]     17:     0x557b7194fd57 - cmake::run::hb09ef5cc2ea4ba27
[INFO] [stderr]     18:     0x557b7194c68d - cmake::Config::build::h9d422ae75ceaf627
[INFO] [stderr]     19:     0x557b71935481 - build_script_build::build_shaderc_unix::h9562dbab1d784510
[INFO] [stderr]     20:     0x557b71938802 - build_script_build::main::hd67138f5e7d4b77e
[INFO] [stderr]     21:     0x557b71931093 - core::ops::function::FnOnce::call_once::h671d2ee3093a9e5b
[INFO] [stderr]     22:     0x557b71930086 - std::sys_common::backtrace::__rust_begin_short_backtrace::h9a5fb4bc49a9fbe3
[INFO] [stderr]     23:     0x557b71930899 - std::rt::lang_start::{{closure}}::hab71fb6ee3a5f30c
[INFO] [stderr]     24:     0x557b719b1c91 - core::ops::function::impls::<impl core::ops::function::FnOnce<A> for &F>::call_once::h4eb4c5e1620f29b0
[INFO] [stderr]                                  at /rustc/0e09125c6c3c2fd70d7de961bcf0e51575235fad/library/core/src/ops/function.rs:284:13
[INFO] [stderr]     25:     0x557b719b1c91 - std::panicking::try::do_call::h73fd26535faffcdf
[INFO] [stderr]                                  at /rustc/0e09125c6c3c2fd70d7de961bcf0e51575235fad/library/std/src/panicking.rs:552:40
[INFO] [stderr]     26:     0x557b719b1c91 - std::panicking::try::h77ff1d98f0fb9f39
[INFO] [stderr]                                  at /rustc/0e09125c6c3c2fd70d7de961bcf0e51575235fad/library/std/src/panicking.rs:516:19
[INFO] [stderr]     27:     0x557b719b1c91 - std::panic::catch_unwind::hab3caf2448b95e37
[INFO] [stderr]                                  at /rustc/0e09125c6c3c2fd70d7de961bcf0e51575235fad/library/std/src/panic.rs:142:14
[INFO] [stderr]     28:     0x557b719b1c91 - std::rt::lang_start_internal::{{closure}}::h8086711f9c783f78
[INFO] [stderr]                                  at /rustc/0e09125c6c3c2fd70d7de961bcf0e51575235fad/library/std/src/rt.rs:148:48
[INFO] [stderr]     29:     0x557b719b1c91 - std::panicking::try::do_call::hf920d4dc291cd6ca
[INFO] [stderr]                                  at /rustc/0e09125c6c3c2fd70d7de961bcf0e51575235fad/library/std/src/panicking.rs:552:40
[INFO] [stderr]     30:     0x557b719b1c91 - std::panicking::try::h2b806ccc0a85db74
[INFO] [stderr]                                  at /rustc/0e09125c6c3c2fd70d7de961bcf0e51575235fad/library/std/src/panicking.rs:516:19
[INFO] [stderr]     31:     0x557b719b1c91 - std::panic::catch_unwind::h038489539c507df2
[INFO] [stderr]                                  at /rustc/0e09125c6c3c2fd70d7de961bcf0e51575235fad/library/std/src/panic.rs:142:14
[INFO] [stderr]     32:     0x557b719b1c91 - std::rt::lang_start_internal::h28503b88912e8a5c
[INFO] [stderr]                                  at /rustc/0e09125c6c3c2fd70d7de961bcf0e51575235fad/library/std/src/rt.rs:148:20
[INFO] [stderr]     33:     0x557b71930877 - std::rt::lang_start::h8943710d25279e6e
[INFO] [stderr]     34:     0x557b71938ea5 - main
[INFO] [stderr]     35:     0x7fec6452dd90 - <unknown>
[INFO] [stderr]     36:     0x7fec6452de40 - __libc_start_main
[INFO] [stderr]     37:     0x557b7192fd65 - _start
[INFO] [stderr]     38:                0x0 - <unknown>
[INFO] running `Command { std: "docker" "inspect" "de28d83caea371258c57393363826d46b137f7f9965346b61c5d439c707cc0ec", kill_on_drop: false }`
[INFO] running `Command { std: "docker" "rm" "-f" "de28d83caea371258c57393363826d46b137f7f9965346b61c5d439c707cc0ec", kill_on_drop: false }`
[INFO] [stdout] de28d83caea371258c57393363826d46b137f7f9965346b61c5d439c707cc0ec
