[INFO] fetching crate evm 1.0.0-alpha.1...
[INFO] testing evm-1.0.0-alpha.1 against 1.75.0 for beta-1.76-1
[INFO] extracting crate evm 1.0.0-alpha.1 into /workspace/builds/worker-4-tc1/source
[INFO] validating manifest of crates.io crate evm 1.0.0-alpha.1 on toolchain 1.75.0
[INFO] running `Command { std: CARGO_HOME="/workspace/cargo-home" RUSTUP_HOME="/workspace/rustup-home" "/workspace/cargo-home/bin/cargo" "+1.75.0" "metadata" "--manifest-path" "Cargo.toml" "--no-deps", kill_on_drop: false }`
[INFO] removed /workspace/builds/worker-4-tc1/source/rust-toolchain.toml
[INFO] started tweaking crates.io crate evm 1.0.0-alpha.1
[INFO] finished tweaking crates.io crate evm 1.0.0-alpha.1
[INFO] tweaked toml for crates.io crate evm 1.0.0-alpha.1 written to /workspace/builds/worker-4-tc1/source/Cargo.toml
[INFO] running `Command { std: CARGO_HOME="/workspace/cargo-home" RUSTUP_HOME="/workspace/rustup-home" "/workspace/cargo-home/bin/cargo" "+1.75.0" "generate-lockfile" "--manifest-path" "Cargo.toml", kill_on_drop: false }`
[INFO] [stderr]     Updating crates.io index
[INFO] running `Command { std: CARGO_HOME="/workspace/cargo-home" RUSTUP_HOME="/workspace/rustup-home" "/workspace/cargo-home/bin/cargo" "+1.75.0" "fetch" "--manifest-path" "Cargo.toml", kill_on_drop: false }`
[INFO] [stderr]  Downloading crates ...
[INFO] [stderr]   Downloaded evm-interpreter v1.0.0-alpha.2
[INFO] running `Command { std: "docker" "create" "-v" "/var/lib/crater-agent-workspace/builds/worker-4-tc1/target:/opt/rustwide/target:rw,Z" "-v" "/var/lib/crater-agent-workspace/builds/worker-4-tc1/source:/opt/rustwide/workdir:ro,Z" "-v" "/var/lib/crater-agent-workspace/cargo-home:/opt/rustwide/cargo-home:ro,Z" "-v" "/var/lib/crater-agent-workspace/rustup-home:/opt/rustwide/rustup-home:ro,Z" "-e" "SOURCE_DIR=/opt/rustwide/workdir" "-e" "CARGO_TARGET_DIR=/opt/rustwide/target" "-e" "CARGO_HOME=/opt/rustwide/cargo-home" "-e" "RUSTUP_HOME=/opt/rustwide/rustup-home" "-w" "/opt/rustwide/workdir" "-m" "1610612736" "--user" "0:0" "--network" "none" "ghcr.io/rust-lang/crates-build-env/linux@sha256:2788e3201cd34a07e3172128adcd8b3090168a8e3bcc40d7c032b9dda1df7d1c" "/opt/rustwide/cargo-home/bin/cargo" "+1.75.0" "metadata" "--no-deps" "--format-version=1", kill_on_drop: false }`
[INFO] [stdout] c8d65911fc12d1630ceab192c81005269b1c8e06641e8fe1d81ff540b5c63624
[INFO] running `Command { std: "docker" "start" "-a" "c8d65911fc12d1630ceab192c81005269b1c8e06641e8fe1d81ff540b5c63624", kill_on_drop: false }`
[INFO] running `Command { std: "docker" "inspect" "c8d65911fc12d1630ceab192c81005269b1c8e06641e8fe1d81ff540b5c63624", kill_on_drop: false }`
[INFO] running `Command { std: "docker" "rm" "-f" "c8d65911fc12d1630ceab192c81005269b1c8e06641e8fe1d81ff540b5c63624", kill_on_drop: false }`
[INFO] [stdout] c8d65911fc12d1630ceab192c81005269b1c8e06641e8fe1d81ff540b5c63624
[INFO] running `Command { std: "docker" "create" "-v" "/var/lib/crater-agent-workspace/builds/worker-4-tc1/target:/opt/rustwide/target:rw,Z" "-v" "/var/lib/crater-agent-workspace/builds/worker-4-tc1/source:/opt/rustwide/workdir:ro,Z" "-v" "/var/lib/crater-agent-workspace/cargo-home:/opt/rustwide/cargo-home:ro,Z" "-v" "/var/lib/crater-agent-workspace/rustup-home:/opt/rustwide/rustup-home:ro,Z" "-e" "SOURCE_DIR=/opt/rustwide/workdir" "-e" "CARGO_TARGET_DIR=/opt/rustwide/target" "-e" "CARGO_INCREMENTAL=0" "-e" "RUST_BACKTRACE=full" "-e" "RUSTFLAGS=--cap-lints=warn" "-e" "RUSTDOCFLAGS=--cap-lints=warn" "-e" "CARGO_HOME=/opt/rustwide/cargo-home" "-e" "RUSTUP_HOME=/opt/rustwide/rustup-home" "-w" "/opt/rustwide/workdir" "-m" "1610612736" "--user" "0:0" "--network" "none" "ghcr.io/rust-lang/crates-build-env/linux@sha256:2788e3201cd34a07e3172128adcd8b3090168a8e3bcc40d7c032b9dda1df7d1c" "/opt/rustwide/cargo-home/bin/cargo" "+1.75.0" "build" "--frozen" "--message-format=json", kill_on_drop: false }`
[INFO] [stdout] c3c5245b57514ae34b9b0564a0f8e10e0cb90428b69579617844a2238bcc0701
[INFO] running `Command { std: "docker" "start" "-a" "c3c5245b57514ae34b9b0564a0f8e10e0cb90428b69579617844a2238bcc0701", kill_on_drop: false }`
[INFO] [stderr]    Compiling proc-macro2 v1.0.75
[INFO] [stderr]    Compiling unicode-ident v1.0.12
[INFO] [stderr]    Compiling syn v1.0.109
[INFO] [stderr]    Compiling version_check v0.9.4
[INFO] [stderr]    Compiling equivalent v1.0.1
[INFO] [stderr]    Compiling hashbrown v0.14.3
[INFO] [stderr]    Compiling toml_datetime v0.6.3
[INFO] [stderr]    Compiling winnow v0.5.32
[INFO] [stderr]    Compiling cfg-if v1.0.0
[INFO] [stderr]    Compiling crunchy v0.2.2
[INFO] [stderr]    Compiling serde v1.0.194
[INFO] [stderr]    Compiling rustc-hex v2.1.0
[INFO] [stderr]    Compiling ppv-lite86 v0.2.17
[INFO] [stderr]    Compiling once_cell v1.19.0
[INFO] [stderr]    Compiling bytes v1.5.0
[INFO] [stderr]    Compiling arrayvec v0.7.4
[INFO] [stderr]    Compiling getrandom v0.2.11
[INFO] [stderr]    Compiling byte-slice-cast v1.2.2
[INFO] [stderr]    Compiling static_assertions v1.1.0
[INFO] [stderr]    Compiling hex v0.4.3
[INFO] [stderr]    Compiling tiny-keccak v2.0.2
[INFO] [stderr]    Compiling rand_core v0.6.4
[INFO] [stderr]    Compiling keccak v0.1.4
[INFO] [stderr]    Compiling hash-db v0.15.2
[INFO] [stderr]    Compiling environmental v1.1.4
[INFO] [stderr]    Compiling log v0.4.20
[INFO] [stderr]    Compiling generic-array v0.14.7
[INFO] [stderr]    Compiling proc-macro-error-attr v1.0.4
[INFO] [stderr]    Compiling proc-macro-error v1.0.4
[INFO] [stderr]    Compiling rand_chacha v0.3.1
[INFO] [stderr]    Compiling hash256-std-hasher v0.15.2
[INFO] [stderr]    Compiling uint v0.9.5
[INFO] [stderr]    Compiling rand v0.8.5
[INFO] [stderr]    Compiling indexmap v2.1.0
[INFO] [stderr]    Compiling quote v1.0.35
[INFO] [stderr]    Compiling syn v2.0.48
[INFO] [stderr]    Compiling crypto-common v0.1.6
[INFO] [stderr]    Compiling block-buffer v0.10.4
[INFO] [stderr]    Compiling digest v0.10.7
[INFO] [stderr]    Compiling fixed-hash v0.8.0
[INFO] [stderr]    Compiling sha3 v0.10.8
[INFO] [stderr]    Compiling toml_edit v0.20.2
[INFO] [stderr]    Compiling toml_edit v0.19.15
[INFO] [stderr]    Compiling proc-macro-crate v2.0.1
[INFO] [stderr]    Compiling proc-macro-crate v1.3.1
[INFO] [stderr]    Compiling serde_derive v1.0.194
[INFO] [stderr]    Compiling parity-scale-codec-derive v3.6.9
[INFO] [stderr]    Compiling rlp-derive v0.1.0
[INFO] [stderr]    Compiling impl-trait-for-tuples v0.2.2
[INFO] [stderr]    Compiling scale-info-derive v2.10.0
[INFO] [stderr]    Compiling derive_more v0.99.17
[INFO] [stderr]    Compiling auto_impl v1.1.0
[INFO] [stderr]    Compiling rlp v0.5.2
[INFO] [stderr]    Compiling impl-rlp v0.3.0
[INFO] [stderr]    Compiling triehash v0.8.4
[INFO] [stderr]    Compiling parity-scale-codec v3.6.9
[INFO] [stderr]    Compiling impl-codec v0.6.0
[INFO] [stderr]    Compiling scale-info v2.10.0
[INFO] [stderr]    Compiling primitive-types v0.12.2
[INFO] [stderr]    Compiling ethbloom v0.13.0
[INFO] [stderr]    Compiling ethereum-types v0.14.1
[INFO] [stderr]    Compiling evm-interpreter v1.0.0-alpha.2
[INFO] [stderr]    Compiling ethereum v0.14.0
[INFO] [stderr]    Compiling evm v1.0.0-alpha.1 (/opt/rustwide/workdir)
[INFO] [stdout] error[E0432]: unresolved import `crate::call_create`
[INFO] [stdout]  --> src/standard/invoker/mod.rs:7:12
[INFO] [stdout]   |
[INFO] [stdout] 7 | use crate::call_create::{CallCreateTrapData, CallTrapData, CreateScheme, CreateTrapData};
[INFO] [stdout]   |            ^^^^^^^^^^^ could not find `call_create` in the crate root
[INFO] [stdout] 
[INFO] [stdout] 
[INFO] [stdout] error[E0599]: no method named `peek_opcode` found for reference `&evm_interpreter::Machine<S>` in the current scope
[INFO] [stdout]    --> src/standard/gasometer/mod.rs:244:25
[INFO] [stdout]     |
[INFO] [stdout] 244 |             let opcode = machine.peek_opcode().ok_or(ExitFatal::AlreadyExited)?;
[INFO] [stdout]     |                                  ^^^^^^^^^^^ method not found in `&Machine<S>`
[INFO] [stdout] 
[INFO] [stdout] 
[INFO] [stdout] error[E0560]: struct `evm_interpreter::RuntimeState` has no field named `gas`
[INFO] [stdout]    --> src/standard/invoker/mod.rs:278:8
[INFO] [stdout]     |
[INFO] [stdout] 278 | ...                   gas: U256::from(gas_limit),
[INFO] [stdout]     |                       ^^^ `evm_interpreter::RuntimeState` does not have this field
[INFO] [stdout]     |
[INFO] [stdout]     = note: all struct fields are already assigned
[INFO] [stdout] 
[INFO] [stdout] 
[INFO] [stdout] error[E0560]: struct `evm_interpreter::RuntimeState` has no field named `gas`
[INFO] [stdout]    --> src/standard/invoker/mod.rs:316:8
[INFO] [stdout]     |
[INFO] [stdout] 316 | ...                   gas: U256::from(gas_limit),
[INFO] [stdout]     |                       ^^^ `evm_interpreter::RuntimeState` does not have this field
[INFO] [stdout]     |
[INFO] [stdout]     = note: all struct fields are already assigned
[INFO] [stdout] 
[INFO] [stdout] 
[INFO] [stdout] error[E0560]: struct `evm_interpreter::RuntimeState` has no field named `gas`
[INFO] [stdout]    --> src/standard/invoker/mod.rs:457:7
[INFO] [stdout]     |
[INFO] [stdout] 457 |                         gas: U256::from(gas_limit),
[INFO] [stdout]     |                         ^^^ `evm_interpreter::RuntimeState` does not have this field
[INFO] [stdout]     |
[INFO] [stdout]     = note: all struct fields are already assigned
[INFO] [stdout] 
[INFO] [stdout] 
[INFO] [stdout] error[E0560]: struct `evm_interpreter::RuntimeState` has no field named `gas`
[INFO] [stdout]    --> src/standard/invoker/mod.rs:493:7
[INFO] [stdout]     |
[INFO] [stdout] 493 |                         gas: U256::from(gas_limit),
[INFO] [stdout]     |                         ^^^ `evm_interpreter::RuntimeState` does not have this field
[INFO] [stdout]     |
[INFO] [stdout]     = note: all struct fields are already assigned
[INFO] [stdout] 
[INFO] [stdout] 
[INFO] [stdout] error[E0609]: no field `gas` on type `&mut evm_interpreter::RuntimeState`
[INFO] [stdout]   --> src/color.rs:98:28
[INFO] [stdout]    |
[INFO] [stdout] 98 |                 machine.state.as_mut().gas = gasometer.gas().into();
[INFO] [stdout]    |                                        ^^^ unknown field
[INFO] [stdout]    |
[INFO] [stdout]    = note: available fields are: `context`, `transaction_context`, `retbuf`
[INFO] [stdout] 
[INFO] [stdout] 
[INFO] [stdout] error[E0599]: no method named `step` found for mutable reference `&mut evm_interpreter::Machine<S>` in the current scope
[INFO] [stdout]   --> src/color.rs:99:13
[INFO] [stdout]    |
[INFO] [stdout] 99 |                 machine.step(handler, self)
[INFO] [stdout]    |                         ^^^^ method not found in `&mut Machine<S>`
[INFO] [stdout]    |
[INFO] [stdout]    = help: items from traits can only be used if the trait is implemented and in scope
[INFO] [stdout]    = note: the following traits define an item `step`, perhaps you need to implement one of them:
[INFO] [stdout]            candidate #1: `Color`
[INFO] [stdout]            candidate #2: `InvokerMachine`
[INFO] [stdout] 
[INFO] [stdout] 
[INFO] [stdout] error[E0609]: no field `gas` on type `&mut evm_interpreter::RuntimeState`
[INFO] [stdout]    --> src/color.rs:115:29
[INFO] [stdout]     |
[INFO] [stdout] 115 |                     machine.state.as_mut().gas = gasometer.gas().into();
[INFO] [stdout]     |                                            ^^^ unknown field
[INFO] [stdout]     |
[INFO] [stdout]     = note: available fields are: `context`, `transaction_context`, `retbuf`
[INFO] [stdout] 
[INFO] [stdout] 
[INFO] [stdout] error[E0599]: no method named `stepn` found for mutable reference `&mut evm_interpreter::Machine<S>` in the current scope
[INFO] [stdout]    --> src/color.rs:116:20
[INFO] [stdout]     |
[INFO] [stdout] 116 |                     match machine.stepn(stepn, handler, self) {
[INFO] [stdout]     |                                   ^^^^^ method not found in `&mut Machine<S>`
[INFO] [stdout] 
[INFO] [stdout] 
[INFO] [stdout] error: aborting due to 10 previous errors
[INFO] [stdout] 
[INFO] [stdout] 
[INFO] [stdout] Some errors have detailed explanations: E0432, E0560, E0599, E0609.
[INFO] [stdout] 
[INFO] [stdout] For more information about an error, try `rustc --explain E0432`.
[INFO] [stdout] 
[INFO] [stderr] error: could not compile `evm` (lib) due to 11 previous errors
[INFO] [stderr] warning: build failed, waiting for other jobs to finish...
[INFO] running `Command { std: "docker" "inspect" "c3c5245b57514ae34b9b0564a0f8e10e0cb90428b69579617844a2238bcc0701", kill_on_drop: false }`
[INFO] running `Command { std: "docker" "rm" "-f" "c3c5245b57514ae34b9b0564a0f8e10e0cb90428b69579617844a2238bcc0701", kill_on_drop: false }`
[INFO] [stdout] c3c5245b57514ae34b9b0564a0f8e10e0cb90428b69579617844a2238bcc0701
