[INFO] fetching crate evm-network-ubiq 0.11.0...
[INFO] testing evm-network-ubiq-0.11.0 against 1.75.0 for beta-1.76-1
[INFO] extracting crate evm-network-ubiq 0.11.0 into /workspace/builds/worker-3-tc1/source
[INFO] validating manifest of crates.io crate evm-network-ubiq 0.11.0 on toolchain 1.75.0
[INFO] running `Command { std: CARGO_HOME="/workspace/cargo-home" RUSTUP_HOME="/workspace/rustup-home" "/workspace/cargo-home/bin/cargo" "+1.75.0" "metadata" "--manifest-path" "Cargo.toml" "--no-deps", kill_on_drop: false }`
[INFO] started tweaking crates.io crate evm-network-ubiq 0.11.0
[INFO] finished tweaking crates.io crate evm-network-ubiq 0.11.0
[INFO] tweaked toml for crates.io crate evm-network-ubiq 0.11.0 written to /workspace/builds/worker-3-tc1/source/Cargo.toml
[INFO] running `Command { std: CARGO_HOME="/workspace/cargo-home" RUSTUP_HOME="/workspace/rustup-home" "/workspace/cargo-home/bin/cargo" "+1.75.0" "generate-lockfile" "--manifest-path" "Cargo.toml", kill_on_drop: false }`
[INFO] [stderr]     Updating crates.io index
[INFO] running `Command { std: CARGO_HOME="/workspace/cargo-home" RUSTUP_HOME="/workspace/rustup-home" "/workspace/cargo-home/bin/cargo" "+1.75.0" "fetch" "--manifest-path" "Cargo.toml", kill_on_drop: false }`
[INFO] [stderr]  Downloading crates ...
[INFO] [stderr]   Downloaded evm-precompiled-modexp v0.11.0
[INFO] [stderr]   Downloaded evm-precompiled-bn128 v0.11.0
[INFO] [stderr]   Downloaded evm v0.11.1
[INFO] running `Command { std: "docker" "create" "-v" "/var/lib/crater-agent-workspace/builds/worker-3-tc1/target:/opt/rustwide/target:rw,Z" "-v" "/var/lib/crater-agent-workspace/builds/worker-3-tc1/source:/opt/rustwide/workdir:ro,Z" "-v" "/var/lib/crater-agent-workspace/cargo-home:/opt/rustwide/cargo-home:ro,Z" "-v" "/var/lib/crater-agent-workspace/rustup-home:/opt/rustwide/rustup-home:ro,Z" "-e" "SOURCE_DIR=/opt/rustwide/workdir" "-e" "CARGO_TARGET_DIR=/opt/rustwide/target" "-e" "CARGO_HOME=/opt/rustwide/cargo-home" "-e" "RUSTUP_HOME=/opt/rustwide/rustup-home" "-w" "/opt/rustwide/workdir" "-m" "1610612736" "--user" "0:0" "--network" "none" "ghcr.io/rust-lang/crates-build-env/linux@sha256:2788e3201cd34a07e3172128adcd8b3090168a8e3bcc40d7c032b9dda1df7d1c" "/opt/rustwide/cargo-home/bin/cargo" "+1.75.0" "metadata" "--no-deps" "--format-version=1", kill_on_drop: false }`
[INFO] [stdout] ac242bc5564b1d018307d023c0c425cc6d7efc22fd4881d53c6659a300ad2a7e
[INFO] running `Command { std: "docker" "start" "-a" "ac242bc5564b1d018307d023c0c425cc6d7efc22fd4881d53c6659a300ad2a7e", kill_on_drop: false }`
[INFO] running `Command { std: "docker" "inspect" "ac242bc5564b1d018307d023c0c425cc6d7efc22fd4881d53c6659a300ad2a7e", kill_on_drop: false }`
[INFO] running `Command { std: "docker" "rm" "-f" "ac242bc5564b1d018307d023c0c425cc6d7efc22fd4881d53c6659a300ad2a7e", kill_on_drop: false }`
[INFO] [stdout] ac242bc5564b1d018307d023c0c425cc6d7efc22fd4881d53c6659a300ad2a7e
[INFO] running `Command { std: "docker" "create" "-v" "/var/lib/crater-agent-workspace/builds/worker-3-tc1/target:/opt/rustwide/target:rw,Z" "-v" "/var/lib/crater-agent-workspace/builds/worker-3-tc1/source:/opt/rustwide/workdir:ro,Z" "-v" "/var/lib/crater-agent-workspace/cargo-home:/opt/rustwide/cargo-home:ro,Z" "-v" "/var/lib/crater-agent-workspace/rustup-home:/opt/rustwide/rustup-home:ro,Z" "-e" "SOURCE_DIR=/opt/rustwide/workdir" "-e" "CARGO_TARGET_DIR=/opt/rustwide/target" "-e" "CARGO_INCREMENTAL=0" "-e" "RUST_BACKTRACE=full" "-e" "RUSTFLAGS=--cap-lints=warn" "-e" "RUSTDOCFLAGS=--cap-lints=warn" "-e" "CARGO_HOME=/opt/rustwide/cargo-home" "-e" "RUSTUP_HOME=/opt/rustwide/rustup-home" "-w" "/opt/rustwide/workdir" "-m" "1610612736" "--user" "0:0" "--network" "none" "ghcr.io/rust-lang/crates-build-env/linux@sha256:2788e3201cd34a07e3172128adcd8b3090168a8e3bcc40d7c032b9dda1df7d1c" "/opt/rustwide/cargo-home/bin/cargo" "+1.75.0" "build" "--frozen" "--message-format=json", kill_on_drop: false }`
[INFO] [stdout] 24f7e79dd788a40c31850e77b5f11fe4ec7a19f0943ebdcc87dbc05b6cd394b2
[INFO] running `Command { std: "docker" "start" "-a" "24f7e79dd788a40c31850e77b5f11fe4ec7a19f0943ebdcc87dbc05b6cd394b2", kill_on_drop: false }`
[INFO] [stderr]    Compiling ethereum-block v0.4.0
[INFO] [stdout] error[E0432]: unresolved import `secp256k1::Error`
[INFO] [stdout]  --> /opt/rustwide/cargo-home/registry/src/index.crates.io-6f17d22bba15001f/ethereum-block-0.4.0/src/transaction.rs:6:32
[INFO] [stdout]   |
[INFO] [stdout] 6 | use secp256k1::{self, Message, Error, Signature, RecoveryId, SecretKey, PublicKey};
[INFO] [stdout]   |                                ^^^^^ no `Error` in the root
[INFO] [stdout]   |
[INFO] [stdout]   = help: consider importing one of these items instead:
[INFO] [stdout]           std::error::Error
[INFO] [stdout]           std::fmt::Error
[INFO] [stdout]           std::io::Error
[INFO] [stdout]           trie::Error
[INFO] [stdout] 
[INFO] [stdout] 
[INFO] [stdout] error[E0432]: unresolved import `secp256k1::Error`
[INFO] [stdout]  --> /opt/rustwide/cargo-home/registry/src/index.crates.io-6f17d22bba15001f/ethereum-block-0.4.0/src/address.rs:6:45
[INFO] [stdout]   |
[INFO] [stdout] 6 | use secp256k1::{self, PublicKey, SecretKey, Error};
[INFO] [stdout]   |                                             ^^^^^ no `Error` in the root
[INFO] [stdout]   |
[INFO] [stdout]   = help: consider importing one of these items instead:
[INFO] [stdout]           std::error::Error
[INFO] [stdout]           std::fmt::Error
[INFO] [stdout]           std::io::Error
[INFO] [stdout]           trie::Error
[INFO] [stdout] 
[INFO] [stdout] 
[INFO] [stdout] error[E0425]: cannot find function `sign` in crate `secp256k1`
[INFO] [stdout]    --> /opt/rustwide/cargo-home/registry/src/index.crates.io-6f17d22bba15001f/ethereum-block-0.4.0/src/transaction.rs:160:26
[INFO] [stdout]     |
[INFO] [stdout] 160 |             { secp256k1::sign(&msg, key).unwrap() }
[INFO] [stdout]     |                          ^^^^ not found in `secp256k1`
[INFO] [stdout] 
[INFO] [stdout] 
[INFO] [stdout] error[E0599]: no function or associated item named `parse` found for struct `RecoveryId` in the current scope
[INFO] [stdout]    --> /opt/rustwide/cargo-home/registry/src/index.crates.io-6f17d22bba15001f/ethereum-block-0.4.0/src/transaction.rs:104:49
[INFO] [stdout]     |
[INFO] [stdout] 104 |         Ok((Signature::parse(&sig), RecoveryId::parse(self.standard_v() as u8)?))
[INFO] [stdout]     |                                                 ^^^^^ function or associated item not found in `RecoveryId`
[INFO] [stdout] 
[INFO] [stdout] 
[INFO] [stdout] error[E0308]: mismatched types
[INFO] [stdout]    --> /opt/rustwide/cargo-home/registry/src/index.crates.io-6f17d22bba15001f/ethereum-block-0.4.0/src/transaction.rs:233:34
[INFO] [stdout]     |
[INFO] [stdout] 233 |               secp256k1::recover(&Message::parse(&a), &sig.0, &sig.1)?
[INFO] [stdout]     |               ------------------ ^^^^^^^^^^^^^^^^^^^ expected `&Signature`, found `&Message`
[INFO] [stdout]     |               |
[INFO] [stdout]     |               arguments to this function are incorrect
[INFO] [stdout]     |
[INFO] [stdout]     = note: expected reference `&Signature`
[INFO] [stdout]                found reference `&Message`
[INFO] [stdout] note: function defined here
[INFO] [stdout]    --> /opt/rustwide/cargo-home/registry/src/index.crates.io-6f17d22bba15001f/libsecp256k1-0.1.3/src/lib.rs:175:8
[INFO] [stdout]     |
[INFO] [stdout] 175 | pub fn recover(signature: &Signature, recovery_id: &RecoveryId, message: &Message) -> Option<PublicKey> {
[INFO] [stdout]     |        ^^^^^^^
[INFO] [stdout] 
[INFO] [stdout] 
[INFO] [stdout] error[E0608]: cannot index into a value of type `Option<[u8; 65]>`
[INFO] [stdout]   --> /opt/rustwide/cargo-home/registry/src/index.crates.io-6f17d22bba15001f/ethereum-block-0.4.0/src/address.rs:26:47
[INFO] [stdout]    |
[INFO] [stdout] 26 |             Keccak256::digest(&key.serialize()[1..]).as_slice());
[INFO] [stdout]    |                                               ^^^^^
[INFO] [stdout] 
[INFO] [stdout] 
[INFO] [stdout] error: aborting due to 6 previous errors
[INFO] [stdout] 
[INFO] [stdout] 
[INFO] [stdout] Some errors have detailed explanations: E0308, E0425, E0432, E0599, E0608.
[INFO] [stdout] 
[INFO] [stdout] For more information about an error, try `rustc --explain E0308`.
[INFO] [stdout] 
[INFO] [stderr] error: could not compile `ethereum-block` (lib) due to 7 previous errors
[INFO] running `Command { std: "docker" "inspect" "24f7e79dd788a40c31850e77b5f11fe4ec7a19f0943ebdcc87dbc05b6cd394b2", kill_on_drop: false }`
[INFO] running `Command { std: "docker" "rm" "-f" "24f7e79dd788a40c31850e77b5f11fe4ec7a19f0943ebdcc87dbc05b6cd394b2", kill_on_drop: false }`
[INFO] [stdout] 24f7e79dd788a40c31850e77b5f11fe4ec7a19f0943ebdcc87dbc05b6cd394b2
[INFO] testing evm-network-ubiq-0.11.0 against beta-2023-12-22 for beta-1.76-1
[INFO] extracting crate evm-network-ubiq 0.11.0 into /workspace/builds/worker-3-tc2/source
[INFO] validating manifest of crates.io crate evm-network-ubiq 0.11.0 on toolchain beta-2023-12-22
[INFO] running `Command { std: CARGO_HOME="/workspace/cargo-home" RUSTUP_HOME="/workspace/rustup-home" "/workspace/cargo-home/bin/cargo" "+beta-2023-12-22" "metadata" "--manifest-path" "Cargo.toml" "--no-deps", kill_on_drop: false }`
[INFO] started tweaking crates.io crate evm-network-ubiq 0.11.0
[INFO] finished tweaking crates.io crate evm-network-ubiq 0.11.0
[INFO] tweaked toml for crates.io crate evm-network-ubiq 0.11.0 written to /workspace/builds/worker-3-tc2/source/Cargo.toml
[INFO] running `Command { std: CARGO_HOME="/workspace/cargo-home" RUSTUP_HOME="/workspace/rustup-home" "/workspace/cargo-home/bin/cargo" "+beta-2023-12-22" "generate-lockfile" "--manifest-path" "Cargo.toml", kill_on_drop: false }`
[INFO] [stderr]     Updating crates.io index
[INFO] running `Command { std: CARGO_HOME="/workspace/cargo-home" RUSTUP_HOME="/workspace/rustup-home" "/workspace/cargo-home/bin/cargo" "+beta-2023-12-22" "fetch" "--manifest-path" "Cargo.toml", kill_on_drop: false }`
[INFO] running `Command { std: "docker" "create" "-v" "/var/lib/crater-agent-workspace/builds/worker-3-tc2/target:/opt/rustwide/target:rw,Z" "-v" "/var/lib/crater-agent-workspace/builds/worker-3-tc2/source:/opt/rustwide/workdir:ro,Z" "-v" "/var/lib/crater-agent-workspace/cargo-home:/opt/rustwide/cargo-home:ro,Z" "-v" "/var/lib/crater-agent-workspace/rustup-home:/opt/rustwide/rustup-home:ro,Z" "-e" "SOURCE_DIR=/opt/rustwide/workdir" "-e" "CARGO_TARGET_DIR=/opt/rustwide/target" "-e" "CARGO_HOME=/opt/rustwide/cargo-home" "-e" "RUSTUP_HOME=/opt/rustwide/rustup-home" "-w" "/opt/rustwide/workdir" "-m" "1610612736" "--user" "0:0" "--network" "none" "ghcr.io/rust-lang/crates-build-env/linux@sha256:2788e3201cd34a07e3172128adcd8b3090168a8e3bcc40d7c032b9dda1df7d1c" "/opt/rustwide/cargo-home/bin/cargo" "+beta-2023-12-22" "metadata" "--no-deps" "--format-version=1", kill_on_drop: false }`
[INFO] [stdout] 2183bdd913ce530b13447576cd04473ad0f829d6df63e28fee061fa7de76891b
[INFO] running `Command { std: "docker" "start" "-a" "2183bdd913ce530b13447576cd04473ad0f829d6df63e28fee061fa7de76891b", kill_on_drop: false }`
[INFO] running `Command { std: "docker" "inspect" "2183bdd913ce530b13447576cd04473ad0f829d6df63e28fee061fa7de76891b", kill_on_drop: false }`
[INFO] running `Command { std: "docker" "rm" "-f" "2183bdd913ce530b13447576cd04473ad0f829d6df63e28fee061fa7de76891b", kill_on_drop: false }`
[INFO] [stdout] 2183bdd913ce530b13447576cd04473ad0f829d6df63e28fee061fa7de76891b
[INFO] running `Command { std: "docker" "create" "-v" "/var/lib/crater-agent-workspace/builds/worker-3-tc2/target:/opt/rustwide/target:rw,Z" "-v" "/var/lib/crater-agent-workspace/builds/worker-3-tc2/source:/opt/rustwide/workdir:ro,Z" "-v" "/var/lib/crater-agent-workspace/cargo-home:/opt/rustwide/cargo-home:ro,Z" "-v" "/var/lib/crater-agent-workspace/rustup-home:/opt/rustwide/rustup-home:ro,Z" "-e" "SOURCE_DIR=/opt/rustwide/workdir" "-e" "CARGO_TARGET_DIR=/opt/rustwide/target" "-e" "CARGO_INCREMENTAL=0" "-e" "RUST_BACKTRACE=full" "-e" "RUSTFLAGS=--cap-lints=warn" "-e" "RUSTDOCFLAGS=--cap-lints=warn" "-e" "CARGO_HOME=/opt/rustwide/cargo-home" "-e" "RUSTUP_HOME=/opt/rustwide/rustup-home" "-w" "/opt/rustwide/workdir" "-m" "1610612736" "--user" "0:0" "--network" "none" "ghcr.io/rust-lang/crates-build-env/linux@sha256:2788e3201cd34a07e3172128adcd8b3090168a8e3bcc40d7c032b9dda1df7d1c" "/opt/rustwide/cargo-home/bin/cargo" "+beta-2023-12-22" "build" "--frozen" "--message-format=json", kill_on_drop: false }`
[INFO] [stdout] aa78da719fe1490128958cb3cda0fbfdb05ff1c4e95ab60ea72d7141d8ab8a99
[INFO] running `Command { std: "docker" "start" "-a" "aa78da719fe1490128958cb3cda0fbfdb05ff1c4e95ab60ea72d7141d8ab8a99", kill_on_drop: false }`
[INFO] [stderr]    Compiling ethereum-block v0.4.0
[INFO] [stdout] error[E0432]: unresolved import `secp256k1::Error`
[INFO] [stdout]  --> /opt/rustwide/cargo-home/registry/src/index.crates.io-6f17d22bba15001f/ethereum-block-0.4.0/src/transaction.rs:6:32
[INFO] [stdout]   |
[INFO] [stdout] 6 | use secp256k1::{self, Message, Error, Signature, RecoveryId, SecretKey, PublicKey};
[INFO] [stdout]   |                                ^^^^^ no `Error` in the root
[INFO] [stdout]   |
[INFO] [stdout]   = help: consider importing one of these items instead:
[INFO] [stdout]           std::error::Error
[INFO] [stdout]           std::fmt::Error
[INFO] [stdout]           std::io::Error
[INFO] [stdout]           trie::Error
[INFO] [stdout] 
[INFO] [stdout] 
[INFO] [stdout] error[E0432]: unresolved import `secp256k1::Error`
[INFO] [stdout]  --> /opt/rustwide/cargo-home/registry/src/index.crates.io-6f17d22bba15001f/ethereum-block-0.4.0/src/address.rs:6:45
[INFO] [stdout]   |
[INFO] [stdout] 6 | use secp256k1::{self, PublicKey, SecretKey, Error};
[INFO] [stdout]   |                                             ^^^^^ no `Error` in the root
[INFO] [stdout]   |
[INFO] [stdout]   = help: consider importing one of these items instead:
[INFO] [stdout]           std::error::Error
[INFO] [stdout]           std::fmt::Error
[INFO] [stdout]           std::io::Error
[INFO] [stdout]           trie::Error
[INFO] [stdout] 
[INFO] [stdout] 
[INFO] [stdout] error[E0425]: cannot find function `sign` in crate `secp256k1`
[INFO] [stdout]    --> /opt/rustwide/cargo-home/registry/src/index.crates.io-6f17d22bba15001f/ethereum-block-0.4.0/src/transaction.rs:160:26
[INFO] [stdout]     |
[INFO] [stdout] 160 |             { secp256k1::sign(&msg, key).unwrap() }
[INFO] [stdout]     |                          ^^^^ not found in `secp256k1`
[INFO] [stdout] 
[INFO] [stdout] 
[INFO] [stdout] error[E0599]: no function or associated item named `parse` found for struct `RecoveryId` in the current scope
[INFO] [stdout]    --> /opt/rustwide/cargo-home/registry/src/index.crates.io-6f17d22bba15001f/ethereum-block-0.4.0/src/transaction.rs:104:49
[INFO] [stdout]     |
[INFO] [stdout] 104 |         Ok((Signature::parse(&sig), RecoveryId::parse(self.standard_v() as u8)?))
[INFO] [stdout]     |                                                 ^^^^^ function or associated item not found in `RecoveryId`
[INFO] [stdout] 
[INFO] [stdout] 
[INFO] [stdout] error[E0308]: mismatched types
[INFO] [stdout]    --> /opt/rustwide/cargo-home/registry/src/index.crates.io-6f17d22bba15001f/ethereum-block-0.4.0/src/transaction.rs:233:34
[INFO] [stdout]     |
[INFO] [stdout] 233 |               secp256k1::recover(&Message::parse(&a), &sig.0, &sig.1)?
[INFO] [stdout]     |               ------------------ ^^^^^^^^^^^^^^^^^^^ expected `&Signature`, found `&Message`
[INFO] [stdout]     |               |
[INFO] [stdout]     |               arguments to this function are incorrect
[INFO] [stdout]     |
[INFO] [stdout]     = note: expected reference `&Signature`
[INFO] [stdout]                found reference `&Message`
[INFO] [stdout] note: function defined here
[INFO] [stdout]    --> /opt/rustwide/cargo-home/registry/src/index.crates.io-6f17d22bba15001f/libsecp256k1-0.1.3/src/lib.rs:175:8
[INFO] [stdout]     |
[INFO] [stdout] 175 | pub fn recover(signature: &Signature, recovery_id: &RecoveryId, message: &Message) -> Option<PublicKey> {
[INFO] [stdout]     |        ^^^^^^^
[INFO] [stdout] 
[INFO] [stdout] 
[INFO] [stdout] error[E0608]: cannot index into a value of type `Option<[u8; 65]>`
[INFO] [stdout]   --> /opt/rustwide/cargo-home/registry/src/index.crates.io-6f17d22bba15001f/ethereum-block-0.4.0/src/address.rs:26:47
[INFO] [stdout]    |
[INFO] [stdout] 26 |             Keccak256::digest(&key.serialize()[1..]).as_slice());
[INFO] [stdout]    |                                               ^^^^^
[INFO] [stdout] 
[INFO] [stdout] 
[INFO] [stdout] error: aborting due to 6 previous errors
[INFO] [stdout] 
[INFO] [stdout] 
[INFO] [stdout] Some errors have detailed explanations: E0308, E0425, E0432, E0599, E0608.
[INFO] [stdout] 
[INFO] [stdout] For more information about an error, try `rustc --explain E0308`.
[INFO] [stdout] 
[INFO] [stderr] error: could not compile `ethereum-block` (lib) due to 7 previous errors
[INFO] running `Command { std: "docker" "inspect" "aa78da719fe1490128958cb3cda0fbfdb05ff1c4e95ab60ea72d7141d8ab8a99", kill_on_drop: false }`
[INFO] running `Command { std: "docker" "rm" "-f" "aa78da719fe1490128958cb3cda0fbfdb05ff1c4e95ab60ea72d7141d8ab8a99", kill_on_drop: false }`
[INFO] [stdout] aa78da719fe1490128958cb3cda0fbfdb05ff1c4e95ab60ea72d7141d8ab8a99
