[INFO] fetching crate everything-sys 0.1.4...
[INFO] testing everything-sys-0.1.4 against 1.75.0 for beta-1.76-1
[INFO] extracting crate everything-sys 0.1.4 into /workspace/builds/worker-6-tc1/source
[INFO] validating manifest of crates.io crate everything-sys 0.1.4 on toolchain 1.75.0
[INFO] running `Command { std: CARGO_HOME="/workspace/cargo-home" RUSTUP_HOME="/workspace/rustup-home" "/workspace/cargo-home/bin/cargo" "+1.75.0" "metadata" "--manifest-path" "Cargo.toml" "--no-deps", kill_on_drop: false }`
[INFO] started tweaking crates.io crate everything-sys 0.1.4
[INFO] finished tweaking crates.io crate everything-sys 0.1.4
[INFO] tweaked toml for crates.io crate everything-sys 0.1.4 written to /workspace/builds/worker-6-tc1/source/Cargo.toml
[INFO] crate crates.io crate everything-sys 0.1.4 already has a lockfile, it will not be regenerated
[INFO] running `Command { std: CARGO_HOME="/workspace/cargo-home" RUSTUP_HOME="/workspace/rustup-home" "/workspace/cargo-home/bin/cargo" "+1.75.0" "fetch" "--manifest-path" "Cargo.toml", kill_on_drop: false }`
[INFO] [stderr]  Downloading crates ...
[INFO] [stderr]   Downloaded clang-sys v1.1.1
[INFO] [stderr]   Downloaded bindgen v0.57.0
[INFO] running `Command { std: "docker" "create" "-v" "/var/lib/crater-agent-workspace/builds/worker-6-tc1/target:/opt/rustwide/target:rw,Z" "-v" "/var/lib/crater-agent-workspace/builds/worker-6-tc1/source:/opt/rustwide/workdir:ro,Z" "-v" "/var/lib/crater-agent-workspace/cargo-home:/opt/rustwide/cargo-home:ro,Z" "-v" "/var/lib/crater-agent-workspace/rustup-home:/opt/rustwide/rustup-home:ro,Z" "-e" "SOURCE_DIR=/opt/rustwide/workdir" "-e" "CARGO_TARGET_DIR=/opt/rustwide/target" "-e" "CARGO_HOME=/opt/rustwide/cargo-home" "-e" "RUSTUP_HOME=/opt/rustwide/rustup-home" "-w" "/opt/rustwide/workdir" "-m" "1610612736" "--user" "0:0" "--network" "none" "ghcr.io/rust-lang/crates-build-env/linux@sha256:2788e3201cd34a07e3172128adcd8b3090168a8e3bcc40d7c032b9dda1df7d1c" "/opt/rustwide/cargo-home/bin/cargo" "+1.75.0" "metadata" "--no-deps" "--format-version=1", kill_on_drop: false }`
[INFO] [stdout] 06969ce04ca7323e6d3e785a1756175c853ade1df24f20eb945e81cbb45cec1d
[INFO] running `Command { std: "docker" "start" "-a" "06969ce04ca7323e6d3e785a1756175c853ade1df24f20eb945e81cbb45cec1d", kill_on_drop: false }`
[INFO] running `Command { std: "docker" "inspect" "06969ce04ca7323e6d3e785a1756175c853ade1df24f20eb945e81cbb45cec1d", kill_on_drop: false }`
[INFO] running `Command { std: "docker" "rm" "-f" "06969ce04ca7323e6d3e785a1756175c853ade1df24f20eb945e81cbb45cec1d", kill_on_drop: false }`
[INFO] [stdout] 06969ce04ca7323e6d3e785a1756175c853ade1df24f20eb945e81cbb45cec1d
[INFO] running `Command { std: "docker" "create" "-v" "/var/lib/crater-agent-workspace/builds/worker-6-tc1/target:/opt/rustwide/target:rw,Z" "-v" "/var/lib/crater-agent-workspace/builds/worker-6-tc1/source:/opt/rustwide/workdir:ro,Z" "-v" "/var/lib/crater-agent-workspace/cargo-home:/opt/rustwide/cargo-home:ro,Z" "-v" "/var/lib/crater-agent-workspace/rustup-home:/opt/rustwide/rustup-home:ro,Z" "-e" "SOURCE_DIR=/opt/rustwide/workdir" "-e" "CARGO_TARGET_DIR=/opt/rustwide/target" "-e" "CARGO_INCREMENTAL=0" "-e" "RUST_BACKTRACE=full" "-e" "RUSTFLAGS=--cap-lints=warn" "-e" "RUSTDOCFLAGS=--cap-lints=warn" "-e" "CARGO_HOME=/opt/rustwide/cargo-home" "-e" "RUSTUP_HOME=/opt/rustwide/rustup-home" "-w" "/opt/rustwide/workdir" "-m" "1610612736" "--user" "0:0" "--network" "none" "ghcr.io/rust-lang/crates-build-env/linux@sha256:2788e3201cd34a07e3172128adcd8b3090168a8e3bcc40d7c032b9dda1df7d1c" "/opt/rustwide/cargo-home/bin/cargo" "+1.75.0" "build" "--frozen" "--message-format=json", kill_on_drop: false }`
[INFO] [stdout] 779c855f4b8a079da98615ce0fe37351732f03031b4b7fec6e04220d5c3068ee
[INFO] running `Command { std: "docker" "start" "-a" "779c855f4b8a079da98615ce0fe37351732f03031b4b7fec6e04220d5c3068ee", kill_on_drop: false }`
[INFO] [stderr]    Compiling memchr v2.3.4
[INFO] [stderr]    Compiling libc v0.2.86
[INFO] [stderr]    Compiling glob v0.3.0
[INFO] [stderr]    Compiling version_check v0.9.2
[INFO] [stderr]    Compiling log v0.4.14
[INFO] [stderr]    Compiling once_cell v1.7.0
[INFO] [stderr]    Compiling proc-macro2 v1.0.24
[INFO] [stderr]    Compiling bitflags v1.2.1
[INFO] [stderr]    Compiling unicode-width v0.1.8
[INFO] [stderr]    Compiling thread_local v1.1.3
[INFO] [stderr]    Compiling regex-syntax v0.6.22
[INFO] [stderr]    Compiling unicode-xid v0.2.1
[INFO] [stderr]    Compiling nom v5.1.2
[INFO] [stderr]    Compiling textwrap v0.11.0
[INFO] [stderr]    Compiling clang-sys v1.1.1
[INFO] [stderr]    Compiling aho-corasick v0.7.15
[INFO] [stderr]    Compiling libloading v0.7.0
[INFO] [stderr]    Compiling humantime v2.1.0
[INFO] [stderr]    Compiling ansi_term v0.11.0
[INFO] [stderr]    Compiling strsim v0.8.0
[INFO] [stderr]    Compiling atty v0.2.14
[INFO] [stderr]    Compiling termcolor v1.1.2
[INFO] [stderr]    Compiling bindgen v0.57.0
[INFO] [stderr]    Compiling vec_map v0.8.2
[INFO] [stderr]    Compiling clap v2.33.3
[INFO] [stderr]    Compiling which v3.1.1
[INFO] [stderr]    Compiling quote v1.0.9
[INFO] [stderr]    Compiling lazycell v1.3.0
[INFO] [stderr]    Compiling peeking_take_while v0.1.2
[INFO] [stderr]    Compiling rustc-hash v1.1.0
[INFO] [stderr]    Compiling shlex v0.1.1
[INFO] [stderr]    Compiling cc v1.0.67
[INFO] [stderr]    Compiling regex v1.4.3
[INFO] [stderr]    Compiling cexpr v0.4.0
[INFO] [stderr]    Compiling env_logger v0.8.3
[INFO] [stderr]    Compiling everything-sys v0.1.4 (/opt/rustwide/workdir)
[INFO] [stderr] The following warnings were emitted during compilation:
[INFO] [stderr] 
[INFO] [stderr] warning: everything-sys@0.1.4: /opt/rustwide/workdir/Everything/src/Everything.c:32: warning: ignoring '#pragma warning ' [-Wunknown-pragmas]
[INFO] [stderr] warning: everything-sys@0.1.4:    32 | #pragma warning(disable : 4996) // deprecation
[INFO] [stderr] warning: everything-sys@0.1.4:       | 
[INFO] [stderr] warning: everything-sys@0.1.4: In file included from /opt/rustwide/workdir/Everything/src/Everything.c:37:
[INFO] [stderr] warning: everything-sys@0.1.4: /opt/rustwide/workdir/Everything/src/../include/Everything.h:31:10: fatal error: windows.h: No such file or directory
[INFO] [stderr] warning: everything-sys@0.1.4:    31 | #include <windows.h>
[INFO] [stderr] warning: everything-sys@0.1.4:       |          ^~~~~~~~~~~
[INFO] [stderr] warning: everything-sys@0.1.4: compilation terminated.
[INFO] [stderr] 
[INFO] [stderr] error: failed to run custom build command for `everything-sys v0.1.4 (/opt/rustwide/workdir)`
[INFO] [stderr] note: To improve backtraces for build dependencies, set the CARGO_PROFILE_DEV_BUILD_OVERRIDE_DEBUG=true environment variable to enable debug information generation.
[INFO] [stderr] 
[INFO] [stderr] Caused by:
[INFO] [stderr]   process didn't exit successfully: `/opt/rustwide/target/debug/build/everything-sys-628d95ad1affd839/build-script-build` (exit status: 1)
[INFO] [stderr]   --- stdout
[INFO] [stderr]   TARGET = Some("x86_64-unknown-linux-gnu")
[INFO] [stderr]   OPT_LEVEL = Some("0")
[INFO] [stderr]   HOST = Some("x86_64-unknown-linux-gnu")
[INFO] [stderr]   CC_x86_64-unknown-linux-gnu = None
[INFO] [stderr]   CC_x86_64_unknown_linux_gnu = None
[INFO] [stderr]   HOST_CC = None
[INFO] [stderr]   CC = None
[INFO] [stderr]   CFLAGS_x86_64-unknown-linux-gnu = None
[INFO] [stderr]   CFLAGS_x86_64_unknown_linux_gnu = None
[INFO] [stderr]   HOST_CFLAGS = None
[INFO] [stderr]   CFLAGS = None
[INFO] [stderr]   CRATE_CC_NO_DEFAULTS = None
[INFO] [stderr]   DEBUG = Some("true")
[INFO] [stderr]   CARGO_CFG_TARGET_FEATURE = Some("fxsr,sse,sse2")
[INFO] [stderr]   running: "cc" "-O0" "-ffunction-sections" "-fdata-sections" "-fPIC" "-g" "-fno-omit-frame-pointer" "-m64" "-Wall" "-Wextra" "-o" "/opt/rustwide/target/debug/build/everything-sys-41c4055b8408792e/out/Everything.o" "-c" "/opt/rustwide/workdir/Everything/src/Everything.c"
[INFO] [stderr]   cargo:warning=/opt/rustwide/workdir/Everything/src/Everything.c:32: warning: ignoring '#pragma warning ' [-Wunknown-pragmas]
[INFO] [stderr]   cargo:warning=   32 | #pragma warning(disable : 4996) // deprecation
[INFO] [stderr]   cargo:warning=      | 
[INFO] [stderr]   cargo:warning=In file included from /opt/rustwide/workdir/Everything/src/Everything.c:37:
[INFO] [stderr]   cargo:warning=/opt/rustwide/workdir/Everything/src/../include/Everything.h:31:10: fatal error: windows.h: No such file or directory
[INFO] [stderr]   cargo:warning=   31 | #include <windows.h>
[INFO] [stderr]   cargo:warning=      |          ^~~~~~~~~~~
[INFO] [stderr]   cargo:warning=compilation terminated.
[INFO] [stderr]   exit status: 1
[INFO] [stderr] 
[INFO] [stderr]   --- stderr
[INFO] [stderr] 
[INFO] [stderr] 
[INFO] [stderr]   error occurred: Command "cc" "-O0" "-ffunction-sections" "-fdata-sections" "-fPIC" "-g" "-fno-omit-frame-pointer" "-m64" "-Wall" "-Wextra" "-o" "/opt/rustwide/target/debug/build/everything-sys-41c4055b8408792e/out/Everything.o" "-c" "/opt/rustwide/workdir/Everything/src/Everything.c" with args "cc" did not execute successfully (status code exit status: 1).
[INFO] [stderr] 
[INFO] [stderr] 
[INFO] running `Command { std: "docker" "inspect" "779c855f4b8a079da98615ce0fe37351732f03031b4b7fec6e04220d5c3068ee", kill_on_drop: false }`
[INFO] running `Command { std: "docker" "rm" "-f" "779c855f4b8a079da98615ce0fe37351732f03031b4b7fec6e04220d5c3068ee", kill_on_drop: false }`
[INFO] [stdout] 779c855f4b8a079da98615ce0fe37351732f03031b4b7fec6e04220d5c3068ee
[INFO] testing everything-sys-0.1.4 against beta-2023-12-22 for beta-1.76-1
[INFO] extracting crate everything-sys 0.1.4 into /workspace/builds/worker-6-tc2/source
[INFO] validating manifest of crates.io crate everything-sys 0.1.4 on toolchain beta-2023-12-22
[INFO] running `Command { std: CARGO_HOME="/workspace/cargo-home" RUSTUP_HOME="/workspace/rustup-home" "/workspace/cargo-home/bin/cargo" "+beta-2023-12-22" "metadata" "--manifest-path" "Cargo.toml" "--no-deps", kill_on_drop: false }`
[INFO] started tweaking crates.io crate everything-sys 0.1.4
[INFO] finished tweaking crates.io crate everything-sys 0.1.4
[INFO] tweaked toml for crates.io crate everything-sys 0.1.4 written to /workspace/builds/worker-6-tc2/source/Cargo.toml
[INFO] crate crates.io crate everything-sys 0.1.4 already has a lockfile, it will not be regenerated
[INFO] running `Command { std: CARGO_HOME="/workspace/cargo-home" RUSTUP_HOME="/workspace/rustup-home" "/workspace/cargo-home/bin/cargo" "+beta-2023-12-22" "fetch" "--manifest-path" "Cargo.toml", kill_on_drop: false }`
[INFO] [stderr]     Blocking waiting for file lock on package cache
[INFO] running `Command { std: "docker" "create" "-v" "/var/lib/crater-agent-workspace/builds/worker-6-tc2/target:/opt/rustwide/target:rw,Z" "-v" "/var/lib/crater-agent-workspace/builds/worker-6-tc2/source:/opt/rustwide/workdir:ro,Z" "-v" "/var/lib/crater-agent-workspace/cargo-home:/opt/rustwide/cargo-home:ro,Z" "-v" "/var/lib/crater-agent-workspace/rustup-home:/opt/rustwide/rustup-home:ro,Z" "-e" "SOURCE_DIR=/opt/rustwide/workdir" "-e" "CARGO_TARGET_DIR=/opt/rustwide/target" "-e" "CARGO_HOME=/opt/rustwide/cargo-home" "-e" "RUSTUP_HOME=/opt/rustwide/rustup-home" "-w" "/opt/rustwide/workdir" "-m" "1610612736" "--user" "0:0" "--network" "none" "ghcr.io/rust-lang/crates-build-env/linux@sha256:2788e3201cd34a07e3172128adcd8b3090168a8e3bcc40d7c032b9dda1df7d1c" "/opt/rustwide/cargo-home/bin/cargo" "+beta-2023-12-22" "metadata" "--no-deps" "--format-version=1", kill_on_drop: false }`
[INFO] [stdout] c6b308f468a3f1828080e165c361621e3eb159423efcee5af32628085295fc1e
[INFO] running `Command { std: "docker" "start" "-a" "c6b308f468a3f1828080e165c361621e3eb159423efcee5af32628085295fc1e", kill_on_drop: false }`
[INFO] running `Command { std: "docker" "inspect" "c6b308f468a3f1828080e165c361621e3eb159423efcee5af32628085295fc1e", kill_on_drop: false }`
[INFO] running `Command { std: "docker" "rm" "-f" "c6b308f468a3f1828080e165c361621e3eb159423efcee5af32628085295fc1e", kill_on_drop: false }`
[INFO] [stdout] c6b308f468a3f1828080e165c361621e3eb159423efcee5af32628085295fc1e
[INFO] running `Command { std: "docker" "create" "-v" "/var/lib/crater-agent-workspace/builds/worker-6-tc2/target:/opt/rustwide/target:rw,Z" "-v" "/var/lib/crater-agent-workspace/builds/worker-6-tc2/source:/opt/rustwide/workdir:ro,Z" "-v" "/var/lib/crater-agent-workspace/cargo-home:/opt/rustwide/cargo-home:ro,Z" "-v" "/var/lib/crater-agent-workspace/rustup-home:/opt/rustwide/rustup-home:ro,Z" "-e" "SOURCE_DIR=/opt/rustwide/workdir" "-e" "CARGO_TARGET_DIR=/opt/rustwide/target" "-e" "CARGO_INCREMENTAL=0" "-e" "RUST_BACKTRACE=full" "-e" "RUSTFLAGS=--cap-lints=warn" "-e" "RUSTDOCFLAGS=--cap-lints=warn" "-e" "CARGO_HOME=/opt/rustwide/cargo-home" "-e" "RUSTUP_HOME=/opt/rustwide/rustup-home" "-w" "/opt/rustwide/workdir" "-m" "1610612736" "--user" "0:0" "--network" "none" "ghcr.io/rust-lang/crates-build-env/linux@sha256:2788e3201cd34a07e3172128adcd8b3090168a8e3bcc40d7c032b9dda1df7d1c" "/opt/rustwide/cargo-home/bin/cargo" "+beta-2023-12-22" "build" "--frozen" "--message-format=json", kill_on_drop: false }`
[INFO] [stdout] 372ba3672e7d943187509e66e2740ca19bb33773883fb30b4f7c2b79b0d265c5
[INFO] running `Command { std: "docker" "start" "-a" "372ba3672e7d943187509e66e2740ca19bb33773883fb30b4f7c2b79b0d265c5", kill_on_drop: false }`
[INFO] [stderr]    Compiling memchr v2.3.4
[INFO] [stderr]    Compiling libc v0.2.86
[INFO] [stderr]    Compiling glob v0.3.0
[INFO] [stderr]    Compiling version_check v0.9.2
[INFO] [stderr]    Compiling proc-macro2 v1.0.24
[INFO] [stderr]    Compiling once_cell v1.7.0
[INFO] [stderr]    Compiling log v0.4.14
[INFO] [stderr]    Compiling bitflags v1.2.1
[INFO] [stderr]    Compiling unicode-width v0.1.8
[INFO] [stderr]    Compiling regex-syntax v0.6.22
[INFO] [stderr]    Compiling nom v5.1.2
[INFO] [stderr]    Compiling thread_local v1.1.3
[INFO] [stderr]    Compiling unicode-xid v0.2.1
[INFO] [stderr]    Compiling clang-sys v1.1.1
[INFO] [stderr]    Compiling textwrap v0.11.0
[INFO] [stderr]    Compiling libloading v0.7.0
[INFO] [stderr]    Compiling aho-corasick v0.7.15
[INFO] [stderr]    Compiling bindgen v0.57.0
[INFO] [stderr]    Compiling ansi_term v0.11.0
[INFO] [stderr]    Compiling atty v0.2.14
[INFO] [stderr]    Compiling vec_map v0.8.2
[INFO] [stderr]    Compiling strsim v0.8.0
[INFO] [stderr]    Compiling humantime v2.1.0
[INFO] [stderr]    Compiling termcolor v1.1.2
[INFO] [stderr]    Compiling clap v2.33.3
[INFO] [stderr]    Compiling quote v1.0.9
[INFO] [stderr]    Compiling which v3.1.1
[INFO] [stderr]    Compiling rustc-hash v1.1.0
[INFO] [stderr]    Compiling shlex v0.1.1
[INFO] [stderr]    Compiling peeking_take_while v0.1.2
[INFO] [stderr]    Compiling lazycell v1.3.0
[INFO] [stderr]    Compiling cc v1.0.67
[INFO] [stderr]    Compiling regex v1.4.3
[INFO] [stderr]    Compiling cexpr v0.4.0
[INFO] [stderr]    Compiling env_logger v0.8.3
[INFO] [stderr]    Compiling everything-sys v0.1.4 (/opt/rustwide/workdir)
[INFO] [stderr] The following warnings were emitted during compilation:
[INFO] [stderr] 
[INFO] [stderr] warning: everything-sys@0.1.4: /opt/rustwide/workdir/Everything/src/Everything.c:32: warning: ignoring '#pragma warning ' [-Wunknown-pragmas]
[INFO] [stderr] warning: everything-sys@0.1.4:    32 | #pragma warning(disable : 4996) // deprecation
[INFO] [stderr] warning: everything-sys@0.1.4:       | 
[INFO] [stderr] warning: everything-sys@0.1.4: In file included from /opt/rustwide/workdir/Everything/src/Everything.c:37:
[INFO] [stderr] warning: everything-sys@0.1.4: /opt/rustwide/workdir/Everything/src/../include/Everything.h:31:10: fatal error: windows.h: No such file or directory
[INFO] [stderr] warning: everything-sys@0.1.4:    31 | #include <windows.h>
[INFO] [stderr] warning: everything-sys@0.1.4:       |          ^~~~~~~~~~~
[INFO] [stderr] warning: everything-sys@0.1.4: compilation terminated.
[INFO] [stderr] 
[INFO] [stderr] error: failed to run custom build command for `everything-sys v0.1.4 (/opt/rustwide/workdir)`
[INFO] [stderr] note: To improve backtraces for build dependencies, set the CARGO_PROFILE_DEV_BUILD_OVERRIDE_DEBUG=true environment variable to enable debug information generation.
[INFO] [stderr] 
[INFO] [stderr] Caused by:
[INFO] [stderr]   process didn't exit successfully: `/opt/rustwide/target/debug/build/everything-sys-71fde519ef135c63/build-script-build` (exit status: 1)
[INFO] [stderr]   --- stdout
[INFO] [stderr]   TARGET = Some("x86_64-unknown-linux-gnu")
[INFO] [stderr]   OPT_LEVEL = Some("0")
[INFO] [stderr]   HOST = Some("x86_64-unknown-linux-gnu")
[INFO] [stderr]   CC_x86_64-unknown-linux-gnu = None
[INFO] [stderr]   CC_x86_64_unknown_linux_gnu = None
[INFO] [stderr]   HOST_CC = None
[INFO] [stderr]   CC = None
[INFO] [stderr]   CFLAGS_x86_64-unknown-linux-gnu = None
[INFO] [stderr]   CFLAGS_x86_64_unknown_linux_gnu = None
[INFO] [stderr]   HOST_CFLAGS = None
[INFO] [stderr]   CFLAGS = None
[INFO] [stderr]   CRATE_CC_NO_DEFAULTS = None
[INFO] [stderr]   DEBUG = Some("true")
[INFO] [stderr]   CARGO_CFG_TARGET_FEATURE = Some("fxsr,sse,sse2")
[INFO] [stderr]   running: "cc" "-O0" "-ffunction-sections" "-fdata-sections" "-fPIC" "-g" "-fno-omit-frame-pointer" "-m64" "-Wall" "-Wextra" "-o" "/opt/rustwide/target/debug/build/everything-sys-91bdd9e9ace86359/out/Everything.o" "-c" "/opt/rustwide/workdir/Everything/src/Everything.c"
[INFO] [stderr]   cargo:warning=/opt/rustwide/workdir/Everything/src/Everything.c:32: warning: ignoring '#pragma warning ' [-Wunknown-pragmas]
[INFO] [stderr]   cargo:warning=   32 | #pragma warning(disable : 4996) // deprecation
[INFO] [stderr]   cargo:warning=      | 
[INFO] [stderr]   cargo:warning=In file included from /opt/rustwide/workdir/Everything/src/Everything.c:37:
[INFO] [stderr]   cargo:warning=/opt/rustwide/workdir/Everything/src/../include/Everything.h:31:10: fatal error: windows.h: No such file or directory
[INFO] [stderr]   cargo:warning=   31 | #include <windows.h>
[INFO] [stderr]   cargo:warning=      |          ^~~~~~~~~~~
[INFO] [stderr]   cargo:warning=compilation terminated.
[INFO] [stderr]   exit status: 1
[INFO] [stderr] 
[INFO] [stderr]   --- stderr
[INFO] [stderr] 
[INFO] [stderr] 
[INFO] [stderr]   error occurred: Command "cc" "-O0" "-ffunction-sections" "-fdata-sections" "-fPIC" "-g" "-fno-omit-frame-pointer" "-m64" "-Wall" "-Wextra" "-o" "/opt/rustwide/target/debug/build/everything-sys-91bdd9e9ace86359/out/Everything.o" "-c" "/opt/rustwide/workdir/Everything/src/Everything.c" with args "cc" did not execute successfully (status code exit status: 1).
[INFO] [stderr] 
[INFO] [stderr] 
[INFO] running `Command { std: "docker" "inspect" "372ba3672e7d943187509e66e2740ca19bb33773883fb30b4f7c2b79b0d265c5", kill_on_drop: false }`
[INFO] running `Command { std: "docker" "rm" "-f" "372ba3672e7d943187509e66e2740ca19bb33773883fb30b4f7c2b79b0d265c5", kill_on_drop: false }`
[INFO] [stdout] 372ba3672e7d943187509e66e2740ca19bb33773883fb30b4f7c2b79b0d265c5
