[INFO] fetching crate evento 1.0.0-alpha.1...
[INFO] testing evento-1.0.0-alpha.1 against 1.75.0 for beta-1.76-1
[INFO] extracting crate evento 1.0.0-alpha.1 into /workspace/builds/worker-3-tc1/source
[INFO] validating manifest of crates.io crate evento 1.0.0-alpha.1 on toolchain 1.75.0
[INFO] running `Command { std: CARGO_HOME="/workspace/cargo-home" RUSTUP_HOME="/workspace/rustup-home" "/workspace/cargo-home/bin/cargo" "+1.75.0" "metadata" "--manifest-path" "Cargo.toml" "--no-deps", kill_on_drop: false }`
[INFO] started tweaking crates.io crate evento 1.0.0-alpha.1
[INFO] finished tweaking crates.io crate evento 1.0.0-alpha.1
[INFO] tweaked toml for crates.io crate evento 1.0.0-alpha.1 written to /workspace/builds/worker-3-tc1/source/Cargo.toml
[INFO] running `Command { std: CARGO_HOME="/workspace/cargo-home" RUSTUP_HOME="/workspace/rustup-home" "/workspace/cargo-home/bin/cargo" "+1.75.0" "generate-lockfile" "--manifest-path" "Cargo.toml", kill_on_drop: false }`
[INFO] [stderr]     Updating crates.io index
[INFO] running `Command { std: CARGO_HOME="/workspace/cargo-home" RUSTUP_HOME="/workspace/rustup-home" "/workspace/cargo-home/bin/cargo" "+1.75.0" "fetch" "--manifest-path" "Cargo.toml", kill_on_drop: false }`
[INFO] [stderr]  Downloading crates ...
[INFO] [stderr]   Downloaded harsh v0.2.2
[INFO] [stderr]   Downloaded etcetera v0.8.0
[INFO] [stderr]   Downloaded evento-query v1.0.0-alpha.7
[INFO] [stderr]   Downloaded atoi v2.0.0
[INFO] [stderr]   Downloaded parse-display v0.8.2
[INFO] [stderr]   Downloaded sqlx-macros v0.7.3
[INFO] [stderr]   Downloaded glob-match v0.2.1
[INFO] [stderr]   Downloaded atomic-write-file v0.1.2
[INFO] [stderr]   Downloaded parse-display-derive v0.8.2
[INFO] [stderr]   Downloaded sqlx-sqlite v0.7.3
[INFO] [stderr]   Downloaded sqlx-mysql v0.7.3
[INFO] [stderr]   Downloaded sqlx-core v0.7.3
[INFO] [stderr]   Downloaded sqlx-postgres v0.7.3
[INFO] [stderr]   Downloaded structmeta-derive v0.2.0
[INFO] [stderr]   Downloaded sqlx-macros-core v0.7.3
[INFO] [stderr]   Downloaded uuid-macro-internal v1.6.1
[INFO] [stderr]   Downloaded structmeta v0.2.0
[INFO] [stderr]   Downloaded sqlx v0.7.3
[INFO] [stderr]   Downloaded tokio-shared-rt v0.1.0
[INFO] [stderr]   Downloaded tokio-shared-rt-macro v0.1.0
[INFO] [stderr]   Downloaded evento-store v1.0.0-alpha.7
[INFO] running `Command { std: "docker" "create" "-v" "/var/lib/crater-agent-workspace/builds/worker-3-tc1/target:/opt/rustwide/target:rw,Z" "-v" "/var/lib/crater-agent-workspace/builds/worker-3-tc1/source:/opt/rustwide/workdir:ro,Z" "-v" "/var/lib/crater-agent-workspace/cargo-home:/opt/rustwide/cargo-home:ro,Z" "-v" "/var/lib/crater-agent-workspace/rustup-home:/opt/rustwide/rustup-home:ro,Z" "-e" "SOURCE_DIR=/opt/rustwide/workdir" "-e" "CARGO_TARGET_DIR=/opt/rustwide/target" "-e" "CARGO_HOME=/opt/rustwide/cargo-home" "-e" "RUSTUP_HOME=/opt/rustwide/rustup-home" "-w" "/opt/rustwide/workdir" "-m" "1610612736" "--user" "0:0" "--network" "none" "ghcr.io/rust-lang/crates-build-env/linux@sha256:2788e3201cd34a07e3172128adcd8b3090168a8e3bcc40d7c032b9dda1df7d1c" "/opt/rustwide/cargo-home/bin/cargo" "+1.75.0" "metadata" "--no-deps" "--format-version=1", kill_on_drop: false }`
[INFO] [stdout] e21b5df73f4f02deebadae88b7c442868e68d32c8a6eda16318b5f2f7df7d959
[INFO] running `Command { std: "docker" "start" "-a" "e21b5df73f4f02deebadae88b7c442868e68d32c8a6eda16318b5f2f7df7d959", kill_on_drop: false }`
[INFO] running `Command { std: "docker" "inspect" "e21b5df73f4f02deebadae88b7c442868e68d32c8a6eda16318b5f2f7df7d959", kill_on_drop: false }`
[INFO] running `Command { std: "docker" "rm" "-f" "e21b5df73f4f02deebadae88b7c442868e68d32c8a6eda16318b5f2f7df7d959", kill_on_drop: false }`
[INFO] [stdout] e21b5df73f4f02deebadae88b7c442868e68d32c8a6eda16318b5f2f7df7d959
[INFO] running `Command { std: "docker" "create" "-v" "/var/lib/crater-agent-workspace/builds/worker-3-tc1/target:/opt/rustwide/target:rw,Z" "-v" "/var/lib/crater-agent-workspace/builds/worker-3-tc1/source:/opt/rustwide/workdir:ro,Z" "-v" "/var/lib/crater-agent-workspace/cargo-home:/opt/rustwide/cargo-home:ro,Z" "-v" "/var/lib/crater-agent-workspace/rustup-home:/opt/rustwide/rustup-home:ro,Z" "-e" "SOURCE_DIR=/opt/rustwide/workdir" "-e" "CARGO_TARGET_DIR=/opt/rustwide/target" "-e" "CARGO_INCREMENTAL=0" "-e" "RUST_BACKTRACE=full" "-e" "RUSTFLAGS=--cap-lints=warn" "-e" "RUSTDOCFLAGS=--cap-lints=warn" "-e" "CARGO_HOME=/opt/rustwide/cargo-home" "-e" "RUSTUP_HOME=/opt/rustwide/rustup-home" "-w" "/opt/rustwide/workdir" "-m" "1610612736" "--user" "0:0" "--network" "none" "ghcr.io/rust-lang/crates-build-env/linux@sha256:2788e3201cd34a07e3172128adcd8b3090168a8e3bcc40d7c032b9dda1df7d1c" "/opt/rustwide/cargo-home/bin/cargo" "+1.75.0" "build" "--frozen" "--message-format=json", kill_on_drop: false }`
[INFO] [stdout] da952848b35864638eb3a59e478c3ee81ac94813a471ec25ed6e550ab399ebca
[INFO] running `Command { std: "docker" "start" "-a" "da952848b35864638eb3a59e478c3ee81ac94813a471ec25ed6e550ab399ebca", kill_on_drop: false }`
[INFO] [stderr]    Compiling proc-macro2 v1.0.75
[INFO] [stderr]    Compiling libc v0.2.151
[INFO] [stderr]    Compiling serde v1.0.194
[INFO] [stderr]    Compiling pin-project-lite v0.2.13
[INFO] [stderr]    Compiling thiserror v1.0.56
[INFO] [stderr]    Compiling ppv-lite86 v0.2.17
[INFO] [stderr]    Compiling async-trait v0.1.77
[INFO] [stderr]    Compiling futures-task v0.3.30
[INFO] [stderr]    Compiling parking_lot_core v0.9.9
[INFO] [stderr]    Compiling iana-time-zone v0.1.59
[INFO] [stderr]    Compiling slab v0.4.9
[INFO] [stderr]    Compiling num-traits v0.2.17
[INFO] [stderr]    Compiling lock_api v0.4.11
[INFO] [stderr]    Compiling futures-core v0.3.30
[INFO] [stderr]    Compiling serde_json v1.0.111
[INFO] [stderr]    Compiling anyhow v1.0.79
[INFO] [stderr]    Compiling pin-utils v0.1.0
[INFO] [stderr]    Compiling smallvec v1.11.2
[INFO] [stderr]    Compiling harsh v0.2.2
[INFO] [stderr]    Compiling scopeguard v1.2.0
[INFO] [stderr]    Compiling base64 v0.21.5
[INFO] [stderr]    Compiling once_cell v1.19.0
[INFO] [stderr]    Compiling itoa v1.0.10
[INFO] [stderr]    Compiling ryu v1.0.16
[INFO] [stderr]    Compiling dyn-clone v1.0.16
[INFO] [stderr]    Compiling tokio v1.35.1
[INFO] [stderr]    Compiling glob-match v0.2.1
[INFO] [stderr]    Compiling tracing-core v0.1.32
[INFO] [stderr]    Compiling quote v1.0.35
[INFO] [stderr]    Compiling syn v2.0.48
[INFO] [stderr]    Compiling getrandom v0.2.11
[INFO] [stderr]    Compiling rand_core v0.6.4
[INFO] [stderr]    Compiling parking_lot v0.12.1
[INFO] [stderr]    Compiling rand_chacha v0.3.1
[INFO] [stderr]    Compiling rand v0.8.5
[INFO] [stderr]    Compiling serde_derive v1.0.194
[INFO] [stderr]    Compiling thiserror-impl v1.0.56
[INFO] [stderr]    Compiling futures-macro v0.3.30
[INFO] [stderr]    Compiling uuid-macro-internal v1.6.1
[INFO] [stderr]    Compiling tracing-attributes v0.1.27
[INFO] [stderr]    Compiling futures-util v0.3.30
[INFO] [stderr]    Compiling tracing v0.1.40
[INFO] [stderr]    Compiling chrono v0.4.31
[INFO] [stderr]    Compiling uuid v1.6.1
[INFO] [stderr]    Compiling evento-query v1.0.0-alpha.7
[INFO] [stderr]    Compiling evento-store v1.0.0-alpha.7
[INFO] [stderr]    Compiling evento v1.0.0-alpha.1 (/opt/rustwide/workdir)
[INFO] [stdout] error[E0432]: unresolved import `tokio::time`
[INFO] [stdout]   --> src/consumer.rs:15:12
[INFO] [stdout]    |
[INFO] [stdout] 15 | use tokio::time::{interval_at, sleep, Duration, Instant};
[INFO] [stdout]    |            ^^^^ could not find `time` in `tokio`
[INFO] [stdout] 
[INFO] [stdout] 
[INFO] [stdout] error[E0425]: cannot find function `spawn` in crate `tokio`
[INFO] [stdout]    --> src/consumer.rs:133:16
[INFO] [stdout]     |
[INFO] [stdout] 133 |         tokio::spawn(async move {
[INFO] [stdout]     |                ^^^^^ not found in `tokio`
[INFO] [stdout]     |
[INFO] [stdout] note: found an item that was configured out
[INFO] [stdout]    --> /opt/rustwide/cargo-home/registry/src/index.crates.io-6f17d22bba15001f/tokio-1.35.1/src/lib.rs:546:19
[INFO] [stdout]     |
[INFO] [stdout] 546 |     pub use task::spawn;
[INFO] [stdout]     |                   ^^^^^
[INFO] [stdout]     = note: the item is gated behind the `rt` feature
[INFO] [stdout] help: consider importing this function
[INFO] [stdout]     |
[INFO] [stdout] 1   + use std::thread::spawn;
[INFO] [stdout]     |
[INFO] [stdout] help: if you import `spawn`, refer to it directly
[INFO] [stdout]     |
[INFO] [stdout] 133 -         tokio::spawn(async move {
[INFO] [stdout] 133 +         spawn(async move {
[INFO] [stdout]     |
[INFO] [stdout] 
[INFO] [stdout] 
[INFO] [stdout] error[E0107]: struct takes 0 generic arguments but 1 generic argument was supplied
[INFO] [stdout]   --> src/consumer.rs:43:23
[INFO] [stdout]    |
[INFO] [stdout] 43 |     pub(super) store: Store<S>,
[INFO] [stdout]    |                       ^^^^^--- help: remove these generics
[INFO] [stdout]    |                       |
[INFO] [stdout]    |                       expected 0 generic arguments
[INFO] [stdout]    |
[INFO] [stdout] note: struct defined here, with 0 generic parameters
[INFO] [stdout]   --> /opt/rustwide/cargo-home/registry/src/index.crates.io-6f17d22bba15001f/evento-store-1.0.0-alpha.7/src/store.rs:18:12
[INFO] [stdout]    |
[INFO] [stdout] 18 | pub struct Store {
[INFO] [stdout]    |            ^^^^^
[INFO] [stdout] 
[INFO] [stdout] 
[INFO] [stdout] error[E0107]: struct takes 0 generic arguments but 1 generic argument was supplied
[INFO] [stdout]   --> src/consumer.rs:44:21
[INFO] [stdout]    |
[INFO] [stdout] 44 |     pub deadletter: Store<S>,
[INFO] [stdout]    |                     ^^^^^--- help: remove these generics
[INFO] [stdout]    |                     |
[INFO] [stdout]    |                     expected 0 generic arguments
[INFO] [stdout]    |
[INFO] [stdout] note: struct defined here, with 0 generic parameters
[INFO] [stdout]   --> /opt/rustwide/cargo-home/registry/src/index.crates.io-6f17d22bba15001f/evento-store-1.0.0-alpha.7/src/store.rs:18:12
[INFO] [stdout]    |
[INFO] [stdout] 18 | pub struct Store {
[INFO] [stdout]    |            ^^^^^
[INFO] [stdout] 
[INFO] [stdout] 
[INFO] [stdout] error[E0107]: struct takes 0 generic arguments but 1 generic argument was supplied
[INFO] [stdout]    --> src/consumer.rs:366:30
[INFO] [stdout]     |
[INFO] [stdout] 366 |     pub(crate) store: Option<Store<E>>,
[INFO] [stdout]     |                              ^^^^^--- help: remove these generics
[INFO] [stdout]     |                              |
[INFO] [stdout]     |                              expected 0 generic arguments
[INFO] [stdout]     |
[INFO] [stdout] note: struct defined here, with 0 generic parameters
[INFO] [stdout]    --> /opt/rustwide/cargo-home/registry/src/index.crates.io-6f17d22bba15001f/evento-store-1.0.0-alpha.7/src/store.rs:18:12
[INFO] [stdout]     |
[INFO] [stdout] 18  | pub struct Store {
[INFO] [stdout]     |            ^^^^^
[INFO] [stdout] 
[INFO] [stdout] 
[INFO] [stdout] error[E0107]: struct takes 0 generic arguments but 1 generic argument was supplied
[INFO] [stdout]   --> src/producer.rs:15:16
[INFO] [stdout]    |
[INFO] [stdout] 15 |     pub store: Store<S>,
[INFO] [stdout]    |                ^^^^^--- help: remove these generics
[INFO] [stdout]    |                |
[INFO] [stdout]    |                expected 0 generic arguments
[INFO] [stdout]    |
[INFO] [stdout] note: struct defined here, with 0 generic parameters
[INFO] [stdout]   --> /opt/rustwide/cargo-home/registry/src/index.crates.io-6f17d22bba15001f/evento-store-1.0.0-alpha.7/src/store.rs:18:12
[INFO] [stdout]    |
[INFO] [stdout] 18 | pub struct Store {
[INFO] [stdout]    |            ^^^^^
[INFO] [stdout] 
[INFO] [stdout] 
[INFO] [stdout] error[E0107]: struct takes 0 generic arguments but 1 generic argument was supplied
[INFO] [stdout]   --> src/consumer.rs:52:44
[INFO] [stdout]    |
[INFO] [stdout] 52 |     pub(super) fn create(engine: E, store: Store<S>, deadletter: Store<S>) -> Self {
[INFO] [stdout]    |                                            ^^^^^--- help: remove these generics
[INFO] [stdout]    |                                            |
[INFO] [stdout]    |                                            expected 0 generic arguments
[INFO] [stdout]    |
[INFO] [stdout] note: struct defined here, with 0 generic parameters
[INFO] [stdout]   --> /opt/rustwide/cargo-home/registry/src/index.crates.io-6f17d22bba15001f/evento-store-1.0.0-alpha.7/src/store.rs:18:12
[INFO] [stdout]    |
[INFO] [stdout] 18 | pub struct Store {
[INFO] [stdout]    |            ^^^^^
[INFO] [stdout] 
[INFO] [stdout] 
[INFO] [stdout] error[E0107]: struct takes 0 generic arguments but 1 generic argument was supplied
[INFO] [stdout]   --> src/consumer.rs:52:66
[INFO] [stdout]    |
[INFO] [stdout] 52 |     pub(super) fn create(engine: E, store: Store<S>, deadletter: Store<S>) -> Self {
[INFO] [stdout]    |                                                                  ^^^^^--- help: remove these generics
[INFO] [stdout]    |                                                                  |
[INFO] [stdout]    |                                                                  expected 0 generic arguments
[INFO] [stdout]    |
[INFO] [stdout] note: struct defined here, with 0 generic parameters
[INFO] [stdout]   --> /opt/rustwide/cargo-home/registry/src/index.crates.io-6f17d22bba15001f/evento-store-1.0.0-alpha.7/src/store.rs:18:12
[INFO] [stdout]    |
[INFO] [stdout] 18 | pub struct Store {
[INFO] [stdout]    |            ^^^^^
[INFO] [stdout] 
[INFO] [stdout] 
[INFO] [stdout] error[E0107]: struct takes 0 generic arguments but 1 generic argument was supplied
[INFO] [stdout]    --> src/consumer.rs:326:53
[INFO] [stdout]     |
[INFO] [stdout] 326 |     async fn set_cursor_to_last(engine: &E, store: &Store<S>, key: String) -> Result<()> {
[INFO] [stdout]     |                                                     ^^^^^--- help: remove these generics
[INFO] [stdout]     |                                                     |
[INFO] [stdout]     |                                                     expected 0 generic arguments
[INFO] [stdout]     |
[INFO] [stdout] note: struct defined here, with 0 generic parameters
[INFO] [stdout]    --> /opt/rustwide/cargo-home/registry/src/index.crates.io-6f17d22bba15001f/evento-store-1.0.0-alpha.7/src/store.rs:18:12
[INFO] [stdout]     |
[INFO] [stdout] 18  | pub struct Store {
[INFO] [stdout]     |            ^^^^^
[INFO] [stdout] 
[INFO] [stdout] 
[INFO] [stdout] error[E0107]: struct takes 0 generic arguments but 1 generic argument was supplied
[INFO] [stdout]    --> src/consumer.rs:409:35
[INFO] [stdout]     |
[INFO] [stdout] 409 |     pub fn store(mut self, store: Store<E>) -> Self {
[INFO] [stdout]     |                                   ^^^^^--- help: remove these generics
[INFO] [stdout]     |                                   |
[INFO] [stdout]     |                                   expected 0 generic arguments
[INFO] [stdout]     |
[INFO] [stdout] note: struct defined here, with 0 generic parameters
[INFO] [stdout]    --> /opt/rustwide/cargo-home/registry/src/index.crates.io-6f17d22bba15001f/evento-store-1.0.0-alpha.7/src/store.rs:18:12
[INFO] [stdout]     |
[INFO] [stdout] 18  | pub struct Store {
[INFO] [stdout]     |            ^^^^^
[INFO] [stdout] 
[INFO] [stdout] 
[INFO] [stdout] error: aborting due to 10 previous errors
[INFO] [stdout] 
[INFO] [stdout] 
[INFO] [stdout] Some errors have detailed explanations: E0107, E0425, E0432.
[INFO] [stdout] 
[INFO] [stdout] For more information about an error, try `rustc --explain E0107`.
[INFO] [stdout] 
[INFO] [stderr] error: could not compile `evento` (lib) due to 11 previous errors
[INFO] [stderr] warning: build failed, waiting for other jobs to finish...
[INFO] running `Command { std: "docker" "inspect" "da952848b35864638eb3a59e478c3ee81ac94813a471ec25ed6e550ab399ebca", kill_on_drop: false }`
[INFO] running `Command { std: "docker" "rm" "-f" "da952848b35864638eb3a59e478c3ee81ac94813a471ec25ed6e550ab399ebca", kill_on_drop: false }`
[INFO] [stdout] da952848b35864638eb3a59e478c3ee81ac94813a471ec25ed6e550ab399ebca
