[INFO] fetching crate evento-store 1.0.0-alpha.1...
[INFO] testing evento-store-1.0.0-alpha.1 against 1.75.0 for beta-1.76-1
[INFO] extracting crate evento-store 1.0.0-alpha.1 into /workspace/builds/worker-7-tc1/source
[INFO] validating manifest of crates.io crate evento-store 1.0.0-alpha.1 on toolchain 1.75.0
[INFO] running `Command { std: CARGO_HOME="/workspace/cargo-home" RUSTUP_HOME="/workspace/rustup-home" "/workspace/cargo-home/bin/cargo" "+1.75.0" "metadata" "--manifest-path" "Cargo.toml" "--no-deps", kill_on_drop: false }`
[INFO] started tweaking crates.io crate evento-store 1.0.0-alpha.1
[INFO] finished tweaking crates.io crate evento-store 1.0.0-alpha.1
[INFO] tweaked toml for crates.io crate evento-store 1.0.0-alpha.1 written to /workspace/builds/worker-7-tc1/source/Cargo.toml
[INFO] running `Command { std: CARGO_HOME="/workspace/cargo-home" RUSTUP_HOME="/workspace/rustup-home" "/workspace/cargo-home/bin/cargo" "+1.75.0" "generate-lockfile" "--manifest-path" "Cargo.toml", kill_on_drop: false }`
[INFO] [stderr]     Updating crates.io index
[INFO] running `Command { std: CARGO_HOME="/workspace/cargo-home" RUSTUP_HOME="/workspace/rustup-home" "/workspace/cargo-home/bin/cargo" "+1.75.0" "fetch" "--manifest-path" "Cargo.toml", kill_on_drop: false }`
[INFO] [stderr]  Downloading crates ...
[INFO] [stderr]   Downloaded structmeta v0.2.0
[INFO] [stderr]   Downloaded parse-display v0.8.2
[INFO] [stderr]   Downloaded evento-query v1.0.0-alpha.7
[INFO] [stderr]   Downloaded parse-display-derive v0.8.2
[INFO] [stderr]   Downloaded structmeta-derive v0.2.0
[INFO] [stderr]   Downloaded harsh v0.2.2
[INFO] [stderr]   Downloaded tokio-shared-rt v0.1.0
[INFO] [stderr]   Downloaded tokio-shared-rt-macro v0.1.0
[INFO] running `Command { std: "docker" "create" "-v" "/var/lib/crater-agent-workspace/builds/worker-7-tc1/target:/opt/rustwide/target:rw,Z" "-v" "/var/lib/crater-agent-workspace/builds/worker-7-tc1/source:/opt/rustwide/workdir:ro,Z" "-v" "/var/lib/crater-agent-workspace/cargo-home:/opt/rustwide/cargo-home:ro,Z" "-v" "/var/lib/crater-agent-workspace/rustup-home:/opt/rustwide/rustup-home:ro,Z" "-e" "SOURCE_DIR=/opt/rustwide/workdir" "-e" "CARGO_TARGET_DIR=/opt/rustwide/target" "-e" "CARGO_HOME=/opt/rustwide/cargo-home" "-e" "RUSTUP_HOME=/opt/rustwide/rustup-home" "-w" "/opt/rustwide/workdir" "-m" "1610612736" "--user" "0:0" "--network" "none" "ghcr.io/rust-lang/crates-build-env/linux@sha256:2788e3201cd34a07e3172128adcd8b3090168a8e3bcc40d7c032b9dda1df7d1c" "/opt/rustwide/cargo-home/bin/cargo" "+1.75.0" "metadata" "--no-deps" "--format-version=1", kill_on_drop: false }`
[INFO] [stdout] 55d0dccdbce21df262fbe04a012d848f8e98bb4a5c1611249bee6fd0fc443a9a
[INFO] running `Command { std: "docker" "start" "-a" "55d0dccdbce21df262fbe04a012d848f8e98bb4a5c1611249bee6fd0fc443a9a", kill_on_drop: false }`
[INFO] running `Command { std: "docker" "inspect" "55d0dccdbce21df262fbe04a012d848f8e98bb4a5c1611249bee6fd0fc443a9a", kill_on_drop: false }`
[INFO] running `Command { std: "docker" "rm" "-f" "55d0dccdbce21df262fbe04a012d848f8e98bb4a5c1611249bee6fd0fc443a9a", kill_on_drop: false }`
[INFO] [stdout] 55d0dccdbce21df262fbe04a012d848f8e98bb4a5c1611249bee6fd0fc443a9a
[INFO] running `Command { std: "docker" "create" "-v" "/var/lib/crater-agent-workspace/builds/worker-7-tc1/target:/opt/rustwide/target:rw,Z" "-v" "/var/lib/crater-agent-workspace/builds/worker-7-tc1/source:/opt/rustwide/workdir:ro,Z" "-v" "/var/lib/crater-agent-workspace/cargo-home:/opt/rustwide/cargo-home:ro,Z" "-v" "/var/lib/crater-agent-workspace/rustup-home:/opt/rustwide/rustup-home:ro,Z" "-e" "SOURCE_DIR=/opt/rustwide/workdir" "-e" "CARGO_TARGET_DIR=/opt/rustwide/target" "-e" "CARGO_INCREMENTAL=0" "-e" "RUST_BACKTRACE=full" "-e" "RUSTFLAGS=--cap-lints=warn" "-e" "RUSTDOCFLAGS=--cap-lints=warn" "-e" "CARGO_HOME=/opt/rustwide/cargo-home" "-e" "RUSTUP_HOME=/opt/rustwide/rustup-home" "-w" "/opt/rustwide/workdir" "-m" "1610612736" "--user" "0:0" "--network" "none" "ghcr.io/rust-lang/crates-build-env/linux@sha256:2788e3201cd34a07e3172128adcd8b3090168a8e3bcc40d7c032b9dda1df7d1c" "/opt/rustwide/cargo-home/bin/cargo" "+1.75.0" "build" "--frozen" "--message-format=json", kill_on_drop: false }`
[INFO] [stdout] e0f379a4ed351bd6b7dfa7fbe9bdd00810724b2b21819d5853fb379321fffe88
[INFO] running `Command { std: "docker" "start" "-a" "e0f379a4ed351bd6b7dfa7fbe9bdd00810724b2b21819d5853fb379321fffe88", kill_on_drop: false }`
[INFO] [stderr]    Compiling proc-macro2 v1.0.75
[INFO] [stderr]    Compiling libc v0.2.151
[INFO] [stderr]    Compiling serde v1.0.194
[INFO] [stderr]    Compiling cfg-if v1.0.0
[INFO] [stderr]    Compiling ppv-lite86 v0.2.17
[INFO] [stderr]    Compiling num-traits v0.2.17
[INFO] [stderr]    Compiling slab v0.4.9
[INFO] [stderr]    Compiling serde_json v1.0.111
[INFO] [stderr]    Compiling async-trait v0.1.77
[INFO] [stderr]    Compiling iana-time-zone v0.1.59
[INFO] [stderr]    Compiling futures-task v0.3.30
[INFO] [stderr]    Compiling pin-utils v0.1.0
[INFO] [stderr]    Compiling pin-project-lite v0.2.13
[INFO] [stderr]    Compiling futures-core v0.3.30
[INFO] [stderr]    Compiling dyn-clone v1.0.16
[INFO] [stderr]    Compiling getrandom v0.2.11
[INFO] [stderr]    Compiling rand_core v0.6.4
[INFO] [stderr]    Compiling quote v1.0.35
[INFO] [stderr]    Compiling rand_chacha v0.3.1
[INFO] [stderr]    Compiling syn v2.0.48
[INFO] [stderr]    Compiling rand v0.8.5
[INFO] [stderr]    Compiling chrono v0.4.31
[INFO] [stderr]    Compiling futures-macro v0.3.30
[INFO] [stderr]    Compiling uuid-macro-internal v1.6.1
[INFO] [stderr]    Compiling thiserror-impl v1.0.56
[INFO] [stderr]    Compiling uuid v1.6.1
[INFO] [stderr]    Compiling futures-util v0.3.30
[INFO] [stderr]    Compiling thiserror v1.0.56
[INFO] [stderr]    Compiling evento-store v1.0.0-alpha.1 (/opt/rustwide/workdir)
[INFO] [stdout] error[E0432]: unresolved import `evento_query`
[INFO] [stdout]  --> src/engine.rs:3:5
[INFO] [stdout]   |
[INFO] [stdout] 3 | use evento_query::{CursorType, QueryResult};
[INFO] [stdout]   |     ^^^^^^^^^^^^ use of undeclared crate or module `evento_query`
[INFO] [stdout] 
[INFO] [stdout] 
[INFO] [stdout] error[E0432]: unresolved import `evento_query`
[INFO] [stdout]  --> src/store.rs:2:5
[INFO] [stdout]   |
[INFO] [stdout] 2 | use evento_query::{CursorType, QueryResult};
[INFO] [stdout]   |     ^^^^^^^^^^^^ use of undeclared crate or module `evento_query`
[INFO] [stdout] 
[INFO] [stdout] 
[INFO] [stdout] error[E0432]: unresolved import `evento_query`
[INFO] [stdout]   --> src/lib.rs:11:9
[INFO] [stdout]    |
[INFO] [stdout] 11 | pub use evento_query::{Cursor, CursorType};
[INFO] [stdout]    |         ^^^^^^^^^^^^ use of undeclared crate or module `evento_query`
[INFO] [stdout] 
[INFO] [stdout] 
[INFO] [stdout] error: cannot find derive macro `Serialize` in this scope
[INFO] [stdout]    --> src/store.rs:176:24
[INFO] [stdout]     |
[INFO] [stdout] 176 | #[derive(Debug, Clone, Serialize, Deserialize, PartialEq)]
[INFO] [stdout]     |                        ^^^^^^^^^
[INFO] [stdout]     |
[INFO] [stdout] note: `Serialize` is imported here, but it is only a trait, without a derive macro
[INFO] [stdout]    --> src/store.rs:3:48
[INFO] [stdout]     |
[INFO] [stdout] 3   | use serde::{de::DeserializeOwned, Deserialize, Serialize};
[INFO] [stdout]     |                                                ^^^^^^^^^
[INFO] [stdout] 
[INFO] [stdout] 
[INFO] [stdout] error: cannot find derive macro `Deserialize` in this scope
[INFO] [stdout]    --> src/store.rs:176:35
[INFO] [stdout]     |
[INFO] [stdout] 176 | #[derive(Debug, Clone, Serialize, Deserialize, PartialEq)]
[INFO] [stdout]     |                                   ^^^^^^^^^^^
[INFO] [stdout]     |
[INFO] [stdout] note: `Deserialize` is imported here, but it is only a trait, without a derive macro
[INFO] [stdout]    --> src/store.rs:3:35
[INFO] [stdout]     |
[INFO] [stdout] 3   | use serde::{de::DeserializeOwned, Deserialize, Serialize};
[INFO] [stdout]     |                                   ^^^^^^^^^^^
[INFO] [stdout] 
[INFO] [stdout] 
[INFO] [stdout] error[E0433]: failed to resolve: use of undeclared crate or module `evento_query`
[INFO] [stdout]   --> src/error.rs:23:19
[INFO] [stdout]    |
[INFO] [stdout] 23 |     Query(#[from] evento_query::QueryError),
[INFO] [stdout]    |                   ^^^^^^^^^^^^ use of undeclared crate or module `evento_query`
[INFO] [stdout] 
[INFO] [stdout] 
[INFO] [stdout] error: aborting due to 6 previous errors
[INFO] [stdout] 
[INFO] [stdout] 
[INFO] [stdout] Some errors have detailed explanations: E0432, E0433.
[INFO] [stdout] 
[INFO] [stdout] For more information about an error, try `rustc --explain E0432`.
[INFO] [stdout] 
[INFO] [stderr] error: could not compile `evento-store` (lib) due to 7 previous errors
[INFO] running `Command { std: "docker" "inspect" "e0f379a4ed351bd6b7dfa7fbe9bdd00810724b2b21819d5853fb379321fffe88", kill_on_drop: false }`
[INFO] running `Command { std: "docker" "rm" "-f" "e0f379a4ed351bd6b7dfa7fbe9bdd00810724b2b21819d5853fb379321fffe88", kill_on_drop: false }`
[INFO] [stdout] e0f379a4ed351bd6b7dfa7fbe9bdd00810724b2b21819d5853fb379321fffe88
[INFO] testing evento-store-1.0.0-alpha.1 against beta-2023-12-22 for beta-1.76-1
[INFO] extracting crate evento-store 1.0.0-alpha.1 into /workspace/builds/worker-7-tc2/source
[INFO] validating manifest of crates.io crate evento-store 1.0.0-alpha.1 on toolchain beta-2023-12-22
[INFO] running `Command { std: CARGO_HOME="/workspace/cargo-home" RUSTUP_HOME="/workspace/rustup-home" "/workspace/cargo-home/bin/cargo" "+beta-2023-12-22" "metadata" "--manifest-path" "Cargo.toml" "--no-deps", kill_on_drop: false }`
[INFO] started tweaking crates.io crate evento-store 1.0.0-alpha.1
[INFO] finished tweaking crates.io crate evento-store 1.0.0-alpha.1
[INFO] tweaked toml for crates.io crate evento-store 1.0.0-alpha.1 written to /workspace/builds/worker-7-tc2/source/Cargo.toml
[INFO] running `Command { std: CARGO_HOME="/workspace/cargo-home" RUSTUP_HOME="/workspace/rustup-home" "/workspace/cargo-home/bin/cargo" "+beta-2023-12-22" "generate-lockfile" "--manifest-path" "Cargo.toml", kill_on_drop: false }`
[INFO] [stderr]     Updating crates.io index
[INFO] running `Command { std: CARGO_HOME="/workspace/cargo-home" RUSTUP_HOME="/workspace/rustup-home" "/workspace/cargo-home/bin/cargo" "+beta-2023-12-22" "fetch" "--manifest-path" "Cargo.toml", kill_on_drop: false }`
[INFO] running `Command { std: "docker" "create" "-v" "/var/lib/crater-agent-workspace/builds/worker-7-tc2/target:/opt/rustwide/target:rw,Z" "-v" "/var/lib/crater-agent-workspace/builds/worker-7-tc2/source:/opt/rustwide/workdir:ro,Z" "-v" "/var/lib/crater-agent-workspace/cargo-home:/opt/rustwide/cargo-home:ro,Z" "-v" "/var/lib/crater-agent-workspace/rustup-home:/opt/rustwide/rustup-home:ro,Z" "-e" "SOURCE_DIR=/opt/rustwide/workdir" "-e" "CARGO_TARGET_DIR=/opt/rustwide/target" "-e" "CARGO_HOME=/opt/rustwide/cargo-home" "-e" "RUSTUP_HOME=/opt/rustwide/rustup-home" "-w" "/opt/rustwide/workdir" "-m" "1610612736" "--user" "0:0" "--network" "none" "ghcr.io/rust-lang/crates-build-env/linux@sha256:2788e3201cd34a07e3172128adcd8b3090168a8e3bcc40d7c032b9dda1df7d1c" "/opt/rustwide/cargo-home/bin/cargo" "+beta-2023-12-22" "metadata" "--no-deps" "--format-version=1", kill_on_drop: false }`
[INFO] [stdout] 9a83a578b5adb46a34f2d661b39053cedf1c1840f556aee1b19901a18c6d5be9
[INFO] running `Command { std: "docker" "start" "-a" "9a83a578b5adb46a34f2d661b39053cedf1c1840f556aee1b19901a18c6d5be9", kill_on_drop: false }`
[INFO] running `Command { std: "docker" "inspect" "9a83a578b5adb46a34f2d661b39053cedf1c1840f556aee1b19901a18c6d5be9", kill_on_drop: false }`
[INFO] running `Command { std: "docker" "rm" "-f" "9a83a578b5adb46a34f2d661b39053cedf1c1840f556aee1b19901a18c6d5be9", kill_on_drop: false }`
[INFO] [stdout] 9a83a578b5adb46a34f2d661b39053cedf1c1840f556aee1b19901a18c6d5be9
[INFO] running `Command { std: "docker" "create" "-v" "/var/lib/crater-agent-workspace/builds/worker-7-tc2/target:/opt/rustwide/target:rw,Z" "-v" "/var/lib/crater-agent-workspace/builds/worker-7-tc2/source:/opt/rustwide/workdir:ro,Z" "-v" "/var/lib/crater-agent-workspace/cargo-home:/opt/rustwide/cargo-home:ro,Z" "-v" "/var/lib/crater-agent-workspace/rustup-home:/opt/rustwide/rustup-home:ro,Z" "-e" "SOURCE_DIR=/opt/rustwide/workdir" "-e" "CARGO_TARGET_DIR=/opt/rustwide/target" "-e" "CARGO_INCREMENTAL=0" "-e" "RUST_BACKTRACE=full" "-e" "RUSTFLAGS=--cap-lints=warn" "-e" "RUSTDOCFLAGS=--cap-lints=warn" "-e" "CARGO_HOME=/opt/rustwide/cargo-home" "-e" "RUSTUP_HOME=/opt/rustwide/rustup-home" "-w" "/opt/rustwide/workdir" "-m" "1610612736" "--user" "0:0" "--network" "none" "ghcr.io/rust-lang/crates-build-env/linux@sha256:2788e3201cd34a07e3172128adcd8b3090168a8e3bcc40d7c032b9dda1df7d1c" "/opt/rustwide/cargo-home/bin/cargo" "+beta-2023-12-22" "build" "--frozen" "--message-format=json", kill_on_drop: false }`
[INFO] [stdout] 9cc71fb249c2dfadb923b27f908b001db5bb1fd56087099f81f97d6c2966c08c
[INFO] running `Command { std: "docker" "start" "-a" "9cc71fb249c2dfadb923b27f908b001db5bb1fd56087099f81f97d6c2966c08c", kill_on_drop: false }`
[INFO] [stderr]    Compiling proc-macro2 v1.0.75
[INFO] [stderr]    Compiling libc v0.2.151
[INFO] [stderr]    Compiling cfg-if v1.0.0
[INFO] [stderr]    Compiling serde v1.0.194
[INFO] [stderr]    Compiling num-traits v0.2.17
[INFO] [stderr]    Compiling slab v0.4.9
[INFO] [stderr]    Compiling ppv-lite86 v0.2.17
[INFO] [stderr]    Compiling serde_json v1.0.111
[INFO] [stderr]    Compiling async-trait v0.1.77
[INFO] [stderr]    Compiling iana-time-zone v0.1.59
[INFO] [stderr]    Compiling futures-task v0.3.30
[INFO] [stderr]    Compiling pin-utils v0.1.0
[INFO] [stderr]    Compiling futures-core v0.3.30
[INFO] [stderr]    Compiling pin-project-lite v0.2.13
[INFO] [stderr]    Compiling dyn-clone v1.0.16
[INFO] [stderr]    Compiling quote v1.0.35
[INFO] [stderr]    Compiling syn v2.0.48
[INFO] [stderr]    Compiling getrandom v0.2.11
[INFO] [stderr]    Compiling rand_core v0.6.4
[INFO] [stderr]    Compiling rand_chacha v0.3.1
[INFO] [stderr]    Compiling rand v0.8.5
[INFO] [stderr]    Compiling chrono v0.4.31
[INFO] [stderr]    Compiling uuid-macro-internal v1.6.1
[INFO] [stderr]    Compiling futures-macro v0.3.30
[INFO] [stderr]    Compiling thiserror-impl v1.0.56
[INFO] [stderr]    Compiling uuid v1.6.1
[INFO] [stderr]    Compiling thiserror v1.0.56
[INFO] [stderr]    Compiling futures-util v0.3.30
[INFO] [stderr]    Compiling evento-store v1.0.0-alpha.1 (/opt/rustwide/workdir)
[INFO] [stdout] error[E0432]: unresolved import `evento_query`
[INFO] [stdout]  --> src/engine.rs:3:5
[INFO] [stdout]   |
[INFO] [stdout] 3 | use evento_query::{CursorType, QueryResult};
[INFO] [stdout]   |     ^^^^^^^^^^^^ use of undeclared crate or module `evento_query`
[INFO] [stdout] 
[INFO] [stdout] 
[INFO] [stdout] error[E0432]: unresolved import `evento_query`
[INFO] [stdout]  --> src/store.rs:2:5
[INFO] [stdout]   |
[INFO] [stdout] 2 | use evento_query::{CursorType, QueryResult};
[INFO] [stdout]   |     ^^^^^^^^^^^^ use of undeclared crate or module `evento_query`
[INFO] [stdout] 
[INFO] [stdout] 
[INFO] [stdout] error[E0432]: unresolved import `evento_query`
[INFO] [stdout]   --> src/lib.rs:11:9
[INFO] [stdout]    |
[INFO] [stdout] 11 | pub use evento_query::{Cursor, CursorType};
[INFO] [stdout]    |         ^^^^^^^^^^^^ use of undeclared crate or module `evento_query`
[INFO] [stdout] 
[INFO] [stdout] 
[INFO] [stdout] error: cannot find derive macro `Serialize` in this scope
[INFO] [stdout]    --> src/store.rs:176:24
[INFO] [stdout]     |
[INFO] [stdout] 176 | #[derive(Debug, Clone, Serialize, Deserialize, PartialEq)]
[INFO] [stdout]     |                        ^^^^^^^^^
[INFO] [stdout]     |
[INFO] [stdout] note: `Serialize` is imported here, but it is only a trait, without a derive macro
[INFO] [stdout]    --> src/store.rs:3:48
[INFO] [stdout]     |
[INFO] [stdout] 3   | use serde::{de::DeserializeOwned, Deserialize, Serialize};
[INFO] [stdout]     |                                                ^^^^^^^^^
[INFO] [stdout] 
[INFO] [stdout] 
[INFO] [stdout] error: cannot find derive macro `Deserialize` in this scope
[INFO] [stdout]    --> src/store.rs:176:35
[INFO] [stdout]     |
[INFO] [stdout] 176 | #[derive(Debug, Clone, Serialize, Deserialize, PartialEq)]
[INFO] [stdout]     |                                   ^^^^^^^^^^^
[INFO] [stdout]     |
[INFO] [stdout] note: `Deserialize` is imported here, but it is only a trait, without a derive macro
[INFO] [stdout]    --> src/store.rs:3:35
[INFO] [stdout]     |
[INFO] [stdout] 3   | use serde::{de::DeserializeOwned, Deserialize, Serialize};
[INFO] [stdout]     |                                   ^^^^^^^^^^^
[INFO] [stdout] 
[INFO] [stdout] 
[INFO] [stdout] error[E0433]: failed to resolve: use of undeclared crate or module `evento_query`
[INFO] [stdout]   --> src/error.rs:23:19
[INFO] [stdout]    |
[INFO] [stdout] 23 |     Query(#[from] evento_query::QueryError),
[INFO] [stdout]    |                   ^^^^^^^^^^^^ use of undeclared crate or module `evento_query`
[INFO] [stdout] 
[INFO] [stdout] 
[INFO] [stdout] error: aborting due to 6 previous errors
[INFO] [stdout] 
[INFO] [stdout] 
[INFO] [stdout] Some errors have detailed explanations: E0432, E0433.
[INFO] [stdout] 
[INFO] [stdout] For more information about an error, try `rustc --explain E0432`.
[INFO] [stdout] 
[INFO] [stderr] error: could not compile `evento-store` (lib) due to 7 previous errors
[INFO] [stderr] warning: build failed, waiting for other jobs to finish...
[INFO] running `Command { std: "docker" "inspect" "9cc71fb249c2dfadb923b27f908b001db5bb1fd56087099f81f97d6c2966c08c", kill_on_drop: false }`
[INFO] running `Command { std: "docker" "rm" "-f" "9cc71fb249c2dfadb923b27f908b001db5bb1fd56087099f81f97d6c2966c08c", kill_on_drop: false }`
[INFO] [stdout] 9cc71fb249c2dfadb923b27f908b001db5bb1fd56087099f81f97d6c2966c08c
