[INFO] fetching crate evento-query 1.0.0-alpha.1...
[INFO] testing evento-query-1.0.0-alpha.1 against 1.75.0 for beta-1.76-1
[INFO] extracting crate evento-query 1.0.0-alpha.1 into /workspace/builds/worker-7-tc1/source
[INFO] validating manifest of crates.io crate evento-query 1.0.0-alpha.1 on toolchain 1.75.0
[INFO] running `Command { std: CARGO_HOME="/workspace/cargo-home" RUSTUP_HOME="/workspace/rustup-home" "/workspace/cargo-home/bin/cargo" "+1.75.0" "metadata" "--manifest-path" "Cargo.toml" "--no-deps", kill_on_drop: false }`
[INFO] started tweaking crates.io crate evento-query 1.0.0-alpha.1
[INFO] finished tweaking crates.io crate evento-query 1.0.0-alpha.1
[INFO] tweaked toml for crates.io crate evento-query 1.0.0-alpha.1 written to /workspace/builds/worker-7-tc1/source/Cargo.toml
[INFO] running `Command { std: CARGO_HOME="/workspace/cargo-home" RUSTUP_HOME="/workspace/rustup-home" "/workspace/cargo-home/bin/cargo" "+1.75.0" "generate-lockfile" "--manifest-path" "Cargo.toml", kill_on_drop: false }`
[INFO] [stderr]     Updating crates.io index
[INFO] running `Command { std: CARGO_HOME="/workspace/cargo-home" RUSTUP_HOME="/workspace/rustup-home" "/workspace/cargo-home/bin/cargo" "+1.75.0" "fetch" "--manifest-path" "Cargo.toml", kill_on_drop: false }`
[INFO] [stderr]  Downloading crates ...
[INFO] [stderr]   Downloaded atomic-write-file v0.1.2
[INFO] [stderr]   Downloaded parse-display v0.8.2
[INFO] [stderr]   Downloaded sqlx-macros v0.7.3
[INFO] [stderr]   Downloaded atoi v2.0.0
[INFO] [stderr]   Downloaded futures-intrusive v0.5.0
[INFO] [stderr]   Downloaded structmeta-derive v0.2.0
[INFO] [stderr]   Downloaded sqlx-postgres v0.7.3
[INFO] [stderr]   Downloaded sqlx-core v0.7.3
[INFO] [stderr]   Downloaded sqlx v0.7.3
[INFO] [stderr]   Downloaded uuid-macro-internal v1.6.1
[INFO] [stderr]   Downloaded parse-display-derive v0.8.2
[INFO] [stderr]   Downloaded libsqlite3-sys v0.27.0
[INFO] [stderr]   Downloaded tokio-shared-rt-macro v0.1.0
[INFO] [stderr]   Downloaded tokio-shared-rt v0.1.0
[INFO] [stderr]   Downloaded harsh v0.2.2
[INFO] [stderr]   Downloaded sqlx-macros-core v0.7.3
[INFO] [stderr]   Downloaded sqlx-sqlite v0.7.3
[INFO] [stderr]   Downloaded structmeta v0.2.0
[INFO] [stderr]   Downloaded sqlx-mysql v0.7.3
[INFO] [stderr]   Downloaded etcetera v0.8.0
[INFO] running `Command { std: "docker" "create" "-v" "/var/lib/crater-agent-workspace/builds/worker-7-tc1/target:/opt/rustwide/target:rw,Z" "-v" "/var/lib/crater-agent-workspace/builds/worker-7-tc1/source:/opt/rustwide/workdir:ro,Z" "-v" "/var/lib/crater-agent-workspace/cargo-home:/opt/rustwide/cargo-home:ro,Z" "-v" "/var/lib/crater-agent-workspace/rustup-home:/opt/rustwide/rustup-home:ro,Z" "-e" "SOURCE_DIR=/opt/rustwide/workdir" "-e" "CARGO_TARGET_DIR=/opt/rustwide/target" "-e" "CARGO_HOME=/opt/rustwide/cargo-home" "-e" "RUSTUP_HOME=/opt/rustwide/rustup-home" "-w" "/opt/rustwide/workdir" "-m" "1610612736" "--user" "0:0" "--network" "none" "ghcr.io/rust-lang/crates-build-env/linux@sha256:2788e3201cd34a07e3172128adcd8b3090168a8e3bcc40d7c032b9dda1df7d1c" "/opt/rustwide/cargo-home/bin/cargo" "+1.75.0" "metadata" "--no-deps" "--format-version=1", kill_on_drop: false }`
[INFO] [stdout] 6a96c217ddcadff39de5371a3d07038254d71739698e23ce53e4d22e35de0094
[INFO] running `Command { std: "docker" "start" "-a" "6a96c217ddcadff39de5371a3d07038254d71739698e23ce53e4d22e35de0094", kill_on_drop: false }`
[INFO] running `Command { std: "docker" "inspect" "6a96c217ddcadff39de5371a3d07038254d71739698e23ce53e4d22e35de0094", kill_on_drop: false }`
[INFO] running `Command { std: "docker" "rm" "-f" "6a96c217ddcadff39de5371a3d07038254d71739698e23ce53e4d22e35de0094", kill_on_drop: false }`
[INFO] [stdout] 6a96c217ddcadff39de5371a3d07038254d71739698e23ce53e4d22e35de0094
[INFO] running `Command { std: "docker" "create" "-v" "/var/lib/crater-agent-workspace/builds/worker-7-tc1/target:/opt/rustwide/target:rw,Z" "-v" "/var/lib/crater-agent-workspace/builds/worker-7-tc1/source:/opt/rustwide/workdir:ro,Z" "-v" "/var/lib/crater-agent-workspace/cargo-home:/opt/rustwide/cargo-home:ro,Z" "-v" "/var/lib/crater-agent-workspace/rustup-home:/opt/rustwide/rustup-home:ro,Z" "-e" "SOURCE_DIR=/opt/rustwide/workdir" "-e" "CARGO_TARGET_DIR=/opt/rustwide/target" "-e" "CARGO_INCREMENTAL=0" "-e" "RUST_BACKTRACE=full" "-e" "RUSTFLAGS=--cap-lints=warn" "-e" "RUSTDOCFLAGS=--cap-lints=warn" "-e" "CARGO_HOME=/opt/rustwide/cargo-home" "-e" "RUSTUP_HOME=/opt/rustwide/rustup-home" "-w" "/opt/rustwide/workdir" "-m" "1610612736" "--user" "0:0" "--network" "none" "ghcr.io/rust-lang/crates-build-env/linux@sha256:2788e3201cd34a07e3172128adcd8b3090168a8e3bcc40d7c032b9dda1df7d1c" "/opt/rustwide/cargo-home/bin/cargo" "+1.75.0" "build" "--frozen" "--message-format=json", kill_on_drop: false }`
[INFO] [stdout] be6f6151bd6d641867c07970d76b841f83cab827f3dedb906f54991a36d556f4
[INFO] running `Command { std: "docker" "start" "-a" "be6f6151bd6d641867c07970d76b841f83cab827f3dedb906f54991a36d556f4", kill_on_drop: false }`
[INFO] [stderr]    Compiling num-traits v0.2.17
[INFO] [stderr]    Compiling serde v1.0.194
[INFO] [stderr]    Compiling futures-task v0.3.30
[INFO] [stderr]    Compiling iana-time-zone v0.1.59
[INFO] [stderr]    Compiling futures-core v0.3.30
[INFO] [stderr]    Compiling futures-macro v0.3.30
[INFO] [stderr]    Compiling thiserror v1.0.56
[INFO] [stderr]    Compiling harsh v0.2.2
[INFO] [stderr]    Compiling futures-util v0.3.30
[INFO] [stderr]    Compiling chrono v0.4.31
[INFO] [stderr]    Compiling evento-query v1.0.0-alpha.1 (/opt/rustwide/workdir)
[INFO] [stdout] error[E0433]: failed to resolve: use of undeclared crate or module `sqlx`
[INFO] [stdout]   --> src/cursor.rs:11:5
[INFO] [stdout]    |
[INFO] [stdout] 11 | use sqlx::{postgres::PgArguments, query::QueryAs, FromRow, Postgres};
[INFO] [stdout]    |     ^^^^ use of undeclared crate or module `sqlx`
[INFO] [stdout] 
[INFO] [stdout] 
[INFO] [stdout] error[E0432]: unresolved import `sqlx`
[INFO] [stdout]   --> src/cursor.rs:11:5
[INFO] [stdout]    |
[INFO] [stdout] 11 | use sqlx::{postgres::PgArguments, query::QueryAs, FromRow, Postgres};
[INFO] [stdout]    |     ^^^^ use of undeclared crate or module `sqlx`
[INFO] [stdout] 
[INFO] [stdout] 
[INFO] [stdout] error: cannot find derive macro `Deserialize` in this scope
[INFO] [stdout]   --> src/cursor.rs:16:28
[INFO] [stdout]    |
[INFO] [stdout] 16 | #[derive(Debug, PartialEq, Deserialize, Serialize, Clone)]
[INFO] [stdout]    |                            ^^^^^^^^^^^
[INFO] [stdout]    |
[INFO] [stdout] note: `Deserialize` is imported here, but it is only a trait, without a derive macro
[INFO] [stdout]   --> src/cursor.rs:10:13
[INFO] [stdout]    |
[INFO] [stdout] 10 | use serde::{Deserialize, Serialize};
[INFO] [stdout]    |             ^^^^^^^^^^^
[INFO] [stdout] 
[INFO] [stdout] 
[INFO] [stdout] error: cannot find derive macro `Serialize` in this scope
[INFO] [stdout]   --> src/cursor.rs:16:41
[INFO] [stdout]    |
[INFO] [stdout] 16 | #[derive(Debug, PartialEq, Deserialize, Serialize, Clone)]
[INFO] [stdout]    |                                         ^^^^^^^^^
[INFO] [stdout]    |
[INFO] [stdout] note: `Serialize` is imported here, but it is only a trait, without a derive macro
[INFO] [stdout]   --> src/cursor.rs:10:26
[INFO] [stdout]    |
[INFO] [stdout] 10 | use serde::{Deserialize, Serialize};
[INFO] [stdout]    |                          ^^^^^^^^^
[INFO] [stdout] 
[INFO] [stdout] 
[INFO] [stdout] error: cannot find derive macro `Serialize` in this scope
[INFO] [stdout]   --> src/query.rs:13:28
[INFO] [stdout]    |
[INFO] [stdout] 13 | #[derive(Debug, PartialEq, Serialize, Deserialize)]
[INFO] [stdout]    |                            ^^^^^^^^^
[INFO] [stdout]    |
[INFO] [stdout] note: `Serialize` is imported here, but it is only a trait, without a derive macro
[INFO] [stdout]   --> src/query.rs:3:26
[INFO] [stdout]    |
[INFO] [stdout] 3  | use serde::{Deserialize, Serialize};
[INFO] [stdout]    |                          ^^^^^^^^^
[INFO] [stdout] 
[INFO] [stdout] 
[INFO] [stdout] error: cannot find derive macro `Deserialize` in this scope
[INFO] [stdout]   --> src/query.rs:13:39
[INFO] [stdout]    |
[INFO] [stdout] 13 | #[derive(Debug, PartialEq, Serialize, Deserialize)]
[INFO] [stdout]    |                                       ^^^^^^^^^^^
[INFO] [stdout]    |
[INFO] [stdout] note: `Deserialize` is imported here, but it is only a trait, without a derive macro
[INFO] [stdout]   --> src/query.rs:3:13
[INFO] [stdout]    |
[INFO] [stdout] 3  | use serde::{Deserialize, Serialize};
[INFO] [stdout]    |             ^^^^^^^^^^^
[INFO] [stdout] 
[INFO] [stdout] 
[INFO] [stdout] error: cannot find derive macro `Serialize` in this scope
[INFO] [stdout]   --> src/query.rs:28:37
[INFO] [stdout]    |
[INFO] [stdout] 28 | #[derive(Default, Debug, PartialEq, Serialize, Deserialize)]
[INFO] [stdout]    |                                     ^^^^^^^^^
[INFO] [stdout]    |
[INFO] [stdout] note: `Serialize` is imported here, but it is only a trait, without a derive macro
[INFO] [stdout]   --> src/query.rs:3:26
[INFO] [stdout]    |
[INFO] [stdout] 3  | use serde::{Deserialize, Serialize};
[INFO] [stdout]    |                          ^^^^^^^^^
[INFO] [stdout] 
[INFO] [stdout] 
[INFO] [stdout] error: cannot find derive macro `Deserialize` in this scope
[INFO] [stdout]   --> src/query.rs:28:48
[INFO] [stdout]    |
[INFO] [stdout] 28 | #[derive(Default, Debug, PartialEq, Serialize, Deserialize)]
[INFO] [stdout]    |                                                ^^^^^^^^^^^
[INFO] [stdout]    |
[INFO] [stdout] note: `Deserialize` is imported here, but it is only a trait, without a derive macro
[INFO] [stdout]   --> src/query.rs:3:13
[INFO] [stdout]    |
[INFO] [stdout] 3  | use serde::{Deserialize, Serialize};
[INFO] [stdout]    |             ^^^^^^^^^^^
[INFO] [stdout] 
[INFO] [stdout] 
[INFO] [stdout] error: cannot find derive macro `Serialize` in this scope
[INFO] [stdout]   --> src/query.rs:36:37
[INFO] [stdout]    |
[INFO] [stdout] 36 | #[derive(Default, Debug, PartialEq, Serialize, Deserialize)]
[INFO] [stdout]    |                                     ^^^^^^^^^
[INFO] [stdout]    |
[INFO] [stdout] note: `Serialize` is imported here, but it is only a trait, without a derive macro
[INFO] [stdout]   --> src/query.rs:3:26
[INFO] [stdout]    |
[INFO] [stdout] 3  | use serde::{Deserialize, Serialize};
[INFO] [stdout]    |                          ^^^^^^^^^
[INFO] [stdout] 
[INFO] [stdout] 
[INFO] [stdout] error: cannot find derive macro `Deserialize` in this scope
[INFO] [stdout]   --> src/query.rs:36:48
[INFO] [stdout]    |
[INFO] [stdout] 36 | #[derive(Default, Debug, PartialEq, Serialize, Deserialize)]
[INFO] [stdout]    |                                                ^^^^^^^^^^^
[INFO] [stdout]    |
[INFO] [stdout] note: `Deserialize` is imported here, but it is only a trait, without a derive macro
[INFO] [stdout]   --> src/query.rs:3:13
[INFO] [stdout]    |
[INFO] [stdout] 3  | use serde::{Deserialize, Serialize};
[INFO] [stdout]    |             ^^^^^^^^^^^
[INFO] [stdout] 
[INFO] [stdout] 
[INFO] [stdout] error: cannot find derive macro `Serialize` in this scope
[INFO] [stdout]   --> src/query.rs:42:19
[INFO] [stdout]    |
[INFO] [stdout] 42 | #[derive(Default, Serialize, Deserialize)]
[INFO] [stdout]    |                   ^^^^^^^^^
[INFO] [stdout]    |
[INFO] [stdout] note: `Serialize` is imported here, but it is only a trait, without a derive macro
[INFO] [stdout]   --> src/query.rs:3:26
[INFO] [stdout]    |
[INFO] [stdout] 3  | use serde::{Deserialize, Serialize};
[INFO] [stdout]    |                          ^^^^^^^^^
[INFO] [stdout] 
[INFO] [stdout] 
[INFO] [stdout] error: cannot find derive macro `Deserialize` in this scope
[INFO] [stdout]   --> src/query.rs:42:30
[INFO] [stdout]    |
[INFO] [stdout] 42 | #[derive(Default, Serialize, Deserialize)]
[INFO] [stdout]    |                              ^^^^^^^^^^^
[INFO] [stdout]    |
[INFO] [stdout] note: `Deserialize` is imported here, but it is only a trait, without a derive macro
[INFO] [stdout]   --> src/query.rs:3:13
[INFO] [stdout]    |
[INFO] [stdout] 3  | use serde::{Deserialize, Serialize};
[INFO] [stdout]    |             ^^^^^^^^^^^
[INFO] [stdout] 
[INFO] [stdout] 
[INFO] [stdout] error[E0433]: failed to resolve: use of undeclared crate or module `sqlx`
[INFO] [stdout]   --> src/cursor.rs:44:51
[INFO] [stdout]    |
[INFO] [stdout] 44 |         O: for<'r> FromRow<'r, <sqlx::Postgres as sqlx::Database>::Row>,
[INFO] [stdout]    |                                                   ^^^^ use of undeclared crate or module `sqlx`
[INFO] [stdout] 
[INFO] [stdout] 
[INFO] [stdout] error[E0433]: failed to resolve: use of undeclared crate or module `sqlx`
[INFO] [stdout]   --> src/cursor.rs:44:33
[INFO] [stdout]    |
[INFO] [stdout] 44 |         O: for<'r> FromRow<'r, <sqlx::Postgres as sqlx::Database>::Row>,
[INFO] [stdout]    |                                 ^^^^ use of undeclared crate or module `sqlx`
[INFO] [stdout] 
[INFO] [stdout] 
[INFO] [stdout] error[E0433]: failed to resolve: use of undeclared crate or module `sqlx`
[INFO] [stdout]  --> src/error.rs:8:18
[INFO] [stdout]   |
[INFO] [stdout] 8 |     Sqlx(#[from] sqlx::Error),
[INFO] [stdout]   |                  ^^^^ use of undeclared crate or module `sqlx`
[INFO] [stdout] 
[INFO] [stdout] 
[INFO] [stdout] error: aborting due to 15 previous errors
[INFO] [stdout] 
[INFO] [stdout] 
[INFO] [stdout] Some errors have detailed explanations: E0432, E0433.
[INFO] [stdout] 
[INFO] [stdout] For more information about an error, try `rustc --explain E0432`.
[INFO] [stdout] 
[INFO] [stderr] error: could not compile `evento-query` (lib) due to 16 previous errors
[INFO] [stderr] warning: build failed, waiting for other jobs to finish...
[INFO] running `Command { std: "docker" "inspect" "be6f6151bd6d641867c07970d76b841f83cab827f3dedb906f54991a36d556f4", kill_on_drop: false }`
[INFO] running `Command { std: "docker" "rm" "-f" "be6f6151bd6d641867c07970d76b841f83cab827f3dedb906f54991a36d556f4", kill_on_drop: false }`
[INFO] [stdout] be6f6151bd6d641867c07970d76b841f83cab827f3dedb906f54991a36d556f4
