[INFO] fetching crate eventlog 0.2.2...
[INFO] testing eventlog-0.2.2 against 1.75.0 for beta-1.76-1
[INFO] extracting crate eventlog 0.2.2 into /workspace/builds/worker-5-tc1/source
[INFO] validating manifest of crates.io crate eventlog 0.2.2 on toolchain 1.75.0
[INFO] running `Command { std: CARGO_HOME="/workspace/cargo-home" RUSTUP_HOME="/workspace/rustup-home" "/workspace/cargo-home/bin/cargo" "+1.75.0" "metadata" "--manifest-path" "Cargo.toml" "--no-deps", kill_on_drop: false }`
[INFO] removed /workspace/builds/worker-5-tc1/source/.cargo/config
[INFO] started tweaking crates.io crate eventlog 0.2.2
[INFO] finished tweaking crates.io crate eventlog 0.2.2
[INFO] tweaked toml for crates.io crate eventlog 0.2.2 written to /workspace/builds/worker-5-tc1/source/Cargo.toml
[INFO] running `Command { std: CARGO_HOME="/workspace/cargo-home" RUSTUP_HOME="/workspace/rustup-home" "/workspace/cargo-home/bin/cargo" "+1.75.0" "generate-lockfile" "--manifest-path" "Cargo.toml", kill_on_drop: false }`
[INFO] [stderr]     Updating crates.io index
[INFO] running `Command { std: CARGO_HOME="/workspace/cargo-home" RUSTUP_HOME="/workspace/rustup-home" "/workspace/cargo-home/bin/cargo" "+1.75.0" "fetch" "--manifest-path" "Cargo.toml", kill_on_drop: false }`
[INFO] [stderr]  Downloading crates ...
[INFO] [stderr]   Downloaded registry v1.2.3
[INFO] [stderr]   Downloaded utfx v0.1.0
[INFO] running `Command { std: "docker" "create" "-v" "/var/lib/crater-agent-workspace/builds/worker-5-tc1/target:/opt/rustwide/target:rw,Z" "-v" "/var/lib/crater-agent-workspace/builds/worker-5-tc1/source:/opt/rustwide/workdir:ro,Z" "-v" "/var/lib/crater-agent-workspace/cargo-home:/opt/rustwide/cargo-home:ro,Z" "-v" "/var/lib/crater-agent-workspace/rustup-home:/opt/rustwide/rustup-home:ro,Z" "-e" "SOURCE_DIR=/opt/rustwide/workdir" "-e" "CARGO_TARGET_DIR=/opt/rustwide/target" "-e" "CARGO_HOME=/opt/rustwide/cargo-home" "-e" "RUSTUP_HOME=/opt/rustwide/rustup-home" "-w" "/opt/rustwide/workdir" "-m" "1610612736" "--user" "0:0" "--network" "none" "ghcr.io/rust-lang/crates-build-env/linux@sha256:2788e3201cd34a07e3172128adcd8b3090168a8e3bcc40d7c032b9dda1df7d1c" "/opt/rustwide/cargo-home/bin/cargo" "+1.75.0" "metadata" "--no-deps" "--format-version=1", kill_on_drop: false }`
[INFO] [stdout] c477275c9293f2240a81a0c52c9d22f6dd9affb7857fc42c3be64126f6df277c
[INFO] running `Command { std: "docker" "start" "-a" "c477275c9293f2240a81a0c52c9d22f6dd9affb7857fc42c3be64126f6df277c", kill_on_drop: false }`
[INFO] running `Command { std: "docker" "inspect" "c477275c9293f2240a81a0c52c9d22f6dd9affb7857fc42c3be64126f6df277c", kill_on_drop: false }`
[INFO] running `Command { std: "docker" "rm" "-f" "c477275c9293f2240a81a0c52c9d22f6dd9affb7857fc42c3be64126f6df277c", kill_on_drop: false }`
[INFO] [stdout] c477275c9293f2240a81a0c52c9d22f6dd9affb7857fc42c3be64126f6df277c
[INFO] running `Command { std: "docker" "create" "-v" "/var/lib/crater-agent-workspace/builds/worker-5-tc1/target:/opt/rustwide/target:rw,Z" "-v" "/var/lib/crater-agent-workspace/builds/worker-5-tc1/source:/opt/rustwide/workdir:ro,Z" "-v" "/var/lib/crater-agent-workspace/cargo-home:/opt/rustwide/cargo-home:ro,Z" "-v" "/var/lib/crater-agent-workspace/rustup-home:/opt/rustwide/rustup-home:ro,Z" "-e" "SOURCE_DIR=/opt/rustwide/workdir" "-e" "CARGO_TARGET_DIR=/opt/rustwide/target" "-e" "CARGO_INCREMENTAL=0" "-e" "RUST_BACKTRACE=full" "-e" "RUSTFLAGS=--cap-lints=warn" "-e" "RUSTDOCFLAGS=--cap-lints=warn" "-e" "CARGO_HOME=/opt/rustwide/cargo-home" "-e" "RUSTUP_HOME=/opt/rustwide/rustup-home" "-w" "/opt/rustwide/workdir" "-m" "1610612736" "--user" "0:0" "--network" "none" "ghcr.io/rust-lang/crates-build-env/linux@sha256:2788e3201cd34a07e3172128adcd8b3090168a8e3bcc40d7c032b9dda1df7d1c" "/opt/rustwide/cargo-home/bin/cargo" "+1.75.0" "build" "--frozen" "--message-format=json", kill_on_drop: false }`
[INFO] [stdout] 140f4aae4594fdb6e0fbd15296033ccfff20dd5cfe1a82a1e2114b404b5e8fb3
[INFO] running `Command { std: "docker" "start" "-a" "140f4aae4594fdb6e0fbd15296033ccfff20dd5cfe1a82a1e2114b404b5e8fb3", kill_on_drop: false }`
[INFO] [stderr]    Compiling regex-syntax v0.8.2
[INFO] [stderr]    Compiling cfg-if v1.0.0
[INFO] [stderr]    Compiling thiserror v1.0.56
[INFO] [stderr]    Compiling cpufeatures v0.2.12
[INFO] [stderr]    Compiling winapi v0.3.9
[INFO] [stderr]    Compiling utfx v0.1.0
[INFO] [stderr]    Compiling typenum v1.17.0
[INFO] [stderr]    Compiling generic-array v0.14.7
[INFO] [stderr]    Compiling syn v2.0.48
[INFO] [stderr]    Compiling regex-automata v0.4.3
[INFO] [stderr]    Compiling block-buffer v0.10.4
[INFO] [stderr]    Compiling crypto-common v0.1.6
[INFO] [stderr]    Compiling digest v0.10.7
[INFO] [stderr]    Compiling sha2 v0.10.8
[INFO] [stderr]    Compiling thiserror-impl v1.0.56
[INFO] [stderr]    Compiling regex v1.10.2
[INFO] [stderr]    Compiling eventlog v0.2.2 (/opt/rustwide/workdir)
[INFO] [stderr]    Compiling registry v1.2.3
[INFO] [stdout] error[E0433]: failed to resolve: could not find `windows` in `os`
[INFO] [stdout]  --> src/lib.rs:7:15
[INFO] [stdout]   |
[INFO] [stdout] 7 | use std::{os::windows::ffi::OsStrExt, ptr::null_mut};
[INFO] [stdout]   |               ^^^^^^^ could not find `windows` in `os`
[INFO] [stdout] 
[INFO] [stdout] 
[INFO] [stdout] error[E0433]: failed to resolve: could not find `shared` in `winapi`
[INFO] [stdout]   --> src/lib.rs:12:5
[INFO] [stdout]    |
[INFO] [stdout] 12 |     shared::ntdef::HANDLE,
[INFO] [stdout]    |     ^^^^^^ could not find `shared` in `winapi`
[INFO] [stdout] 
[INFO] [stdout] 
[INFO] [stdout] error[E0433]: failed to resolve: could not find `um` in `winapi`
[INFO] [stdout]   --> src/lib.rs:13:5
[INFO] [stdout]    |
[INFO] [stdout] 13 |     um::{
[INFO] [stdout]    |     ^^ could not find `um` in `winapi`
[INFO] [stdout] 
[INFO] [stdout] 
[INFO] [stdout] error[E0432]: unresolved imports `registry::Data`, `registry::Hive`, `registry::Security`
[INFO] [stdout]   --> src/lib.rs:10:16
[INFO] [stdout]    |
[INFO] [stdout] 10 | use registry::{Data, Hive, Security};
[INFO] [stdout]    |                ^^^^  ^^^^  ^^^^^^^^ no `Security` in the root
[INFO] [stdout]    |                |     |
[INFO] [stdout]    |                |     no `Hive` in the root
[INFO] [stdout]    |                no `Data` in the root
[INFO] [stdout] 
[INFO] [stdout] 
[INFO] [stdout] error[E0433]: failed to resolve: could not find `key` in `registry`
[INFO] [stdout]   --> src/lib.rs:32:30
[INFO] [stdout]    |
[INFO] [stdout] 32 |     RegKey(#[from] registry::key::Error),
[INFO] [stdout]    |                              ^^^ could not find `key` in `registry`
[INFO] [stdout] 
[INFO] [stdout] 
[INFO] [stdout] error[E0433]: failed to resolve: could not find `value` in `registry`
[INFO] [stdout]   --> src/lib.rs:35:32
[INFO] [stdout]    |
[INFO] [stdout] 35 |     RegValue(#[from] registry::value::Error),
[INFO] [stdout]    |                                ^^^^^ could not find `value` in `registry`
[INFO] [stdout] 
[INFO] [stdout] 
[INFO] [stdout] error[E0433]: failed to resolve: could not find `key` in `registry`
[INFO] [stdout]   --> src/lib.rs:67:55
[INFO] [stdout]    |
[INFO] [stdout] 67 | pub fn deregister(name: &str) -> Result<(), registry::key::Error> {
[INFO] [stdout]    |                                                       ^^^ could not find `key` in `registry`
[INFO] [stdout] 
[INFO] [stdout] 
[INFO] [stdout] error: aborting due to 7 previous errors
[INFO] [stdout] 
[INFO] [stdout] 
[INFO] [stderr] error: could not compile `eventlog` (lib) due to 8 previous errors
[INFO] [stdout] Some errors have detailed explanations: E0432, E0433.
[INFO] [stdout] 
[INFO] [stdout] For more information about an error, try `rustc --explain E0432`.
[INFO] [stdout] 
[INFO] running `Command { std: "docker" "inspect" "140f4aae4594fdb6e0fbd15296033ccfff20dd5cfe1a82a1e2114b404b5e8fb3", kill_on_drop: false }`
[INFO] running `Command { std: "docker" "rm" "-f" "140f4aae4594fdb6e0fbd15296033ccfff20dd5cfe1a82a1e2114b404b5e8fb3", kill_on_drop: false }`
[INFO] [stdout] 140f4aae4594fdb6e0fbd15296033ccfff20dd5cfe1a82a1e2114b404b5e8fb3
[INFO] testing eventlog-0.2.2 against beta-2023-12-22 for beta-1.76-1
[INFO] extracting crate eventlog 0.2.2 into /workspace/builds/worker-5-tc2/source
[INFO] validating manifest of crates.io crate eventlog 0.2.2 on toolchain beta-2023-12-22
[INFO] running `Command { std: CARGO_HOME="/workspace/cargo-home" RUSTUP_HOME="/workspace/rustup-home" "/workspace/cargo-home/bin/cargo" "+beta-2023-12-22" "metadata" "--manifest-path" "Cargo.toml" "--no-deps", kill_on_drop: false }`
[INFO] removed /workspace/builds/worker-5-tc2/source/.cargo/config
[INFO] started tweaking crates.io crate eventlog 0.2.2
[INFO] finished tweaking crates.io crate eventlog 0.2.2
[INFO] tweaked toml for crates.io crate eventlog 0.2.2 written to /workspace/builds/worker-5-tc2/source/Cargo.toml
[INFO] running `Command { std: CARGO_HOME="/workspace/cargo-home" RUSTUP_HOME="/workspace/rustup-home" "/workspace/cargo-home/bin/cargo" "+beta-2023-12-22" "generate-lockfile" "--manifest-path" "Cargo.toml", kill_on_drop: false }`
[INFO] [stderr]     Updating crates.io index
[INFO] running `Command { std: CARGO_HOME="/workspace/cargo-home" RUSTUP_HOME="/workspace/rustup-home" "/workspace/cargo-home/bin/cargo" "+beta-2023-12-22" "fetch" "--manifest-path" "Cargo.toml", kill_on_drop: false }`
[INFO] running `Command { std: "docker" "create" "-v" "/var/lib/crater-agent-workspace/builds/worker-5-tc2/target:/opt/rustwide/target:rw,Z" "-v" "/var/lib/crater-agent-workspace/builds/worker-5-tc2/source:/opt/rustwide/workdir:ro,Z" "-v" "/var/lib/crater-agent-workspace/cargo-home:/opt/rustwide/cargo-home:ro,Z" "-v" "/var/lib/crater-agent-workspace/rustup-home:/opt/rustwide/rustup-home:ro,Z" "-e" "SOURCE_DIR=/opt/rustwide/workdir" "-e" "CARGO_TARGET_DIR=/opt/rustwide/target" "-e" "CARGO_HOME=/opt/rustwide/cargo-home" "-e" "RUSTUP_HOME=/opt/rustwide/rustup-home" "-w" "/opt/rustwide/workdir" "-m" "1610612736" "--user" "0:0" "--network" "none" "ghcr.io/rust-lang/crates-build-env/linux@sha256:2788e3201cd34a07e3172128adcd8b3090168a8e3bcc40d7c032b9dda1df7d1c" "/opt/rustwide/cargo-home/bin/cargo" "+beta-2023-12-22" "metadata" "--no-deps" "--format-version=1", kill_on_drop: false }`
[INFO] [stdout] c0a13602082b1831abd307ccbfe4f9376c74a64cc081fa73bb67fb597623a32f
[INFO] running `Command { std: "docker" "start" "-a" "c0a13602082b1831abd307ccbfe4f9376c74a64cc081fa73bb67fb597623a32f", kill_on_drop: false }`
[INFO] running `Command { std: "docker" "inspect" "c0a13602082b1831abd307ccbfe4f9376c74a64cc081fa73bb67fb597623a32f", kill_on_drop: false }`
[INFO] running `Command { std: "docker" "rm" "-f" "c0a13602082b1831abd307ccbfe4f9376c74a64cc081fa73bb67fb597623a32f", kill_on_drop: false }`
[INFO] [stdout] c0a13602082b1831abd307ccbfe4f9376c74a64cc081fa73bb67fb597623a32f
[INFO] running `Command { std: "docker" "create" "-v" "/var/lib/crater-agent-workspace/builds/worker-5-tc2/target:/opt/rustwide/target:rw,Z" "-v" "/var/lib/crater-agent-workspace/builds/worker-5-tc2/source:/opt/rustwide/workdir:ro,Z" "-v" "/var/lib/crater-agent-workspace/cargo-home:/opt/rustwide/cargo-home:ro,Z" "-v" "/var/lib/crater-agent-workspace/rustup-home:/opt/rustwide/rustup-home:ro,Z" "-e" "SOURCE_DIR=/opt/rustwide/workdir" "-e" "CARGO_TARGET_DIR=/opt/rustwide/target" "-e" "CARGO_INCREMENTAL=0" "-e" "RUST_BACKTRACE=full" "-e" "RUSTFLAGS=--cap-lints=warn" "-e" "RUSTDOCFLAGS=--cap-lints=warn" "-e" "CARGO_HOME=/opt/rustwide/cargo-home" "-e" "RUSTUP_HOME=/opt/rustwide/rustup-home" "-w" "/opt/rustwide/workdir" "-m" "1610612736" "--user" "0:0" "--network" "none" "ghcr.io/rust-lang/crates-build-env/linux@sha256:2788e3201cd34a07e3172128adcd8b3090168a8e3bcc40d7c032b9dda1df7d1c" "/opt/rustwide/cargo-home/bin/cargo" "+beta-2023-12-22" "build" "--frozen" "--message-format=json", kill_on_drop: false }`
[INFO] [stdout] 06699949f6c471a98a0aa8a1e7b28e7fb6ba1126fe4fc09536dadbafa866fa20
[INFO] running `Command { std: "docker" "start" "-a" "06699949f6c471a98a0aa8a1e7b28e7fb6ba1126fe4fc09536dadbafa866fa20", kill_on_drop: false }`
[INFO] [stderr]    Compiling typenum v1.17.0
[INFO] [stderr]    Compiling regex-syntax v0.8.2
[INFO] [stderr]    Compiling thiserror v1.0.56
[INFO] [stderr]    Compiling cfg-if v1.0.0
[INFO] [stderr]    Compiling cpufeatures v0.2.12
[INFO] [stderr]    Compiling winapi v0.3.9
[INFO] [stderr]    Compiling utfx v0.1.0
[INFO] [stderr]    Compiling generic-array v0.14.7
[INFO] [stderr]    Compiling syn v2.0.48
[INFO] [stderr]    Compiling regex-automata v0.4.3
[INFO] [stderr]    Compiling crypto-common v0.1.6
[INFO] [stderr]    Compiling block-buffer v0.10.4
[INFO] [stderr]    Compiling digest v0.10.7
[INFO] [stderr]    Compiling sha2 v0.10.8
[INFO] [stderr]    Compiling thiserror-impl v1.0.56
[INFO] [stderr]    Compiling regex v1.10.2
[INFO] [stderr]    Compiling registry v1.2.3
[INFO] [stderr]    Compiling eventlog v0.2.2 (/opt/rustwide/workdir)
[INFO] [stdout] error[E0433]: failed to resolve: could not find `windows` in `os`
[INFO] [stdout]  --> src/lib.rs:7:15
[INFO] [stdout]   |
[INFO] [stdout] 7 | use std::{os::windows::ffi::OsStrExt, ptr::null_mut};
[INFO] [stdout]   |               ^^^^^^^ could not find `windows` in `os`
[INFO] [stdout] 
[INFO] [stdout] 
[INFO] [stdout] error[E0433]: failed to resolve: could not find `shared` in `winapi`
[INFO] [stdout]   --> src/lib.rs:12:5
[INFO] [stdout]    |
[INFO] [stdout] 12 |     shared::ntdef::HANDLE,
[INFO] [stdout]    |     ^^^^^^ could not find `shared` in `winapi`
[INFO] [stdout] 
[INFO] [stdout] 
[INFO] [stdout] error[E0433]: failed to resolve: could not find `um` in `winapi`
[INFO] [stdout]   --> src/lib.rs:13:5
[INFO] [stdout]    |
[INFO] [stdout] 13 |     um::{
[INFO] [stdout]    |     ^^ could not find `um` in `winapi`
[INFO] [stdout] 
[INFO] [stdout] 
[INFO] [stdout] error[E0432]: unresolved imports `registry::Data`, `registry::Hive`, `registry::Security`
[INFO] [stdout]   --> src/lib.rs:10:16
[INFO] [stdout]    |
[INFO] [stdout] 10 | use registry::{Data, Hive, Security};
[INFO] [stdout]    |                ^^^^  ^^^^  ^^^^^^^^ no `Security` in the root
[INFO] [stdout]    |                |     |
[INFO] [stdout]    |                |     no `Hive` in the root
[INFO] [stdout]    |                no `Data` in the root
[INFO] [stdout] 
[INFO] [stdout] 
[INFO] [stdout] error[E0433]: failed to resolve: could not find `key` in `registry`
[INFO] [stdout]   --> src/lib.rs:32:30
[INFO] [stdout]    |
[INFO] [stdout] 32 |     RegKey(#[from] registry::key::Error),
[INFO] [stdout]    |                              ^^^ could not find `key` in `registry`
[INFO] [stdout] 
[INFO] [stdout] 
[INFO] [stdout] error[E0433]: failed to resolve: could not find `value` in `registry`
[INFO] [stdout]   --> src/lib.rs:35:32
[INFO] [stdout]    |
[INFO] [stdout] 35 |     RegValue(#[from] registry::value::Error),
[INFO] [stdout]    |                                ^^^^^ could not find `value` in `registry`
[INFO] [stdout] 
[INFO] [stdout] 
[INFO] [stdout] error[E0433]: failed to resolve: could not find `key` in `registry`
[INFO] [stdout]   --> src/lib.rs:67:55
[INFO] [stdout]    |
[INFO] [stdout] 67 | pub fn deregister(name: &str) -> Result<(), registry::key::Error> {
[INFO] [stdout]    |                                                       ^^^ could not find `key` in `registry`
[INFO] [stdout] 
[INFO] [stdout] 
[INFO] [stdout] error: aborting due to 7 previous errors
[INFO] [stdout] 
[INFO] [stdout] 
[INFO] [stdout] Some errors have detailed explanations: E0432, E0433.
[INFO] [stdout] 
[INFO] [stdout] For more information about an error, try `rustc --explain E0432`.
[INFO] [stdout] 
[INFO] [stderr] error: could not compile `eventlog` (lib) due to 8 previous errors
[INFO] running `Command { std: "docker" "inspect" "06699949f6c471a98a0aa8a1e7b28e7fb6ba1126fe4fc09536dadbafa866fa20", kill_on_drop: false }`
[INFO] running `Command { std: "docker" "rm" "-f" "06699949f6c471a98a0aa8a1e7b28e7fb6ba1126fe4fc09536dadbafa866fa20", kill_on_drop: false }`
[INFO] [stdout] 06699949f6c471a98a0aa8a1e7b28e7fb6ba1126fe4fc09536dadbafa866fa20
