[INFO] fetching crate eventful-test-shared 0.1.0-alpha.0...
[INFO] testing eventful-test-shared-0.1.0-alpha.0 against 1.75.0 for beta-1.76-1
[INFO] extracting crate eventful-test-shared 0.1.0-alpha.0 into /workspace/builds/worker-0-tc1/source
[INFO] validating manifest of crates.io crate eventful-test-shared 0.1.0-alpha.0 on toolchain 1.75.0
[INFO] running `Command { std: CARGO_HOME="/workspace/cargo-home" RUSTUP_HOME="/workspace/rustup-home" "/workspace/cargo-home/bin/cargo" "+1.75.0" "metadata" "--manifest-path" "Cargo.toml" "--no-deps", kill_on_drop: false }`
[INFO] started tweaking crates.io crate eventful-test-shared 0.1.0-alpha.0
[INFO] finished tweaking crates.io crate eventful-test-shared 0.1.0-alpha.0
[INFO] tweaked toml for crates.io crate eventful-test-shared 0.1.0-alpha.0 written to /workspace/builds/worker-0-tc1/source/Cargo.toml
[INFO] running `Command { std: CARGO_HOME="/workspace/cargo-home" RUSTUP_HOME="/workspace/rustup-home" "/workspace/cargo-home/bin/cargo" "+1.75.0" "generate-lockfile" "--manifest-path" "Cargo.toml", kill_on_drop: false }`
[INFO] [stderr]     Updating crates.io index
[INFO] running `Command { std: CARGO_HOME="/workspace/cargo-home" RUSTUP_HOME="/workspace/rustup-home" "/workspace/cargo-home/bin/cargo" "+1.75.0" "fetch" "--manifest-path" "Cargo.toml", kill_on_drop: false }`
[INFO] [stderr]  Downloading crates ...
[INFO] [stderr]   Downloaded cobs v0.2.3
[INFO] [stderr]   Downloaded quick_cache v0.4.0
[INFO] [stderr]   Downloaded postcard v1.0.8
[INFO] [stderr]   Downloaded embedded-io v0.4.0
[INFO] [stderr]   Downloaded eventful v0.1.19
[INFO] running `Command { std: "docker" "create" "-v" "/var/lib/crater-agent-workspace/builds/worker-0-tc1/target:/opt/rustwide/target:rw,Z" "-v" "/var/lib/crater-agent-workspace/builds/worker-0-tc1/source:/opt/rustwide/workdir:ro,Z" "-v" "/var/lib/crater-agent-workspace/cargo-home:/opt/rustwide/cargo-home:ro,Z" "-v" "/var/lib/crater-agent-workspace/rustup-home:/opt/rustwide/rustup-home:ro,Z" "-e" "SOURCE_DIR=/opt/rustwide/workdir" "-e" "CARGO_TARGET_DIR=/opt/rustwide/target" "-e" "CARGO_HOME=/opt/rustwide/cargo-home" "-e" "RUSTUP_HOME=/opt/rustwide/rustup-home" "-w" "/opt/rustwide/workdir" "-m" "1610612736" "--user" "0:0" "--network" "none" "ghcr.io/rust-lang/crates-build-env/linux@sha256:2788e3201cd34a07e3172128adcd8b3090168a8e3bcc40d7c032b9dda1df7d1c" "/opt/rustwide/cargo-home/bin/cargo" "+1.75.0" "metadata" "--no-deps" "--format-version=1", kill_on_drop: false }`
[INFO] [stdout] d2cb0bef73c5d0a5e51ef39381bb7d266a370242c2f7697f05291a32a397e145
[INFO] running `Command { std: "docker" "start" "-a" "d2cb0bef73c5d0a5e51ef39381bb7d266a370242c2f7697f05291a32a397e145", kill_on_drop: false }`
[INFO] running `Command { std: "docker" "inspect" "d2cb0bef73c5d0a5e51ef39381bb7d266a370242c2f7697f05291a32a397e145", kill_on_drop: false }`
[INFO] running `Command { std: "docker" "rm" "-f" "d2cb0bef73c5d0a5e51ef39381bb7d266a370242c2f7697f05291a32a397e145", kill_on_drop: false }`
[INFO] [stdout] d2cb0bef73c5d0a5e51ef39381bb7d266a370242c2f7697f05291a32a397e145
[INFO] running `Command { std: "docker" "create" "-v" "/var/lib/crater-agent-workspace/builds/worker-0-tc1/target:/opt/rustwide/target:rw,Z" "-v" "/var/lib/crater-agent-workspace/builds/worker-0-tc1/source:/opt/rustwide/workdir:ro,Z" "-v" "/var/lib/crater-agent-workspace/cargo-home:/opt/rustwide/cargo-home:ro,Z" "-v" "/var/lib/crater-agent-workspace/rustup-home:/opt/rustwide/rustup-home:ro,Z" "-e" "SOURCE_DIR=/opt/rustwide/workdir" "-e" "CARGO_TARGET_DIR=/opt/rustwide/target" "-e" "CARGO_INCREMENTAL=0" "-e" "RUST_BACKTRACE=full" "-e" "RUSTFLAGS=--cap-lints=warn" "-e" "RUSTDOCFLAGS=--cap-lints=warn" "-e" "CARGO_HOME=/opt/rustwide/cargo-home" "-e" "RUSTUP_HOME=/opt/rustwide/rustup-home" "-w" "/opt/rustwide/workdir" "-m" "1610612736" "--user" "0:0" "--network" "none" "ghcr.io/rust-lang/crates-build-env/linux@sha256:2788e3201cd34a07e3172128adcd8b3090168a8e3bcc40d7c032b9dda1df7d1c" "/opt/rustwide/cargo-home/bin/cargo" "+1.75.0" "build" "--frozen" "--message-format=json", kill_on_drop: false }`
[INFO] [stdout] 61cd3aa9c631ec38de62dface69dade389ab6890416ec2ead8044e68eaf19c28
[INFO] running `Command { std: "docker" "start" "-a" "61cd3aa9c631ec38de62dface69dade389ab6890416ec2ead8044e68eaf19c28", kill_on_drop: false }`
[INFO] [stderr]    Compiling semver v1.0.21
[INFO] [stderr]    Compiling crossbeam-utils v0.8.18
[INFO] [stderr]    Compiling serde v1.0.194
[INFO] [stderr]    Compiling ahash v0.8.7
[INFO] [stderr]    Compiling num-traits v0.2.17
[INFO] [stderr]    Compiling serde_derive v1.0.194
[INFO] [stderr]    Compiling byteorder v1.5.0
[INFO] [stderr]    Compiling rustversion v1.0.14
[INFO] [stderr]    Compiling hash32 v0.2.1
[INFO] [stderr]    Compiling spin v0.9.8
[INFO] [stderr]    Compiling getrandom v0.2.11
[INFO] [stderr]    Compiling stable_deref_trait v1.2.0
[INFO] [stderr]    Compiling zerocopy v0.7.32
[INFO] [stderr]    Compiling iana-time-zone v0.1.59
[INFO] [stderr]    Compiling hashbrown v0.14.3
[INFO] [stderr]    Compiling rustc_version v0.4.0
[INFO] [stderr]    Compiling crossbeam-epoch v0.9.17
[INFO] [stderr]    Compiling crossbeam-queue v0.3.10
[INFO] [stderr]    Compiling heapless v0.7.17
[INFO] [stderr]    Compiling crossbeam-channel v0.5.10
[INFO] [stderr]    Compiling cobs v0.2.3
[INFO] [stderr]    Compiling crossbeam-deque v0.8.4
[INFO] [stderr]    Compiling embedded-io v0.4.0
[INFO] [stderr]    Compiling quick_cache v0.4.0
[INFO] [stderr]    Compiling crossbeam v0.8.3
[INFO] [stderr]    Compiling tracing v0.1.40
[INFO] [stderr]    Compiling tokio v1.35.1
[INFO] [stderr]    Compiling strum_macros v0.24.3
[INFO] [stderr]    Compiling strum v0.24.1
[INFO] [stderr]    Compiling chrono v0.4.31
[INFO] [stderr]    Compiling serde_json v1.0.111
[INFO] [stderr]    Compiling postcard v1.0.8
[INFO] [stderr]    Compiling eventful v0.1.19
[INFO] [stderr]    Compiling eventful-test-shared v0.1.0-alpha.0 (/opt/rustwide/workdir)
[INFO] [stdout] error[E0432]: unresolved imports `eventful::Effect`, `eventful::EntityWrapperTrait`, `eventful::EventWrapperTrait`
[INFO] [stdout]  --> src/lib.rs:1:42
[INFO] [stdout]   |
[INFO] [stdout] 1 | ...eId, Effect, EntityName, EntityWrapperTrait, EventName, EventSourcedEntity, EventWrapperTrait, NamedEntity};
[INFO] [stdout]   |         ^^^^^^              ^^^^^^^^^^^^^^^^^^                                 ^^^^^^^^^^^^^^^^^ no `EventWrapperTrait` in the root
[INFO] [stdout]   |         |                   |
[INFO] [stdout]   |         |                   no `EntityWrapperTrait` in the root
[INFO] [stdout]   |         no `Effect` in the root
[INFO] [stdout] 
[INFO] [stdout] 
[INFO] [stdout] error[E0407]: method `process_command` is not a member of trait `EventSourcedEntity`
[INFO] [stdout]    --> src/lib.rs:108:5
[INFO] [stdout]     |
[INFO] [stdout] 108 | /     fn process_command(&self, command: Self::Command) -> Effect<Self::Event> {
[INFO] [stdout] 109 | |         match command {
[INFO] [stdout] 110 | |             CatCommand::Create => {
[INFO] [stdout] 111 | |                 let events = vec![];
[INFO] [stdout] ...   |
[INFO] [stdout] 118 | |         }
[INFO] [stdout] 119 | |     }
[INFO] [stdout]     | |_____^ not a member of trait `EventSourcedEntity`
[INFO] [stdout] 
[INFO] [stdout] 
[INFO] [stdout] error[E0407]: method `consume_event` is not a member of trait `EventSourcedEntity`
[INFO] [stdout]    --> src/lib.rs:121:5
[INFO] [stdout]     |
[INFO] [stdout] 121 | /     fn consume_event(&mut self, event: Self::Event) {
[INFO] [stdout] 122 | |         match event {
[INFO] [stdout] 123 | |             CatEvent::Created => {
[INFO] [stdout] 124 | |                 self.name = self.persistence_id();
[INFO] [stdout] ...   |
[INFO] [stdout] 135 | |         }
[INFO] [stdout] 136 | |     }
[INFO] [stdout]     | |_____^ not a member of trait `EventSourcedEntity`
[INFO] [stdout] 
[INFO] [stdout] 
[INFO] [stdout] error: aborting due to 3 previous errors
[INFO] [stdout] 
[INFO] [stdout] 
[INFO] [stdout] Some errors have detailed explanations: E0407, E0432.
[INFO] [stdout] 
[INFO] [stdout] For more information about an error, try `rustc --explain E0407`.
[INFO] [stdout] 
[INFO] [stderr] error: could not compile `eventful-test-shared` (lib) due to 4 previous errors
[INFO] running `Command { std: "docker" "inspect" "61cd3aa9c631ec38de62dface69dade389ab6890416ec2ead8044e68eaf19c28", kill_on_drop: false }`
[INFO] running `Command { std: "docker" "rm" "-f" "61cd3aa9c631ec38de62dface69dade389ab6890416ec2ead8044e68eaf19c28", kill_on_drop: false }`
[INFO] [stdout] 61cd3aa9c631ec38de62dface69dade389ab6890416ec2ead8044e68eaf19c28
[INFO] testing eventful-test-shared-0.1.0-alpha.0 against beta-2023-12-22 for beta-1.76-1
[INFO] extracting crate eventful-test-shared 0.1.0-alpha.0 into /workspace/builds/worker-0-tc2/source
[INFO] validating manifest of crates.io crate eventful-test-shared 0.1.0-alpha.0 on toolchain beta-2023-12-22
[INFO] running `Command { std: CARGO_HOME="/workspace/cargo-home" RUSTUP_HOME="/workspace/rustup-home" "/workspace/cargo-home/bin/cargo" "+beta-2023-12-22" "metadata" "--manifest-path" "Cargo.toml" "--no-deps", kill_on_drop: false }`
[INFO] started tweaking crates.io crate eventful-test-shared 0.1.0-alpha.0
[INFO] finished tweaking crates.io crate eventful-test-shared 0.1.0-alpha.0
[INFO] tweaked toml for crates.io crate eventful-test-shared 0.1.0-alpha.0 written to /workspace/builds/worker-0-tc2/source/Cargo.toml
[INFO] running `Command { std: CARGO_HOME="/workspace/cargo-home" RUSTUP_HOME="/workspace/rustup-home" "/workspace/cargo-home/bin/cargo" "+beta-2023-12-22" "generate-lockfile" "--manifest-path" "Cargo.toml", kill_on_drop: false }`
[INFO] [stderr]     Updating crates.io index
[INFO] running `Command { std: CARGO_HOME="/workspace/cargo-home" RUSTUP_HOME="/workspace/rustup-home" "/workspace/cargo-home/bin/cargo" "+beta-2023-12-22" "fetch" "--manifest-path" "Cargo.toml", kill_on_drop: false }`
[INFO] running `Command { std: "docker" "create" "-v" "/var/lib/crater-agent-workspace/builds/worker-0-tc2/target:/opt/rustwide/target:rw,Z" "-v" "/var/lib/crater-agent-workspace/builds/worker-0-tc2/source:/opt/rustwide/workdir:ro,Z" "-v" "/var/lib/crater-agent-workspace/cargo-home:/opt/rustwide/cargo-home:ro,Z" "-v" "/var/lib/crater-agent-workspace/rustup-home:/opt/rustwide/rustup-home:ro,Z" "-e" "SOURCE_DIR=/opt/rustwide/workdir" "-e" "CARGO_TARGET_DIR=/opt/rustwide/target" "-e" "CARGO_HOME=/opt/rustwide/cargo-home" "-e" "RUSTUP_HOME=/opt/rustwide/rustup-home" "-w" "/opt/rustwide/workdir" "-m" "1610612736" "--user" "0:0" "--network" "none" "ghcr.io/rust-lang/crates-build-env/linux@sha256:2788e3201cd34a07e3172128adcd8b3090168a8e3bcc40d7c032b9dda1df7d1c" "/opt/rustwide/cargo-home/bin/cargo" "+beta-2023-12-22" "metadata" "--no-deps" "--format-version=1", kill_on_drop: false }`
[INFO] [stdout] e8573cbfd5db72fed79823cd9d427727a2cc21161d5bce9f2c386195480dc6db
[INFO] running `Command { std: "docker" "start" "-a" "e8573cbfd5db72fed79823cd9d427727a2cc21161d5bce9f2c386195480dc6db", kill_on_drop: false }`
[INFO] running `Command { std: "docker" "inspect" "e8573cbfd5db72fed79823cd9d427727a2cc21161d5bce9f2c386195480dc6db", kill_on_drop: false }`
[INFO] running `Command { std: "docker" "rm" "-f" "e8573cbfd5db72fed79823cd9d427727a2cc21161d5bce9f2c386195480dc6db", kill_on_drop: false }`
[INFO] [stdout] e8573cbfd5db72fed79823cd9d427727a2cc21161d5bce9f2c386195480dc6db
[INFO] running `Command { std: "docker" "create" "-v" "/var/lib/crater-agent-workspace/builds/worker-0-tc2/target:/opt/rustwide/target:rw,Z" "-v" "/var/lib/crater-agent-workspace/builds/worker-0-tc2/source:/opt/rustwide/workdir:ro,Z" "-v" "/var/lib/crater-agent-workspace/cargo-home:/opt/rustwide/cargo-home:ro,Z" "-v" "/var/lib/crater-agent-workspace/rustup-home:/opt/rustwide/rustup-home:ro,Z" "-e" "SOURCE_DIR=/opt/rustwide/workdir" "-e" "CARGO_TARGET_DIR=/opt/rustwide/target" "-e" "CARGO_INCREMENTAL=0" "-e" "RUST_BACKTRACE=full" "-e" "RUSTFLAGS=--cap-lints=warn" "-e" "RUSTDOCFLAGS=--cap-lints=warn" "-e" "CARGO_HOME=/opt/rustwide/cargo-home" "-e" "RUSTUP_HOME=/opt/rustwide/rustup-home" "-w" "/opt/rustwide/workdir" "-m" "1610612736" "--user" "0:0" "--network" "none" "ghcr.io/rust-lang/crates-build-env/linux@sha256:2788e3201cd34a07e3172128adcd8b3090168a8e3bcc40d7c032b9dda1df7d1c" "/opt/rustwide/cargo-home/bin/cargo" "+beta-2023-12-22" "build" "--frozen" "--message-format=json", kill_on_drop: false }`
[INFO] [stdout] bb0d049e302f67d036abcb474d6a9d22c11f961d39e61d7ce3faede2f0404a4d
[INFO] running `Command { std: "docker" "start" "-a" "bb0d049e302f67d036abcb474d6a9d22c11f961d39e61d7ce3faede2f0404a4d", kill_on_drop: false }`
[INFO] [stderr]    Compiling semver v1.0.21
[INFO] [stderr]    Compiling crossbeam-utils v0.8.18
[INFO] [stderr]    Compiling serde v1.0.194
[INFO] [stderr]    Compiling ahash v0.8.7
[INFO] [stderr]    Compiling num-traits v0.2.17
[INFO] [stderr]    Compiling rustversion v1.0.14
[INFO] [stderr]    Compiling serde_derive v1.0.194
[INFO] [stderr]    Compiling byteorder v1.5.0
[INFO] [stderr]    Compiling hash32 v0.2.1
[INFO] [stderr]    Compiling spin v0.9.8
[INFO] [stderr]    Compiling getrandom v0.2.11
[INFO] [stderr]    Compiling zerocopy v0.7.32
[INFO] [stderr]    Compiling stable_deref_trait v1.2.0
[INFO] [stderr]    Compiling rustc_version v0.4.0
[INFO] [stderr]    Compiling embedded-io v0.4.0
[INFO] [stderr]    Compiling iana-time-zone v0.1.59
[INFO] [stderr]    Compiling hashbrown v0.14.3
[INFO] [stderr]    Compiling heapless v0.7.17
[INFO] [stderr]    Compiling crossbeam-epoch v0.9.17
[INFO] [stderr]    Compiling crossbeam-channel v0.5.10
[INFO] [stderr]    Compiling crossbeam-deque v0.8.4
[INFO] [stderr]    Compiling crossbeam-queue v0.3.10
[INFO] [stderr]    Compiling cobs v0.2.3
[INFO] [stderr]    Compiling tracing v0.1.40
[INFO] [stderr]    Compiling strum_macros v0.24.3
[INFO] [stderr]    Compiling tokio v1.35.1
[INFO] [stderr]    Compiling quick_cache v0.4.0
[INFO] [stderr]    Compiling crossbeam v0.8.3
[INFO] [stderr]    Compiling strum v0.24.1
[INFO] [stderr]    Compiling serde_json v1.0.111
[INFO] [stderr]    Compiling chrono v0.4.31
[INFO] [stderr]    Compiling postcard v1.0.8
[INFO] [stderr]    Compiling eventful v0.1.19
[INFO] [stderr]    Compiling eventful-test-shared v0.1.0-alpha.0 (/opt/rustwide/workdir)
[INFO] [stdout] error[E0432]: unresolved imports `eventful::Effect`, `eventful::EntityWrapperTrait`, `eventful::EventWrapperTrait`
[INFO] [stdout]  --> src/lib.rs:1:42
[INFO] [stdout]   |
[INFO] [stdout] 1 | ...eId, Effect, EntityName, EntityWrapperTrait, EventName, EventSourcedEntity, EventWrapperTrait, NamedEntity};
[INFO] [stdout]   |         ^^^^^^              ^^^^^^^^^^^^^^^^^^                                 ^^^^^^^^^^^^^^^^^ no `EventWrapperTrait` in the root
[INFO] [stdout]   |         |                   |
[INFO] [stdout]   |         |                   no `EntityWrapperTrait` in the root
[INFO] [stdout]   |         no `Effect` in the root
[INFO] [stdout] 
[INFO] [stdout] 
[INFO] [stdout] error[E0407]: method `process_command` is not a member of trait `EventSourcedEntity`
[INFO] [stdout]    --> src/lib.rs:108:5
[INFO] [stdout]     |
[INFO] [stdout] 108 | /     fn process_command(&self, command: Self::Command) -> Effect<Self::Event> {
[INFO] [stdout] 109 | |         match command {
[INFO] [stdout] 110 | |             CatCommand::Create => {
[INFO] [stdout] 111 | |                 let events = vec![];
[INFO] [stdout] ...   |
[INFO] [stdout] 118 | |         }
[INFO] [stdout] 119 | |     }
[INFO] [stdout]     | |_____^ not a member of trait `EventSourcedEntity`
[INFO] [stdout] 
[INFO] [stdout] 
[INFO] [stdout] error[E0407]: method `consume_event` is not a member of trait `EventSourcedEntity`
[INFO] [stdout]    --> src/lib.rs:121:5
[INFO] [stdout]     |
[INFO] [stdout] 121 | /     fn consume_event(&mut self, event: Self::Event) {
[INFO] [stdout] 122 | |         match event {
[INFO] [stdout] 123 | |             CatEvent::Created => {
[INFO] [stdout] 124 | |                 self.name = self.persistence_id();
[INFO] [stdout] ...   |
[INFO] [stdout] 135 | |         }
[INFO] [stdout] 136 | |     }
[INFO] [stdout]     | |_____^ not a member of trait `EventSourcedEntity`
[INFO] [stdout] 
[INFO] [stdout] 
[INFO] [stdout] error: aborting due to 3 previous errors
[INFO] [stdout] 
[INFO] [stdout] 
[INFO] [stdout] Some errors have detailed explanations: E0407, E0432.
[INFO] [stdout] 
[INFO] [stdout] For more information about an error, try `rustc --explain E0407`.
[INFO] [stdout] 
[INFO] [stderr] error: could not compile `eventful-test-shared` (lib) due to 4 previous errors
[INFO] running `Command { std: "docker" "inspect" "bb0d049e302f67d036abcb474d6a9d22c11f961d39e61d7ce3faede2f0404a4d", kill_on_drop: false }`
[INFO] running `Command { std: "docker" "rm" "-f" "bb0d049e302f67d036abcb474d6a9d22c11f961d39e61d7ce3faede2f0404a4d", kill_on_drop: false }`
[INFO] [stdout] bb0d049e302f67d036abcb474d6a9d22c11f961d39e61d7ce3faede2f0404a4d
