[INFO] fetching crate event_store-core 0.1.0...
[INFO] testing event_store-core-0.1.0 against 1.75.0 for beta-1.76-1
[INFO] extracting crate event_store-core 0.1.0 into /workspace/builds/worker-6-tc1/source
[INFO] validating manifest of crates.io crate event_store-core 0.1.0 on toolchain 1.75.0
[INFO] running `Command { std: CARGO_HOME="/workspace/cargo-home" RUSTUP_HOME="/workspace/rustup-home" "/workspace/cargo-home/bin/cargo" "+1.75.0" "metadata" "--manifest-path" "Cargo.toml" "--no-deps", kill_on_drop: false }`
[INFO] started tweaking crates.io crate event_store-core 0.1.0
[INFO] finished tweaking crates.io crate event_store-core 0.1.0
[INFO] tweaked toml for crates.io crate event_store-core 0.1.0 written to /workspace/builds/worker-6-tc1/source/Cargo.toml
[INFO] running `Command { std: CARGO_HOME="/workspace/cargo-home" RUSTUP_HOME="/workspace/rustup-home" "/workspace/cargo-home/bin/cargo" "+1.75.0" "generate-lockfile" "--manifest-path" "Cargo.toml", kill_on_drop: false }`
[INFO] [stderr]     Updating crates.io index
[INFO] running `Command { std: CARGO_HOME="/workspace/cargo-home" RUSTUP_HOME="/workspace/rustup-home" "/workspace/cargo-home/bin/cargo" "+1.75.0" "fetch" "--manifest-path" "Cargo.toml", kill_on_drop: false }`
[INFO] [stderr]     Blocking waiting for file lock on package cache
[INFO] [stderr]     Blocking waiting for file lock on package cache
[INFO] [stderr]  Downloading crates ...
[INFO] [stderr]   Downloaded atoi v0.4.0
[INFO] [stderr]   Downloaded sqlx-rt v0.5.13
[INFO] [stderr]   Downloaded crc v2.1.0
[INFO] [stderr]   Downloaded crc-catalog v1.1.1
[INFO] [stderr]   Downloaded actix v0.12.0
[INFO] [stderr]   Downloaded sqlx-macros v0.5.13
[INFO] [stderr]   Downloaded sqlx v0.5.13
[INFO] [stderr]   Downloaded sqlx-core v0.5.13
[INFO] [stderr]   Downloaded sha-1 v0.10.1
[INFO] [stderr]   Downloaded sqlformat v0.1.8
[INFO] running `Command { std: "docker" "create" "-v" "/var/lib/crater-agent-workspace/builds/worker-6-tc1/target:/opt/rustwide/target:rw,Z" "-v" "/var/lib/crater-agent-workspace/builds/worker-6-tc1/source:/opt/rustwide/workdir:ro,Z" "-v" "/var/lib/crater-agent-workspace/cargo-home:/opt/rustwide/cargo-home:ro,Z" "-v" "/var/lib/crater-agent-workspace/rustup-home:/opt/rustwide/rustup-home:ro,Z" "-e" "SOURCE_DIR=/opt/rustwide/workdir" "-e" "CARGO_TARGET_DIR=/opt/rustwide/target" "-e" "CARGO_HOME=/opt/rustwide/cargo-home" "-e" "RUSTUP_HOME=/opt/rustwide/rustup-home" "-w" "/opt/rustwide/workdir" "-m" "1610612736" "--user" "0:0" "--network" "none" "ghcr.io/rust-lang/crates-build-env/linux@sha256:2788e3201cd34a07e3172128adcd8b3090168a8e3bcc40d7c032b9dda1df7d1c" "/opt/rustwide/cargo-home/bin/cargo" "+1.75.0" "metadata" "--no-deps" "--format-version=1", kill_on_drop: false }`
[INFO] [stdout] 76b3c1953aeafba4c5a5a6629ed285c03c764a41b68f05046ef7742544be4c10
[INFO] running `Command { std: "docker" "start" "-a" "76b3c1953aeafba4c5a5a6629ed285c03c764a41b68f05046ef7742544be4c10", kill_on_drop: false }`
[INFO] running `Command { std: "docker" "inspect" "76b3c1953aeafba4c5a5a6629ed285c03c764a41b68f05046ef7742544be4c10", kill_on_drop: false }`
[INFO] running `Command { std: "docker" "rm" "-f" "76b3c1953aeafba4c5a5a6629ed285c03c764a41b68f05046ef7742544be4c10", kill_on_drop: false }`
[INFO] [stdout] 76b3c1953aeafba4c5a5a6629ed285c03c764a41b68f05046ef7742544be4c10
[INFO] running `Command { std: "docker" "create" "-v" "/var/lib/crater-agent-workspace/builds/worker-6-tc1/target:/opt/rustwide/target:rw,Z" "-v" "/var/lib/crater-agent-workspace/builds/worker-6-tc1/source:/opt/rustwide/workdir:ro,Z" "-v" "/var/lib/crater-agent-workspace/cargo-home:/opt/rustwide/cargo-home:ro,Z" "-v" "/var/lib/crater-agent-workspace/rustup-home:/opt/rustwide/rustup-home:ro,Z" "-e" "SOURCE_DIR=/opt/rustwide/workdir" "-e" "CARGO_TARGET_DIR=/opt/rustwide/target" "-e" "CARGO_INCREMENTAL=0" "-e" "RUST_BACKTRACE=full" "-e" "RUSTFLAGS=--cap-lints=warn" "-e" "RUSTDOCFLAGS=--cap-lints=warn" "-e" "CARGO_HOME=/opt/rustwide/cargo-home" "-e" "RUSTUP_HOME=/opt/rustwide/rustup-home" "-w" "/opt/rustwide/workdir" "-m" "1610612736" "--user" "0:0" "--network" "none" "ghcr.io/rust-lang/crates-build-env/linux@sha256:2788e3201cd34a07e3172128adcd8b3090168a8e3bcc40d7c032b9dda1df7d1c" "/opt/rustwide/cargo-home/bin/cargo" "+1.75.0" "build" "--frozen" "--message-format=json", kill_on_drop: false }`
[INFO] [stdout] f23d41b884b129de4d5603f0fcd0da7631a149df50356c719986837a152361f0
[INFO] running `Command { std: "docker" "start" "-a" "f23d41b884b129de4d5603f0fcd0da7631a149df50356c719986837a152361f0", kill_on_drop: false }`
[INFO] [stderr]    Compiling syn v2.0.48
[INFO] [stderr]    Compiling lock_api v0.4.11
[INFO] [stderr]    Compiling smallvec v1.11.2
[INFO] [stderr]    Compiling scopeguard v1.2.0
[INFO] [stderr]    Compiling generic-array v0.14.7
[INFO] [stderr]    Compiling parking_lot_core v0.9.9
[INFO] [stderr]    Compiling signal-hook-registry v1.4.1
[INFO] [stderr]    Compiling mio v0.8.10
[INFO] [stderr]    Compiling socket2 v0.5.5
[INFO] [stderr]    Compiling subtle v2.5.0
[INFO] [stderr]    Compiling cc v1.0.83
[INFO] [stderr]    Compiling parking_lot v0.12.1
[INFO] [stderr]    Compiling vcpkg v0.2.15
[INFO] [stderr]    Compiling getrandom v0.2.11
[INFO] [stderr]    Compiling log v0.4.20
[INFO] [stderr]    Compiling foreign-types-shared v0.1.1
[INFO] [stderr]    Compiling block-buffer v0.10.4
[INFO] [stderr]    Compiling openssl v0.10.62
[INFO] [stderr]    Compiling foreign-types v0.3.2
[INFO] [stderr]    Compiling native-tls v0.2.11
[INFO] [stderr]    Compiling bitflags v2.4.1
[INFO] [stderr]    Compiling crypto-common v0.1.6
[INFO] [stderr]    Compiling standback v0.2.17
[INFO] [stderr]    Compiling proc-macro-hack v0.5.20+deprecated
[INFO] [stderr]    Compiling parking_lot_core v0.8.6
[INFO] [stderr]    Compiling openssl-probe v0.1.5
[INFO] [stderr]    Compiling syn v1.0.109
[INFO] [stderr]    Compiling crossbeam-utils v0.8.18
[INFO] [stderr]    Compiling digest v0.10.7
[INFO] [stderr]    Compiling ahash v0.7.7
[INFO] [stderr]    Compiling instant v0.1.12
[INFO] [stderr]    Compiling memchr v2.7.1
[INFO] [stderr]    Compiling openssl-sys v0.9.98
[INFO] [stderr]    Compiling tokio v1.35.1
[INFO] [stderr]    Compiling const_fn v0.4.9
[INFO] [stderr]    Compiling parking_lot v0.11.2
[INFO] [stderr]    Compiling futures-channel v0.3.30
[INFO] [stderr]    Compiling rand_core v0.6.4
[INFO] [stderr]    Compiling time v0.2.27
[INFO] [stderr]    Compiling indexmap v1.9.3
[INFO] [stderr]    Compiling unicode_categories v0.1.1
[INFO] [stderr]    Compiling serde_json v1.0.111
[INFO] [stderr]    Compiling rand_chacha v0.3.1
[INFO] [stderr]    Compiling hashbrown v0.11.2
[INFO] [stderr]    Compiling idna v0.5.0
[INFO] [stderr]    Compiling dirs-sys v0.3.7
[INFO] [stderr]    Compiling crc-catalog v1.1.1
[INFO] [stderr]    Compiling futures-sink v0.3.30
[INFO] [stderr]    Compiling finl_unicode v1.2.0
[INFO] [stderr]    Compiling url v2.5.0
[INFO] [stderr]    Compiling stringprep v0.1.4
[INFO] [stderr]    Compiling dirs v4.0.0
[INFO] [stderr]    Compiling nom v7.1.3
[INFO] [stderr]    Compiling crc v2.1.0
[INFO] [stderr]    Compiling hashlink v0.7.0
[INFO] [stderr]    Compiling rand v0.8.5
[INFO] [stderr]    Compiling futures-intrusive v0.4.2
[INFO] [stderr]    Compiling crossbeam-queue v0.3.10
[INFO] [stderr]    Compiling serde_derive v1.0.194
[INFO] [stderr]    Compiling openssl-macros v0.1.1
[INFO] [stderr]    Compiling tokio-macros v2.2.0
[INFO] [stderr]    Compiling futures-macro v0.3.30
[INFO] [stderr]    Compiling thiserror-impl v1.0.56
[INFO] [stderr]    Compiling atoi v0.4.0
[INFO] [stderr]    Compiling hmac v0.12.1
[INFO] [stderr]    Compiling futures-task v0.3.30
[INFO] [stderr]    Compiling whoami v1.4.1
[INFO] [stderr]    Compiling futures-util v0.3.30
[INFO] [stderr]    Compiling event-listener v2.5.3
[INFO] [stderr]    Compiling actix-rt v2.9.0
[INFO] [stderr]    Compiling time-macros-impl v0.1.2
[INFO] [stderr]    Compiling time-macros v0.1.1
[INFO] [stderr]    Compiling thiserror v1.0.56
[INFO] [stderr]    Compiling base64 v0.13.1
[INFO] [stderr]    Compiling byteorder v1.5.0
[INFO] [stderr]    Compiling tokio-stream v0.1.14
[INFO] [stderr]    Compiling hkdf v0.12.4
[INFO] [stderr]    Compiling chrono v0.4.31
[INFO] [stderr]    Compiling sha-1 v0.10.1
[INFO] [stderr]    Compiling md-5 v0.10.6
[INFO] [stderr]    Compiling sha2 v0.10.8
[INFO] [stderr]    Compiling uuid v0.8.2
[INFO] [stderr]    Compiling unicode-segmentation v1.10.1
[INFO] [stderr]    Compiling serde v1.0.194
[INFO] [stderr]    Compiling tokio-native-tls v0.3.1
[INFO] [stderr]    Compiling sqlx-rt v0.5.13
[INFO] [stderr]    Compiling bitflags v1.3.2
[INFO] [stderr]    Compiling heck v0.4.1
[INFO] [stderr]    Compiling dotenv v0.15.0
[INFO] [stderr]    Compiling tokio-util v0.6.10
[INFO] [stderr]    Compiling futures-executor v0.3.30
[INFO] [stderr]    Compiling actix_derive v0.6.1
[INFO] [stderr]    Compiling crossbeam-channel v0.5.10
[INFO] [stderr]    Compiling futures v0.3.30
[INFO] [stderr]    Compiling actix v0.12.0
[INFO] [stderr]    Compiling either v1.9.0
[INFO] [stderr]    Compiling itertools v0.10.5
[INFO] [stderr]    Compiling sqlformat v0.1.8
[INFO] [stderr]    Compiling sqlx-core v0.5.13
[INFO] [stderr]    Compiling sqlx-macros v0.5.13
[INFO] [stdout] error[E0432]: unresolved import `syn::DeriveInput`
[INFO] [stdout]    --> /opt/rustwide/cargo-home/registry/src/index.crates.io-6f17d22bba15001f/sqlx-macros-0.5.13/src/derives/attributes.rs:6:22
[INFO] [stdout]     |
[INFO] [stdout] 6   | use syn::{Attribute, DeriveInput, Field, Lit, Meta, MetaNameValue, NestedMeta, Variant};
[INFO] [stdout]     |                      ^^^^^^^^^^^ no `DeriveInput` in the root
[INFO] [stdout]     |
[INFO] [stdout] note: found an item that was configured out
[INFO] [stdout]    --> /opt/rustwide/cargo-home/registry/src/index.crates.io-6f17d22bba15001f/syn-1.0.109/src/lib.rs:392:64
[INFO] [stdout]     |
[INFO] [stdout] 392 | pub use crate::derive::{Data, DataEnum, DataStruct, DataUnion, DeriveInput};
[INFO] [stdout]     |                                                                ^^^^^^^^^^^
[INFO] [stdout]     = note: the item is gated behind the `derive` feature
[INFO] [stdout] 
[INFO] [stdout] 
[INFO] [stdout] error[E0432]: unresolved imports `syn::Data`, `syn::DataEnum`, `syn::DataStruct`, `syn::DeriveInput`
[INFO] [stdout]    --> /opt/rustwide/cargo-home/registry/src/index.crates.io-6f17d22bba15001f/sqlx-macros-0.5.13/src/derives/decode.rs:11:23
[INFO] [stdout]     |
[INFO] [stdout] 11  |     parse_quote, Arm, Data, DataEnum, DataStruct, DeriveInput, Field, Fields, FieldsNamed,
[INFO] [stdout]     |                       ^^^^  ^^^^^^^^  ^^^^^^^^^^  ^^^^^^^^^^^ no `DeriveInput` in the root
[INFO] [stdout]     |                       |     |         |
[INFO] [stdout]     |                       |     |         no `DataStruct` in the root
[INFO] [stdout]     |                       |     no `DataEnum` in the root
[INFO] [stdout]     |                       no `Data` in the root
[INFO] [stdout]     |
[INFO] [stdout]     = help: consider importing this variant instead:
[INFO] [stdout]             serde_json::error::Category::Data
[INFO] [stdout] note: found an item that was configured out
[INFO] [stdout]    --> /opt/rustwide/cargo-home/registry/src/index.crates.io-6f17d22bba15001f/syn-1.0.109/src/lib.rs:392:25
[INFO] [stdout]     |
[INFO] [stdout] 392 | pub use crate::derive::{Data, DataEnum, DataStruct, DataUnion, DeriveInput};
[INFO] [stdout]     |                         ^^^^
[INFO] [stdout]     = note: the item is gated behind the `derive` feature
[INFO] [stdout] note: found an item that was configured out
[INFO] [stdout]    --> /opt/rustwide/cargo-home/registry/src/index.crates.io-6f17d22bba15001f/syn-1.0.109/src/lib.rs:392:31
[INFO] [stdout]     |
[INFO] [stdout] 392 | pub use crate::derive::{Data, DataEnum, DataStruct, DataUnion, DeriveInput};
[INFO] [stdout]     |                               ^^^^^^^^
[INFO] [stdout]     = note: the item is gated behind the `derive` feature
[INFO] [stdout] note: found an item that was configured out
[INFO] [stdout]    --> /opt/rustwide/cargo-home/registry/src/index.crates.io-6f17d22bba15001f/syn-1.0.109/src/lib.rs:392:41
[INFO] [stdout]     |
[INFO] [stdout] 392 | pub use crate::derive::{Data, DataEnum, DataStruct, DataUnion, DeriveInput};
[INFO] [stdout]     |                                         ^^^^^^^^^^
[INFO] [stdout]     = note: the item is gated behind the `derive` feature
[INFO] [stdout] note: found an item that was configured out
[INFO] [stdout]    --> /opt/rustwide/cargo-home/registry/src/index.crates.io-6f17d22bba15001f/syn-1.0.109/src/lib.rs:392:64
[INFO] [stdout]     |
[INFO] [stdout] 392 | pub use crate::derive::{Data, DataEnum, DataStruct, DataUnion, DeriveInput};
[INFO] [stdout]     |                                                                ^^^^^^^^^^^
[INFO] [stdout]     = note: the item is gated behind the `derive` feature
[INFO] [stdout] help: a similar name exists in the module
[INFO] [stdout]     |
[INFO] [stdout] 11  |     parse_quote, Arm, data, DataEnum, DataStruct, DeriveInput, Field, Fields, FieldsNamed,
[INFO] [stdout]     |                       ~~~~
[INFO] [stdout] help: a similar name exists in the module
[INFO] [stdout]     |
[INFO] [stdout] 11  |     parse_quote, Arm, Data, DataEnum, PatStruct, DeriveInput, Field, Fields, FieldsNamed,
[INFO] [stdout]     |                                       ~~~~~~~~~
[INFO] [stdout] 
[INFO] [stdout] 
[INFO] [stdout] error[E0432]: unresolved imports `syn::Data`, `syn::DataEnum`, `syn::DataStruct`, `syn::DeriveInput`
[INFO] [stdout]    --> /opt/rustwide/cargo-home/registry/src/index.crates.io-6f17d22bba15001f/sqlx-macros-0.5.13/src/derives/encode.rs:11:18
[INFO] [stdout]     |
[INFO] [stdout] 11  |     parse_quote, Data, DataEnum, DataStruct, DeriveInput, Expr, Field, Fields, FieldsNamed,
[INFO] [stdout]     |                  ^^^^  ^^^^^^^^  ^^^^^^^^^^  ^^^^^^^^^^^ no `DeriveInput` in the root
[INFO] [stdout]     |                  |     |         |
[INFO] [stdout]     |                  |     |         no `DataStruct` in the root
[INFO] [stdout]     |                  |     no `DataEnum` in the root
[INFO] [stdout]     |                  no `Data` in the root
[INFO] [stdout]     |
[INFO] [stdout]     = help: consider importing this variant instead:
[INFO] [stdout]             serde_json::error::Category::Data
[INFO] [stdout] note: found an item that was configured out
[INFO] [stdout]    --> /opt/rustwide/cargo-home/registry/src/index.crates.io-6f17d22bba15001f/syn-1.0.109/src/lib.rs:392:25
[INFO] [stdout]     |
[INFO] [stdout] 392 | pub use crate::derive::{Data, DataEnum, DataStruct, DataUnion, DeriveInput};
[INFO] [stdout]     |                         ^^^^
[INFO] [stdout]     = note: the item is gated behind the `derive` feature
[INFO] [stdout] note: found an item that was configured out
[INFO] [stdout]    --> /opt/rustwide/cargo-home/registry/src/index.crates.io-6f17d22bba15001f/syn-1.0.109/src/lib.rs:392:31
[INFO] [stdout]     |
[INFO] [stdout] 392 | pub use crate::derive::{Data, DataEnum, DataStruct, DataUnion, DeriveInput};
[INFO] [stdout]     |                               ^^^^^^^^
[INFO] [stdout]     = note: the item is gated behind the `derive` feature
[INFO] [stdout] note: found an item that was configured out
[INFO] [stdout]    --> /opt/rustwide/cargo-home/registry/src/index.crates.io-6f17d22bba15001f/syn-1.0.109/src/lib.rs:392:41
[INFO] [stdout]     |
[INFO] [stdout] 392 | pub use crate::derive::{Data, DataEnum, DataStruct, DataUnion, DeriveInput};
[INFO] [stdout]     |                                         ^^^^^^^^^^
[INFO] [stdout]     = note: the item is gated behind the `derive` feature
[INFO] [stdout] note: found an item that was configured out
[INFO] [stdout]    --> /opt/rustwide/cargo-home/registry/src/index.crates.io-6f17d22bba15001f/syn-1.0.109/src/lib.rs:392:64
[INFO] [stdout]     |
[INFO] [stdout] 392 | pub use crate::derive::{Data, DataEnum, DataStruct, DataUnion, DeriveInput};
[INFO] [stdout]     |                                                                ^^^^^^^^^^^
[INFO] [stdout]     = note: the item is gated behind the `derive` feature
[INFO] [stdout] help: a similar name exists in the module
[INFO] [stdout]     |
[INFO] [stdout] 11  |     parse_quote, data, DataEnum, DataStruct, DeriveInput, Expr, Field, Fields, FieldsNamed,
[INFO] [stdout]     |                  ~~~~
[INFO] [stdout] help: a similar name exists in the module
[INFO] [stdout]     |
[INFO] [stdout] 11  |     parse_quote, Data, DataEnum, PatStruct, DeriveInput, Expr, Field, Fields, FieldsNamed,
[INFO] [stdout]     |                                  ~~~~~~~~~
[INFO] [stdout] 
[INFO] [stdout] 
[INFO] [stdout] error[E0432]: unresolved imports `syn::Data`, `syn::DataStruct`, `syn::DeriveInput`
[INFO] [stdout]    --> /opt/rustwide/cargo-home/registry/src/index.crates.io-6f17d22bba15001f/sqlx-macros-0.5.13/src/derives/row.rs:4:56
[INFO] [stdout]     |
[INFO] [stdout] 4   |     parse_quote, punctuated::Punctuated, token::Comma, Data, DataStruct, DeriveInput, Field,
[INFO] [stdout]     |                                                        ^^^^  ^^^^^^^^^^  ^^^^^^^^^^^ no `DeriveInput` in the root
[INFO] [stdout]     |                                                        |     |
[INFO] [stdout]     |                                                        |     no `DataStruct` in the root
[INFO] [stdout]     |                                                        no `Data` in the root
[INFO] [stdout]     |
[INFO] [stdout]     = help: consider importing this variant instead:
[INFO] [stdout]             serde_json::error::Category::Data
[INFO] [stdout] note: found an item that was configured out
[INFO] [stdout]    --> /opt/rustwide/cargo-home/registry/src/index.crates.io-6f17d22bba15001f/syn-1.0.109/src/lib.rs:392:25
[INFO] [stdout]     |
[INFO] [stdout] 392 | pub use crate::derive::{Data, DataEnum, DataStruct, DataUnion, DeriveInput};
[INFO] [stdout]     |                         ^^^^
[INFO] [stdout]     = note: the item is gated behind the `derive` feature
[INFO] [stdout] note: found an item that was configured out
[INFO] [stdout]    --> /opt/rustwide/cargo-home/registry/src/index.crates.io-6f17d22bba15001f/syn-1.0.109/src/lib.rs:392:41
[INFO] [stdout]     |
[INFO] [stdout] 392 | pub use crate::derive::{Data, DataEnum, DataStruct, DataUnion, DeriveInput};
[INFO] [stdout]     |                                         ^^^^^^^^^^
[INFO] [stdout]     = note: the item is gated behind the `derive` feature
[INFO] [stdout] note: found an item that was configured out
[INFO] [stdout]    --> /opt/rustwide/cargo-home/registry/src/index.crates.io-6f17d22bba15001f/syn-1.0.109/src/lib.rs:392:64
[INFO] [stdout]     |
[INFO] [stdout] 392 | pub use crate::derive::{Data, DataEnum, DataStruct, DataUnion, DeriveInput};
[INFO] [stdout]     |                                                                ^^^^^^^^^^^
[INFO] [stdout]     = note: the item is gated behind the `derive` feature
[INFO] [stdout] help: a similar name exists in the module
[INFO] [stdout]     |
[INFO] [stdout] 4   |     parse_quote, punctuated::Punctuated, token::Comma, data, DataStruct, DeriveInput, Field,
[INFO] [stdout]     |                                                        ~~~~
[INFO] [stdout] help: a similar name exists in the module
[INFO] [stdout]     |
[INFO] [stdout] 4   |     parse_quote, punctuated::Punctuated, token::Comma, Data, PatStruct, DeriveInput, Field,
[INFO] [stdout]     |                                                              ~~~~~~~~~
[INFO] [stdout] 
[INFO] [stdout] 
[INFO] [stdout] error[E0432]: unresolved imports `syn::Data`, `syn::DataEnum`, `syn::DataStruct`, `syn::DeriveInput`
[INFO] [stdout]    --> /opt/rustwide/cargo-home/registry/src/index.crates.io-6f17d22bba15001f/sqlx-macros-0.5.13/src/derives/type.rs:10:18
[INFO] [stdout]     |
[INFO] [stdout] 10  |     parse_quote, Data, DataEnum, DataStruct, DeriveInput, Field, Fields, FieldsNamed,
[INFO] [stdout]     |                  ^^^^  ^^^^^^^^  ^^^^^^^^^^  ^^^^^^^^^^^ no `DeriveInput` in the root
[INFO] [stdout]     |                  |     |         |
[INFO] [stdout]     |                  |     |         no `DataStruct` in the root
[INFO] [stdout]     |                  |     no `DataEnum` in the root
[INFO] [stdout]     |                  no `Data` in the root
[INFO] [stdout]     |
[INFO] [stdout]     = help: consider importing this variant instead:
[INFO] [stdout]             serde_json::error::Category::Data
[INFO] [stdout] note: found an item that was configured out
[INFO] [stdout]    --> /opt/rustwide/cargo-home/registry/src/index.crates.io-6f17d22bba15001f/syn-1.0.109/src/lib.rs:392:25
[INFO] [stdout]     |
[INFO] [stdout] 392 | pub use crate::derive::{Data, DataEnum, DataStruct, DataUnion, DeriveInput};
[INFO] [stdout]     |                         ^^^^
[INFO] [stdout]     = note: the item is gated behind the `derive` feature
[INFO] [stdout] note: found an item that was configured out
[INFO] [stdout]    --> /opt/rustwide/cargo-home/registry/src/index.crates.io-6f17d22bba15001f/syn-1.0.109/src/lib.rs:392:31
[INFO] [stdout]     |
[INFO] [stdout] 392 | pub use crate::derive::{Data, DataEnum, DataStruct, DataUnion, DeriveInput};
[INFO] [stdout]     |                               ^^^^^^^^
[INFO] [stdout]     = note: the item is gated behind the `derive` feature
[INFO] [stdout] note: found an item that was configured out
[INFO] [stdout]    --> /opt/rustwide/cargo-home/registry/src/index.crates.io-6f17d22bba15001f/syn-1.0.109/src/lib.rs:392:41
[INFO] [stdout]     |
[INFO] [stdout] 392 | pub use crate::derive::{Data, DataEnum, DataStruct, DataUnion, DeriveInput};
[INFO] [stdout]     |                                         ^^^^^^^^^^
[INFO] [stdout]     = note: the item is gated behind the `derive` feature
[INFO] [stdout] note: found an item that was configured out
[INFO] [stdout]    --> /opt/rustwide/cargo-home/registry/src/index.crates.io-6f17d22bba15001f/syn-1.0.109/src/lib.rs:392:64
[INFO] [stdout]     |
[INFO] [stdout] 392 | pub use crate::derive::{Data, DataEnum, DataStruct, DataUnion, DeriveInput};
[INFO] [stdout]     |                                                                ^^^^^^^^^^^
[INFO] [stdout]     = note: the item is gated behind the `derive` feature
[INFO] [stdout] help: a similar name exists in the module
[INFO] [stdout]     |
[INFO] [stdout] 10  |     parse_quote, data, DataEnum, DataStruct, DeriveInput, Field, Fields, FieldsNamed,
[INFO] [stdout]     |                  ~~~~
[INFO] [stdout] help: a similar name exists in the module
[INFO] [stdout]     |
[INFO] [stdout] 10  |     parse_quote, Data, DataEnum, PatStruct, DeriveInput, Field, Fields, FieldsNamed,
[INFO] [stdout]     |                                  ~~~~~~~~~
[INFO] [stdout] 
[INFO] [stdout] 
[INFO] [stdout] error[E0432]: unresolved import `syn::DeriveInput`
[INFO] [stdout]    --> /opt/rustwide/cargo-home/registry/src/index.crates.io-6f17d22bba15001f/sqlx-macros-0.5.13/src/derives/mod.rs:16:5
[INFO] [stdout]     |
[INFO] [stdout] 16  | use syn::DeriveInput;
[INFO] [stdout]     |     ^^^^^^^^^^^^^^^^ no `DeriveInput` in the root
[INFO] [stdout]     |
[INFO] [stdout] note: found an item that was configured out
[INFO] [stdout]    --> /opt/rustwide/cargo-home/registry/src/index.crates.io-6f17d22bba15001f/syn-1.0.109/src/lib.rs:392:64
[INFO] [stdout]     |
[INFO] [stdout] 392 | pub use crate::derive::{Data, DataEnum, DataStruct, DataUnion, DeriveInput};
[INFO] [stdout]     |                                                                ^^^^^^^^^^^
[INFO] [stdout]     = note: the item is gated behind the `derive` feature
[INFO] [stdout] 
[INFO] [stdout] 
[INFO] [stdout] error[E0412]: cannot find type `DeriveInput` in crate `syn`
[INFO] [stdout]    --> /opt/rustwide/cargo-home/registry/src/index.crates.io-6f17d22bba15001f/sqlx-macros-0.5.13/src/lib.rs:46:61
[INFO] [stdout]     |
[INFO] [stdout] 46  |     let input = syn::parse_macro_input!(tokenstream as syn::DeriveInput);
[INFO] [stdout]     |                                                             ^^^^^^^^^^^ not found in `syn`
[INFO] [stdout]     |
[INFO] [stdout] note: found an item that was configured out
[INFO] [stdout]    --> /opt/rustwide/cargo-home/registry/src/index.crates.io-6f17d22bba15001f/syn-1.0.109/src/lib.rs:392:64
[INFO] [stdout]     |
[INFO] [stdout] 392 | pub use crate::derive::{Data, DataEnum, DataStruct, DataUnion, DeriveInput};
[INFO] [stdout]     |                                                                ^^^^^^^^^^^
[INFO] [stdout]     = note: the item is gated behind the `derive` feature
[INFO] [stdout] 
[INFO] [stdout] 
[INFO] [stdout] error[E0412]: cannot find type `DeriveInput` in crate `syn`
[INFO] [stdout]    --> /opt/rustwide/cargo-home/registry/src/index.crates.io-6f17d22bba15001f/sqlx-macros-0.5.13/src/lib.rs:55:61
[INFO] [stdout]     |
[INFO] [stdout] 55  |     let input = syn::parse_macro_input!(tokenstream as syn::DeriveInput);
[INFO] [stdout]     |                                                             ^^^^^^^^^^^ not found in `syn`
[INFO] [stdout]     |
[INFO] [stdout] note: found an item that was configured out
[INFO] [stdout]    --> /opt/rustwide/cargo-home/registry/src/index.crates.io-6f17d22bba15001f/syn-1.0.109/src/lib.rs:392:64
[INFO] [stdout]     |
[INFO] [stdout] 392 | pub use crate::derive::{Data, DataEnum, DataStruct, DataUnion, DeriveInput};
[INFO] [stdout]     |                                                                ^^^^^^^^^^^
[INFO] [stdout]     = note: the item is gated behind the `derive` feature
[INFO] [stdout] 
[INFO] [stdout] 
[INFO] [stdout] error[E0412]: cannot find type `DeriveInput` in crate `syn`
[INFO] [stdout]    --> /opt/rustwide/cargo-home/registry/src/index.crates.io-6f17d22bba15001f/sqlx-macros-0.5.13/src/lib.rs:64:61
[INFO] [stdout]     |
[INFO] [stdout] 64  |     let input = syn::parse_macro_input!(tokenstream as syn::DeriveInput);
[INFO] [stdout]     |                                                             ^^^^^^^^^^^ not found in `syn`
[INFO] [stdout]     |
[INFO] [stdout] note: found an item that was configured out
[INFO] [stdout]    --> /opt/rustwide/cargo-home/registry/src/index.crates.io-6f17d22bba15001f/syn-1.0.109/src/lib.rs:392:64
[INFO] [stdout]     |
[INFO] [stdout] 392 | pub use crate::derive::{Data, DataEnum, DataStruct, DataUnion, DeriveInput};
[INFO] [stdout]     |                                                                ^^^^^^^^^^^
[INFO] [stdout]     = note: the item is gated behind the `derive` feature
[INFO] [stdout] 
[INFO] [stdout] 
[INFO] [stdout] error[E0412]: cannot find type `DeriveInput` in crate `syn`
[INFO] [stdout]    --> /opt/rustwide/cargo-home/registry/src/index.crates.io-6f17d22bba15001f/sqlx-macros-0.5.13/src/lib.rs:73:55
[INFO] [stdout]     |
[INFO] [stdout] 73  |     let input = syn::parse_macro_input!(input as syn::DeriveInput);
[INFO] [stdout]     |                                                       ^^^^^^^^^^^ not found in `syn`
[INFO] [stdout]     |
[INFO] [stdout] note: found an item that was configured out
[INFO] [stdout]    --> /opt/rustwide/cargo-home/registry/src/index.crates.io-6f17d22bba15001f/syn-1.0.109/src/lib.rs:392:64
[INFO] [stdout]     |
[INFO] [stdout] 392 | pub use crate::derive::{Data, DataEnum, DataStruct, DataUnion, DeriveInput};
[INFO] [stdout]     |                                                                ^^^^^^^^^^^
[INFO] [stdout]     = note: the item is gated behind the `derive` feature
[INFO] [stdout] 
[INFO] [stdout] 
[INFO] [stdout] error[E0308]: mismatched types
[INFO] [stdout]    --> /opt/rustwide/cargo-home/registry/src/index.crates.io-6f17d22bba15001f/sqlx-macros-0.5.13/src/derives/decode.rs:31:50
[INFO] [stdout]     |
[INFO] [stdout] 31  |         }) => expand_derive_decode_struct(input, named),
[INFO] [stdout]     |               ---------------------------        ^^^^^ expected `&Punctuated<Field, Comma>`, found `Punctuated<Field, Comma>`
[INFO] [stdout]     |               |
[INFO] [stdout]     |               arguments to this function are incorrect
[INFO] [stdout]     |
[INFO] [stdout]     = note: expected reference `&syn::punctuated::Punctuated<syn::Field, syn::token::Comma>`
[INFO] [stdout]                   found struct `syn::punctuated::Punctuated<syn::Field, syn::token::Comma>`
[INFO] [stdout] note: function defined here
[INFO] [stdout]    --> /opt/rustwide/cargo-home/registry/src/index.crates.io-6f17d22bba15001f/sqlx-macros-0.5.13/src/derives/decode.rs:257:4
[INFO] [stdout]     |
[INFO] [stdout] 257 | fn expand_derive_decode_struct(
[INFO] [stdout]     |    ^^^^^^^^^^^^^^^^^^^^^^^^^^^
[INFO] [stdout] 258 |     input: &DeriveInput,
[INFO] [stdout] 259 |     fields: &Punctuated<Field, Comma>,
[INFO] [stdout]     |     ---------------------------------
[INFO] [stdout] help: consider borrowing here
[INFO] [stdout]     |
[INFO] [stdout] 31  |         }) => expand_derive_decode_struct(input, &named),
[INFO] [stdout]     |                                                  +
[INFO] [stdout] 
[INFO] [stdout] 
[INFO] [stdout] error[E0308]: mismatched types
[INFO] [stdout]    --> /opt/rustwide/cargo-home/registry/src/index.crates.io-6f17d22bba15001f/sqlx-macros-0.5.13/src/derives/encode.rs:32:50
[INFO] [stdout]     |
[INFO] [stdout] 32  |         }) => expand_derive_encode_struct(input, named),
[INFO] [stdout]     |               ---------------------------        ^^^^^ expected `&Punctuated<Field, Comma>`, found `Punctuated<Field, Comma>`
[INFO] [stdout]     |               |
[INFO] [stdout]     |               arguments to this function are incorrect
[INFO] [stdout]     |
[INFO] [stdout]     = note: expected reference `&syn::punctuated::Punctuated<syn::Field, syn::token::Comma>`
[INFO] [stdout]                   found struct `syn::punctuated::Punctuated<syn::Field, syn::token::Comma>`
[INFO] [stdout] note: function defined here
[INFO] [stdout]    --> /opt/rustwide/cargo-home/registry/src/index.crates.io-6f17d22bba15001f/sqlx-macros-0.5.13/src/derives/encode.rs:196:4
[INFO] [stdout]     |
[INFO] [stdout] 196 | fn expand_derive_encode_struct(
[INFO] [stdout]     |    ^^^^^^^^^^^^^^^^^^^^^^^^^^^
[INFO] [stdout] 197 |     input: &DeriveInput,
[INFO] [stdout] 198 |     fields: &Punctuated<Field, Comma>,
[INFO] [stdout]     |     ---------------------------------
[INFO] [stdout] help: consider borrowing here
[INFO] [stdout]     |
[INFO] [stdout] 32  |         }) => expand_derive_encode_struct(input, &named),
[INFO] [stdout]     |                                                  +
[INFO] [stdout] 
[INFO] [stdout] 
[INFO] [stdout] error[E0308]: mismatched types
[INFO] [stdout]   --> /opt/rustwide/cargo-home/registry/src/index.crates.io-6f17d22bba15001f/sqlx-macros-0.5.13/src/derives/row.rs:18:52
[INFO] [stdout]    |
[INFO] [stdout] 18 |         }) => expand_derive_from_row_struct(input, named),
[INFO] [stdout]    |               -----------------------------        ^^^^^ expected `&Punctuated<Field, Comma>`, found `Punctuated<Field, Comma>`
[INFO] [stdout]    |               |
[INFO] [stdout]    |               arguments to this function are incorrect
[INFO] [stdout]    |
[INFO] [stdout]    = note: expected reference `&syn::punctuated::Punctuated<syn::Field, syn::token::Comma>`
[INFO] [stdout]                  found struct `syn::punctuated::Punctuated<syn::Field, syn::token::Comma>`
[INFO] [stdout] note: function defined here
[INFO] [stdout]   --> /opt/rustwide/cargo-home/registry/src/index.crates.io-6f17d22bba15001f/sqlx-macros-0.5.13/src/derives/row.rs:39:4
[INFO] [stdout]    |
[INFO] [stdout] 39 | fn expand_derive_from_row_struct(
[INFO] [stdout]    |    ^^^^^^^^^^^^^^^^^^^^^^^^^^^^^
[INFO] [stdout] 40 |     input: &DeriveInput,
[INFO] [stdout] 41 |     fields: &Punctuated<Field, Comma>,
[INFO] [stdout]    |     ---------------------------------
[INFO] [stdout] help: consider borrowing here
[INFO] [stdout]    |
[INFO] [stdout] 18 |         }) => expand_derive_from_row_struct(input, &named),
[INFO] [stdout]    |                                                    +
[INFO] [stdout] 
[INFO] [stdout] 
[INFO] [stdout] error[E0308]: mismatched types
[INFO] [stdout]    --> /opt/rustwide/cargo-home/registry/src/index.crates.io-6f17d22bba15001f/sqlx-macros-0.5.13/src/derives/row.rs:23:60
[INFO] [stdout]     |
[INFO] [stdout] 23  |         }) => expand_derive_from_row_struct_unnamed(input, unnamed),
[INFO] [stdout]     |               -------------------------------------        ^^^^^^^ expected `&Punctuated<Field, Comma>`, found `Punctuated<Field, Comma>`
[INFO] [stdout]     |               |
[INFO] [stdout]     |               arguments to this function are incorrect
[INFO] [stdout]     |
[INFO] [stdout]     = note: expected reference `&syn::punctuated::Punctuated<syn::Field, syn::token::Comma>`
[INFO] [stdout]                   found struct `syn::punctuated::Punctuated<syn::Field, syn::token::Comma>`
[INFO] [stdout] note: function defined here
[INFO] [stdout]    --> /opt/rustwide/cargo-home/registry/src/index.crates.io-6f17d22bba15001f/sqlx-macros-0.5.13/src/derives/row.rs:123:4
[INFO] [stdout]     |
[INFO] [stdout] 123 | fn expand_derive_from_row_struct_unnamed(
[INFO] [stdout]     |    ^^^^^^^^^^^^^^^^^^^^^^^^^^^^^^^^^^^^^
[INFO] [stdout] 124 |     input: &DeriveInput,
[INFO] [stdout] 125 |     fields: &Punctuated<Field, Comma>,
[INFO] [stdout]     |     ---------------------------------
[INFO] [stdout] help: consider borrowing here
[INFO] [stdout]     |
[INFO] [stdout] 23  |         }) => expand_derive_from_row_struct_unnamed(input, &unnamed),
[INFO] [stdout]     |                                                            +
[INFO] [stdout] 
[INFO] [stdout] 
[INFO] [stdout] error[E0308]: mismatched types
[INFO] [stdout]    --> /opt/rustwide/cargo-home/registry/src/index.crates.io-6f17d22bba15001f/sqlx-macros-0.5.13/src/derives/type.rs:30:56
[INFO] [stdout]     |
[INFO] [stdout] 30  |         }) => expand_derive_has_sql_type_struct(input, named),
[INFO] [stdout]     |               ---------------------------------        ^^^^^ expected `&Punctuated<Field, Comma>`, found `Punctuated<Field, Comma>`
[INFO] [stdout]     |               |
[INFO] [stdout]     |               arguments to this function are incorrect
[INFO] [stdout]     |
[INFO] [stdout]     = note: expected reference `&syn::punctuated::Punctuated<syn::Field, syn::token::Comma>`
[INFO] [stdout]                   found struct `syn::punctuated::Punctuated<syn::Field, syn::token::Comma>`
[INFO] [stdout] note: function defined here
[INFO] [stdout]    --> /opt/rustwide/cargo-home/registry/src/index.crates.io-6f17d22bba15001f/sqlx-macros-0.5.13/src/derives/type.rs:186:4
[INFO] [stdout]     |
[INFO] [stdout] 186 | fn expand_derive_has_sql_type_struct(
[INFO] [stdout]     |    ^^^^^^^^^^^^^^^^^^^^^^^^^^^^^^^^^
[INFO] [stdout] 187 |     input: &DeriveInput,
[INFO] [stdout] 188 |     fields: &Punctuated<Field, Comma>,
[INFO] [stdout]     |     ---------------------------------
[INFO] [stdout] help: consider borrowing here
[INFO] [stdout]     |
[INFO] [stdout] 30  |         }) => expand_derive_has_sql_type_struct(input, &named),
[INFO] [stdout]     |                                                        +
[INFO] [stdout] 
[INFO] [stdout] 
[INFO] [stdout] error[E0277]: the trait bound `syn::Expr: Clone` is not satisfied
[INFO] [stdout]   --> /opt/rustwide/cargo-home/registry/src/index.crates.io-6f17d22bba15001f/sqlx-macros-0.5.13/src/query/args.rs:29:43
[INFO] [stdout]    |
[INFO] [stdout] 29 |     let arg_expr = input.arg_exprs.iter().cloned().map(strip_wildcard);
[INFO] [stdout]    |                                           ^^^^^^ the trait `Clone` is not implemented for `syn::Expr`
[INFO] [stdout]    |
[INFO] [stdout] note: required by a bound in `cloned`
[INFO] [stdout]   --> /rustc/82e1608dfa6e0b5569232559e3d385fea5a93112/library/core/src/iter/traits/iterator.rs:3517:5
[INFO] [stdout] 
[INFO] [stdout] 
[INFO] [stdout] error[E0599]: the method `map` exists for struct `Cloned<Iter<'_, Expr>>`, but its trait bounds were not satisfied
[INFO] [stdout]   --> /opt/rustwide/cargo-home/registry/src/index.crates.io-6f17d22bba15001f/sqlx-macros-0.5.13/src/query/args.rs:29:52
[INFO] [stdout]    |
[INFO] [stdout] 29 |     let arg_expr = input.arg_exprs.iter().cloned().map(strip_wildcard);
[INFO] [stdout]    |                                                    ^^^ method cannot be called on `Cloned<Iter<'_, Expr>>` due to unsatisfied trait bounds
[INFO] [stdout]   --> /rustc/82e1608dfa6e0b5569232559e3d385fea5a93112/library/core/src/iter/adapters/cloned.rs:17:1
[INFO] [stdout]    |
[INFO] [stdout]    = note: doesn't satisfy `Cloned<std::slice::Iter<'_, syn::Expr>>: Iterator`
[INFO] [stdout]    |
[INFO] [stdout]    = note: the following trait bounds were not satisfied:
[INFO] [stdout]            `Cloned<std::slice::Iter<'_, syn::Expr>>: Iterator`
[INFO] [stdout]            which is required by `&mut Cloned<std::slice::Iter<'_, syn::Expr>>: Iterator`
[INFO] [stdout] 
[INFO] [stdout] 
[INFO] [stdout] error: aborting due to 17 previous errors
[INFO] [stdout] 
[INFO] [stdout] 
[INFO] [stdout] Some errors have detailed explanations: E0277, E0308, E0412, E0432, E0599.
[INFO] [stdout] 
[INFO] [stdout] For more information about an error, try `rustc --explain E0277`.
[INFO] [stdout] 
[INFO] [stderr] error: could not compile `sqlx-macros` (lib) due to 18 previous errors
[INFO] running `Command { std: "docker" "inspect" "f23d41b884b129de4d5603f0fcd0da7631a149df50356c719986837a152361f0", kill_on_drop: false }`
[INFO] running `Command { std: "docker" "rm" "-f" "f23d41b884b129de4d5603f0fcd0da7631a149df50356c719986837a152361f0", kill_on_drop: false }`
[INFO] [stdout] f23d41b884b129de4d5603f0fcd0da7631a149df50356c719986837a152361f0
