[INFO] fetching crate event-store-adapter-rs 0.2.28...
[INFO] testing event-store-adapter-rs-0.2.28 against 1.75.0 for beta-1.76-1
[INFO] extracting crate event-store-adapter-rs 0.2.28 into /workspace/builds/worker-6-tc1/source
[INFO] validating manifest of crates.io crate event-store-adapter-rs 0.2.28 on toolchain 1.75.0
[INFO] running `Command { std: CARGO_HOME="/workspace/cargo-home" RUSTUP_HOME="/workspace/rustup-home" "/workspace/cargo-home/bin/cargo" "+1.75.0" "metadata" "--manifest-path" "Cargo.toml" "--no-deps", kill_on_drop: false }`
[INFO] started tweaking crates.io crate event-store-adapter-rs 0.2.28
[INFO] finished tweaking crates.io crate event-store-adapter-rs 0.2.28
[INFO] tweaked toml for crates.io crate event-store-adapter-rs 0.2.28 written to /workspace/builds/worker-6-tc1/source/Cargo.toml
[INFO] running `Command { std: CARGO_HOME="/workspace/cargo-home" RUSTUP_HOME="/workspace/rustup-home" "/workspace/cargo-home/bin/cargo" "+1.75.0" "generate-lockfile" "--manifest-path" "Cargo.toml", kill_on_drop: false }`
[INFO] [stderr]     Updating crates.io index
[INFO] running `Command { std: CARGO_HOME="/workspace/cargo-home" RUSTUP_HOME="/workspace/rustup-home" "/workspace/cargo-home/bin/cargo" "+1.75.0" "fetch" "--manifest-path" "Cargo.toml", kill_on_drop: false }`
[INFO] [stderr]  Downloading crates ...
[INFO] [stderr]   Downloaded serial_test v2.0.0
[INFO] [stderr]   Downloaded serial_test_derive v2.0.0
[INFO] [stderr]   Downloaded testcontainers v0.15.0
[INFO] [stderr]   Downloaded bollard-stubs v1.42.0-rc.3
[INFO] [stderr]   Downloaded ulid-generator-rs v0.0.93
[INFO] [stderr]   Downloaded aws-sdk-dynamodb v0.39.0
[INFO] running `Command { std: "docker" "create" "-v" "/var/lib/crater-agent-workspace/builds/worker-6-tc1/target:/opt/rustwide/target:rw,Z" "-v" "/var/lib/crater-agent-workspace/builds/worker-6-tc1/source:/opt/rustwide/workdir:ro,Z" "-v" "/var/lib/crater-agent-workspace/cargo-home:/opt/rustwide/cargo-home:ro,Z" "-v" "/var/lib/crater-agent-workspace/rustup-home:/opt/rustwide/rustup-home:ro,Z" "-e" "SOURCE_DIR=/opt/rustwide/workdir" "-e" "CARGO_TARGET_DIR=/opt/rustwide/target" "-e" "CARGO_HOME=/opt/rustwide/cargo-home" "-e" "RUSTUP_HOME=/opt/rustwide/rustup-home" "-w" "/opt/rustwide/workdir" "-m" "1610612736" "--user" "0:0" "--network" "none" "ghcr.io/rust-lang/crates-build-env/linux@sha256:2788e3201cd34a07e3172128adcd8b3090168a8e3bcc40d7c032b9dda1df7d1c" "/opt/rustwide/cargo-home/bin/cargo" "+1.75.0" "metadata" "--no-deps" "--format-version=1", kill_on_drop: false }`
[INFO] [stdout] 8405e6d2093f1495f806ebf69a325120f23de146a5bcbe85d0e99229ca2408fc
[INFO] running `Command { std: "docker" "start" "-a" "8405e6d2093f1495f806ebf69a325120f23de146a5bcbe85d0e99229ca2408fc", kill_on_drop: false }`
[INFO] running `Command { std: "docker" "inspect" "8405e6d2093f1495f806ebf69a325120f23de146a5bcbe85d0e99229ca2408fc", kill_on_drop: false }`
[INFO] running `Command { std: "docker" "rm" "-f" "8405e6d2093f1495f806ebf69a325120f23de146a5bcbe85d0e99229ca2408fc", kill_on_drop: false }`
[INFO] [stdout] 8405e6d2093f1495f806ebf69a325120f23de146a5bcbe85d0e99229ca2408fc
[INFO] running `Command { std: "docker" "create" "-v" "/var/lib/crater-agent-workspace/builds/worker-6-tc1/target:/opt/rustwide/target:rw,Z" "-v" "/var/lib/crater-agent-workspace/builds/worker-6-tc1/source:/opt/rustwide/workdir:ro,Z" "-v" "/var/lib/crater-agent-workspace/cargo-home:/opt/rustwide/cargo-home:ro,Z" "-v" "/var/lib/crater-agent-workspace/rustup-home:/opt/rustwide/rustup-home:ro,Z" "-e" "SOURCE_DIR=/opt/rustwide/workdir" "-e" "CARGO_TARGET_DIR=/opt/rustwide/target" "-e" "CARGO_INCREMENTAL=0" "-e" "RUST_BACKTRACE=full" "-e" "RUSTFLAGS=--cap-lints=warn" "-e" "RUSTDOCFLAGS=--cap-lints=warn" "-e" "CARGO_HOME=/opt/rustwide/cargo-home" "-e" "RUSTUP_HOME=/opt/rustwide/rustup-home" "-w" "/opt/rustwide/workdir" "-m" "1610612736" "--user" "0:0" "--network" "none" "ghcr.io/rust-lang/crates-build-env/linux@sha256:2788e3201cd34a07e3172128adcd8b3090168a8e3bcc40d7c032b9dda1df7d1c" "/opt/rustwide/cargo-home/bin/cargo" "+1.75.0" "build" "--frozen" "--message-format=json", kill_on_drop: false }`
[INFO] [stdout] cf41c2869b9464365fe5f2db533cfa69017afcd5c9ef8a27071d60c317d0775d
[INFO] running `Command { std: "docker" "start" "-a" "cf41c2869b9464365fe5f2db533cfa69017afcd5c9ef8a27071d60c317d0775d", kill_on_drop: false }`
[INFO] [stderr]    Compiling bytes v1.5.0
[INFO] [stderr]    Compiling pin-project-lite v0.2.13
[INFO] [stderr]    Compiling futures-core v0.3.30
[INFO] [stderr]    Compiling fnv v1.0.7
[INFO] [stderr]    Compiling pin-utils v0.1.0
[INFO] [stderr]    Compiling futures-sink v0.3.30
[INFO] [stderr]    Compiling libc v0.2.151
[INFO] [stderr]    Compiling futures-task v0.3.30
[INFO] [stderr]    Compiling powerfmt v0.2.0
[INFO] [stderr]    Compiling vsimd v0.8.0
[INFO] [stderr]    Compiling tracing-core v0.1.32
[INFO] [stderr]    Compiling num-integer v0.1.45
[INFO] [stderr]    Compiling time-core v0.1.2
[INFO] [stderr]    Compiling mio v0.8.10
[INFO] [stderr]    Compiling socket2 v0.5.5
[INFO] [stderr]    Compiling syn v2.0.48
[INFO] [stderr]    Compiling signal-hook-registry v1.4.1
[INFO] [stderr]    Compiling outref v0.5.1
[INFO] [stderr]    Compiling futures-util v0.3.30
[INFO] [stderr]    Compiling typenum v1.17.0
[INFO] [stderr]    Compiling generic-array v0.14.7
[INFO] [stderr]    Compiling semver v1.0.21
[INFO] [stderr]    Compiling zeroize v1.7.0
[INFO] [stderr]    Compiling deranged v0.3.11
[INFO] [stderr]    Compiling getrandom v0.2.11
[INFO] [stderr]    Compiling untrusted v0.9.0
[INFO] [stderr]    Compiling spin v0.9.8
[INFO] [stderr]    Compiling slab v0.4.9
[INFO] [stderr]    Compiling hashbrown v0.14.3
[INFO] [stderr]    Compiling subtle v2.5.0
[INFO] [stderr]    Compiling rustls v0.21.10
[INFO] [stderr]    Compiling equivalent v1.0.1
[INFO] [stderr]    Compiling base64-simd v0.8.0
[INFO] [stderr]    Compiling httparse v1.8.0
[INFO] [stderr]    Compiling try-lock v0.2.5
[INFO] [stderr]    Compiling base64 v0.21.5
[INFO] [stderr]    Compiling want v0.3.1
[INFO] [stderr]    Compiling tokio v1.35.1
[INFO] [stderr]    Compiling http v0.2.11
[INFO] [stderr]    Compiling bytes-utils v0.1.4
[INFO] [stderr]    Compiling rustc_version v0.4.0
[INFO] [stderr]    Compiling futures-channel v0.3.30
[INFO] [stderr]    Compiling cc v1.0.83
[INFO] [stderr]    Compiling rustls-pemfile v1.0.4
[INFO] [stderr]    Compiling httpdate v1.0.3
[INFO] [stderr]    Compiling aws-types v1.1.1
[INFO] [stderr]    Compiling cpufeatures v0.2.12
[INFO] [stderr]    Compiling tower-service v0.3.2
[INFO] [stderr]    Compiling openssl-probe v0.1.5
[INFO] [stderr]    Compiling hex v0.4.3
[INFO] [stderr]    Compiling fastrand v2.0.1
[INFO] [stderr]    Compiling uuid v1.6.1
[INFO] [stderr]    Compiling http-body v0.4.6
[INFO] [stderr]    Compiling indexmap v2.1.0
[INFO] [stderr]    Compiling rustls-native-certs v0.6.3
[INFO] [stderr]    Compiling regex-lite v0.1.5
[INFO] [stderr]    Compiling memchr v2.7.1
[INFO] [stderr]    Compiling regex-syntax v0.8.2
[INFO] [stderr]    Compiling time v0.3.31
[INFO] [stderr]    Compiling urlencoding v2.1.3
[INFO] [stderr]    Compiling xmlparser v0.13.6
[INFO] [stderr]    Compiling async-trait v0.1.77
[INFO] [stderr]    Compiling iana-time-zone v0.1.59
[INFO] [stderr]    Compiling ring v0.17.7
[INFO] [stderr]    Compiling aws-smithy-xml v0.60.1
[INFO] [stderr]    Compiling aho-corasick v1.1.2
[INFO] [stderr]    Compiling block-buffer v0.10.4
[INFO] [stderr]    Compiling crypto-common v0.1.6
[INFO] [stderr]    Compiling digest v0.10.7
[INFO] [stderr]    Compiling sha2 v0.10.8
[INFO] [stderr]    Compiling hmac v0.12.1
[INFO] [stderr]    Compiling regex-automata v0.4.3
[INFO] [stderr]    Compiling tracing-attributes v0.1.27
[INFO] [stderr]    Compiling serde_derive v1.0.194
[INFO] [stderr]    Compiling thiserror-impl v1.0.56
[INFO] [stderr]    Compiling aws-smithy-async v1.1.1
[INFO] [stderr]    Compiling tracing v0.1.40
[INFO] [stderr]    Compiling thiserror v1.0.56
[INFO] [stderr]    Compiling tokio-util v0.7.10
[INFO] [stderr]    Compiling rustls-webpki v0.101.7
[INFO] [stderr]    Compiling sct v0.7.1
[INFO] [stderr]    Compiling regex v1.10.2
[INFO] [stderr]    Compiling aws-smithy-types v1.1.1
[INFO] [stderr]    Compiling h2 v0.3.22
[INFO] [stderr]    Compiling aws-smithy-runtime-api v1.1.1
[INFO] [stderr]    Compiling aws-smithy-json v0.60.1
[INFO] [stderr]    Compiling aws-smithy-query v0.60.1
[INFO] [stderr]    Compiling tokio-rustls v0.24.1
[INFO] [stderr]    Compiling serde v1.0.194
[INFO] [stderr]    Compiling aws-credential-types v1.1.1
[INFO] [stderr]    Compiling aws-smithy-http v0.60.1
[INFO] [stderr]    Compiling hyper v0.14.28
[INFO] [stderr]    Compiling aws-sigv4 v1.1.1
[INFO] [stderr]    Compiling aws-http v0.60.1
[INFO] [stderr]    Compiling aws-runtime v1.1.1
[INFO] [stderr]    Compiling chrono v0.4.31
[INFO] [stderr]    Compiling serde_json v1.0.111
[INFO] [stderr]    Compiling hyper-rustls v0.24.2
[INFO] [stderr]    Compiling aws-smithy-runtime v1.1.1
[INFO] [stderr]    Compiling aws-sdk-sts v1.9.0
[INFO] [stderr]    Compiling aws-sdk-sso v1.9.0
[INFO] [stderr]    Compiling aws-sdk-ssooidc v1.9.0
[INFO] [stderr]    Compiling aws-sdk-dynamodb v0.39.0
[INFO] [stderr]    Compiling aws-config v1.1.1
[INFO] [stderr]    Compiling event-store-adapter-rs v0.2.28 (/opt/rustwide/workdir)
[INFO] [stderr]     Finished dev [unoptimized + debuginfo] target(s) in 55.90s
[INFO] running `Command { std: "docker" "inspect" "cf41c2869b9464365fe5f2db533cfa69017afcd5c9ef8a27071d60c317d0775d", kill_on_drop: false }`
[INFO] running `Command { std: "docker" "rm" "-f" "cf41c2869b9464365fe5f2db533cfa69017afcd5c9ef8a27071d60c317d0775d", kill_on_drop: false }`
[INFO] [stdout] cf41c2869b9464365fe5f2db533cfa69017afcd5c9ef8a27071d60c317d0775d
[INFO] running `Command { std: "docker" "create" "-v" "/var/lib/crater-agent-workspace/builds/worker-6-tc1/target:/opt/rustwide/target:rw,Z" "-v" "/var/lib/crater-agent-workspace/builds/worker-6-tc1/source:/opt/rustwide/workdir:ro,Z" "-v" "/var/lib/crater-agent-workspace/cargo-home:/opt/rustwide/cargo-home:ro,Z" "-v" "/var/lib/crater-agent-workspace/rustup-home:/opt/rustwide/rustup-home:ro,Z" "-e" "SOURCE_DIR=/opt/rustwide/workdir" "-e" "CARGO_TARGET_DIR=/opt/rustwide/target" "-e" "CARGO_INCREMENTAL=0" "-e" "RUST_BACKTRACE=full" "-e" "RUSTFLAGS=--cap-lints=warn" "-e" "RUSTDOCFLAGS=--cap-lints=warn" "-e" "CARGO_HOME=/opt/rustwide/cargo-home" "-e" "RUSTUP_HOME=/opt/rustwide/rustup-home" "-w" "/opt/rustwide/workdir" "-m" "1610612736" "--user" "0:0" "--network" "none" "ghcr.io/rust-lang/crates-build-env/linux@sha256:2788e3201cd34a07e3172128adcd8b3090168a8e3bcc40d7c032b9dda1df7d1c" "/opt/rustwide/cargo-home/bin/cargo" "+1.75.0" "test" "--frozen" "--no-run" "--message-format=json", kill_on_drop: false }`
[INFO] [stdout] d37c706818d76ff855d6fc29821c41f8015995d031952ea2affaf1afb40a0fb5
[INFO] running `Command { std: "docker" "start" "-a" "d37c706818d76ff855d6fc29821c41f8015995d031952ea2affaf1afb40a0fb5", kill_on_drop: false }`
[INFO] [stderr]    Compiling parking_lot_core v0.9.9
[INFO] [stderr]    Compiling smallvec v1.11.2
[INFO] [stderr]    Compiling scopeguard v1.2.0
[INFO] [stderr]    Compiling lock_api v0.4.11
[INFO] [stderr]    Compiling futures-channel v0.3.30
[INFO] [stderr]    Compiling futures-task v0.3.30
[INFO] [stderr]    Compiling futures-io v0.3.30
[INFO] [stderr]    Compiling num_cpus v1.16.0
[INFO] [stderr]    Compiling getrandom v0.2.11
[INFO] [stderr]    Compiling tokio-macros v2.2.0
[INFO] [stderr]    Compiling futures-macro v0.3.30
[INFO] [stderr]    Compiling log v0.4.20
[INFO] [stderr]    Compiling syn v1.0.109
[INFO] [stderr]    Compiling ident_case v1.0.1
[INFO] [stderr]    Compiling strsim v0.10.0
[INFO] [stderr]    Compiling rustix v0.38.28
[INFO] [stderr]    Compiling ppv-lite86 v0.2.17
[INFO] [stderr]    Compiling bitflags v2.4.1
[INFO] [stderr]    Compiling ring v0.17.7
[INFO] [stderr]    Compiling uuid v1.6.1
[INFO] [stderr]    Compiling rand_core v0.6.4
[INFO] [stderr]    Compiling linux-raw-sys v0.4.12
[INFO] [stderr]    Compiling serial_test_derive v2.0.0
[INFO] [stderr]    Compiling termcolor v1.4.0
[INFO] [stderr]    Compiling lazy_static v1.4.0
[INFO] [stderr]    Compiling humantime v2.1.0
[INFO] [stderr]    Compiling rand_chacha v0.3.1
[INFO] [stderr]    Compiling parking_lot v0.12.1
[INFO] [stderr]    Compiling dashmap v5.5.3
[INFO] [stderr]    Compiling rand v0.8.5
[INFO] [stderr]    Compiling futures-util v0.3.30
[INFO] [stderr]    Compiling tokio v1.35.1
[INFO] [stderr]    Compiling sct v0.7.1
[INFO] [stderr]    Compiling rustls-webpki v0.101.7
[INFO] [stderr]    Compiling is-terminal v0.4.10
[INFO] [stderr]    Compiling env_logger v0.10.1
[INFO] [stderr]    Compiling ulid-generator-rs v0.0.93
[INFO] [stderr]    Compiling rustls v0.21.10
[INFO] [stderr]    Compiling darling_core v0.13.4
[INFO] [stderr]    Compiling futures-executor v0.3.30
[INFO] [stderr]    Compiling futures v0.3.30
[INFO] [stderr]    Compiling serial_test v2.0.0
[INFO] [stderr]    Compiling darling_macro v0.13.4
[INFO] [stderr]    Compiling tokio-util v0.7.10
[INFO] [stderr]    Compiling aws-smithy-async v1.1.1
[INFO] [stderr]    Compiling tokio-rustls v0.24.1
[INFO] [stderr]    Compiling aws-smithy-types v1.1.1
[INFO] [stderr]    Compiling h2 v0.3.22
[INFO] [stderr]    Compiling darling v0.13.4
[INFO] [stderr]    Compiling serde_with_macros v1.5.2
[INFO] [stderr]    Compiling aws-smithy-runtime-api v1.1.1
[INFO] [stderr]    Compiling aws-smithy-json v0.60.1
[INFO] [stderr]    Compiling aws-smithy-query v0.60.1
[INFO] [stderr]    Compiling serde_with v1.14.0
[INFO] [stderr]    Compiling aws-credential-types v1.1.1
[INFO] [stderr]    Compiling aws-smithy-http v0.60.1
[INFO] [stderr]    Compiling aws-types v1.1.1
[INFO] [stderr]    Compiling aws-sigv4 v1.1.1
[INFO] [stderr]    Compiling aws-http v0.60.1
[INFO] [stderr]    Compiling aws-runtime v1.1.1
[INFO] [stderr]    Compiling hyper v0.14.28
[INFO] [stderr]    Compiling bollard-stubs v1.42.0-rc.3
[INFO] [stderr]    Compiling hyper-rustls v0.24.2
[INFO] [stderr]    Compiling aws-smithy-runtime v1.1.1
[INFO] [stderr]    Compiling aws-sdk-ssooidc v1.9.0
[INFO] [stderr]    Compiling aws-sdk-sts v1.9.0
[INFO] [stderr]    Compiling aws-sdk-sso v1.9.0
[INFO] [stderr]    Compiling aws-sdk-dynamodb v0.39.0
[INFO] [stderr]    Compiling aws-config v1.1.1
[INFO] [stderr]    Compiling testcontainers v0.15.0
[INFO] [stderr]    Compiling event-store-adapter-rs v0.2.28 (/opt/rustwide/workdir)
[INFO] [stdout] error[E0433]: failed to resolve: use of undeclared crate or module `event_store_adapter_test_utils_rs`
[INFO] [stdout]  --> src/event_store_test.rs:2:5
[INFO] [stdout]   |
[INFO] [stdout] 2 | use event_store_adapter_test_utils_rs::docker::dynamodb_local;
[INFO] [stdout]   |     ^^^^^^^^^^^^^^^^^^^^^^^^^^^^^^^^^ use of undeclared crate or module `event_store_adapter_test_utils_rs`
[INFO] [stdout] 
[INFO] [stdout] 
[INFO] [stdout] error[E0433]: failed to resolve: use of undeclared crate or module `event_store_adapter_test_utils_rs`
[INFO] [stdout]  --> src/event_store_test.rs:3:5
[INFO] [stdout]   |
[INFO] [stdout] 3 | use event_store_adapter_test_utils_rs::dynamodb::{
[INFO] [stdout]   |     ^^^^^^^^^^^^^^^^^^^^^^^^^^^^^^^^^ use of undeclared crate or module `event_store_adapter_test_utils_rs`
[INFO] [stdout] 
[INFO] [stdout] 
[INFO] [stdout] error[E0433]: failed to resolve: use of undeclared crate or module `event_store_adapter_test_utils_rs`
[INFO] [stdout]  --> src/event_store_test.rs:6:5
[INFO] [stdout]   |
[INFO] [stdout] 6 | use event_store_adapter_test_utils_rs::id_generator::id_generate;
[INFO] [stdout]   |     ^^^^^^^^^^^^^^^^^^^^^^^^^^^^^^^^^ use of undeclared crate or module `event_store_adapter_test_utils_rs`
[INFO] [stdout] 
[INFO] [stdout] 
[INFO] [stdout] error: aborting due to 3 previous errors
[INFO] [stdout] 
[INFO] [stdout] 
[INFO] [stdout] For more information about this error, try `rustc --explain E0433`.
[INFO] [stdout] 
[INFO] [stderr] error: could not compile `event-store-adapter-rs` (lib test) due to 4 previous errors
[INFO] running `Command { std: "docker" "inspect" "d37c706818d76ff855d6fc29821c41f8015995d031952ea2affaf1afb40a0fb5", kill_on_drop: false }`
[INFO] running `Command { std: "docker" "rm" "-f" "d37c706818d76ff855d6fc29821c41f8015995d031952ea2affaf1afb40a0fb5", kill_on_drop: false }`
[INFO] [stdout] d37c706818d76ff855d6fc29821c41f8015995d031952ea2affaf1afb40a0fb5
[INFO] testing event-store-adapter-rs-0.2.28 against beta-2023-12-22 for beta-1.76-1
[INFO] extracting crate event-store-adapter-rs 0.2.28 into /workspace/builds/worker-6-tc2/source
[INFO] validating manifest of crates.io crate event-store-adapter-rs 0.2.28 on toolchain beta-2023-12-22
[INFO] running `Command { std: CARGO_HOME="/workspace/cargo-home" RUSTUP_HOME="/workspace/rustup-home" "/workspace/cargo-home/bin/cargo" "+beta-2023-12-22" "metadata" "--manifest-path" "Cargo.toml" "--no-deps", kill_on_drop: false }`
[INFO] started tweaking crates.io crate event-store-adapter-rs 0.2.28
[INFO] finished tweaking crates.io crate event-store-adapter-rs 0.2.28
[INFO] tweaked toml for crates.io crate event-store-adapter-rs 0.2.28 written to /workspace/builds/worker-6-tc2/source/Cargo.toml
[INFO] running `Command { std: CARGO_HOME="/workspace/cargo-home" RUSTUP_HOME="/workspace/rustup-home" "/workspace/cargo-home/bin/cargo" "+beta-2023-12-22" "generate-lockfile" "--manifest-path" "Cargo.toml", kill_on_drop: false }`
[INFO] [stderr]     Updating crates.io index
[INFO] running `Command { std: CARGO_HOME="/workspace/cargo-home" RUSTUP_HOME="/workspace/rustup-home" "/workspace/cargo-home/bin/cargo" "+beta-2023-12-22" "fetch" "--manifest-path" "Cargo.toml", kill_on_drop: false }`
[INFO] running `Command { std: "docker" "create" "-v" "/var/lib/crater-agent-workspace/builds/worker-6-tc2/target:/opt/rustwide/target:rw,Z" "-v" "/var/lib/crater-agent-workspace/builds/worker-6-tc2/source:/opt/rustwide/workdir:ro,Z" "-v" "/var/lib/crater-agent-workspace/cargo-home:/opt/rustwide/cargo-home:ro,Z" "-v" "/var/lib/crater-agent-workspace/rustup-home:/opt/rustwide/rustup-home:ro,Z" "-e" "SOURCE_DIR=/opt/rustwide/workdir" "-e" "CARGO_TARGET_DIR=/opt/rustwide/target" "-e" "CARGO_HOME=/opt/rustwide/cargo-home" "-e" "RUSTUP_HOME=/opt/rustwide/rustup-home" "-w" "/opt/rustwide/workdir" "-m" "1610612736" "--user" "0:0" "--network" "none" "ghcr.io/rust-lang/crates-build-env/linux@sha256:2788e3201cd34a07e3172128adcd8b3090168a8e3bcc40d7c032b9dda1df7d1c" "/opt/rustwide/cargo-home/bin/cargo" "+beta-2023-12-22" "metadata" "--no-deps" "--format-version=1", kill_on_drop: false }`
[INFO] [stdout] a8e1012648dedc6f68fe4d7e34b201fd1a9a7523083de32dffb59d5dec1efb20
[INFO] running `Command { std: "docker" "start" "-a" "a8e1012648dedc6f68fe4d7e34b201fd1a9a7523083de32dffb59d5dec1efb20", kill_on_drop: false }`
[INFO] running `Command { std: "docker" "inspect" "a8e1012648dedc6f68fe4d7e34b201fd1a9a7523083de32dffb59d5dec1efb20", kill_on_drop: false }`
[INFO] running `Command { std: "docker" "rm" "-f" "a8e1012648dedc6f68fe4d7e34b201fd1a9a7523083de32dffb59d5dec1efb20", kill_on_drop: false }`
[INFO] [stdout] a8e1012648dedc6f68fe4d7e34b201fd1a9a7523083de32dffb59d5dec1efb20
[INFO] running `Command { std: "docker" "create" "-v" "/var/lib/crater-agent-workspace/builds/worker-6-tc2/target:/opt/rustwide/target:rw,Z" "-v" "/var/lib/crater-agent-workspace/builds/worker-6-tc2/source:/opt/rustwide/workdir:ro,Z" "-v" "/var/lib/crater-agent-workspace/cargo-home:/opt/rustwide/cargo-home:ro,Z" "-v" "/var/lib/crater-agent-workspace/rustup-home:/opt/rustwide/rustup-home:ro,Z" "-e" "SOURCE_DIR=/opt/rustwide/workdir" "-e" "CARGO_TARGET_DIR=/opt/rustwide/target" "-e" "CARGO_INCREMENTAL=0" "-e" "RUST_BACKTRACE=full" "-e" "RUSTFLAGS=--cap-lints=warn" "-e" "RUSTDOCFLAGS=--cap-lints=warn" "-e" "CARGO_HOME=/opt/rustwide/cargo-home" "-e" "RUSTUP_HOME=/opt/rustwide/rustup-home" "-w" "/opt/rustwide/workdir" "-m" "1610612736" "--user" "0:0" "--network" "none" "ghcr.io/rust-lang/crates-build-env/linux@sha256:2788e3201cd34a07e3172128adcd8b3090168a8e3bcc40d7c032b9dda1df7d1c" "/opt/rustwide/cargo-home/bin/cargo" "+beta-2023-12-22" "build" "--frozen" "--message-format=json", kill_on_drop: false }`
[INFO] [stdout] b3842500b94b0c61bab4298c7ee4d5c46b3ce382ae04aa0791abffc9fb6a11fd
[INFO] running `Command { std: "docker" "start" "-a" "b3842500b94b0c61bab4298c7ee4d5c46b3ce382ae04aa0791abffc9fb6a11fd", kill_on_drop: false }`
[INFO] [stderr]    Compiling bytes v1.5.0
[INFO] [stderr]    Compiling pin-project-lite v0.2.13
[INFO] [stderr]    Compiling futures-core v0.3.30
[INFO] [stderr]    Compiling pin-utils v0.1.0
[INFO] [stderr]    Compiling fnv v1.0.7
[INFO] [stderr]    Compiling futures-sink v0.3.30
[INFO] [stderr]    Compiling futures-task v0.3.30
[INFO] [stderr]    Compiling powerfmt v0.2.0
[INFO] [stderr]    Compiling libc v0.2.151
[INFO] [stderr]    Compiling tracing-core v0.1.32
[INFO] [stderr]    Compiling num-integer v0.1.45
[INFO] [stderr]    Compiling time-core v0.1.2
[INFO] [stderr]    Compiling mio v0.8.10
[INFO] [stderr]    Compiling signal-hook-registry v1.4.1
[INFO] [stderr]    Compiling socket2 v0.5.5
[INFO] [stderr]    Compiling syn v2.0.48
[INFO] [stderr]    Compiling outref v0.5.1
[INFO] [stderr]    Compiling vsimd v0.8.0
[INFO] [stderr]    Compiling typenum v1.17.0
[INFO] [stderr]    Compiling futures-util v0.3.30
[INFO] [stderr]    Compiling generic-array v0.14.7
[INFO] [stderr]    Compiling zeroize v1.7.0
[INFO] [stderr]    Compiling semver v1.0.21
[INFO] [stderr]    Compiling getrandom v0.2.11
[INFO] [stderr]    Compiling deranged v0.3.11
[INFO] [stderr]    Compiling untrusted v0.9.0
[INFO] [stderr]    Compiling spin v0.9.8
[INFO] [stderr]    Compiling slab v0.4.9
[INFO] [stderr]    Compiling httparse v1.8.0
[INFO] [stderr]    Compiling tokio v1.35.1
[INFO] [stderr]    Compiling http v0.2.11
[INFO] [stderr]    Compiling bytes-utils v0.1.4
[INFO] [stderr]    Compiling base64-simd v0.8.0
[INFO] [stderr]    Compiling rustls v0.21.10
[INFO] [stderr]    Compiling equivalent v1.0.1
[INFO] [stderr]    Compiling subtle v2.5.0
[INFO] [stderr]    Compiling hashbrown v0.14.3
[INFO] [stderr]    Compiling rustc_version v0.4.0
[INFO] [stderr]    Compiling try-lock v0.2.5
[INFO] [stderr]    Compiling base64 v0.21.5
[INFO] [stderr]    Compiling futures-channel v0.3.30
[INFO] [stderr]    Compiling want v0.3.1
[INFO] [stderr]    Compiling cpufeatures v0.2.12
[INFO] [stderr]    Compiling httpdate v1.0.3
[INFO] [stderr]    Compiling openssl-probe v0.1.5
[INFO] [stderr]    Compiling cc v1.0.83
[INFO] [stderr]    Compiling tower-service v0.3.2
[INFO] [stderr]    Compiling time v0.3.31
[INFO] [stderr]    Compiling hex v0.4.3
[INFO] [stderr]    Compiling http-body v0.4.6
[INFO] [stderr]    Compiling aws-types v1.1.1
[INFO] [stderr]    Compiling rustls-pemfile v1.0.4
[INFO] [stderr]    Compiling indexmap v2.1.0
[INFO] [stderr]    Compiling rustls-native-certs v0.6.3
[INFO] [stderr]    Compiling fastrand v2.0.1
[INFO] [stderr]    Compiling uuid v1.6.1
[INFO] [stderr]    Compiling regex-lite v0.1.5
[INFO] [stderr]    Compiling memchr v2.7.1
[INFO] [stderr]    Compiling regex-syntax v0.8.2
[INFO] [stderr]    Compiling xmlparser v0.13.6
[INFO] [stderr]    Compiling urlencoding v2.1.3
[INFO] [stderr]    Compiling async-trait v0.1.77
[INFO] [stderr]    Compiling iana-time-zone v0.1.59
[INFO] [stderr]    Compiling aws-smithy-xml v0.60.1
[INFO] [stderr]    Compiling crypto-common v0.1.6
[INFO] [stderr]    Compiling block-buffer v0.10.4
[INFO] [stderr]    Compiling aho-corasick v1.1.2
[INFO] [stderr]    Compiling ring v0.17.7
[INFO] [stderr]    Compiling digest v0.10.7
[INFO] [stderr]    Compiling hmac v0.12.1
[INFO] [stderr]    Compiling sha2 v0.10.8
[INFO] [stderr]    Compiling regex-automata v0.4.3
[INFO] [stderr]    Compiling tracing-attributes v0.1.27
[INFO] [stderr]    Compiling serde_derive v1.0.194
[INFO] [stderr]    Compiling thiserror-impl v1.0.56
[INFO] [stderr]    Compiling aws-smithy-async v1.1.1
[INFO] [stderr]    Compiling thiserror v1.0.56
[INFO] [stderr]    Compiling tracing v0.1.40
[INFO] [stderr]    Compiling regex v1.10.2
[INFO] [stderr]    Compiling tokio-util v0.7.10
[INFO] [stderr]    Compiling rustls-webpki v0.101.7
[INFO] [stderr]    Compiling sct v0.7.1
[INFO] [stderr]    Compiling aws-smithy-types v1.1.1
[INFO] [stderr]    Compiling h2 v0.3.22
[INFO] [stderr]    Compiling aws-smithy-runtime-api v1.1.1
[INFO] [stderr]    Compiling aws-smithy-json v0.60.1
[INFO] [stderr]    Compiling aws-smithy-query v0.60.1
[INFO] [stderr]    Compiling serde v1.0.194
[INFO] [stderr]    Compiling aws-credential-types v1.1.1
[INFO] [stderr]    Compiling aws-smithy-http v0.60.1
[INFO] [stderr]    Compiling aws-sigv4 v1.1.1
[INFO] [stderr]    Compiling aws-http v0.60.1
[INFO] [stderr]    Compiling aws-runtime v1.1.1
[INFO] [stderr]    Compiling tokio-rustls v0.24.1
[INFO] [stderr]    Compiling hyper v0.14.28
[INFO] [stderr]    Compiling chrono v0.4.31
[INFO] [stderr]    Compiling serde_json v1.0.111
[INFO] [stderr]    Compiling hyper-rustls v0.24.2
[INFO] [stderr]    Compiling aws-smithy-runtime v1.1.1
[INFO] [stderr]    Compiling aws-sdk-sso v1.9.0
[INFO] [stderr]    Compiling aws-sdk-ssooidc v1.9.0
[INFO] [stderr]    Compiling aws-sdk-sts v1.9.0
[INFO] [stderr]    Compiling aws-sdk-dynamodb v0.39.0
[INFO] [stderr]    Compiling aws-config v1.1.1
[INFO] [stderr]    Compiling event-store-adapter-rs v0.2.28 (/opt/rustwide/workdir)
[INFO] [stderr]     Finished dev [unoptimized + debuginfo] target(s) in 31.73s
[INFO] running `Command { std: "docker" "inspect" "b3842500b94b0c61bab4298c7ee4d5c46b3ce382ae04aa0791abffc9fb6a11fd", kill_on_drop: false }`
[INFO] running `Command { std: "docker" "rm" "-f" "b3842500b94b0c61bab4298c7ee4d5c46b3ce382ae04aa0791abffc9fb6a11fd", kill_on_drop: false }`
[INFO] [stdout] b3842500b94b0c61bab4298c7ee4d5c46b3ce382ae04aa0791abffc9fb6a11fd
[INFO] running `Command { std: "docker" "create" "-v" "/var/lib/crater-agent-workspace/builds/worker-6-tc2/target:/opt/rustwide/target:rw,Z" "-v" "/var/lib/crater-agent-workspace/builds/worker-6-tc2/source:/opt/rustwide/workdir:ro,Z" "-v" "/var/lib/crater-agent-workspace/cargo-home:/opt/rustwide/cargo-home:ro,Z" "-v" "/var/lib/crater-agent-workspace/rustup-home:/opt/rustwide/rustup-home:ro,Z" "-e" "SOURCE_DIR=/opt/rustwide/workdir" "-e" "CARGO_TARGET_DIR=/opt/rustwide/target" "-e" "CARGO_INCREMENTAL=0" "-e" "RUST_BACKTRACE=full" "-e" "RUSTFLAGS=--cap-lints=warn" "-e" "RUSTDOCFLAGS=--cap-lints=warn" "-e" "CARGO_HOME=/opt/rustwide/cargo-home" "-e" "RUSTUP_HOME=/opt/rustwide/rustup-home" "-w" "/opt/rustwide/workdir" "-m" "1610612736" "--user" "0:0" "--network" "none" "ghcr.io/rust-lang/crates-build-env/linux@sha256:2788e3201cd34a07e3172128adcd8b3090168a8e3bcc40d7c032b9dda1df7d1c" "/opt/rustwide/cargo-home/bin/cargo" "+beta-2023-12-22" "test" "--frozen" "--no-run" "--message-format=json", kill_on_drop: false }`
[INFO] [stdout] b7fd00bf3494c7ec68fbe906538d030f58f240f5c218164e8e2183acc43969ab
[INFO] running `Command { std: "docker" "start" "-a" "b7fd00bf3494c7ec68fbe906538d030f58f240f5c218164e8e2183acc43969ab", kill_on_drop: false }`
[INFO] [stderr]    Compiling parking_lot_core v0.9.9
[INFO] [stderr]    Compiling scopeguard v1.2.0
[INFO] [stderr]    Compiling smallvec v1.11.2
[INFO] [stderr]    Compiling lock_api v0.4.11
[INFO] [stderr]    Compiling futures-channel v0.3.30
[INFO] [stderr]    Compiling futures-io v0.3.30
[INFO] [stderr]    Compiling futures-task v0.3.30
[INFO] [stderr]    Compiling num_cpus v1.16.0
[INFO] [stderr]    Compiling getrandom v0.2.11
[INFO] [stderr]    Compiling tokio-macros v2.2.0
[INFO] [stderr]    Compiling futures-macro v0.3.30
[INFO] [stderr]    Compiling log v0.4.20
[INFO] [stderr]    Compiling syn v1.0.109
[INFO] [stderr]    Compiling strsim v0.10.0
[INFO] [stderr]    Compiling ident_case v1.0.1
[INFO] [stderr]    Compiling rustix v0.38.28
[INFO] [stderr]    Compiling ppv-lite86 v0.2.17
[INFO] [stderr]    Compiling linux-raw-sys v0.4.12
[INFO] [stderr]    Compiling bitflags v2.4.1
[INFO] [stderr]    Compiling ring v0.17.7
[INFO] [stderr]    Compiling uuid v1.6.1
[INFO] [stderr]    Compiling rand_core v0.6.4
[INFO] [stderr]    Compiling serial_test_derive v2.0.0
[INFO] [stderr]    Compiling humantime v2.1.0
[INFO] [stderr]    Compiling termcolor v1.4.0
[INFO] [stderr]    Compiling lazy_static v1.4.0
[INFO] [stderr]    Compiling rand_chacha v0.3.1
[INFO] [stderr]    Compiling parking_lot v0.12.1
[INFO] [stderr]    Compiling dashmap v5.5.3
[INFO] [stderr]    Compiling rand v0.8.5
[INFO] [stderr]    Compiling tokio v1.35.1
[INFO] [stderr]    Compiling futures-util v0.3.30
[INFO] [stderr]    Compiling rustls-webpki v0.101.7
[INFO] [stderr]    Compiling sct v0.7.1
[INFO] [stderr]    Compiling is-terminal v0.4.10
[INFO] [stderr]    Compiling ulid-generator-rs v0.0.93
[INFO] [stderr]    Compiling env_logger v0.10.1
[INFO] [stderr]    Compiling rustls v0.21.10
[INFO] [stderr]    Compiling darling_core v0.13.4
[INFO] [stderr]    Compiling futures-executor v0.3.30
[INFO] [stderr]    Compiling futures v0.3.30
[INFO] [stderr]    Compiling serial_test v2.0.0
[INFO] [stderr]    Compiling darling_macro v0.13.4
[INFO] [stderr]    Compiling tokio-util v0.7.10
[INFO] [stderr]    Compiling aws-smithy-async v1.1.1
[INFO] [stderr]    Compiling tokio-rustls v0.24.1
[INFO] [stderr]    Compiling aws-smithy-types v1.1.1
[INFO] [stderr]    Compiling h2 v0.3.22
[INFO] [stderr]    Compiling darling v0.13.4
[INFO] [stderr]    Compiling serde_with_macros v1.5.2
[INFO] [stderr]    Compiling aws-smithy-runtime-api v1.1.1
[INFO] [stderr]    Compiling aws-smithy-json v0.60.1
[INFO] [stderr]    Compiling aws-smithy-query v0.60.1
[INFO] [stderr]    Compiling serde_with v1.14.0
[INFO] [stderr]    Compiling aws-credential-types v1.1.1
[INFO] [stderr]    Compiling aws-smithy-http v0.60.1
[INFO] [stderr]    Compiling aws-types v1.1.1
[INFO] [stderr]    Compiling aws-sigv4 v1.1.1
[INFO] [stderr]    Compiling aws-http v0.60.1
[INFO] [stderr]    Compiling aws-runtime v1.1.1
[INFO] [stderr]    Compiling hyper v0.14.28
[INFO] [stderr]    Compiling bollard-stubs v1.42.0-rc.3
[INFO] [stderr]    Compiling hyper-rustls v0.24.2
[INFO] [stderr]    Compiling aws-smithy-runtime v1.1.1
[INFO] [stderr]    Compiling aws-sdk-sts v1.9.0
[INFO] [stderr]    Compiling aws-sdk-ssooidc v1.9.0
[INFO] [stderr]    Compiling aws-sdk-sso v1.9.0
[INFO] [stderr]    Compiling aws-sdk-dynamodb v0.39.0
[INFO] [stderr]    Compiling aws-config v1.1.1
[INFO] [stderr]    Compiling testcontainers v0.15.0
[INFO] [stderr]    Compiling event-store-adapter-rs v0.2.28 (/opt/rustwide/workdir)
[INFO] [stdout] error[E0433]: failed to resolve: use of undeclared crate or module `event_store_adapter_test_utils_rs`
[INFO] [stdout]  --> src/event_store_test.rs:2:5
[INFO] [stdout]   |
[INFO] [stdout] 2 | use event_store_adapter_test_utils_rs::docker::dynamodb_local;
[INFO] [stdout]   |     ^^^^^^^^^^^^^^^^^^^^^^^^^^^^^^^^^ use of undeclared crate or module `event_store_adapter_test_utils_rs`
[INFO] [stdout] 
[INFO] [stdout] 
[INFO] [stdout] error[E0433]: failed to resolve: use of undeclared crate or module `event_store_adapter_test_utils_rs`
[INFO] [stdout]  --> src/event_store_test.rs:3:5
[INFO] [stdout]   |
[INFO] [stdout] 3 | use event_store_adapter_test_utils_rs::dynamodb::{
[INFO] [stdout]   |     ^^^^^^^^^^^^^^^^^^^^^^^^^^^^^^^^^ use of undeclared crate or module `event_store_adapter_test_utils_rs`
[INFO] [stdout] 
[INFO] [stdout] 
[INFO] [stdout] error[E0433]: failed to resolve: use of undeclared crate or module `event_store_adapter_test_utils_rs`
[INFO] [stdout]  --> src/event_store_test.rs:6:5
[INFO] [stdout]   |
[INFO] [stdout] 6 | use event_store_adapter_test_utils_rs::id_generator::id_generate;
[INFO] [stdout]   |     ^^^^^^^^^^^^^^^^^^^^^^^^^^^^^^^^^ use of undeclared crate or module `event_store_adapter_test_utils_rs`
[INFO] [stdout] 
[INFO] [stdout] 
[INFO] [stdout] error: aborting due to 3 previous errors
[INFO] [stdout] 
[INFO] [stdout] 
[INFO] [stdout] For more information about this error, try `rustc --explain E0433`.
[INFO] [stdout] 
[INFO] [stderr] error: could not compile `event-store-adapter-rs` (lib test) due to 4 previous errors
[INFO] running `Command { std: "docker" "inspect" "b7fd00bf3494c7ec68fbe906538d030f58f240f5c218164e8e2183acc43969ab", kill_on_drop: false }`
[INFO] running `Command { std: "docker" "rm" "-f" "b7fd00bf3494c7ec68fbe906538d030f58f240f5c218164e8e2183acc43969ab", kill_on_drop: false }`
[INFO] [stdout] b7fd00bf3494c7ec68fbe906538d030f58f240f5c218164e8e2183acc43969ab
