[INFO] fetching crate ethereum_ssz_derive 0.5.3...
[INFO] testing ethereum_ssz_derive-0.5.3 against 1.75.0 for beta-1.76-1
[INFO] extracting crate ethereum_ssz_derive 0.5.3 into /workspace/builds/worker-2-tc1/source
[INFO] validating manifest of crates.io crate ethereum_ssz_derive 0.5.3 on toolchain 1.75.0
[INFO] running `Command { std: CARGO_HOME="/workspace/cargo-home" RUSTUP_HOME="/workspace/rustup-home" "/workspace/cargo-home/bin/cargo" "+1.75.0" "metadata" "--manifest-path" "Cargo.toml" "--no-deps", kill_on_drop: false }`
[INFO] started tweaking crates.io crate ethereum_ssz_derive 0.5.3
[INFO] finished tweaking crates.io crate ethereum_ssz_derive 0.5.3
[INFO] tweaked toml for crates.io crate ethereum_ssz_derive 0.5.3 written to /workspace/builds/worker-2-tc1/source/Cargo.toml
[INFO] running `Command { std: CARGO_HOME="/workspace/cargo-home" RUSTUP_HOME="/workspace/rustup-home" "/workspace/cargo-home/bin/cargo" "+1.75.0" "generate-lockfile" "--manifest-path" "Cargo.toml", kill_on_drop: false }`
[INFO] [stderr]     Updating crates.io index
[INFO] running `Command { std: CARGO_HOME="/workspace/cargo-home" RUSTUP_HOME="/workspace/rustup-home" "/workspace/cargo-home/bin/cargo" "+1.75.0" "fetch" "--manifest-path" "Cargo.toml", kill_on_drop: false }`
[INFO] running `Command { std: "docker" "create" "-v" "/var/lib/crater-agent-workspace/builds/worker-2-tc1/target:/opt/rustwide/target:rw,Z" "-v" "/var/lib/crater-agent-workspace/builds/worker-2-tc1/source:/opt/rustwide/workdir:ro,Z" "-v" "/var/lib/crater-agent-workspace/cargo-home:/opt/rustwide/cargo-home:ro,Z" "-v" "/var/lib/crater-agent-workspace/rustup-home:/opt/rustwide/rustup-home:ro,Z" "-e" "SOURCE_DIR=/opt/rustwide/workdir" "-e" "CARGO_TARGET_DIR=/opt/rustwide/target" "-e" "CARGO_HOME=/opt/rustwide/cargo-home" "-e" "RUSTUP_HOME=/opt/rustwide/rustup-home" "-w" "/opt/rustwide/workdir" "-m" "1610612736" "--user" "0:0" "--network" "none" "ghcr.io/rust-lang/crates-build-env/linux@sha256:2788e3201cd34a07e3172128adcd8b3090168a8e3bcc40d7c032b9dda1df7d1c" "/opt/rustwide/cargo-home/bin/cargo" "+1.75.0" "metadata" "--no-deps" "--format-version=1", kill_on_drop: false }`
[INFO] [stdout] 34de889b1f08d9a309b8acdf1b9a28f957bddd20ab8886e23f91de34ec067829
[INFO] running `Command { std: "docker" "start" "-a" "34de889b1f08d9a309b8acdf1b9a28f957bddd20ab8886e23f91de34ec067829", kill_on_drop: false }`
[INFO] running `Command { std: "docker" "inspect" "34de889b1f08d9a309b8acdf1b9a28f957bddd20ab8886e23f91de34ec067829", kill_on_drop: false }`
[INFO] running `Command { std: "docker" "rm" "-f" "34de889b1f08d9a309b8acdf1b9a28f957bddd20ab8886e23f91de34ec067829", kill_on_drop: false }`
[INFO] [stdout] 34de889b1f08d9a309b8acdf1b9a28f957bddd20ab8886e23f91de34ec067829
[INFO] running `Command { std: "docker" "create" "-v" "/var/lib/crater-agent-workspace/builds/worker-2-tc1/target:/opt/rustwide/target:rw,Z" "-v" "/var/lib/crater-agent-workspace/builds/worker-2-tc1/source:/opt/rustwide/workdir:ro,Z" "-v" "/var/lib/crater-agent-workspace/cargo-home:/opt/rustwide/cargo-home:ro,Z" "-v" "/var/lib/crater-agent-workspace/rustup-home:/opt/rustwide/rustup-home:ro,Z" "-e" "SOURCE_DIR=/opt/rustwide/workdir" "-e" "CARGO_TARGET_DIR=/opt/rustwide/target" "-e" "CARGO_INCREMENTAL=0" "-e" "RUST_BACKTRACE=full" "-e" "RUSTFLAGS=--cap-lints=warn" "-e" "RUSTDOCFLAGS=--cap-lints=warn" "-e" "CARGO_HOME=/opt/rustwide/cargo-home" "-e" "RUSTUP_HOME=/opt/rustwide/rustup-home" "-w" "/opt/rustwide/workdir" "-m" "1610612736" "--user" "0:0" "--network" "none" "ghcr.io/rust-lang/crates-build-env/linux@sha256:2788e3201cd34a07e3172128adcd8b3090168a8e3bcc40d7c032b9dda1df7d1c" "/opt/rustwide/cargo-home/bin/cargo" "+1.75.0" "build" "--frozen" "--message-format=json", kill_on_drop: false }`
[INFO] [stdout] 6c5b5dd5d772cc7dc35ce6e6d55212afa3bc257e78d00c40915de1df2c7c9c8a
[INFO] running `Command { std: "docker" "start" "-a" "6c5b5dd5d772cc7dc35ce6e6d55212afa3bc257e78d00c40915de1df2c7c9c8a", kill_on_drop: false }`
[INFO] [stderr]    Compiling syn v1.0.109
[INFO] [stderr]    Compiling fnv v1.0.7
[INFO] [stderr]    Compiling darling_core v0.13.4
[INFO] [stderr]    Compiling darling_macro v0.13.4
[INFO] [stderr]    Compiling darling v0.13.4
[INFO] [stderr]    Compiling ethereum_ssz_derive v0.5.3 (/opt/rustwide/workdir)
[INFO] [stderr]     Finished dev [unoptimized + debuginfo] target(s) in 6.25s
[INFO] running `Command { std: "docker" "inspect" "6c5b5dd5d772cc7dc35ce6e6d55212afa3bc257e78d00c40915de1df2c7c9c8a", kill_on_drop: false }`
[INFO] running `Command { std: "docker" "rm" "-f" "6c5b5dd5d772cc7dc35ce6e6d55212afa3bc257e78d00c40915de1df2c7c9c8a", kill_on_drop: false }`
[INFO] [stdout] 6c5b5dd5d772cc7dc35ce6e6d55212afa3bc257e78d00c40915de1df2c7c9c8a
[INFO] running `Command { std: "docker" "create" "-v" "/var/lib/crater-agent-workspace/builds/worker-2-tc1/target:/opt/rustwide/target:rw,Z" "-v" "/var/lib/crater-agent-workspace/builds/worker-2-tc1/source:/opt/rustwide/workdir:ro,Z" "-v" "/var/lib/crater-agent-workspace/cargo-home:/opt/rustwide/cargo-home:ro,Z" "-v" "/var/lib/crater-agent-workspace/rustup-home:/opt/rustwide/rustup-home:ro,Z" "-e" "SOURCE_DIR=/opt/rustwide/workdir" "-e" "CARGO_TARGET_DIR=/opt/rustwide/target" "-e" "CARGO_INCREMENTAL=0" "-e" "RUST_BACKTRACE=full" "-e" "RUSTFLAGS=--cap-lints=warn" "-e" "RUSTDOCFLAGS=--cap-lints=warn" "-e" "CARGO_HOME=/opt/rustwide/cargo-home" "-e" "RUSTUP_HOME=/opt/rustwide/rustup-home" "-w" "/opt/rustwide/workdir" "-m" "1610612736" "--user" "0:0" "--network" "none" "ghcr.io/rust-lang/crates-build-env/linux@sha256:2788e3201cd34a07e3172128adcd8b3090168a8e3bcc40d7c032b9dda1df7d1c" "/opt/rustwide/cargo-home/bin/cargo" "+1.75.0" "test" "--frozen" "--no-run" "--message-format=json", kill_on_drop: false }`
[INFO] [stdout] 18749488774f7ea750d7ba8c00a83eaef4155cb72c2fe92816b494eee0e4257b
[INFO] running `Command { std: "docker" "start" "-a" "18749488774f7ea750d7ba8c00a83eaef4155cb72c2fe92816b494eee0e4257b", kill_on_drop: false }`
[INFO] [stderr]    Compiling ident_case v1.0.1
[INFO] [stderr]    Compiling syn v1.0.109
[INFO] [stderr]    Compiling darling_core v0.13.4
[INFO] [stderr]    Compiling darling_macro v0.13.4
[INFO] [stderr]    Compiling darling v0.13.4
[INFO] [stderr]    Compiling ethereum_ssz_derive v0.5.3 (/opt/rustwide/workdir)
[INFO] [stdout] error[E0432]: unresolved import `ssz`
[INFO] [stdout]  --> tests/tests.rs:1:5
[INFO] [stdout]   |
[INFO] [stdout] 1 | use ssz::{Decode, Encode};
[INFO] [stdout]   |     ^^^ use of undeclared crate or module `ssz`
[INFO] [stdout] 
[INFO] [stdout] 
[INFO] [stdout] error[E0433]: failed to resolve: use of undeclared crate or module `ssz`
[INFO] [stdout]   --> tests/tests.rs:15:36
[INFO] [stdout]    |
[INFO] [stdout] 15 | #[derive(PartialEq, Debug, Encode, Decode)]
[INFO] [stdout]    |                                    ^^^^^^ use of undeclared crate or module `ssz`
[INFO] [stdout]    |
[INFO] [stdout]    = note: this error originates in the derive macro `Decode` (in Nightly builds, run with -Z macro-backtrace for more info)
[INFO] [stdout] 
[INFO] [stdout] 
[INFO] [stdout] error[E0433]: failed to resolve: use of undeclared crate or module `ssz`
[INFO] [stdout]   --> tests/tests.rs:23:36
[INFO] [stdout]    |
[INFO] [stdout] 23 | #[derive(PartialEq, Debug, Encode, Decode)]
[INFO] [stdout]    |                                    ^^^^^^ use of undeclared crate or module `ssz`
[INFO] [stdout]    |
[INFO] [stdout]    = note: this error originates in the derive macro `Decode` (in Nightly builds, run with -Z macro-backtrace for more info)
[INFO] [stdout] 
[INFO] [stdout] 
[INFO] [stdout] error[E0433]: failed to resolve: use of undeclared crate or module `ssz`
[INFO] [stdout]   --> tests/tests.rs:30:28
[INFO] [stdout]    |
[INFO] [stdout] 30 | #[derive(PartialEq, Debug, Encode, Decode)]
[INFO] [stdout]    |                            ^^^^^^ use of undeclared crate or module `ssz`
[INFO] [stdout]    |
[INFO] [stdout]    = note: this error originates in the derive macro `Encode` (in Nightly builds, run with -Z macro-backtrace for more info)
[INFO] [stdout] 
[INFO] [stdout] 
[INFO] [stdout] error[E0433]: failed to resolve: use of undeclared crate or module `ssz`
[INFO] [stdout]   --> tests/tests.rs:30:36
[INFO] [stdout]    |
[INFO] [stdout] 30 | #[derive(PartialEq, Debug, Encode, Decode)]
[INFO] [stdout]    |                                    ^^^^^^ use of undeclared crate or module `ssz`
[INFO] [stdout]    |
[INFO] [stdout]    = note: this error originates in the derive macro `Decode` (in Nightly builds, run with -Z macro-backtrace for more info)
[INFO] [stdout] 
[INFO] [stdout] 
[INFO] [stdout] error[E0433]: failed to resolve: use of undeclared crate or module `ssz`
[INFO] [stdout]   --> tests/tests.rs:47:28
[INFO] [stdout]    |
[INFO] [stdout] 47 | #[derive(PartialEq, Debug, Encode, Decode)]
[INFO] [stdout]    |                            ^^^^^^ use of undeclared crate or module `ssz`
[INFO] [stdout]    |
[INFO] [stdout]    = note: this error originates in the derive macro `Encode` (in Nightly builds, run with -Z macro-backtrace for more info)
[INFO] [stdout] 
[INFO] [stdout] 
[INFO] [stdout] error[E0433]: failed to resolve: use of undeclared crate or module `ssz`
[INFO] [stdout]   --> tests/tests.rs:47:36
[INFO] [stdout]    |
[INFO] [stdout] 47 | #[derive(PartialEq, Debug, Encode, Decode)]
[INFO] [stdout]    |                                    ^^^^^^ use of undeclared crate or module `ssz`
[INFO] [stdout]    |
[INFO] [stdout]    = note: this error originates in the derive macro `Decode` (in Nightly builds, run with -Z macro-backtrace for more info)
[INFO] [stdout] 
[INFO] [stdout] 
[INFO] [stdout] error[E0433]: failed to resolve: use of undeclared crate or module `ssz`
[INFO] [stdout]   --> tests/tests.rs:53:28
[INFO] [stdout]    |
[INFO] [stdout] 53 | #[derive(PartialEq, Debug, Encode, Decode)]
[INFO] [stdout]    |                            ^^^^^^ use of undeclared crate or module `ssz`
[INFO] [stdout]    |
[INFO] [stdout]    = note: this error originates in the derive macro `Encode` (in Nightly builds, run with -Z macro-backtrace for more info)
[INFO] [stdout] 
[INFO] [stdout] 
[INFO] [stdout] error[E0433]: failed to resolve: use of undeclared crate or module `ssz`
[INFO] [stdout]   --> tests/tests.rs:53:36
[INFO] [stdout]    |
[INFO] [stdout] 53 | #[derive(PartialEq, Debug, Encode, Decode)]
[INFO] [stdout]    |                                    ^^^^^^ use of undeclared crate or module `ssz`
[INFO] [stdout]    |
[INFO] [stdout]    = note: this error originates in the derive macro `Decode` (in Nightly builds, run with -Z macro-backtrace for more info)
[INFO] [stdout] 
[INFO] [stdout] 
[INFO] [stdout] error[E0433]: failed to resolve: use of undeclared crate or module `ssz`
[INFO] [stdout]   --> tests/tests.rs:66:28
[INFO] [stdout]    |
[INFO] [stdout] 66 | #[derive(PartialEq, Debug, Encode)]
[INFO] [stdout]    |                            ^^^^^^ use of undeclared crate or module `ssz`
[INFO] [stdout]    |
[INFO] [stdout]    = note: this error originates in the derive macro `Encode` (in Nightly builds, run with -Z macro-backtrace for more info)
[INFO] [stdout] 
[INFO] [stdout] 
[INFO] [stdout] error[E0433]: failed to resolve: use of undeclared crate or module `ssz`
[INFO] [stdout]   --> tests/tests.rs:71:36
[INFO] [stdout]    |
[INFO] [stdout] 71 | #[derive(PartialEq, Debug, Encode, Decode)]
[INFO] [stdout]    |                                    ^^^^^^ use of undeclared crate or module `ssz`
[INFO] [stdout]    |
[INFO] [stdout]    = note: this error originates in the derive macro `Decode` (in Nightly builds, run with -Z macro-backtrace for more info)
[INFO] [stdout] 
[INFO] [stdout] 
[INFO] [stdout] error[E0433]: failed to resolve: use of undeclared crate or module `ssz`
[INFO] [stdout]   --> tests/tests.rs:78:28
[INFO] [stdout]    |
[INFO] [stdout] 78 | #[derive(PartialEq, Debug, Encode, Decode)]
[INFO] [stdout]    |                            ^^^^^^ use of undeclared crate or module `ssz`
[INFO] [stdout]    |
[INFO] [stdout]    = note: this error originates in the derive macro `Encode` (in Nightly builds, run with -Z macro-backtrace for more info)
[INFO] [stdout] 
[INFO] [stdout] 
[INFO] [stdout] error[E0433]: failed to resolve: use of undeclared crate or module `ssz`
[INFO] [stdout]   --> tests/tests.rs:78:36
[INFO] [stdout]    |
[INFO] [stdout] 78 | #[derive(PartialEq, Debug, Encode, Decode)]
[INFO] [stdout]    |                                    ^^^^^^ use of undeclared crate or module `ssz`
[INFO] [stdout]    |
[INFO] [stdout]    = note: this error originates in the derive macro `Decode` (in Nightly builds, run with -Z macro-backtrace for more info)
[INFO] [stdout] 
[INFO] [stdout] 
[INFO] [stdout] error[E0433]: failed to resolve: use of undeclared crate or module `ssz`
[INFO] [stdout]    --> tests/tests.rs:138:36
[INFO] [stdout]     |
[INFO] [stdout] 138 | #[derive(PartialEq, Debug, Encode, Decode)]
[INFO] [stdout]     |                                    ^^^^^^ use of undeclared crate or module `ssz`
[INFO] [stdout]     |
[INFO] [stdout]     = note: this error originates in the derive macro `Decode` (in Nightly builds, run with -Z macro-backtrace for more info)
[INFO] [stdout] 
[INFO] [stdout] 
[INFO] [stdout] error[E0433]: failed to resolve: use of undeclared crate or module `ssz`
[INFO] [stdout]   --> tests/tests.rs:15:28
[INFO] [stdout]    |
[INFO] [stdout] 15 | #[derive(PartialEq, Debug, Encode, Decode)]
[INFO] [stdout]    |                            ^^^^^^ use of undeclared crate or module `ssz`
[INFO] [stdout]    |
[INFO] [stdout]    = note: this error originates in the derive macro `Encode` (in Nightly builds, run with -Z macro-backtrace for more info)
[INFO] [stdout] 
[INFO] [stdout] 
[INFO] [stdout] error[E0433]: failed to resolve: use of undeclared crate or module `ssz`
[INFO] [stdout]   --> tests/tests.rs:23:28
[INFO] [stdout]    |
[INFO] [stdout] 23 | #[derive(PartialEq, Debug, Encode, Decode)]
[INFO] [stdout]    |                            ^^^^^^ use of undeclared crate or module `ssz`
[INFO] [stdout]    |
[INFO] [stdout]    = note: this error originates in the derive macro `Encode` (in Nightly builds, run with -Z macro-backtrace for more info)
[INFO] [stdout] 
[INFO] [stdout] 
[INFO] [stdout] error[E0433]: failed to resolve: use of undeclared crate or module `ssz`
[INFO] [stdout]   --> tests/tests.rs:59:28
[INFO] [stdout]    |
[INFO] [stdout] 59 | #[derive(PartialEq, Debug, Encode)]
[INFO] [stdout]    |                            ^^^^^^ use of undeclared crate or module `ssz`
[INFO] [stdout]    |
[INFO] [stdout]    = note: this error originates in the derive macro `Encode` (in Nightly builds, run with -Z macro-backtrace for more info)
[INFO] [stdout] 
[INFO] [stdout] 
[INFO] [stdout] error[E0433]: failed to resolve: use of undeclared crate or module `ssz`
[INFO] [stdout]   --> tests/tests.rs:71:28
[INFO] [stdout]    |
[INFO] [stdout] 71 | #[derive(PartialEq, Debug, Encode, Decode)]
[INFO] [stdout]    |                            ^^^^^^ use of undeclared crate or module `ssz`
[INFO] [stdout]    |
[INFO] [stdout]    = note: this error originates in the derive macro `Encode` (in Nightly builds, run with -Z macro-backtrace for more info)
[INFO] [stdout] 
[INFO] [stdout] 
[INFO] [stdout] error[E0433]: failed to resolve: use of undeclared crate or module `ssz`
[INFO] [stdout]    --> tests/tests.rs:138:28
[INFO] [stdout]     |
[INFO] [stdout] 138 | #[derive(PartialEq, Debug, Encode, Decode)]
[INFO] [stdout]     |                            ^^^^^^ use of undeclared crate or module `ssz`
[INFO] [stdout]     |
[INFO] [stdout]     = note: this error originates in the derive macro `Encode` (in Nightly builds, run with -Z macro-backtrace for more info)
[INFO] [stdout] 
[INFO] [stdout] 
[INFO] [stdout] error[E0433]: failed to resolve: use of undeclared crate or module `ssz`
[INFO] [stdout]    --> tests/tests.rs:157:28
[INFO] [stdout]     |
[INFO] [stdout] 157 | #[derive(PartialEq, Debug, Encode, Decode)]
[INFO] [stdout]     |                            ^^^^^^ use of undeclared crate or module `ssz`
[INFO] [stdout]     |
[INFO] [stdout]     = note: this error originates in the derive macro `Encode` (in Nightly builds, run with -Z macro-backtrace for more info)
[INFO] [stdout] 
[INFO] [stdout] 
[INFO] [stdout] error[E0433]: failed to resolve: use of undeclared crate or module `ssz`
[INFO] [stdout]    --> tests/tests.rs:157:36
[INFO] [stdout]     |
[INFO] [stdout] 157 | #[derive(PartialEq, Debug, Encode, Decode)]
[INFO] [stdout]     |                                    ^^^^^^ use of undeclared crate or module `ssz`
[INFO] [stdout]     |
[INFO] [stdout]     = note: this error originates in the derive macro `Decode` (in Nightly builds, run with -Z macro-backtrace for more info)
[INFO] [stdout] 
[INFO] [stdout] 
[INFO] [stdout] error[E0433]: failed to resolve: use of undeclared crate or module `ssz`
[INFO] [stdout]    --> tests/tests.rs:174:28
[INFO] [stdout]     |
[INFO] [stdout] 174 | #[derive(PartialEq, Debug, Encode, Decode)]
[INFO] [stdout]     |                            ^^^^^^ use of undeclared crate or module `ssz`
[INFO] [stdout]     |
[INFO] [stdout]     = note: this error originates in the derive macro `Encode` (in Nightly builds, run with -Z macro-backtrace for more info)
[INFO] [stdout] 
[INFO] [stdout] 
[INFO] [stdout] error[E0433]: failed to resolve: use of undeclared crate or module `ssz`
[INFO] [stdout]    --> tests/tests.rs:174:36
[INFO] [stdout]     |
[INFO] [stdout] 174 | #[derive(PartialEq, Debug, Encode, Decode)]
[INFO] [stdout]     |                                    ^^^^^^ use of undeclared crate or module `ssz`
[INFO] [stdout]     |
[INFO] [stdout]     = note: this error originates in the derive macro `Decode` (in Nightly builds, run with -Z macro-backtrace for more info)
[INFO] [stdout] 
[INFO] [stdout] 
[INFO] [stdout] error[E0433]: failed to resolve: use of undeclared crate or module `ssz`
[INFO] [stdout]    --> tests/tests.rs:199:28
[INFO] [stdout]     |
[INFO] [stdout] 199 | #[derive(PartialEq, Debug, Encode, Decode)]
[INFO] [stdout]     |                            ^^^^^^ use of undeclared crate or module `ssz`
[INFO] [stdout]     |
[INFO] [stdout]     = note: this error originates in the derive macro `Encode` (in Nightly builds, run with -Z macro-backtrace for more info)
[INFO] [stdout] 
[INFO] [stdout] 
[INFO] [stdout] error[E0433]: failed to resolve: use of undeclared crate or module `ssz`
[INFO] [stdout]    --> tests/tests.rs:199:36
[INFO] [stdout]     |
[INFO] [stdout] 199 | #[derive(PartialEq, Debug, Encode, Decode)]
[INFO] [stdout]     |                                    ^^^^^^ use of undeclared crate or module `ssz`
[INFO] [stdout]     |
[INFO] [stdout]     = note: this error originates in the derive macro `Decode` (in Nightly builds, run with -Z macro-backtrace for more info)
[INFO] [stdout] 
[INFO] [stdout] 
[INFO] [stdout] error[E0433]: failed to resolve: use of undeclared crate or module `ssz`
[INFO] [stdout]    --> tests/tests.rs:211:28
[INFO] [stdout]     |
[INFO] [stdout] 211 | #[derive(PartialEq, Debug, Encode, Decode)]
[INFO] [stdout]     |                            ^^^^^^ use of undeclared crate or module `ssz`
[INFO] [stdout]     |
[INFO] [stdout]     = note: this error originates in the derive macro `Encode` (in Nightly builds, run with -Z macro-backtrace for more info)
[INFO] [stdout] 
[INFO] [stdout] 
[INFO] [stdout] error[E0433]: failed to resolve: use of undeclared crate or module `ssz`
[INFO] [stdout]    --> tests/tests.rs:211:36
[INFO] [stdout]     |
[INFO] [stdout] 211 | #[derive(PartialEq, Debug, Encode, Decode)]
[INFO] [stdout]     |                                    ^^^^^^ use of undeclared crate or module `ssz`
[INFO] [stdout]     |
[INFO] [stdout]     = note: this error originates in the derive macro `Decode` (in Nightly builds, run with -Z macro-backtrace for more info)
[INFO] [stdout] 
[INFO] [stdout] 
[INFO] [stdout] error[E0433]: failed to resolve: use of undeclared crate or module `ssz`
[INFO] [stdout]    --> tests/tests.rs:232:28
[INFO] [stdout]     |
[INFO] [stdout] 232 | #[derive(PartialEq, Debug, Encode, Decode)]
[INFO] [stdout]     |                            ^^^^^^ use of undeclared crate or module `ssz`
[INFO] [stdout]     |
[INFO] [stdout]     = note: this error originates in the derive macro `Encode` (in Nightly builds, run with -Z macro-backtrace for more info)
[INFO] [stdout] 
[INFO] [stdout] 
[INFO] [stdout] error[E0433]: failed to resolve: use of undeclared crate or module `ssz`
[INFO] [stdout]    --> tests/tests.rs:232:36
[INFO] [stdout]     |
[INFO] [stdout] 232 | #[derive(PartialEq, Debug, Encode, Decode)]
[INFO] [stdout]     |                                    ^^^^^^ use of undeclared crate or module `ssz`
[INFO] [stdout]     |
[INFO] [stdout]     = note: this error originates in the derive macro `Decode` (in Nightly builds, run with -Z macro-backtrace for more info)
[INFO] [stdout] 
[INFO] [stdout] 
[INFO] [stdout] error: aborting due to 29 previous errors
[INFO] [stdout] 
[INFO] [stdout] 
[INFO] [stdout] Some errors have detailed explanations: E0432, E0433.
[INFO] [stdout] 
[INFO] [stdout] For more information about an error, try `rustc --explain E0432`.
[INFO] [stdout] 
[INFO] [stderr] error: could not compile `ethereum_ssz_derive` (test "tests") due to 30 previous errors
[INFO] running `Command { std: "docker" "inspect" "18749488774f7ea750d7ba8c00a83eaef4155cb72c2fe92816b494eee0e4257b", kill_on_drop: false }`
[INFO] running `Command { std: "docker" "rm" "-f" "18749488774f7ea750d7ba8c00a83eaef4155cb72c2fe92816b494eee0e4257b", kill_on_drop: false }`
[INFO] [stdout] 18749488774f7ea750d7ba8c00a83eaef4155cb72c2fe92816b494eee0e4257b
