[INFO] fetching crate ether-type 0.1.1...
[INFO] testing ether-type-0.1.1 against 1.75.0 for beta-1.76-1
[INFO] extracting crate ether-type 0.1.1 into /workspace/builds/worker-7-tc1/source
[INFO] validating manifest of crates.io crate ether-type 0.1.1 on toolchain 1.75.0
[INFO] running `Command { std: CARGO_HOME="/workspace/cargo-home" RUSTUP_HOME="/workspace/rustup-home" "/workspace/cargo-home/bin/cargo" "+1.75.0" "metadata" "--manifest-path" "Cargo.toml" "--no-deps", kill_on_drop: false }`
[INFO] started tweaking crates.io crate ether-type 0.1.1
[INFO] finished tweaking crates.io crate ether-type 0.1.1
[INFO] tweaked toml for crates.io crate ether-type 0.1.1 written to /workspace/builds/worker-7-tc1/source/Cargo.toml
[INFO] running `Command { std: CARGO_HOME="/workspace/cargo-home" RUSTUP_HOME="/workspace/rustup-home" "/workspace/cargo-home/bin/cargo" "+1.75.0" "generate-lockfile" "--manifest-path" "Cargo.toml", kill_on_drop: false }`
[INFO] [stderr]     Updating crates.io index
[INFO] running `Command { std: CARGO_HOME="/workspace/cargo-home" RUSTUP_HOME="/workspace/rustup-home" "/workspace/cargo-home/bin/cargo" "+1.75.0" "fetch" "--manifest-path" "Cargo.toml", kill_on_drop: false }`
[INFO] [stderr]  Downloading crates ...
[INFO] [stderr]   Downloaded bin-utils v0.2.5
[INFO] [stderr]   Downloaded try_take v0.1.0
[INFO] running `Command { std: "docker" "create" "-v" "/var/lib/crater-agent-workspace/builds/worker-7-tc1/target:/opt/rustwide/target:rw,Z" "-v" "/var/lib/crater-agent-workspace/builds/worker-7-tc1/source:/opt/rustwide/workdir:ro,Z" "-v" "/var/lib/crater-agent-workspace/cargo-home:/opt/rustwide/cargo-home:ro,Z" "-v" "/var/lib/crater-agent-workspace/rustup-home:/opt/rustwide/rustup-home:ro,Z" "-e" "SOURCE_DIR=/opt/rustwide/workdir" "-e" "CARGO_TARGET_DIR=/opt/rustwide/target" "-e" "CARGO_HOME=/opt/rustwide/cargo-home" "-e" "RUSTUP_HOME=/opt/rustwide/rustup-home" "-w" "/opt/rustwide/workdir" "-m" "1610612736" "--user" "0:0" "--network" "none" "ghcr.io/rust-lang/crates-build-env/linux@sha256:2788e3201cd34a07e3172128adcd8b3090168a8e3bcc40d7c032b9dda1df7d1c" "/opt/rustwide/cargo-home/bin/cargo" "+1.75.0" "metadata" "--no-deps" "--format-version=1", kill_on_drop: false }`
[INFO] [stdout] 6b93bc975b7e045029e5ee04e62cd3c85e267cc764a7e17a0a88080d858c620c
[INFO] running `Command { std: "docker" "start" "-a" "6b93bc975b7e045029e5ee04e62cd3c85e267cc764a7e17a0a88080d858c620c", kill_on_drop: false }`
[INFO] running `Command { std: "docker" "inspect" "6b93bc975b7e045029e5ee04e62cd3c85e267cc764a7e17a0a88080d858c620c", kill_on_drop: false }`
[INFO] running `Command { std: "docker" "rm" "-f" "6b93bc975b7e045029e5ee04e62cd3c85e267cc764a7e17a0a88080d858c620c", kill_on_drop: false }`
[INFO] [stdout] 6b93bc975b7e045029e5ee04e62cd3c85e267cc764a7e17a0a88080d858c620c
[INFO] running `Command { std: "docker" "create" "-v" "/var/lib/crater-agent-workspace/builds/worker-7-tc1/target:/opt/rustwide/target:rw,Z" "-v" "/var/lib/crater-agent-workspace/builds/worker-7-tc1/source:/opt/rustwide/workdir:ro,Z" "-v" "/var/lib/crater-agent-workspace/cargo-home:/opt/rustwide/cargo-home:ro,Z" "-v" "/var/lib/crater-agent-workspace/rustup-home:/opt/rustwide/rustup-home:ro,Z" "-e" "SOURCE_DIR=/opt/rustwide/workdir" "-e" "CARGO_TARGET_DIR=/opt/rustwide/target" "-e" "CARGO_INCREMENTAL=0" "-e" "RUST_BACKTRACE=full" "-e" "RUSTFLAGS=--cap-lints=warn" "-e" "RUSTDOCFLAGS=--cap-lints=warn" "-e" "CARGO_HOME=/opt/rustwide/cargo-home" "-e" "RUSTUP_HOME=/opt/rustwide/rustup-home" "-w" "/opt/rustwide/workdir" "-m" "1610612736" "--user" "0:0" "--network" "none" "ghcr.io/rust-lang/crates-build-env/linux@sha256:2788e3201cd34a07e3172128adcd8b3090168a8e3bcc40d7c032b9dda1df7d1c" "/opt/rustwide/cargo-home/bin/cargo" "+1.75.0" "build" "--frozen" "--message-format=json", kill_on_drop: false }`
[INFO] [stdout] 867b25a216467f8f0483a204a33641964c237d8997f6f9bb34ed570946dc55ce
[INFO] running `Command { std: "docker" "start" "-a" "867b25a216467f8f0483a204a33641964c237d8997f6f9bb34ed570946dc55ce", kill_on_drop: false }`
[INFO] [stderr]    Compiling try_take v0.1.0
[INFO] [stderr]    Compiling bin-utils v0.2.5
[INFO] [stdout] error[E0554]: `#![feature]` may not be used on the stable release channel
[INFO] [stdout]  --> /opt/rustwide/cargo-home/registry/src/index.crates.io-6f17d22bba15001f/bin-utils-0.2.5/src/lib.rs:2:1
[INFO] [stdout]   |
[INFO] [stdout] 2 | / #![feature(
[INFO] [stdout] 3 | |     more_qualified_paths,
[INFO] [stdout] 4 | |     iter_next_chunk,
[INFO] [stdout] 5 | |     generic_const_exprs,
[INFO] [stdout] 6 | |     iter_array_chunks
[INFO] [stdout] 7 | | )]
[INFO] [stdout]   | |__^
[INFO] [stdout] 
[INFO] [stdout] 
[INFO] [stdout] error[E0554]: `#![feature]` may not be used on the stable release channel
[INFO] [stdout]  --> /opt/rustwide/cargo-home/registry/src/index.crates.io-6f17d22bba15001f/bin-utils-0.2.5/src/lib.rs:4:5
[INFO] [stdout]   |
[INFO] [stdout] 4 |     iter_next_chunk,
[INFO] [stdout]   |     ^^^^^^^^^^^^^^^
[INFO] [stdout] 
[INFO] [stdout] 
[INFO] [stdout] error[E0554]: `#![feature]` may not be used on the stable release channel
[INFO] [stdout]  --> /opt/rustwide/cargo-home/registry/src/index.crates.io-6f17d22bba15001f/bin-utils-0.2.5/src/lib.rs:6:5
[INFO] [stdout]   |
[INFO] [stdout] 6 |     iter_array_chunks
[INFO] [stdout]   |     ^^^^^^^^^^^^^^^^^
[INFO] [stdout] 
[INFO] [stdout] 
[INFO] [stdout] error: aborting due to 3 previous errors
[INFO] [stdout] 
[INFO] [stdout] 
[INFO] [stdout] For more information about this error, try `rustc --explain E0554`.
[INFO] [stdout] 
[INFO] [stderr] error: could not compile `bin-utils` (lib) due to 4 previous errors
[INFO] running `Command { std: "docker" "inspect" "867b25a216467f8f0483a204a33641964c237d8997f6f9bb34ed570946dc55ce", kill_on_drop: false }`
[INFO] running `Command { std: "docker" "rm" "-f" "867b25a216467f8f0483a204a33641964c237d8997f6f9bb34ed570946dc55ce", kill_on_drop: false }`
[INFO] [stdout] 867b25a216467f8f0483a204a33641964c237d8997f6f9bb34ed570946dc55ce
[INFO] testing ether-type-0.1.1 against beta-2023-12-22 for beta-1.76-1
[INFO] extracting crate ether-type 0.1.1 into /workspace/builds/worker-7-tc2/source
[INFO] validating manifest of crates.io crate ether-type 0.1.1 on toolchain beta-2023-12-22
[INFO] running `Command { std: CARGO_HOME="/workspace/cargo-home" RUSTUP_HOME="/workspace/rustup-home" "/workspace/cargo-home/bin/cargo" "+beta-2023-12-22" "metadata" "--manifest-path" "Cargo.toml" "--no-deps", kill_on_drop: false }`
[INFO] started tweaking crates.io crate ether-type 0.1.1
[INFO] finished tweaking crates.io crate ether-type 0.1.1
[INFO] tweaked toml for crates.io crate ether-type 0.1.1 written to /workspace/builds/worker-7-tc2/source/Cargo.toml
[INFO] running `Command { std: CARGO_HOME="/workspace/cargo-home" RUSTUP_HOME="/workspace/rustup-home" "/workspace/cargo-home/bin/cargo" "+beta-2023-12-22" "generate-lockfile" "--manifest-path" "Cargo.toml", kill_on_drop: false }`
[INFO] [stderr]     Updating crates.io index
[INFO] running `Command { std: CARGO_HOME="/workspace/cargo-home" RUSTUP_HOME="/workspace/rustup-home" "/workspace/cargo-home/bin/cargo" "+beta-2023-12-22" "fetch" "--manifest-path" "Cargo.toml", kill_on_drop: false }`
[INFO] running `Command { std: "docker" "create" "-v" "/var/lib/crater-agent-workspace/builds/worker-7-tc2/target:/opt/rustwide/target:rw,Z" "-v" "/var/lib/crater-agent-workspace/builds/worker-7-tc2/source:/opt/rustwide/workdir:ro,Z" "-v" "/var/lib/crater-agent-workspace/cargo-home:/opt/rustwide/cargo-home:ro,Z" "-v" "/var/lib/crater-agent-workspace/rustup-home:/opt/rustwide/rustup-home:ro,Z" "-e" "SOURCE_DIR=/opt/rustwide/workdir" "-e" "CARGO_TARGET_DIR=/opt/rustwide/target" "-e" "CARGO_HOME=/opt/rustwide/cargo-home" "-e" "RUSTUP_HOME=/opt/rustwide/rustup-home" "-w" "/opt/rustwide/workdir" "-m" "1610612736" "--user" "0:0" "--network" "none" "ghcr.io/rust-lang/crates-build-env/linux@sha256:2788e3201cd34a07e3172128adcd8b3090168a8e3bcc40d7c032b9dda1df7d1c" "/opt/rustwide/cargo-home/bin/cargo" "+beta-2023-12-22" "metadata" "--no-deps" "--format-version=1", kill_on_drop: false }`
[INFO] [stdout] ed40063fe7b4e3a1bde7c55a6e955536440bd4e3cd1e19e2cbcd114d44c142e4
[INFO] running `Command { std: "docker" "start" "-a" "ed40063fe7b4e3a1bde7c55a6e955536440bd4e3cd1e19e2cbcd114d44c142e4", kill_on_drop: false }`
[INFO] running `Command { std: "docker" "inspect" "ed40063fe7b4e3a1bde7c55a6e955536440bd4e3cd1e19e2cbcd114d44c142e4", kill_on_drop: false }`
[INFO] running `Command { std: "docker" "rm" "-f" "ed40063fe7b4e3a1bde7c55a6e955536440bd4e3cd1e19e2cbcd114d44c142e4", kill_on_drop: false }`
[INFO] [stdout] ed40063fe7b4e3a1bde7c55a6e955536440bd4e3cd1e19e2cbcd114d44c142e4
[INFO] running `Command { std: "docker" "create" "-v" "/var/lib/crater-agent-workspace/builds/worker-7-tc2/target:/opt/rustwide/target:rw,Z" "-v" "/var/lib/crater-agent-workspace/builds/worker-7-tc2/source:/opt/rustwide/workdir:ro,Z" "-v" "/var/lib/crater-agent-workspace/cargo-home:/opt/rustwide/cargo-home:ro,Z" "-v" "/var/lib/crater-agent-workspace/rustup-home:/opt/rustwide/rustup-home:ro,Z" "-e" "SOURCE_DIR=/opt/rustwide/workdir" "-e" "CARGO_TARGET_DIR=/opt/rustwide/target" "-e" "CARGO_INCREMENTAL=0" "-e" "RUST_BACKTRACE=full" "-e" "RUSTFLAGS=--cap-lints=warn" "-e" "RUSTDOCFLAGS=--cap-lints=warn" "-e" "CARGO_HOME=/opt/rustwide/cargo-home" "-e" "RUSTUP_HOME=/opt/rustwide/rustup-home" "-w" "/opt/rustwide/workdir" "-m" "1610612736" "--user" "0:0" "--network" "none" "ghcr.io/rust-lang/crates-build-env/linux@sha256:2788e3201cd34a07e3172128adcd8b3090168a8e3bcc40d7c032b9dda1df7d1c" "/opt/rustwide/cargo-home/bin/cargo" "+beta-2023-12-22" "build" "--frozen" "--message-format=json", kill_on_drop: false }`
[INFO] [stdout] 5dca04ee6e6b9a0b4c51d1aed3e3e8131b40c2d87a4b88e02b45b77e7e3cd138
[INFO] running `Command { std: "docker" "start" "-a" "5dca04ee6e6b9a0b4c51d1aed3e3e8131b40c2d87a4b88e02b45b77e7e3cd138", kill_on_drop: false }`
[INFO] [stderr]    Compiling try_take v0.1.0
[INFO] [stderr]    Compiling bin-utils v0.2.5
[INFO] [stdout] error[E0554]: `#![feature]` may not be used on the beta release channel
[INFO] [stdout]  --> /opt/rustwide/cargo-home/registry/src/index.crates.io-6f17d22bba15001f/bin-utils-0.2.5/src/lib.rs:2:1
[INFO] [stdout]   |
[INFO] [stdout] 2 | / #![feature(
[INFO] [stdout] 3 | |     more_qualified_paths,
[INFO] [stdout] 4 | |     iter_next_chunk,
[INFO] [stdout] 5 | |     generic_const_exprs,
[INFO] [stdout] 6 | |     iter_array_chunks
[INFO] [stdout] 7 | | )]
[INFO] [stdout]   | |__^
[INFO] [stdout] 
[INFO] [stdout] 
[INFO] [stdout] error[E0554]: `#![feature]` may not be used on the beta release channel
[INFO] [stdout]  --> /opt/rustwide/cargo-home/registry/src/index.crates.io-6f17d22bba15001f/bin-utils-0.2.5/src/lib.rs:4:5
[INFO] [stdout]   |
[INFO] [stdout] 4 |     iter_next_chunk,
[INFO] [stdout]   |     ^^^^^^^^^^^^^^^
[INFO] [stdout] 
[INFO] [stdout] 
[INFO] [stdout] error[E0554]: `#![feature]` may not be used on the beta release channel
[INFO] [stdout]  --> /opt/rustwide/cargo-home/registry/src/index.crates.io-6f17d22bba15001f/bin-utils-0.2.5/src/lib.rs:6:5
[INFO] [stdout]   |
[INFO] [stdout] 6 |     iter_array_chunks
[INFO] [stdout]   |     ^^^^^^^^^^^^^^^^^
[INFO] [stdout] 
[INFO] [stdout] 
[INFO] [stdout] error: aborting due to 3 previous errors
[INFO] [stdout] 
[INFO] [stdout] 
[INFO] [stdout] For more information about this error, try `rustc --explain E0554`.
[INFO] [stdout] 
[INFO] [stderr] error: could not compile `bin-utils` (lib) due to 4 previous errors
[INFO] running `Command { std: "docker" "inspect" "5dca04ee6e6b9a0b4c51d1aed3e3e8131b40c2d87a4b88e02b45b77e7e3cd138", kill_on_drop: false }`
[INFO] running `Command { std: "docker" "rm" "-f" "5dca04ee6e6b9a0b4c51d1aed3e3e8131b40c2d87a4b88e02b45b77e7e3cd138", kill_on_drop: false }`
[INFO] [stdout] 5dca04ee6e6b9a0b4c51d1aed3e3e8131b40c2d87a4b88e02b45b77e7e3cd138
