[INFO] fetching crate esthri-cli 11.1.2...
[INFO] testing esthri-cli-11.1.2 against 1.75.0 for beta-1.76-1
[INFO] extracting crate esthri-cli 11.1.2 into /workspace/builds/worker-0-tc1/source
[INFO] validating manifest of crates.io crate esthri-cli 11.1.2 on toolchain 1.75.0
[INFO] running `Command { std: CARGO_HOME="/workspace/cargo-home" RUSTUP_HOME="/workspace/rustup-home" "/workspace/cargo-home/bin/cargo" "+1.75.0" "metadata" "--manifest-path" "Cargo.toml" "--no-deps", kill_on_drop: false }`
[INFO] started tweaking crates.io crate esthri-cli 11.1.2
[INFO] finished tweaking crates.io crate esthri-cli 11.1.2
[INFO] tweaked toml for crates.io crate esthri-cli 11.1.2 written to /workspace/builds/worker-0-tc1/source/Cargo.toml
[INFO] crate crates.io crate esthri-cli 11.1.2 already has a lockfile, it will not be regenerated
[INFO] running `Command { std: CARGO_HOME="/workspace/cargo-home" RUSTUP_HOME="/workspace/rustup-home" "/workspace/cargo-home/bin/cargo" "+1.75.0" "fetch" "--manifest-path" "Cargo.toml", kill_on_drop: false }`
[INFO] [stderr]     Updating crates.io index
[INFO] [stderr]  Downloading crates ...
[INFO] [stderr]   Downloaded native-tls v0.2.10
[INFO] [stderr]   Downloaded aws-smithy-types-convert v0.56.1
[INFO] [stderr]   Downloaded maud_macros v0.22.3
[INFO] [stderr]   Downloaded zstd-safe v4.1.6+zstd.1.5.2
[INFO] [stderr]   Downloaded lock_api v0.4.8
[INFO] [stderr]   Downloaded maud_htmlescape v0.17.1
[INFO] [stderr]   Downloaded tokio-retry v0.3.0
[INFO] [stderr]   Downloaded aws-types v0.56.1
[INFO] [stderr]   Downloaded base64ct v1.0.1
[INFO] [stderr]   Downloaded aws-smithy-json v0.56.1
[INFO] [stderr]   Downloaded password-hash v0.3.2
[INFO] [stderr]   Downloaded zstd v0.10.2+zstd.1.5.2
[INFO] [stderr]   Downloaded crossbeam-utils v0.8.11
[INFO] [stderr]   Downloaded web-sys v0.3.59
[INFO] [stderr]   Downloaded aws-sdk-s3 v0.30.0
[INFO] [stderr]   Downloaded maud v0.22.3
[INFO] [stderr]   Downloaded esthri-internals v11.1.1
[INFO] [stderr]   Downloaded zstd-sys v1.6.3+zstd.1.5.2
[INFO] [stderr]   Downloaded esthri v11.1.1
[INFO] [stderr]   Downloaded aws-config v0.56.1
[INFO] [stderr]   Downloaded async-compression v0.4.3
[INFO] [stderr]   Downloaded regex-syntax v0.8.0
[INFO] [stderr]   Downloaded warp v0.3.6
[INFO] [stderr]   Downloaded rustls v0.21.6
[INFO] [stderr]   Downloaded rustls-webpki v0.101.4
[INFO] [stderr]   Downloaded wasm-bindgen v0.2.82
[INFO] [stderr]   Downloaded openssl v0.10.41
[INFO] [stderr]   Downloaded webpki-roots v0.22.4
[INFO] [stderr]   Downloaded bstr v1.6.0
[INFO] [stderr]   Downloaded async_zip v0.0.15
[INFO] [stderr]   Downloaded aws-sdk-sts v0.30.0
[INFO] [stderr]   Downloaded headers v0.3.7
[INFO] [stderr]   Downloaded aws-smithy-http v0.56.1
[INFO] [stderr]   Downloaded semver v1.0.13
[INFO] [stderr]   Downloaded js-sys v0.3.59
[INFO] [stderr]   Downloaded aws-smithy-types v0.56.1
[INFO] [stderr]   Downloaded aws-smithy-client v0.56.1
[INFO] [stderr]   Downloaded crc32c v0.6.4
[INFO] [stderr]   Downloaded aws-smithy-runtime v0.56.1
[INFO] [stderr]   Downloaded aws-smithy-runtime-api v0.56.1
[INFO] [stderr]   Downloaded aws-smithy-http-tower v0.56.1
[INFO] [stderr]   Downloaded aws-sigv4 v0.56.1
[INFO] [stderr]   Downloaded aws-smithy-checksums v0.56.1
[INFO] [stderr]   Downloaded sha1 v0.10.1
[INFO] [stderr]   Downloaded wasm-bindgen-macro v0.2.82
[INFO] [stderr]   Downloaded log-derive v0.4.1
[INFO] [stderr]   Downloaded aws-http v0.56.1
[INFO] [stderr]   Downloaded iana-time-zone v0.1.46
[INFO] [stderr]   Downloaded aws-sdk-sso v0.30.0
[INFO] [stderr]   Downloaded aws-runtime v0.56.1
[INFO] [stderr]   Downloaded aws-smithy-eventstream v0.56.1
[INFO] [stderr]   Downloaded wasm-bindgen-backend v0.2.82
[INFO] [stderr]   Downloaded wasm-bindgen-shared v0.2.82
[INFO] [stderr]   Downloaded wasm-bindgen-macro-support v0.2.82
[INFO] [stderr]   Downloaded aws-smithy-query v0.56.1
[INFO] [stderr]   Downloaded aws-credential-types v0.56.1
[INFO] [stderr]   Downloaded aws-smithy-xml v0.56.1
[INFO] [stderr]   Downloaded clap_lex v0.3.1
[INFO] [stderr]   Downloaded aws-smithy-async v0.56.1
[INFO] [stderr]   Downloaded serde-tuple-vec-map v1.0.1
[INFO] [stderr]   Downloaded wasm-bindgen-futures v0.4.32
[INFO] [stderr]   Downloaded android_system_properties v0.1.4
[INFO] [stderr]   Downloaded bytes-utils v0.1.3
[INFO] running `Command { std: "docker" "create" "-v" "/var/lib/crater-agent-workspace/builds/worker-0-tc1/target:/opt/rustwide/target:rw,Z" "-v" "/var/lib/crater-agent-workspace/builds/worker-0-tc1/source:/opt/rustwide/workdir:ro,Z" "-v" "/var/lib/crater-agent-workspace/cargo-home:/opt/rustwide/cargo-home:ro,Z" "-v" "/var/lib/crater-agent-workspace/rustup-home:/opt/rustwide/rustup-home:ro,Z" "-e" "SOURCE_DIR=/opt/rustwide/workdir" "-e" "CARGO_TARGET_DIR=/opt/rustwide/target" "-e" "CARGO_HOME=/opt/rustwide/cargo-home" "-e" "RUSTUP_HOME=/opt/rustwide/rustup-home" "-w" "/opt/rustwide/workdir" "-m" "1610612736" "--user" "0:0" "--network" "none" "ghcr.io/rust-lang/crates-build-env/linux@sha256:2788e3201cd34a07e3172128adcd8b3090168a8e3bcc40d7c032b9dda1df7d1c" "/opt/rustwide/cargo-home/bin/cargo" "+1.75.0" "metadata" "--no-deps" "--format-version=1", kill_on_drop: false }`
[INFO] [stdout] 285656b3f3d74f377b15a1c7e969ec9c1ead9e11f34161272c3772b2d5b33694
[INFO] running `Command { std: "docker" "start" "-a" "285656b3f3d74f377b15a1c7e969ec9c1ead9e11f34161272c3772b2d5b33694", kill_on_drop: false }`
[INFO] running `Command { std: "docker" "inspect" "285656b3f3d74f377b15a1c7e969ec9c1ead9e11f34161272c3772b2d5b33694", kill_on_drop: false }`
[INFO] running `Command { std: "docker" "rm" "-f" "285656b3f3d74f377b15a1c7e969ec9c1ead9e11f34161272c3772b2d5b33694", kill_on_drop: false }`
[INFO] [stdout] 285656b3f3d74f377b15a1c7e969ec9c1ead9e11f34161272c3772b2d5b33694
[INFO] running `Command { std: "docker" "create" "-v" "/var/lib/crater-agent-workspace/builds/worker-0-tc1/target:/opt/rustwide/target:rw,Z" "-v" "/var/lib/crater-agent-workspace/builds/worker-0-tc1/source:/opt/rustwide/workdir:ro,Z" "-v" "/var/lib/crater-agent-workspace/cargo-home:/opt/rustwide/cargo-home:ro,Z" "-v" "/var/lib/crater-agent-workspace/rustup-home:/opt/rustwide/rustup-home:ro,Z" "-e" "SOURCE_DIR=/opt/rustwide/workdir" "-e" "CARGO_TARGET_DIR=/opt/rustwide/target" "-e" "CARGO_INCREMENTAL=0" "-e" "RUST_BACKTRACE=full" "-e" "RUSTFLAGS=--cap-lints=warn" "-e" "RUSTDOCFLAGS=--cap-lints=warn" "-e" "CARGO_HOME=/opt/rustwide/cargo-home" "-e" "RUSTUP_HOME=/opt/rustwide/rustup-home" "-w" "/opt/rustwide/workdir" "-m" "1610612736" "--user" "0:0" "--network" "none" "ghcr.io/rust-lang/crates-build-env/linux@sha256:2788e3201cd34a07e3172128adcd8b3090168a8e3bcc40d7c032b9dda1df7d1c" "/opt/rustwide/cargo-home/bin/cargo" "+1.75.0" "build" "--frozen" "--message-format=json", kill_on_drop: false }`
[INFO] [stdout] 7cc035f80884ffe46d36f1f40279fc79fd04933335ec12fca4ab5c2cbd3f2580
[INFO] running `Command { std: "docker" "start" "-a" "7cc035f80884ffe46d36f1f40279fc79fd04933335ec12fca4ab5c2cbd3f2580", kill_on_drop: false }`
[INFO] [stderr]    Compiling proc-macro2 v1.0.63
[INFO] [stderr]    Compiling libc v0.2.147
[INFO] [stderr]    Compiling unicode-ident v1.0.3
[INFO] [stderr]    Compiling quote v1.0.29
[INFO] [stderr]    Compiling log v0.4.20
[INFO] [stderr]    Compiling bytes v1.2.1
[INFO] [stderr]    Compiling memchr v2.6.3
[INFO] [stderr]    Compiling itoa v1.0.3
[INFO] [stderr]    Compiling futures-core v0.3.28
[INFO] [stderr]    Compiling once_cell v1.18.0
[INFO] [stderr]    Compiling parking_lot_core v0.9.3
[INFO] [stderr]    Compiling lock_api v0.4.8
[INFO] [stderr]    Compiling smallvec v1.9.0
[INFO] [stderr]    Compiling scopeguard v1.1.0
[INFO] [stderr]    Compiling tokio v1.28.1
[INFO] [stderr]    Compiling syn v1.0.105
[INFO] [stderr]    Compiling slab v0.4.7
[INFO] [stderr]    Compiling futures-channel v0.3.28
[INFO] [stderr]    Compiling futures-task v0.3.28
[INFO] [stderr]    Compiling futures-io v0.3.28
[INFO] [stderr]    Compiling futures-sink v0.3.28
[INFO] [stderr]    Compiling futures-util v0.3.28
[INFO] [stderr]    Compiling tracing-core v0.1.31
[INFO] [stderr]    Compiling num-traits v0.2.15
[INFO] [stderr]    Compiling ryu v1.0.11
[INFO] [stderr]    Compiling indexmap v1.9.1
[INFO] [stderr]    Compiling num-integer v0.1.45
[INFO] [stderr]    Compiling typenum v1.15.0
[INFO] [stderr]    Compiling generic-array v0.14.6
[INFO] [stderr]    Compiling http v0.2.9
[INFO] [stderr]    Compiling vsimd v0.8.0
[INFO] [stderr]    Compiling num_threads v0.1.6
[INFO] [stderr]    Compiling percent-encoding v2.3.0
[INFO] [stderr]    Compiling time-macros v0.2.4
[INFO] [stderr]    Compiling httpdate v1.0.2
[INFO] [stderr]    Compiling outref v0.5.1
[INFO] [stderr]    Compiling want v0.3.0
[INFO] [stderr]    Compiling base64 v0.13.0
[INFO] [stderr]    Compiling subtle v2.4.1
[INFO] [stderr]    Compiling semver v1.0.13
[INFO] [stderr]    Compiling either v1.8.0
[INFO] [stderr]    Compiling rustls v0.21.6
[INFO] [stderr]    Compiling cpufeatures v0.2.7
[INFO] [stderr]    Compiling bytes-utils v0.1.3
[INFO] [stderr]    Compiling form_urlencoded v1.2.0
[INFO] [stderr]    Compiling syn v2.0.28
[INFO] [stderr]    Compiling base64-simd v0.8.0
[INFO] [stderr]    Compiling rustls-pemfile v1.0.1
[INFO] [stderr]    Compiling tower-layer v0.3.2
[INFO] [stderr]    Compiling fastrand v2.0.0
[INFO] [stderr]    Compiling aho-corasick v1.0.1
[INFO] [stderr]    Compiling rustls-native-certs v0.6.2
[INFO] [stderr]    Compiling regex-syntax v0.8.0
[INFO] [stderr]    Compiling tinyvec v1.6.0
[INFO] [stderr]    Compiling zeroize v1.5.7
[INFO] [stderr]    Compiling rustc_version v0.4.0
[INFO] [stderr]    Compiling serde v1.0.188
[INFO] [stderr]    Compiling http-body v0.4.5
[INFO] [stderr]    Compiling strsim v0.10.0
[INFO] [stderr]    Compiling unicode-bidi v0.3.13
[INFO] [stderr]    Compiling thiserror v1.0.49
[INFO] [stderr]    Compiling aws-types v0.56.1
[INFO] [stderr]    Compiling ppv-lite86 v0.2.16
[INFO] [stderr]    Compiling socket2 v0.4.9
[INFO] [stderr]    Compiling num_cpus v1.13.1
[INFO] [stderr]    Compiling mio v0.8.4
[INFO] [stderr]    Compiling signal-hook-registry v1.4.0
[INFO] [stderr]    Compiling jobserver v0.1.24
[INFO] [stderr]    Compiling parking_lot v0.12.1
[INFO] [stderr]    Compiling unicode-normalization v0.1.22
[INFO] [stderr]    Compiling cc v1.0.73
[INFO] [stderr]    Compiling getrandom v0.2.7
[INFO] [stderr]    Compiling unicase v2.6.0
[INFO] [stderr]    Compiling mime v0.3.16
[INFO] [stderr]    Compiling uuid v1.4.1
[INFO] [stderr]    Compiling rand_core v0.6.3
[INFO] [stderr]    Compiling encoding_rs v0.8.31
[INFO] [stderr]    Compiling rustls v0.20.6
[INFO] [stderr]    Compiling time v0.3.14
[INFO] [stderr]    Compiling proc-macro-error-attr v1.0.4
[INFO] [stderr]    Compiling idna v0.4.0
[INFO] [stderr]    Compiling rand_chacha v0.3.1
[INFO] [stderr]    Compiling block-buffer v0.10.2
[INFO] [stderr]    Compiling crypto-common v0.1.6
[INFO] [stderr]    Compiling crc32c v0.6.4
[INFO] [stderr]    Compiling io-lifetimes v1.0.11
[INFO] [stderr]    Compiling xmlparser v0.13.5
[INFO] [stderr]    Compiling strsim v0.9.3
[INFO] [stderr]    Compiling digest v0.10.7
[INFO] [stderr]    Compiling serde_json v1.0.85
[INFO] [stderr]    Compiling sha2 v0.10.2
[INFO] [stderr]    Compiling hmac v0.12.1
[INFO] [stderr]    Compiling sha1 v0.10.1
[INFO] [stderr]    Compiling rand v0.8.5
[INFO] [stderr]    Compiling url v2.4.1
[INFO] [stderr]    Compiling aws-smithy-xml v0.56.1
[INFO] [stderr]    Compiling flate2 v1.0.27
[INFO] [stderr]    Compiling regex-automata v0.4.1
[INFO] [stderr]    Compiling heck v0.4.0
[INFO] [stderr]    Compiling rustix v0.38.4
[INFO] [stderr]    Compiling ring v0.16.20
[INFO] [stderr]    Compiling rustix v0.36.6
[INFO] [stderr]    Compiling rustversion v1.0.9
[INFO] [stderr]    Compiling backtrace v0.3.69
[INFO] [stderr]    Compiling aws-smithy-types v0.56.1
[INFO] [stderr]    Compiling mime_guess v2.0.4
[INFO] [stderr]    Compiling md-5 v0.10.6
[INFO] [stderr]    Compiling multer v2.1.0
[INFO] [stderr]    Compiling iana-time-zone v0.1.46
[INFO] [stderr]    Compiling data-encoding v2.4.0
[INFO] [stderr]    Compiling utf-8 v0.7.6
[INFO] [stderr]    Compiling byteorder v1.4.3
[INFO] [stderr]    Compiling linux-raw-sys v0.4.3
[INFO] [stderr]    Compiling gimli v0.28.0
[INFO] [stderr]    Compiling bitflags v2.3.3
[INFO] [stderr]    Compiling linux-raw-sys v0.1.4
[INFO] [stderr]    Compiling aws-smithy-eventstream v0.56.1
[INFO] [stderr]    Compiling aws-smithy-json v0.56.1
[INFO] [stderr]    Compiling aws-smithy-query v0.56.1
[INFO] [stderr]    Compiling chrono v0.4.31
[INFO] [stderr]    Compiling sha-1 v0.10.0
[INFO] [stderr]    Compiling headers-core v0.2.0
[INFO] [stderr]    Compiling object v0.32.0
[INFO] [stderr]    Compiling anyhow v1.0.75
[INFO] [stderr]    Compiling maud_htmlescape v0.17.1
[INFO] [stderr]    Compiling termcolor v1.1.3
[INFO] [stderr]    Compiling spin v0.9.8
[INFO] [stderr]    Compiling darling_core v0.14.2
[INFO] [stderr]    Compiling darling_core v0.10.2
[INFO] [stderr]    Compiling proc-macro-error v1.0.4
[INFO] [stderr]    Compiling ipnet v2.5.0
[INFO] [stderr]    Compiling same-file v1.0.6
[INFO] [stderr]    Compiling rustc-demangle v0.1.21
[INFO] [stderr]    Compiling os_str_bytes v6.3.0
[INFO] [stderr]    Compiling webpki-roots v0.25.2
[INFO] [stderr]    Compiling base64 v0.21.0
[INFO] [stderr]    Compiling regex v1.10.0
[INFO] [stderr]    Compiling is-terminal v0.4.2
[INFO] [stderr]    Compiling aws-smithy-types-convert v0.56.1
[INFO] [stderr]    Compiling clap_lex v0.3.1
[INFO] [stderr]    Compiling walkdir v2.4.0
[INFO] [stderr]    Compiling headers v0.3.7
[INFO] [stderr]    Compiling tempfile v3.8.0
[INFO] [stderr]    Compiling async-compression v0.3.15
[INFO] [stderr]    Compiling addr2line v0.21.0
[INFO] [stderr]    Compiling atty v0.2.14
[INFO] [stderr]    Compiling glob v0.3.1
[INFO] [stderr]    Compiling scoped-tls v1.0.0
[INFO] [stderr]    Compiling strum v0.25.0
[INFO] [stderr]    Compiling humantime v2.1.0
[INFO] [stderr]    Compiling sanitize-filename v0.5.0
[INFO] [stderr]    Compiling env_logger v0.10.0
[INFO] [stderr]    Compiling sct v0.7.0
[INFO] [stderr]    Compiling rustls-webpki v0.101.4
[INFO] [stderr]    Compiling tokio-macros v2.1.0
[INFO] [stderr]    Compiling futures-macro v0.3.28
[INFO] [stderr]    Compiling tracing-attributes v0.1.26
[INFO] [stderr]    Compiling serde_derive v1.0.188
[INFO] [stderr]    Compiling thiserror-impl v1.0.49
[INFO] [stderr]    Compiling webpki v0.22.0
[INFO] [stderr]    Compiling pin-project-internal v1.0.12
[INFO] [stderr]    Compiling darling_macro v0.14.2
[INFO] [stderr]    Compiling darling_macro v0.10.2
[INFO] [stderr]    Compiling webpki-roots v0.22.4
[INFO] [stderr]    Compiling async-stream-impl v0.3.5
[INFO] [stderr]    Compiling clap_derive v4.0.21
[INFO] [stderr]    Compiling maud_macros v0.22.3
[INFO] [stderr]    Compiling strum_macros v0.24.3
[INFO] [stderr]    Compiling darling v0.10.2
[INFO] [stderr]    Compiling log-derive v0.4.1
[INFO] [stderr]    Compiling darling v0.14.2
[INFO] [stderr]    Compiling derive_builder_core v0.12.0
[INFO] [stderr]    Compiling async-stream v0.3.5
[INFO] [stderr]    Compiling tungstenite v0.20.1
[INFO] [stderr]    Compiling pin-project v1.0.12
[INFO] [stderr]    Compiling maud v0.22.3
[INFO] [stderr]    Compiling tracing v0.1.37
[INFO] [stderr]    Compiling derive_builder_macro v0.12.0
[INFO] [stderr]    Compiling clap v4.0.26
[INFO] [stderr]    Compiling derive_builder v0.12.0
[INFO] [stderr]    Compiling futures v0.3.28
[INFO] [stderr]    Compiling tokio-util v0.7.9
[INFO] [stderr]    Compiling tokio-stream v0.1.14
[INFO] [stderr]    Compiling tokio-rustls v0.24.0
[INFO] [stderr]    Compiling tower v0.4.13
[INFO] [stderr]    Compiling tokio-rustls v0.23.4
[INFO] [stderr]    Compiling tokio-tungstenite v0.20.1
[INFO] [stderr]    Compiling async-compression v0.4.3
[INFO] [stderr]    Compiling tokio-retry v0.3.0
[INFO] [stderr]    Compiling aws-smithy-async v0.56.1
[INFO] [stderr]    Compiling serde_urlencoded v0.7.1
[INFO] [stderr]    Compiling envy v0.4.2
[INFO] [stderr]    Compiling serde-tuple-vec-map v1.0.1
[INFO] [stderr]    Compiling aws-credential-types v0.56.1
[INFO] [stderr]    Compiling h2 v0.3.21
[INFO] [stderr]    Compiling async_zip v0.0.15
[INFO] [stderr]    Compiling hyper v0.14.27
[INFO] [stderr]    Compiling aws-smithy-http v0.56.1
[INFO] [stderr]    Compiling hyper-rustls v0.24.1
[INFO] [stderr]    Compiling hyper-rustls v0.23.2
[INFO] [stderr]    Compiling warp v0.3.6
[INFO] [stderr]    Compiling esthri-internals v11.1.1
[INFO] [stderr]    Compiling reqwest v0.11.22
[INFO] [stderr]    Compiling aws-smithy-http-tower v0.56.1
[INFO] [stderr]    Compiling aws-smithy-runtime-api v0.56.1
[INFO] [stderr]    Compiling aws-sigv4 v0.56.1
[INFO] [stderr]    Compiling aws-smithy-checksums v0.56.1
[INFO] [stderr]    Compiling aws-smithy-client v0.56.1
[INFO] [stderr]    Compiling aws-smithy-runtime v0.56.1
[INFO] [stderr]    Compiling aws-http v0.56.1
[INFO] [stderr]    Compiling aws-runtime v0.56.1
[INFO] [stderr]    Compiling aws-sdk-sso v0.30.0
[INFO] [stderr]    Compiling aws-sdk-sts v0.30.0
[INFO] [stderr]    Compiling aws-sdk-s3 v0.30.0
[INFO] [stderr]    Compiling aws-config v0.56.1
[INFO] [stderr]    Compiling esthri v11.1.1
[INFO] [stderr]    Compiling esthri-cli v11.1.2 (/opt/rustwide/workdir)
[INFO] [stderr]     Finished dev [unoptimized + debuginfo] target(s) in 58.76s
[INFO] running `Command { std: "docker" "inspect" "7cc035f80884ffe46d36f1f40279fc79fd04933335ec12fca4ab5c2cbd3f2580", kill_on_drop: false }`
[INFO] running `Command { std: "docker" "rm" "-f" "7cc035f80884ffe46d36f1f40279fc79fd04933335ec12fca4ab5c2cbd3f2580", kill_on_drop: false }`
[INFO] [stdout] 7cc035f80884ffe46d36f1f40279fc79fd04933335ec12fca4ab5c2cbd3f2580
[INFO] running `Command { std: "docker" "create" "-v" "/var/lib/crater-agent-workspace/builds/worker-0-tc1/target:/opt/rustwide/target:rw,Z" "-v" "/var/lib/crater-agent-workspace/builds/worker-0-tc1/source:/opt/rustwide/workdir:ro,Z" "-v" "/var/lib/crater-agent-workspace/cargo-home:/opt/rustwide/cargo-home:ro,Z" "-v" "/var/lib/crater-agent-workspace/rustup-home:/opt/rustwide/rustup-home:ro,Z" "-e" "SOURCE_DIR=/opt/rustwide/workdir" "-e" "CARGO_TARGET_DIR=/opt/rustwide/target" "-e" "CARGO_INCREMENTAL=0" "-e" "RUST_BACKTRACE=full" "-e" "RUSTFLAGS=--cap-lints=warn" "-e" "RUSTDOCFLAGS=--cap-lints=warn" "-e" "CARGO_HOME=/opt/rustwide/cargo-home" "-e" "RUSTUP_HOME=/opt/rustwide/rustup-home" "-w" "/opt/rustwide/workdir" "-m" "1610612736" "--user" "0:0" "--network" "none" "ghcr.io/rust-lang/crates-build-env/linux@sha256:2788e3201cd34a07e3172128adcd8b3090168a8e3bcc40d7c032b9dda1df7d1c" "/opt/rustwide/cargo-home/bin/cargo" "+1.75.0" "test" "--frozen" "--no-run" "--message-format=json", kill_on_drop: false }`
[INFO] [stdout] cef8a9d33cf3d7e62eb2c9376dac32a229d8cf0f801974d7e9e439c17fe9a890
[INFO] running `Command { std: "docker" "start" "-a" "cef8a9d33cf3d7e62eb2c9376dac32a229d8cf0f801974d7e9e439c17fe9a890", kill_on_drop: false }`
[INFO] [stderr]    Compiling zstd-sys v1.6.3+zstd.1.5.2
[INFO] [stderr]    Compiling pkg-config v0.3.25
[INFO] [stderr]    Compiling zstd-safe v4.1.6+zstd.1.5.2
[INFO] [stderr]    Compiling base64ct v1.0.1
[INFO] [stderr]    Compiling predicates-core v1.0.6
[INFO] [stderr]    Compiling cipher v0.3.0
[INFO] [stderr]    Compiling itertools v0.10.3
[INFO] [stderr]    Compiling opaque-debug v0.3.0
[INFO] [stderr]    Compiling anstyle v1.0.1
[INFO] [stderr]    Compiling regex-automata v0.3.9
[INFO] [stderr]    Compiling termtree v0.2.4
[INFO] [stderr]    Compiling difflib v0.4.0
[INFO] [stderr]    Compiling wait-timeout v0.2.0
[INFO] [stderr]    Compiling rand v0.4.6
[INFO] [stderr]    Compiling constant_time_eq v0.1.5
[INFO] [stderr]    Compiling md5 v0.7.0
[INFO] [stderr]    Compiling fs_extra v1.3.0
[INFO] [stderr]    Compiling predicates-tree v1.0.5
[INFO] [stderr]    Compiling password-hash v0.3.2
[INFO] [stderr]    Compiling aes v0.7.5
[INFO] [stderr]    Compiling bzip2-sys v0.1.11+1.0.8
[INFO] [stderr]    Compiling pbkdf2 v0.10.1
[INFO] [stderr]    Compiling tempdir v0.3.7
[INFO] [stderr]    Compiling bstr v1.6.0
[INFO] [stderr]    Compiling predicates v3.0.3
[INFO] [stderr]    Compiling bzip2 v0.4.3
[INFO] [stderr]    Compiling assert_cmd v2.0.12
[INFO] [stderr]    Compiling zstd v0.10.2+zstd.1.5.2
[INFO] [stderr]    Compiling zip v0.6.2
[INFO] [stderr]    Compiling esthri-cli v11.1.2 (/opt/rustwide/workdir)
[INFO] [stdout] error[E0432]: unresolved import `esthri::blocking`
[INFO] [stdout]   --> tests/integration/http_server.rs:9:14
[INFO] [stdout]    |
[INFO] [stdout] 9  | use esthri::{blocking, opts::*, upload, Config};
[INFO] [stdout]    |              ^^^^^^^^ no `blocking` in the root
[INFO] [stdout]    |
[INFO] [stdout] note: found an item that was configured out
[INFO] [stdout]   --> /opt/rustwide/cargo-home/registry/src/index.crates.io-6f17d22bba15001f/esthri-11.1.1/src/lib.rs:18:9
[INFO] [stdout]    |
[INFO] [stdout] 18 | pub mod blocking;
[INFO] [stdout]    |         ^^^^^^^^
[INFO] [stdout]    = note: the item is gated behind the `blocking` feature
[INFO] [stdout] 
[INFO] [stdout] 
[INFO] [stdout] error[E0432]: unresolved import `esthri_test`
[INFO] [stdout]  --> tests/integration/cli_test.rs:6:5
[INFO] [stdout]   |
[INFO] [stdout] 6 | use esthri_test::{validate_key_hash_pairs, KeyHashPair};
[INFO] [stdout]   |     ^^^^^^^^^^^ use of undeclared crate or module `esthri_test`
[INFO] [stdout] 
[INFO] [stdout] 
[INFO] [stdout] error[E0432]: unresolved import `esthri_test`
[INFO] [stdout]   --> tests/integration/http_server.rs:11:5
[INFO] [stdout]    |
[INFO] [stdout] 11 | use esthri_test::{validate_key_hash_pairs, DateTime, KeyHashPair};
[INFO] [stdout]    |     ^^^^^^^^^^^ use of undeclared crate or module `esthri_test`
[INFO] [stdout] 
[INFO] [stdout] 
[INFO] [stdout] error[E0433]: failed to resolve: use of undeclared crate or module `esthri_test`
[INFO] [stdout]    --> tests/integration/http_server.rs:259:20
[INFO] [stdout]     |
[INFO] [stdout] 259 |     let _tmp_dir = esthri_test::EphemeralTempDir::pushd();
[INFO] [stdout]     |                    ^^^^^^^^^^^ use of undeclared crate or module `esthri_test`
[INFO] [stdout] 
[INFO] [stdout] 
[INFO] [stdout] error[E0433]: failed to resolve: use of undeclared crate or module `esthri_test`
[INFO] [stdout]    --> tests/integration/http_server.rs:147:20
[INFO] [stdout]     |
[INFO] [stdout] 147 |     let filename = esthri_test::test_data("index.html");
[INFO] [stdout]     |                    ^^^^^^^^^^^ use of undeclared crate or module `esthri_test`
[INFO] [stdout] 
[INFO] [stdout] 
[INFO] [stdout] error[E0433]: failed to resolve: use of undeclared crate or module `esthri_test`
[INFO] [stdout]    --> tests/integration/http_server.rs:148:20
[INFO] [stdout]     |
[INFO] [stdout] 148 |     let s3client = esthri_test::get_s3client_async().await;
[INFO] [stdout]     |                    ^^^^^^^^^^^ use of undeclared crate or module `esthri_test`
[INFO] [stdout] 
[INFO] [stdout] 
[INFO] [stdout] error[E0433]: failed to resolve: use of undeclared crate or module `esthri_test`
[INFO] [stdout]    --> tests/integration/http_server.rs:157:9
[INFO] [stdout]     |
[INFO] [stdout] 157 |         esthri_test::TEST_BUCKET,
[INFO] [stdout]     |         ^^^^^^^^^^^ use of undeclared crate or module `esthri_test`
[INFO] [stdout] 
[INFO] [stdout] 
[INFO] [stdout] error[E0433]: failed to resolve: use of undeclared crate or module `esthri_test`
[INFO] [stdout]    --> tests/integration/http_server.rs:216:20
[INFO] [stdout]     |
[INFO] [stdout] 216 |     let s3client = esthri_test::get_s3client_async().await;
[INFO] [stdout]     |                    ^^^^^^^^^^^ use of undeclared crate or module `esthri_test`
[INFO] [stdout] 
[INFO] [stdout] 
[INFO] [stdout] error[E0433]: failed to resolve: use of undeclared crate or module `esthri_test`
[INFO] [stdout]    --> tests/integration/http_server.rs:217:27
[INFO] [stdout]     |
[INFO] [stdout] 217 |     let local_directory = esthri_test::test_data(s3_key);
[INFO] [stdout]     |                           ^^^^^^^^^^^ use of undeclared crate or module `esthri_test`
[INFO] [stdout] 
[INFO] [stdout] 
[INFO] [stdout] error[E0433]: failed to resolve: use of undeclared crate or module `esthri_test`
[INFO] [stdout]    --> tests/integration/http_server.rs:222:41
[INFO] [stdout]     |
[INFO] [stdout] 222 |         esthri::S3PathParam::new_bucket(esthri_test::TEST_BUCKET, s3_key),
[INFO] [stdout]     |                                         ^^^^^^^^^^^ use of undeclared crate or module `esthri_test`
[INFO] [stdout] 
[INFO] [stdout] 
[INFO] [stdout] error[E0433]: failed to resolve: use of undeclared crate or module `esthri_test`
[INFO] [stdout]    --> tests/integration/http_server.rs:285:20
[INFO] [stdout]     |
[INFO] [stdout] 285 |     let s3client = esthri_test::get_s3client_async().await;
[INFO] [stdout]     |                    ^^^^^^^^^^^ use of undeclared crate or module `esthri_test`
[INFO] [stdout] 
[INFO] [stdout] 
[INFO] [stdout] error[E0433]: failed to resolve: use of undeclared crate or module `esthri_test`
[INFO] [stdout]    --> tests/integration/http_server.rs:286:53
[INFO] [stdout]     |
[INFO] [stdout] 286 |     let filter = esthri_filter((*s3client).clone(), esthri_test::TEST_BUCKET, false, &[]);
[INFO] [stdout]     |                                                     ^^^^^^^^^^^ use of undeclared crate or module `esthri_test`
[INFO] [stdout] 
[INFO] [stdout] 
[INFO] [stdout] error[E0433]: failed to resolve: use of undeclared crate or module `esthri_test`
[INFO] [stdout]  --> tests/integration/cli_test.rs:9:19
[INFO] [stdout]   |
[INFO] [stdout] 9 |     let sync_to = esthri_test::test_data(sync_to);
[INFO] [stdout]   |                   ^^^^^^^^^^^ use of undeclared crate or module `esthri_test`
[INFO] [stdout] 
[INFO] [stdout] 
[INFO] [stdout] error[E0433]: failed to resolve: use of undeclared crate or module `esthri_test`
[INFO] [stdout]    --> tests/integration/cli_test.rs:234:14
[INFO] [stdout]     |
[INFO] [stdout] 234 |         .arg(esthri_test::test_data("sync_up/"))
[INFO] [stdout]     |              ^^^^^^^^^^^ use of undeclared crate or module `esthri_test`
[INFO] [stdout] 
[INFO] [stdout] 
[INFO] [stdout] error[E0433]: failed to resolve: use of undeclared crate or module `esthri_test`
[INFO] [stdout]    --> tests/integration/cli_test.rs:294:14
[INFO] [stdout]     |
[INFO] [stdout] 294 |         .arg(esthri_test::test_data("sync_up/"))
[INFO] [stdout]     |              ^^^^^^^^^^^ use of undeclared crate or module `esthri_test`
[INFO] [stdout] 
[INFO] [stdout] 
[INFO] [stdout] error[E0433]: failed to resolve: use of undeclared crate or module `esthri_test`
[INFO] [stdout]   --> tests/integration/http_server.rs:15:20
[INFO] [stdout]    |
[INFO] [stdout] 15 |     let filename = esthri_test::test_data("test_file.txt");
[INFO] [stdout]    |                    ^^^^^^^^^^^ use of undeclared crate or module `esthri_test`
[INFO] [stdout] 
[INFO] [stdout] 
[INFO] [stdout] error[E0433]: failed to resolve: use of undeclared crate or module `esthri_test`
[INFO] [stdout]   --> tests/integration/http_server.rs:17:20
[INFO] [stdout]    |
[INFO] [stdout] 17 |     let s3client = esthri_test::get_s3client_async().await;
[INFO] [stdout]    |                    ^^^^^^^^^^^ use of undeclared crate or module `esthri_test`
[INFO] [stdout] 
[INFO] [stdout] 
[INFO] [stdout] error[E0433]: failed to resolve: use of undeclared crate or module `esthri_test`
[INFO] [stdout]   --> tests/integration/http_server.rs:18:18
[INFO] [stdout]    |
[INFO] [stdout] 18 |     let bucket = esthri_test::TEST_BUCKET;
[INFO] [stdout]    |                  ^^^^^^^^^^^ use of undeclared crate or module `esthri_test`
[INFO] [stdout] 
[INFO] [stdout] 
[INFO] [stdout] error[E0433]: failed to resolve: use of undeclared crate or module `esthri_test`
[INFO] [stdout]   --> tests/integration/http_server.rs:25:9
[INFO] [stdout]    |
[INFO] [stdout] 25 |         esthri_test::TEST_BUCKET,
[INFO] [stdout]    |         ^^^^^^^^^^^ use of undeclared crate or module `esthri_test`
[INFO] [stdout] 
[INFO] [stdout] 
[INFO] [stdout] error[E0433]: failed to resolve: use of undeclared crate or module `esthri_test`
[INFO] [stdout]   --> tests/integration/http_server.rs:50:20
[INFO] [stdout]    |
[INFO] [stdout] 50 |     let filename = esthri_test::test_data("test_file.txt");
[INFO] [stdout]    |                    ^^^^^^^^^^^ use of undeclared crate or module `esthri_test`
[INFO] [stdout] 
[INFO] [stdout] 
[INFO] [stdout] error[E0433]: failed to resolve: use of undeclared crate or module `esthri_test`
[INFO] [stdout]   --> tests/integration/http_server.rs:52:20
[INFO] [stdout]    |
[INFO] [stdout] 52 |     let s3client = esthri_test::get_s3client_async().await;
[INFO] [stdout]    |                    ^^^^^^^^^^^ use of undeclared crate or module `esthri_test`
[INFO] [stdout] 
[INFO] [stdout] 
[INFO] [stdout] error[E0433]: failed to resolve: use of undeclared crate or module `esthri_test`
[INFO] [stdout]   --> tests/integration/http_server.rs:53:18
[INFO] [stdout]    |
[INFO] [stdout] 53 |     let bucket = esthri_test::TEST_BUCKET;
[INFO] [stdout]    |                  ^^^^^^^^^^^ use of undeclared crate or module `esthri_test`
[INFO] [stdout] 
[INFO] [stdout] 
[INFO] [stdout] error[E0433]: failed to resolve: use of undeclared crate or module `esthri_test`
[INFO] [stdout]   --> tests/integration/http_server.rs:62:9
[INFO] [stdout]    |
[INFO] [stdout] 62 |         esthri_test::TEST_BUCKET,
[INFO] [stdout]    |         ^^^^^^^^^^^ use of undeclared crate or module `esthri_test`
[INFO] [stdout] 
[INFO] [stdout] 
[INFO] [stdout] error[E0433]: failed to resolve: use of undeclared crate or module `esthri_test`
[INFO] [stdout]   --> tests/integration/http_server.rs:78:9
[INFO] [stdout]    |
[INFO] [stdout] 78 |         esthri_test::TEST_BUCKET,
[INFO] [stdout]    |         ^^^^^^^^^^^ use of undeclared crate or module `esthri_test`
[INFO] [stdout] 
[INFO] [stdout] 
[INFO] [stdout] error[E0433]: failed to resolve: use of undeclared crate or module `esthri_test`
[INFO] [stdout]    --> tests/integration/http_server.rs:523:18
[INFO] [stdout]     |
[INFO] [stdout] 523 |     let bucket = esthri_test::TEST_BUCKET;
[INFO] [stdout]     |                  ^^^^^^^^^^^ use of undeclared crate or module `esthri_test`
[INFO] [stdout] 
[INFO] [stdout] 
[INFO] [stdout] error[E0433]: failed to resolve: use of undeclared crate or module `esthri_test`
[INFO] [stdout]    --> tests/integration/http_server.rs:520:20
[INFO] [stdout]     |
[INFO] [stdout] 520 |     let s3client = esthri_test::get_s3client_async().await;
[INFO] [stdout]     |                    ^^^^^^^^^^^ use of undeclared crate or module `esthri_test`
[INFO] [stdout] 
[INFO] [stdout] 
[INFO] [stdout] error[E0433]: failed to resolve: use of undeclared crate or module `esthri_test`
[INFO] [stdout]    --> tests/integration/http_server.rs:498:18
[INFO] [stdout]     |
[INFO] [stdout] 498 |     let bucket = esthri_test::TEST_BUCKET;
[INFO] [stdout]     |                  ^^^^^^^^^^^ use of undeclared crate or module `esthri_test`
[INFO] [stdout] 
[INFO] [stdout] 
[INFO] [stdout] error[E0433]: failed to resolve: use of undeclared crate or module `esthri_test`
[INFO] [stdout]    --> tests/integration/http_server.rs:171:20
[INFO] [stdout]     |
[INFO] [stdout] 171 |     let s3client = esthri_test::get_s3client_async().await;
[INFO] [stdout]     |                    ^^^^^^^^^^^ use of undeclared crate or module `esthri_test`
[INFO] [stdout] 
[INFO] [stdout] 
[INFO] [stdout] error[E0433]: failed to resolve: use of undeclared crate or module `esthri_test`
[INFO] [stdout]    --> tests/integration/http_server.rs:173:53
[INFO] [stdout]     |
[INFO] [stdout] 173 |     let filter = esthri_filter((*s3client).clone(), esthri_test::TEST_BUCKET, false, &[]);
[INFO] [stdout]     |                                                     ^^^^^^^^^^^ use of undeclared crate or module `esthri_test`
[INFO] [stdout] 
[INFO] [stdout] 
[INFO] [stdout] error[E0433]: failed to resolve: use of undeclared crate or module `esthri_test`
[INFO] [stdout]    --> tests/integration/http_server.rs:195:20
[INFO] [stdout]     |
[INFO] [stdout] 195 |     let s3client = esthri_test::get_s3client();
[INFO] [stdout]     |                    ^^^^^^^^^^^ use of undeclared crate or module `esthri_test`
[INFO] [stdout] 
[INFO] [stdout] 
[INFO] [stdout] error[E0433]: failed to resolve: use of undeclared crate or module `esthri_test`
[INFO] [stdout]    --> tests/integration/http_server.rs:196:27
[INFO] [stdout]     |
[INFO] [stdout] 196 |     let local_directory = esthri_test::test_data("sync_up");
[INFO] [stdout]     |                           ^^^^^^^^^^^ use of undeclared crate or module `esthri_test`
[INFO] [stdout] 
[INFO] [stdout] 
[INFO] [stdout] error[E0433]: failed to resolve: use of undeclared crate or module `esthri_test`
[INFO] [stdout]    --> tests/integration/http_server.rs:205:13
[INFO] [stdout]     |
[INFO] [stdout] 205 |             esthri_test::TEST_BUCKET,
[INFO] [stdout]     |             ^^^^^^^^^^^ use of undeclared crate or module `esthri_test`
[INFO] [stdout] 
[INFO] [stdout] 
[INFO] [stdout] error[E0433]: failed to resolve: use of undeclared crate or module `esthri_test`
[INFO] [stdout]    --> tests/integration/http_server.rs:495:20
[INFO] [stdout]     |
[INFO] [stdout] 495 |     let s3client = esthri_test::get_s3client_async().await;
[INFO] [stdout]     |                    ^^^^^^^^^^^ use of undeclared crate or module `esthri_test`
[INFO] [stdout] 
[INFO] [stdout] 
[INFO] [stdout] error[E0433]: failed to resolve: use of undeclared crate or module `esthri_test`
[INFO] [stdout]    --> tests/integration/http_server.rs:466:18
[INFO] [stdout]     |
[INFO] [stdout] 466 |     let bucket = esthri_test::TEST_BUCKET;
[INFO] [stdout]     |                  ^^^^^^^^^^^ use of undeclared crate or module `esthri_test`
[INFO] [stdout] 
[INFO] [stdout] 
[INFO] [stdout] error[E0433]: failed to resolve: use of undeclared crate or module `esthri_test`
[INFO] [stdout]    --> tests/integration/http_server.rs:463:20
[INFO] [stdout]     |
[INFO] [stdout] 463 |     let s3client = esthri_test::get_s3client_async().await;
[INFO] [stdout]     |                    ^^^^^^^^^^^ use of undeclared crate or module `esthri_test`
[INFO] [stdout] 
[INFO] [stdout] 
[INFO] [stdout] error[E0433]: failed to resolve: use of undeclared crate or module `esthri_test`
[INFO] [stdout]    --> tests/integration/http_server.rs:442:18
[INFO] [stdout]     |
[INFO] [stdout] 442 |     let bucket = esthri_test::TEST_BUCKET;
[INFO] [stdout]     |                  ^^^^^^^^^^^ use of undeclared crate or module `esthri_test`
[INFO] [stdout] 
[INFO] [stdout] 
[INFO] [stdout] error[E0433]: failed to resolve: use of undeclared crate or module `esthri_test`
[INFO] [stdout]    --> tests/integration/http_server.rs:439:20
[INFO] [stdout]     |
[INFO] [stdout] 439 |     let s3client = esthri_test::get_s3client_async().await;
[INFO] [stdout]     |                    ^^^^^^^^^^^ use of undeclared crate or module `esthri_test`
[INFO] [stdout] 
[INFO] [stdout] 
[INFO] [stdout] error[E0433]: failed to resolve: use of undeclared crate or module `esthri_test`
[INFO] [stdout]    --> tests/integration/http_server.rs:386:20
[INFO] [stdout]     |
[INFO] [stdout] 386 |     let filename = esthri_test::test_data("index.html");
[INFO] [stdout]     |                    ^^^^^^^^^^^ use of undeclared crate or module `esthri_test`
[INFO] [stdout] 
[INFO] [stdout] 
[INFO] [stdout] error[E0433]: failed to resolve: use of undeclared crate or module `esthri_test`
[INFO] [stdout]    --> tests/integration/http_server.rs:387:20
[INFO] [stdout]     |
[INFO] [stdout] 387 |     let s3client = esthri_test::get_s3client();
[INFO] [stdout]     |                    ^^^^^^^^^^^ use of undeclared crate or module `esthri_test`
[INFO] [stdout] 
[INFO] [stdout] 
[INFO] [stdout] error[E0433]: failed to resolve: use of undeclared crate or module `esthri_test`
[INFO] [stdout]    --> tests/integration/http_server.rs:397:9
[INFO] [stdout]     |
[INFO] [stdout] 397 |         esthri_test::TEST_BUCKET,
[INFO] [stdout]     |         ^^^^^^^^^^^ use of undeclared crate or module `esthri_test`
[INFO] [stdout] 
[INFO] [stdout] 
[INFO] [stdout] error[E0433]: failed to resolve: use of undeclared crate or module `esthri_test`
[INFO] [stdout]    --> tests/integration/http_server.rs:404:20
[INFO] [stdout]     |
[INFO] [stdout] 404 |     let filename = esthri_test::test_data("index.html");
[INFO] [stdout]     |                    ^^^^^^^^^^^ use of undeclared crate or module `esthri_test`
[INFO] [stdout] 
[INFO] [stdout] 
[INFO] [stdout] error[E0433]: failed to resolve: use of undeclared crate or module `esthri_test`
[INFO] [stdout]    --> tests/integration/http_server.rs:405:20
[INFO] [stdout]     |
[INFO] [stdout] 405 |     let s3client = esthri_test::get_s3client();
[INFO] [stdout]     |                    ^^^^^^^^^^^ use of undeclared crate or module `esthri_test`
[INFO] [stdout] 
[INFO] [stdout] 
[INFO] [stdout] error[E0433]: failed to resolve: use of undeclared crate or module `esthri_test`
[INFO] [stdout]    --> tests/integration/http_server.rs:409:9
[INFO] [stdout]     |
[INFO] [stdout] 409 |         esthri_test::TEST_BUCKET,
[INFO] [stdout]     |         ^^^^^^^^^^^ use of undeclared crate or module `esthri_test`
[INFO] [stdout] 
[INFO] [stdout] 
[INFO] [stdout] error: aborting due to 43 previous errors
[INFO] [stdout] 
[INFO] [stdout] 
[INFO] [stdout] Some errors have detailed explanations: E0432, E0433.
[INFO] [stdout] 
[INFO] [stdout] For more information about an error, try `rustc --explain E0432`.
[INFO] [stdout] 
[INFO] [stderr] error: could not compile `esthri-cli` (test "integration") due to 44 previous errors
[INFO] [stderr] warning: build failed, waiting for other jobs to finish...
[INFO] running `Command { std: "docker" "inspect" "cef8a9d33cf3d7e62eb2c9376dac32a229d8cf0f801974d7e9e439c17fe9a890", kill_on_drop: false }`
[INFO] running `Command { std: "docker" "rm" "-f" "cef8a9d33cf3d7e62eb2c9376dac32a229d8cf0f801974d7e9e439c17fe9a890", kill_on_drop: false }`
[INFO] [stdout] cef8a9d33cf3d7e62eb2c9376dac32a229d8cf0f801974d7e9e439c17fe9a890
[INFO] testing esthri-cli-11.1.2 against beta-2023-12-22 for beta-1.76-1
[INFO] extracting crate esthri-cli 11.1.2 into /workspace/builds/worker-0-tc2/source
[INFO] validating manifest of crates.io crate esthri-cli 11.1.2 on toolchain beta-2023-12-22
[INFO] running `Command { std: CARGO_HOME="/workspace/cargo-home" RUSTUP_HOME="/workspace/rustup-home" "/workspace/cargo-home/bin/cargo" "+beta-2023-12-22" "metadata" "--manifest-path" "Cargo.toml" "--no-deps", kill_on_drop: false }`
[INFO] started tweaking crates.io crate esthri-cli 11.1.2
[INFO] finished tweaking crates.io crate esthri-cli 11.1.2
[INFO] tweaked toml for crates.io crate esthri-cli 11.1.2 written to /workspace/builds/worker-0-tc2/source/Cargo.toml
[INFO] crate crates.io crate esthri-cli 11.1.2 already has a lockfile, it will not be regenerated
[INFO] running `Command { std: CARGO_HOME="/workspace/cargo-home" RUSTUP_HOME="/workspace/rustup-home" "/workspace/cargo-home/bin/cargo" "+beta-2023-12-22" "fetch" "--manifest-path" "Cargo.toml", kill_on_drop: false }`
[INFO] running `Command { std: "docker" "create" "-v" "/var/lib/crater-agent-workspace/builds/worker-0-tc2/target:/opt/rustwide/target:rw,Z" "-v" "/var/lib/crater-agent-workspace/builds/worker-0-tc2/source:/opt/rustwide/workdir:ro,Z" "-v" "/var/lib/crater-agent-workspace/cargo-home:/opt/rustwide/cargo-home:ro,Z" "-v" "/var/lib/crater-agent-workspace/rustup-home:/opt/rustwide/rustup-home:ro,Z" "-e" "SOURCE_DIR=/opt/rustwide/workdir" "-e" "CARGO_TARGET_DIR=/opt/rustwide/target" "-e" "CARGO_HOME=/opt/rustwide/cargo-home" "-e" "RUSTUP_HOME=/opt/rustwide/rustup-home" "-w" "/opt/rustwide/workdir" "-m" "1610612736" "--user" "0:0" "--network" "none" "ghcr.io/rust-lang/crates-build-env/linux@sha256:2788e3201cd34a07e3172128adcd8b3090168a8e3bcc40d7c032b9dda1df7d1c" "/opt/rustwide/cargo-home/bin/cargo" "+beta-2023-12-22" "metadata" "--no-deps" "--format-version=1", kill_on_drop: false }`
[INFO] [stdout] 8429d98c7d1758183b7c6c47463fbd85b6dc8e9b07f520c45ec253c67b23d4dc
[INFO] running `Command { std: "docker" "start" "-a" "8429d98c7d1758183b7c6c47463fbd85b6dc8e9b07f520c45ec253c67b23d4dc", kill_on_drop: false }`
[INFO] running `Command { std: "docker" "inspect" "8429d98c7d1758183b7c6c47463fbd85b6dc8e9b07f520c45ec253c67b23d4dc", kill_on_drop: false }`
[INFO] running `Command { std: "docker" "rm" "-f" "8429d98c7d1758183b7c6c47463fbd85b6dc8e9b07f520c45ec253c67b23d4dc", kill_on_drop: false }`
[INFO] [stdout] 8429d98c7d1758183b7c6c47463fbd85b6dc8e9b07f520c45ec253c67b23d4dc
[INFO] running `Command { std: "docker" "create" "-v" "/var/lib/crater-agent-workspace/builds/worker-0-tc2/target:/opt/rustwide/target:rw,Z" "-v" "/var/lib/crater-agent-workspace/builds/worker-0-tc2/source:/opt/rustwide/workdir:ro,Z" "-v" "/var/lib/crater-agent-workspace/cargo-home:/opt/rustwide/cargo-home:ro,Z" "-v" "/var/lib/crater-agent-workspace/rustup-home:/opt/rustwide/rustup-home:ro,Z" "-e" "SOURCE_DIR=/opt/rustwide/workdir" "-e" "CARGO_TARGET_DIR=/opt/rustwide/target" "-e" "CARGO_INCREMENTAL=0" "-e" "RUST_BACKTRACE=full" "-e" "RUSTFLAGS=--cap-lints=warn" "-e" "RUSTDOCFLAGS=--cap-lints=warn" "-e" "CARGO_HOME=/opt/rustwide/cargo-home" "-e" "RUSTUP_HOME=/opt/rustwide/rustup-home" "-w" "/opt/rustwide/workdir" "-m" "1610612736" "--user" "0:0" "--network" "none" "ghcr.io/rust-lang/crates-build-env/linux@sha256:2788e3201cd34a07e3172128adcd8b3090168a8e3bcc40d7c032b9dda1df7d1c" "/opt/rustwide/cargo-home/bin/cargo" "+beta-2023-12-22" "build" "--frozen" "--message-format=json", kill_on_drop: false }`
[INFO] [stdout] eb24a8a05b827aef9fe0d85009c2e954e35e54c16f7de25e863c3208373b0ef0
[INFO] running `Command { std: "docker" "start" "-a" "eb24a8a05b827aef9fe0d85009c2e954e35e54c16f7de25e863c3208373b0ef0", kill_on_drop: false }`
[INFO] [stderr]    Compiling libc v0.2.147
[INFO] [stderr]    Compiling proc-macro2 v1.0.63
[INFO] [stderr]    Compiling quote v1.0.29
[INFO] [stderr]    Compiling unicode-ident v1.0.3
[INFO] [stderr]    Compiling bytes v1.2.1
[INFO] [stderr]    Compiling log v0.4.20
[INFO] [stderr]    Compiling memchr v2.6.3
[INFO] [stderr]    Compiling once_cell v1.18.0
[INFO] [stderr]    Compiling futures-core v0.3.28
[INFO] [stderr]    Compiling itoa v1.0.3
[INFO] [stderr]    Compiling parking_lot_core v0.9.3
[INFO] [stderr]    Compiling lock_api v0.4.8
[INFO] [stderr]    Compiling smallvec v1.9.0
[INFO] [stderr]    Compiling scopeguard v1.1.0
[INFO] [stderr]    Compiling tokio v1.28.1
[INFO] [stderr]    Compiling syn v1.0.105
[INFO] [stderr]    Compiling slab v0.4.7
[INFO] [stderr]    Compiling futures-channel v0.3.28
[INFO] [stderr]    Compiling futures-sink v0.3.28
[INFO] [stderr]    Compiling futures-io v0.3.28
[INFO] [stderr]    Compiling futures-task v0.3.28
[INFO] [stderr]    Compiling futures-util v0.3.28
[INFO] [stderr]    Compiling tracing-core v0.1.31
[INFO] [stderr]    Compiling num-traits v0.2.15
[INFO] [stderr]    Compiling ryu v1.0.11
[INFO] [stderr]    Compiling indexmap v1.9.1
[INFO] [stderr]    Compiling num-integer v0.1.45
[INFO] [stderr]    Compiling typenum v1.15.0
[INFO] [stderr]    Compiling generic-array v0.14.6
[INFO] [stderr]    Compiling http v0.2.9
[INFO] [stderr]    Compiling outref v0.5.1
[INFO] [stderr]    Compiling num_threads v0.1.6
[INFO] [stderr]    Compiling httpdate v1.0.2
[INFO] [stderr]    Compiling time-macros v0.2.4
[INFO] [stderr]    Compiling vsimd v0.8.0
[INFO] [stderr]    Compiling percent-encoding v2.3.0
[INFO] [stderr]    Compiling want v0.3.0
[INFO] [stderr]    Compiling subtle v2.4.1
[INFO] [stderr]    Compiling base64 v0.13.0
[INFO] [stderr]    Compiling semver v1.0.13
[INFO] [stderr]    Compiling either v1.8.0
[INFO] [stderr]    Compiling rustls v0.21.6
[INFO] [stderr]    Compiling cpufeatures v0.2.7
[INFO] [stderr]    Compiling rustls-pemfile v1.0.1
[INFO] [stderr]    Compiling syn v2.0.28
[INFO] [stderr]    Compiling bytes-utils v0.1.3
[INFO] [stderr]    Compiling rustls-native-certs v0.6.2
[INFO] [stderr]    Compiling form_urlencoded v1.2.0
[INFO] [stderr]    Compiling fastrand v2.0.0
[INFO] [stderr]    Compiling tower-layer v0.3.2
[INFO] [stderr]    Compiling aho-corasick v1.0.1
[INFO] [stderr]    Compiling regex-syntax v0.8.0
[INFO] [stderr]    Compiling tinyvec v1.6.0
[INFO] [stderr]    Compiling base64-simd v0.8.0
[INFO] [stderr]    Compiling rustc_version v0.4.0
[INFO] [stderr]    Compiling serde v1.0.188
[INFO] [stderr]    Compiling zeroize v1.5.7
[INFO] [stderr]    Compiling strsim v0.10.0
[INFO] [stderr]    Compiling unicode-bidi v0.3.13
[INFO] [stderr]    Compiling signal-hook-registry v1.4.0
[INFO] [stderr]    Compiling parking_lot v0.12.1
[INFO] [stderr]    Compiling socket2 v0.4.9
[INFO] [stderr]    Compiling num_cpus v1.13.1
[INFO] [stderr]    Compiling mio v0.8.4
[INFO] [stderr]    Compiling jobserver v0.1.24
[INFO] [stderr]    Compiling http-body v0.4.5
[INFO] [stderr]    Compiling cc v1.0.73
[INFO] [stderr]    Compiling aws-types v0.56.1
[INFO] [stderr]    Compiling getrandom v0.2.7
[INFO] [stderr]    Compiling thiserror v1.0.49
[INFO] [stderr]    Compiling ppv-lite86 v0.2.16
[INFO] [stderr]    Compiling unicase v2.6.0
[INFO] [stderr]    Compiling unicode-normalization v0.1.22
[INFO] [stderr]    Compiling uuid v1.4.1
[INFO] [stderr]    Compiling rand_core v0.6.3
[INFO] [stderr]    Compiling time v0.3.14
[INFO] [stderr]    Compiling rustls v0.20.6
[INFO] [stderr]    Compiling mime v0.3.16
[INFO] [stderr]    Compiling rand_chacha v0.3.1
[INFO] [stderr]    Compiling encoding_rs v0.8.31
[INFO] [stderr]    Compiling proc-macro-error-attr v1.0.4
[INFO] [stderr]    Compiling crc32c v0.6.4
[INFO] [stderr]    Compiling serde_json v1.0.85
[INFO] [stderr]    Compiling xmlparser v0.13.5
[INFO] [stderr]    Compiling io-lifetimes v1.0.11
[INFO] [stderr]    Compiling strsim v0.9.3
[INFO] [stderr]    Compiling rand v0.8.5
[INFO] [stderr]    Compiling block-buffer v0.10.2
[INFO] [stderr]    Compiling crypto-common v0.1.6
[INFO] [stderr]    Compiling idna v0.4.0
[INFO] [stderr]    Compiling aws-smithy-xml v0.56.1
[INFO] [stderr]    Compiling digest v0.10.7
[INFO] [stderr]    Compiling flate2 v1.0.27
[INFO] [stderr]    Compiling ring v0.16.20
[INFO] [stderr]    Compiling sha2 v0.10.2
[INFO] [stderr]    Compiling aws-smithy-types v0.56.1
[INFO] [stderr]    Compiling hmac v0.12.1
[INFO] [stderr]    Compiling regex-automata v0.4.1
[INFO] [stderr]    Compiling sha1 v0.10.1
[INFO] [stderr]    Compiling url v2.4.1
[INFO] [stderr]    Compiling rustix v0.36.6
[INFO] [stderr]    Compiling heck v0.4.0
[INFO] [stderr]    Compiling rustix v0.38.4
[INFO] [stderr]    Compiling rustversion v1.0.9
[INFO] [stderr]    Compiling mime_guess v2.0.4
[INFO] [stderr]    Compiling aws-smithy-eventstream v0.56.1
[INFO] [stderr]    Compiling aws-smithy-json v0.56.1
[INFO] [stderr]    Compiling aws-smithy-query v0.56.1
[INFO] [stderr]    Compiling backtrace v0.3.69
[INFO] [stderr]    Compiling md-5 v0.10.6
[INFO] [stderr]    Compiling multer v2.1.0
[INFO] [stderr]    Compiling gimli v0.28.0
[INFO] [stderr]    Compiling byteorder v1.4.3
[INFO] [stderr]    Compiling bitflags v2.3.3
[INFO] [stderr]    Compiling linux-raw-sys v0.4.3
[INFO] [stderr]    Compiling utf-8 v0.7.6
[INFO] [stderr]    Compiling linux-raw-sys v0.1.4
[INFO] [stderr]    Compiling data-encoding v2.4.0
[INFO] [stderr]    Compiling iana-time-zone v0.1.46
[INFO] [stderr]    Compiling sha-1 v0.10.0
[INFO] [stderr]    Compiling headers-core v0.2.0
[INFO] [stderr]    Compiling object v0.32.0
[INFO] [stderr]    Compiling chrono v0.4.31
[INFO] [stderr]    Compiling webpki-roots v0.25.2
[INFO] [stderr]    Compiling termcolor v1.1.3
[INFO] [stderr]    Compiling anyhow v1.0.75
[INFO] [stderr]    Compiling base64 v0.21.0
[INFO] [stderr]    Compiling darling_core v0.14.2
[INFO] [stderr]    Compiling darling_core v0.10.2
[INFO] [stderr]    Compiling proc-macro-error v1.0.4
[INFO] [stderr]    Compiling ipnet v2.5.0
[INFO] [stderr]    Compiling rustc-demangle v0.1.21
[INFO] [stderr] error: could not compile `syn` (lib)
[INFO] [stderr] 
[INFO] [stderr] Caused by:
[INFO] [stderr]   process didn't exit successfully: `/opt/rustwide/rustup-home/toolchains/beta-2023-12-22-x86_64-unknown-linux-gnu/bin/rustc --crate-name syn --edition=2018 /opt/rustwide/cargo-home/registry/src/index.crates.io-6f17d22bba15001f/syn-1.0.105/src/lib.rs --error-format=json --json=diagnostic-rendered-ansi,artifacts,future-incompat --crate-type lib --emit=dep-info,metadata,link -C embed-bitcode=no --cfg 'feature="clone-impls"' --cfg 'feature="default"' --cfg 'feature="derive"' --cfg 'feature="extra-traits"' --cfg 'feature="full"' --cfg 'feature="parsing"' --cfg 'feature="printing"' --cfg 'feature="proc-macro"' --cfg 'feature="quote"' --cfg 'feature="visit"' --cfg 'feature="visit-mut"' -C metadata=a1645f4a0553be6c -C extra-filename=-a1645f4a0553be6c --out-dir /opt/rustwide/target/debug/deps -L dependency=/opt/rustwide/target/debug/deps --extern proc_macro2=/opt/rustwide/target/debug/deps/libproc_macro2-3789f8cf150f5766.rmeta --extern quote=/opt/rustwide/target/debug/deps/libquote-a131e4c424287072.rmeta --extern unicode_ident=/opt/rustwide/target/debug/deps/libunicode_ident-22bb8ef7475530e1.rmeta --cap-lints allow --cap-lints=warn --cfg syn_disable_nightly_tests` (signal: 9, SIGKILL: kill)
[INFO] [stderr] warning: build failed, waiting for other jobs to finish...
[INFO] running `Command { std: "docker" "inspect" "eb24a8a05b827aef9fe0d85009c2e954e35e54c16f7de25e863c3208373b0ef0", kill_on_drop: false }`
[INFO] running `Command { std: "docker" "rm" "-f" "eb24a8a05b827aef9fe0d85009c2e954e35e54c16f7de25e863c3208373b0ef0", kill_on_drop: false }`
[INFO] [stdout] eb24a8a05b827aef9fe0d85009c2e954e35e54c16f7de25e863c3208373b0ef0
