[INFO] fetching crate erc20_processor 0.3.13...
[INFO] testing erc20_processor-0.3.13 against 1.75.0 for beta-1.76-1
[INFO] extracting crate erc20_processor 0.3.13 into /workspace/builds/worker-4-tc1/source
[INFO] validating manifest of crates.io crate erc20_processor 0.3.13 on toolchain 1.75.0
[INFO] running `Command { std: CARGO_HOME="/workspace/cargo-home" RUSTUP_HOME="/workspace/rustup-home" "/workspace/cargo-home/bin/cargo" "+1.75.0" "metadata" "--manifest-path" "Cargo.toml" "--no-deps", kill_on_drop: false }`
[INFO] started tweaking crates.io crate erc20_processor 0.3.13
[INFO] finished tweaking crates.io crate erc20_processor 0.3.13
[INFO] tweaked toml for crates.io crate erc20_processor 0.3.13 written to /workspace/builds/worker-4-tc1/source/Cargo.toml
[INFO] crate crates.io crate erc20_processor 0.3.13 already has a lockfile, it will not be regenerated
[INFO] running `Command { std: CARGO_HOME="/workspace/cargo-home" RUSTUP_HOME="/workspace/rustup-home" "/workspace/cargo-home/bin/cargo" "+1.75.0" "fetch" "--manifest-path" "Cargo.toml", kill_on_drop: false }`
[INFO] [stderr]     Updating crates.io index
[INFO] [stderr]  Downloading crates ...
[INFO] [stderr]   Downloaded sqlx-postgres v0.7.2
[INFO] [stderr]   Downloaded erc20_payment_lib_extra v0.3.13
[INFO] [stderr]   Downloaded sqlx-macros v0.7.2
[INFO] [stderr]   Downloaded impl-more v0.1.6
[INFO] [stderr]   Downloaded sqlx-mysql v0.7.2
[INFO] [stderr]   Downloaded sqlformat v0.2.2
[INFO] [stderr]   Downloaded actix-tls v3.1.1
[INFO] [stderr]   Downloaded awc v3.2.0
[INFO] [stderr]   Downloaded erc20_payment_lib v0.3.13
[INFO] [stderr]   Downloaded bollard v0.14.0
[INFO] [stderr]   Downloaded rsa v0.9.3
[INFO] [stderr]   Downloaded sqlx v0.7.2
[INFO] [stderr]   Downloaded sqlx-core v0.7.2
[INFO] [stderr]   Downloaded web3 v0.19.0
[INFO] [stderr]   Downloaded actix-cors v0.6.4
[INFO] [stderr]   Downloaded actix-files v0.6.2
[INFO] [stderr]   Downloaded scrypt v0.10.0
[INFO] [stderr]   Downloaded eth-keystore v0.5.0
[INFO] [stderr]   Downloaded sqlx-macros-core v0.7.2
[INFO] [stderr]   Downloaded bollard-stubs v1.42.0-rc.7
[INFO] [stderr]   Downloaded hyperlocal v0.8.0
[INFO] [stderr]   Downloaded thunderdome v0.6.1
[INFO] [stderr]   Downloaded sqlx-sqlite v0.7.2
[INFO] [stderr]   Downloaded erc20_payment_lib_common v0.3.13
[INFO] [stderr]   Downloaded erc20_rpc_pool v0.3.13
[INFO] [stderr]   Downloaded stream-rate-limiter v0.3.1
[INFO] running `Command { std: "docker" "create" "-v" "/var/lib/crater-agent-workspace/builds/worker-4-tc1/target:/opt/rustwide/target:rw,Z" "-v" "/var/lib/crater-agent-workspace/builds/worker-4-tc1/source:/opt/rustwide/workdir:ro,Z" "-v" "/var/lib/crater-agent-workspace/cargo-home:/opt/rustwide/cargo-home:ro,Z" "-v" "/var/lib/crater-agent-workspace/rustup-home:/opt/rustwide/rustup-home:ro,Z" "-e" "SOURCE_DIR=/opt/rustwide/workdir" "-e" "CARGO_TARGET_DIR=/opt/rustwide/target" "-e" "CARGO_HOME=/opt/rustwide/cargo-home" "-e" "RUSTUP_HOME=/opt/rustwide/rustup-home" "-w" "/opt/rustwide/workdir" "-m" "1610612736" "--user" "0:0" "--network" "none" "ghcr.io/rust-lang/crates-build-env/linux@sha256:2788e3201cd34a07e3172128adcd8b3090168a8e3bcc40d7c032b9dda1df7d1c" "/opt/rustwide/cargo-home/bin/cargo" "+1.75.0" "metadata" "--no-deps" "--format-version=1", kill_on_drop: false }`
[INFO] [stdout] 516c37cb0e8e535533de8c625d939c6d12f0f8cbeaa05efa307ee7a783c8070a
[INFO] running `Command { std: "docker" "start" "-a" "516c37cb0e8e535533de8c625d939c6d12f0f8cbeaa05efa307ee7a783c8070a", kill_on_drop: false }`
[INFO] running `Command { std: "docker" "inspect" "516c37cb0e8e535533de8c625d939c6d12f0f8cbeaa05efa307ee7a783c8070a", kill_on_drop: false }`
[INFO] running `Command { std: "docker" "rm" "-f" "516c37cb0e8e535533de8c625d939c6d12f0f8cbeaa05efa307ee7a783c8070a", kill_on_drop: false }`
[INFO] [stdout] 516c37cb0e8e535533de8c625d939c6d12f0f8cbeaa05efa307ee7a783c8070a
[INFO] running `Command { std: "docker" "create" "-v" "/var/lib/crater-agent-workspace/builds/worker-4-tc1/target:/opt/rustwide/target:rw,Z" "-v" "/var/lib/crater-agent-workspace/builds/worker-4-tc1/source:/opt/rustwide/workdir:ro,Z" "-v" "/var/lib/crater-agent-workspace/cargo-home:/opt/rustwide/cargo-home:ro,Z" "-v" "/var/lib/crater-agent-workspace/rustup-home:/opt/rustwide/rustup-home:ro,Z" "-e" "SOURCE_DIR=/opt/rustwide/workdir" "-e" "CARGO_TARGET_DIR=/opt/rustwide/target" "-e" "CARGO_INCREMENTAL=0" "-e" "RUST_BACKTRACE=full" "-e" "RUSTFLAGS=--cap-lints=warn" "-e" "RUSTDOCFLAGS=--cap-lints=warn" "-e" "CARGO_HOME=/opt/rustwide/cargo-home" "-e" "RUSTUP_HOME=/opt/rustwide/rustup-home" "-w" "/opt/rustwide/workdir" "-m" "1610612736" "--user" "0:0" "--network" "none" "ghcr.io/rust-lang/crates-build-env/linux@sha256:2788e3201cd34a07e3172128adcd8b3090168a8e3bcc40d7c032b9dda1df7d1c" "/opt/rustwide/cargo-home/bin/cargo" "+1.75.0" "build" "--frozen" "--message-format=json", kill_on_drop: false }`
[INFO] [stdout] 40d6a81c5cb2d53d636b758e29fc54c6c76583e61de111dad627e39f1c525323
[INFO] running `Command { std: "docker" "start" "-a" "40d6a81c5cb2d53d636b758e29fc54c6c76583e61de111dad627e39f1c525323", kill_on_drop: false }`
[INFO] [stderr]    Compiling libc v0.2.149
[INFO] [stderr]    Compiling proc-macro2 v1.0.69
[INFO] [stderr]    Compiling version_check v0.9.4
[INFO] [stderr]    Compiling bytes v1.5.0
[INFO] [stderr]    Compiling pin-project-lite v0.2.13
[INFO] [stderr]    Compiling lock_api v0.4.11
[INFO] [stderr]    Compiling futures-core v0.3.29
[INFO] [stderr]    Compiling scopeguard v1.2.0
[INFO] [stderr]    Compiling once_cell v1.18.0
[INFO] [stderr]    Compiling memchr v2.6.4
[INFO] [stderr]    Compiling itoa v1.0.9
[INFO] [stderr]    Compiling parking_lot_core v0.9.9
[INFO] [stderr]    Compiling typenum v1.17.0
[INFO] [stderr]    Compiling smallvec v1.11.1
[INFO] [stderr]    Compiling generic-array v0.14.7
[INFO] [stderr]    Compiling log v0.4.20
[INFO] [stderr]    Compiling serde v1.0.190
[INFO] [stderr]    Compiling tracing-core v0.1.32
[INFO] [stderr]    Compiling slab v0.4.9
[INFO] [stderr]    Compiling jobserver v0.1.27
[INFO] [stderr]    Compiling getrandom v0.2.10
[INFO] [stderr]    Compiling quote v1.0.33
[INFO] [stderr]    Compiling socket2 v0.5.5
[INFO] [stderr]    Compiling syn v2.0.38
[INFO] [stderr]    Compiling cc v1.0.83
[INFO] [stderr]    Compiling parking_lot v0.12.1
[INFO] [stderr]    Compiling futures-task v0.3.29
[INFO] [stderr]    Compiling futures-sink v0.3.29
[INFO] [stderr]    Compiling futures-io v0.3.29
[INFO] [stderr]    Compiling signal-hook-registry v1.4.1
[INFO] [stderr]    Compiling num_cpus v1.16.0
[INFO] [stderr]    Compiling mio v0.8.9
[INFO] [stderr]    Compiling futures-channel v0.3.29
[INFO] [stderr]    Compiling tinyvec_macros v0.1.1
[INFO] [stderr]    Compiling futures-util v0.3.29
[INFO] [stderr]    Compiling tinyvec v1.6.0
[INFO] [stderr]    Compiling percent-encoding v2.3.0
[INFO] [stderr]    Compiling ahash v0.8.6
[INFO] [stderr]    Compiling spin v0.9.8
[INFO] [stderr]    Compiling ryu v1.0.15
[INFO] [stderr]    Compiling crypto-common v0.1.6
[INFO] [stderr]    Compiling block-buffer v0.10.4
[INFO] [stderr]    Compiling zerocopy v0.7.25
[INFO] [stderr]    Compiling serde_json v1.0.108
[INFO] [stderr]    Compiling cpufeatures v0.2.11
[INFO] [stderr]    Compiling http v0.2.9
[INFO] [stderr]    Compiling form_urlencoded v1.2.0
[INFO] [stderr]    Compiling subtle v2.5.0
[INFO] [stderr]    Compiling pkg-config v0.3.27
[INFO] [stderr]    Compiling digest v0.10.7
[INFO] [stderr]    Compiling syn v1.0.109
[INFO] [stderr]    Compiling paste v1.0.14
[INFO] [stderr]    Compiling ring v0.17.5
[INFO] [stderr]    Compiling rand_core v0.6.4
[INFO] [stderr]    Compiling rand_chacha v0.3.1
[INFO] [stderr]    Compiling hex v0.4.3
[INFO] [stderr]    Compiling thiserror v1.0.50
[INFO] [stderr]    Compiling rand v0.8.5
[INFO] [stderr]    Compiling unicode-normalization v0.1.22
[INFO] [stderr]    Compiling indexmap v1.9.3
[INFO] [stderr]    Compiling untrusted v0.9.0
[INFO] [stderr]    Compiling byteorder v1.5.0
[INFO] [stderr]    Compiling unicode-bidi v0.3.13
[INFO] [stderr]    Compiling bitflags v2.4.1
[INFO] [stderr]    Compiling allocator-api2 v0.2.16
[INFO] [stderr]    Compiling httpdate v1.0.3
[INFO] [stderr]    Compiling idna v0.4.0
[INFO] [stderr]    Compiling aho-corasick v1.1.2
[INFO] [stderr]    Compiling regex-syntax v0.8.2
[INFO] [stderr]    Compiling zstd-sys v2.0.9+zstd.1.5.5
[INFO] [stderr]    Compiling unicode-segmentation v1.10.1
[INFO] [stderr]    Compiling url v2.4.1
[INFO] [stderr]    Compiling base64 v0.21.5
[INFO] [stderr]    Compiling crossbeam-utils v0.8.16
[INFO] [stderr]    Compiling minimal-lexical v0.2.1
[INFO] [stderr]    Compiling nom v7.1.3
[INFO] [stderr]    Compiling num-traits v0.2.17
[INFO] [stderr]    Compiling local-waker v0.1.4
[INFO] [stderr]    Compiling unicode_categories v0.1.1
[INFO] [stderr]    Compiling equivalent v1.0.1
[INFO] [stderr]    Compiling crossbeam-queue v0.3.8
[INFO] [stderr]    Compiling mime v0.3.17
[INFO] [stderr]    Compiling serde_derive v1.0.190
[INFO] [stderr]    Compiling tracing-attributes v0.1.27
[INFO] [stderr]    Compiling tokio-macros v2.1.0
[INFO] [stderr]    Compiling futures-macro v0.3.29
[INFO] [stderr]    Compiling tokio v1.33.0
[INFO] [stderr]    Compiling thiserror-impl v1.0.50
[INFO] [stderr]    Compiling regex-automata v0.4.3
[INFO] [stderr]    Compiling tracing v0.1.40
[INFO] [stderr]    Compiling crunchy v0.2.2
[INFO] [stderr]    Compiling iana-time-zone v0.1.58
[INFO] [stderr]    Compiling bytestring v1.3.1
[INFO] [stderr]    Compiling linux-raw-sys v0.4.10
[INFO] [stderr]    Compiling rustc-hex v2.1.0
[INFO] [stderr]    Compiling alloc-no-stdlib v2.0.4
[INFO] [stderr]    Compiling rustls v0.21.8
[INFO] [stderr]    Compiling zstd-safe v6.0.6
[INFO] [stderr]    Compiling crc-catalog v2.4.0
[INFO] [stderr]    Compiling vcpkg v0.2.15
[INFO] [stderr]    Compiling alloc-stdlib v0.2.2
[INFO] [stderr]    Compiling crc v3.0.1
[INFO] [stderr]    Compiling regex v1.10.2
[INFO] [stderr]    Compiling hashbrown v0.14.2
[INFO] [stderr]    Compiling actix-utils v3.0.1
[INFO] [stderr]    Compiling actix-service v2.0.2
[INFO] [stderr]    Compiling sha1 v0.10.6
[INFO] [stderr]    Compiling tokio-util v0.7.10
[INFO] [stderr]    Compiling libsqlite3-sys v0.26.0
[INFO] [stderr]    Compiling actix-rt v2.9.0
[INFO] [stderr]    Compiling h2 v0.3.21
[INFO] [stderr]    Compiling ring v0.16.20
[INFO] [stderr]    Compiling futures-intrusive v0.5.0
[INFO] [stderr]    Compiling encoding_rs v0.8.33
[INFO] [stderr]    Compiling try-lock v0.2.4
[INFO] [stderr]    Compiling time-core v0.1.2
[INFO] [stderr]    Compiling dotenvy v0.15.7
[INFO] [stderr]    Compiling powerfmt v0.2.0
[INFO] [stderr]    Compiling event-listener v2.5.3
[INFO] [stderr]    Compiling convert_case v0.4.0
[INFO] [stderr]    Compiling static_assertions v1.1.0
[INFO] [stderr]    Compiling miniz_oxide v0.7.1
[INFO] [stderr]    Compiling derive_more v0.99.17
[INFO] [stderr]    Compiling serde_urlencoded v0.7.1
[INFO] [stderr]    Compiling either v1.9.0
[INFO] [stderr]    Compiling deranged v0.3.9
[INFO] [stderr]    Compiling itertools v0.11.0
[INFO] [stderr]    Compiling time-macros v0.2.15
[INFO] [stderr]    Compiling want v0.3.1
[INFO] [stderr]    Compiling brotli-decompressor v2.5.1
[INFO] [stderr]    Compiling rlp v0.5.2
[INFO] [stderr]    Compiling heck v0.4.1
[INFO] [stderr]    Compiling http-body v0.4.5
[INFO] [stderr]    Compiling socket2 v0.4.10
[INFO] [stderr]    Compiling unicase v2.7.0
[INFO] [stderr]    Compiling rustix v0.38.21
[INFO] [stderr]    Compiling tiny-keccak v2.0.2
[INFO] [stderr]    Compiling hyper v0.14.27
[INFO] [stderr]    Compiling sha2 v0.10.8
[INFO] [stderr]    Compiling tokio-stream v0.1.14
[INFO] [stderr]    Compiling brotli v3.4.0
[INFO] [stderr]    Compiling impl-rlp v0.3.0
[INFO] [stderr]    Compiling flate2 v1.0.28
[INFO] [stderr]    Compiling time v0.3.30
[INFO] [stderr]    Compiling sqlformat v0.2.2
[INFO] [stderr]    Compiling impl-serde v0.4.0
[INFO] [stderr]    Compiling fixed-hash v0.8.0
[INFO] [stderr]    Compiling actix-codec v0.5.1
[INFO] [stderr]    Compiling chrono v0.4.31
[INFO] [stderr]    Compiling atoi v2.0.0
[INFO] [stderr]    Compiling indexmap v2.1.0
[INFO] [stderr]    Compiling hashlink v0.8.4
[INFO] [stderr]    Compiling futures-executor v0.3.29
[INFO] [stderr]    Compiling local-channel v0.1.5
[INFO] [stderr]    Compiling proc-macro-error-attr v1.0.4
[INFO] [stderr]    Compiling rustls v0.20.9
[INFO] [stderr]    Compiling language-tags v0.3.2
[INFO] [stderr]    Compiling sqlx-core v0.7.2
[INFO] [stderr]    Compiling actix-router v0.5.1
[INFO] [stderr]    Compiling uint v0.9.5
[INFO] [stderr]    Compiling pin-project-internal v1.1.3
[INFO] [stderr]    Compiling flume v0.11.0
[INFO] [stderr]    Compiling secp256k1-sys v0.8.1
[INFO] [stderr]    Compiling proc-macro-error v1.0.4
[INFO] [stderr]    Compiling fastrand v2.0.1
[INFO] [stderr]    Compiling ipnet v2.9.0
[INFO] [stderr]    Compiling keccak v0.1.4
[INFO] [stderr]    Compiling async-trait v0.1.74
[INFO] [stderr]    Compiling actix-web-codegen v4.2.2
[INFO] [stderr]    Compiling sha3 v0.10.8
[INFO] [stderr]    Compiling tempfile v3.8.1
[INFO] [stderr]    Compiling sqlx-sqlite v0.7.2
[INFO] [stderr]    Compiling primitive-types v0.12.2
[INFO] [stderr]    Compiling mime_guess v2.0.4
[INFO] [stderr]    Compiling pin-project v1.1.3
[INFO] [stderr]    Compiling ethbloom v0.13.0
[INFO] [stderr]    Compiling actix-server v2.3.0
[INFO] [stderr]    Compiling actix-macros v0.2.4
[INFO] [stderr]    Compiling cookie v0.16.2
[INFO] [stderr]    Compiling match_cfg v0.1.0
[INFO] [stderr]    Compiling unicode-width v0.1.11
[INFO] [stderr]    Compiling matches v0.1.10
[INFO] [stderr]    Compiling idna v0.2.3
[INFO] [stderr]    Compiling textwrap v0.11.0
[INFO] [stderr]    Compiling hostname v0.3.1
[INFO] [stderr]    Compiling sqlx-macros-core v0.7.2
[INFO] [stderr]    Compiling ethereum-types v0.14.1
[INFO] [stderr]    Compiling futures v0.3.29
[INFO] [stderr]    Compiling enum-as-inner v0.5.1
[INFO] [stderr]    Compiling rustls-pemfile v1.0.3
[INFO] [stderr]    Compiling heck v0.3.3
[INFO] [stderr]    Compiling headers-core v0.2.0
[INFO] [stderr]    Compiling inout v0.1.3
[INFO] [stderr]    Compiling atty v0.2.14
[INFO] [stderr]    Compiling linked-hash-map v0.5.6
[INFO] [stderr]    Compiling vec_map v0.8.2
[INFO] [stderr]    Compiling arrayvec v0.7.4
[INFO] [stderr]    Compiling impl-more v0.1.6
[INFO] [stderr]    Compiling webpki-roots v0.25.2
[INFO] [stderr]    Compiling rust_decimal v1.32.0
[INFO] [stderr]    Compiling quick-error v1.2.3
[INFO] [stderr]    Compiling ansi_term v0.12.1
[INFO] [stderr]    Compiling strsim v0.8.0
[INFO] [stderr]    Compiling data-encoding v2.4.0
[INFO] [stderr]    Compiling clap v2.34.0
[INFO] [stderr]    Compiling resolv-conf v0.7.0
[INFO] [stderr]    Compiling lru-cache v0.1.2
[INFO] [stderr]    Compiling cipher v0.4.4
[INFO] [stderr]    Compiling structopt-derive v0.4.18
[INFO] [stderr]    Compiling trust-dns-proto v0.22.0
[INFO] [stderr]    Compiling headers v0.3.9
[INFO] [stderr]    Compiling ethabi v18.0.0
[INFO] [stderr]    Compiling sqlx-macros v0.7.2
[INFO] [stderr]    Compiling jsonrpc-core v18.0.0
[INFO] [stderr]    Compiling serde_with v2.3.3
[INFO] [stderr]    Compiling futures-timer v3.0.2
[INFO] [stderr]    Compiling http-range v0.1.5
[INFO] [stderr]    Compiling askama_escape v0.10.3
[INFO] [stderr]    Compiling humantime v2.1.0
[INFO] [stderr]    Compiling anyhow v1.0.75
[INFO] [stderr]    Compiling is-terminal v0.4.9
[INFO] [stderr]    Compiling trust-dns-resolver v0.22.0
[INFO] [stderr]    Compiling structopt v0.3.26
[INFO] [stderr]    Compiling hyperlocal v0.8.0
[INFO] [stderr]    Compiling toml v0.5.11
[INFO] [stderr]    Compiling sqlx v0.7.2
[INFO] [stderr]    Compiling uuid v1.5.0
[INFO] [stderr]    Compiling serde_repr v0.1.17
[INFO] [stderr]    Compiling dotenv v0.15.0
[INFO] [stderr]    Compiling bollard-stubs v1.42.0-rc.7
[INFO] [stderr]    Compiling thunderdome v0.6.1
[INFO] [stderr]    Compiling termcolor v1.3.0
[INFO] [stderr]    Compiling salsa20 v0.10.2
[INFO] [stderr]    Compiling hmac v0.12.1
[INFO] [stderr]    Compiling env_logger v0.10.0
[INFO] [stderr]    Compiling pbkdf2 v0.11.0
[INFO] [stderr]    Compiling csv-core v0.1.11
[INFO] [stderr]    Compiling scrypt v0.10.0
[INFO] [stderr]    Compiling ctr v0.9.2
[INFO] [stderr]    Compiling aes v0.8.3
[INFO] [stderr]    Compiling csv v1.3.0
[INFO] [stderr]    Compiling uuid v0.8.2
[INFO] [stderr]    Compiling stream-rate-limiter v0.3.1
[INFO] [stderr]    Compiling eth-keystore v0.5.0
[INFO] [stderr]    Compiling secp256k1 v0.27.0
[INFO] [stderr]    Compiling sct v0.7.1
[INFO] [stderr]    Compiling rustls-webpki v0.101.7
[INFO] [stderr]    Compiling webpki v0.22.4
[INFO] [stderr]    Compiling webpki-roots v0.22.6
[INFO] [stderr]    Compiling zstd v0.12.4
[INFO] [stderr]    Compiling actix-http v3.4.0
[INFO] [stderr]    Compiling tokio-rustls v0.23.4
[INFO] [stderr]    Compiling bollard v0.14.0
[INFO] [stderr]    Compiling tokio-rustls v0.24.1
[INFO] [stderr]    Compiling actix-tls v3.1.1
[INFO] [stderr]    Compiling hyper-rustls v0.24.2
[INFO] [stderr]    Compiling reqwest v0.11.22
[INFO] [stderr]    Compiling actix-web v4.4.0
[INFO] [stderr]    Compiling awc v3.2.0
[INFO] [stderr]    Compiling web3 v0.19.0
[INFO] [stderr]    Compiling actix-files v0.6.2
[INFO] [stderr]    Compiling actix-cors v0.6.4
[INFO] [stderr]    Compiling erc20_payment_lib_common v0.3.13
[INFO] [stderr]    Compiling erc20_rpc_pool v0.3.13
[INFO] [stderr]    Compiling erc20_payment_lib v0.3.13
[INFO] [stderr]    Compiling erc20_payment_lib_extra v0.3.13
[INFO] [stderr]    Compiling erc20_processor v0.3.13 (/opt/rustwide/workdir)
[INFO] [stderr]     Finished dev [unoptimized + debuginfo] target(s) in 1m 45s
[INFO] running `Command { std: "docker" "inspect" "40d6a81c5cb2d53d636b758e29fc54c6c76583e61de111dad627e39f1c525323", kill_on_drop: false }`
[INFO] running `Command { std: "docker" "rm" "-f" "40d6a81c5cb2d53d636b758e29fc54c6c76583e61de111dad627e39f1c525323", kill_on_drop: false }`
[INFO] [stdout] 40d6a81c5cb2d53d636b758e29fc54c6c76583e61de111dad627e39f1c525323
[INFO] running `Command { std: "docker" "create" "-v" "/var/lib/crater-agent-workspace/builds/worker-4-tc1/target:/opt/rustwide/target:rw,Z" "-v" "/var/lib/crater-agent-workspace/builds/worker-4-tc1/source:/opt/rustwide/workdir:ro,Z" "-v" "/var/lib/crater-agent-workspace/cargo-home:/opt/rustwide/cargo-home:ro,Z" "-v" "/var/lib/crater-agent-workspace/rustup-home:/opt/rustwide/rustup-home:ro,Z" "-e" "SOURCE_DIR=/opt/rustwide/workdir" "-e" "CARGO_TARGET_DIR=/opt/rustwide/target" "-e" "CARGO_INCREMENTAL=0" "-e" "RUST_BACKTRACE=full" "-e" "RUSTFLAGS=--cap-lints=warn" "-e" "RUSTDOCFLAGS=--cap-lints=warn" "-e" "CARGO_HOME=/opt/rustwide/cargo-home" "-e" "RUSTUP_HOME=/opt/rustwide/rustup-home" "-w" "/opt/rustwide/workdir" "-m" "1610612736" "--user" "0:0" "--network" "none" "ghcr.io/rust-lang/crates-build-env/linux@sha256:2788e3201cd34a07e3172128adcd8b3090168a8e3bcc40d7c032b9dda1df7d1c" "/opt/rustwide/cargo-home/bin/cargo" "+1.75.0" "test" "--frozen" "--no-run" "--message-format=json", kill_on_drop: false }`
[INFO] [stdout] b9f76fda0f8003a3826fa7adbd8db124c3b13a446e8618b1553966266777cca2
[INFO] running `Command { std: "docker" "start" "-a" "b9f76fda0f8003a3826fa7adbd8db124c3b13a446e8618b1553966266777cca2", kill_on_drop: false }`
[INFO] [stderr]    Compiling erc20_processor v0.3.13 (/opt/rustwide/workdir)
[INFO] [stdout] error[E0432]: unresolved import `erc20_payment_lib_test`
[INFO] [stdout]  --> tests/custom_long.rs:1:5
[INFO] [stdout]   |
[INFO] [stdout] 1 | use erc20_payment_lib_test::test_durability;
[INFO] [stdout]   |     ^^^^^^^^^^^^^^^^^^^^^^ use of undeclared crate or module `erc20_payment_lib_test`
[INFO] [stdout]   |
[INFO] [stdout] help: there is a crate or module with a similar name
[INFO] [stdout]   |
[INFO] [stdout] 1 | use erc20_payment_lib_extra::test_durability;
[INFO] [stdout]   |     ~~~~~~~~~~~~~~~~~~~~~~~
[INFO] [stdout] 
[INFO] [stdout] 
[INFO] [stdout] error[E0432]: unresolved import `erc20_payment_lib_test`
[INFO] [stdout]  --> tests/docker_02_errors/insufficient_gas.rs:9:5
[INFO] [stdout]   |
[INFO] [stdout] 9 | use erc20_payment_lib_test::*;
[INFO] [stdout]   |     ^^^^^^^^^^^^^^^^^^^^^^ use of undeclared crate or module `erc20_payment_lib_test`
[INFO] [stdout]   |
[INFO] [stdout] help: there is a crate or module with a similar name
[INFO] [stdout]   |
[INFO] [stdout] 9 | use erc20_payment_lib_extra::*;
[INFO] [stdout]   |     ~~~~~~~~~~~~~~~~~~~~~~~
[INFO] [stdout] 
[INFO] [stdout] 
[INFO] [stdout] error[E0432]: unresolved import `erc20_payment_lib_test`
[INFO] [stdout]   --> tests/docker_04_multi.rs:11:5
[INFO] [stdout]    |
[INFO] [stdout] 11 | use erc20_payment_lib_test::*;
[INFO] [stdout]    |     ^^^^^^^^^^^^^^^^^^^^^^ use of undeclared crate or module `erc20_payment_lib_test`
[INFO] [stdout]    |
[INFO] [stdout] help: there is a crate or module with a similar name
[INFO] [stdout]    |
[INFO] [stdout] 11 | use erc20_payment_lib_extra::*;
[INFO] [stdout]    |     ~~~~~~~~~~~~~~~~~~~~~~~
[INFO] [stdout] 
[INFO] [stdout] 
[INFO] [stdout] error[E0432]: unresolved import `web3_test_proxy_client`
[INFO] [stdout]   --> tests/docker_04_multi.rs:16:5
[INFO] [stdout]    |
[INFO] [stdout] 16 | use web3_test_proxy_client::list_transactions_human;
[INFO] [stdout]    |     ^^^^^^^^^^^^^^^^^^^^^^ use of undeclared crate or module `web3_test_proxy_client`
[INFO] [stdout] 
[INFO] [stdout] 
[INFO] [stdout] error[E0432]: unresolved import `erc20_payment_lib_test`
[INFO] [stdout]  --> tests/docker_02_errors/transfer_stuck.rs:9:5
[INFO] [stdout]   |
[INFO] [stdout] 9 | use erc20_payment_lib_test::*;
[INFO] [stdout]   |     ^^^^^^^^^^^^^^^^^^^^^^ use of undeclared crate or module `erc20_payment_lib_test`
[INFO] [stdout]   |
[INFO] [stdout] help: there is a crate or module with a similar name
[INFO] [stdout]   |
[INFO] [stdout] 9 | use erc20_payment_lib_extra::*;
[INFO] [stdout]   |     ~~~~~~~~~~~~~~~~~~~~~~~
[INFO] [stdout] 
[INFO] [stdout] 
[INFO] [stdout] error[E0432]: unresolved import `erc20_payment_lib_test`
[INFO] [stdout]   --> tests/docker_03_problems/single_transfer_with_problems.rs:10:5
[INFO] [stdout]    |
[INFO] [stdout] 10 | use erc20_payment_lib_test::*;
[INFO] [stdout]    |     ^^^^^^^^^^^^^^^^^^^^^^ use of undeclared crate or module `erc20_payment_lib_test`
[INFO] [stdout]    |
[INFO] [stdout] help: there is a crate or module with a similar name
[INFO] [stdout]    |
[INFO] [stdout] 10 | use erc20_payment_lib_extra::*;
[INFO] [stdout]    |     ~~~~~~~~~~~~~~~~~~~~~~~
[INFO] [stdout] 
[INFO] [stdout] 
[INFO] [stdout] error[E0432]: unresolved import `web3_test_proxy_client`
[INFO] [stdout]   --> tests/docker_03_problems/single_transfer_with_problems.rs:14:5
[INFO] [stdout]    |
[INFO] [stdout] 14 | use web3_test_proxy_client::{list_transactions_human, set_error_probability};
[INFO] [stdout]    |     ^^^^^^^^^^^^^^^^^^^^^^ use of undeclared crate or module `web3_test_proxy_client`
[INFO] [stdout] 
[INFO] [stdout] 
[INFO] [stdout] error[E0432]: unresolved import `erc20_payment_lib_test`
[INFO] [stdout]  --> tests/docker_02_errors/transfer_stuck_and_replaced.rs:9:5
[INFO] [stdout]   |
[INFO] [stdout] 9 | use erc20_payment_lib_test::*;
[INFO] [stdout]   |     ^^^^^^^^^^^^^^^^^^^^^^ use of undeclared crate or module `erc20_payment_lib_test`
[INFO] [stdout]   |
[INFO] [stdout] help: there is a crate or module with a similar name
[INFO] [stdout]   |
[INFO] [stdout] 9 | use erc20_payment_lib_extra::*;
[INFO] [stdout]   |     ~~~~~~~~~~~~~~~~~~~~~~~
[INFO] [stdout] 
[INFO] [stdout] 
[INFO] [stdout] error[E0432]: unresolved import `erc20_payment_lib_test`
[INFO] [stdout]   --> tests/docker_02_errors/wrong_chain_id.rs:10:5
[INFO] [stdout]    |
[INFO] [stdout] 10 | use erc20_payment_lib_test::*;
[INFO] [stdout]    |     ^^^^^^^^^^^^^^^^^^^^^^ use of undeclared crate or module `erc20_payment_lib_test`
[INFO] [stdout]    |
[INFO] [stdout] help: there is a crate or module with a similar name
[INFO] [stdout]    |
[INFO] [stdout] 10 | use erc20_payment_lib_extra::*;
[INFO] [stdout]    |     ~~~~~~~~~~~~~~~~~~~~~~~
[INFO] [stdout] 
[INFO] [stdout] 
[INFO] [stdout] error[E0432]: unresolved import `web3_test_proxy_client`
[INFO] [stdout]   --> tests/docker_02_errors/insufficient_gas.rs:15:5
[INFO] [stdout]    |
[INFO] [stdout] 15 | use web3_test_proxy_client::list_transactions_human;
[INFO] [stdout]    |     ^^^^^^^^^^^^^^^^^^^^^^ use of undeclared crate or module `web3_test_proxy_client`
[INFO] [stdout] 
[INFO] [stdout] 
[INFO] [stdout] error[E0432]: unresolved import `erc20_payment_lib_test`
[INFO] [stdout]  --> tests/custom_long2.rs:1:5
[INFO] [stdout]   |
[INFO] [stdout] 1 | use erc20_payment_lib_test::test_durability2;
[INFO] [stdout]   |     ^^^^^^^^^^^^^^^^^^^^^^ use of undeclared crate or module `erc20_payment_lib_test`
[INFO] [stdout]   |
[INFO] [stdout] help: there is a crate or module with a similar name
[INFO] [stdout]   |
[INFO] [stdout] 1 | use erc20_payment_lib_extra::test_durability2;
[INFO] [stdout]   |     ~~~~~~~~~~~~~~~~~~~~~~~
[INFO] [stdout] 
[INFO] [stdout] 
[INFO] [stdout] error[E0432]: unresolved import `web3_test_proxy_client`
[INFO] [stdout]   --> tests/docker_02_errors/transfer_stuck.rs:15:5
[INFO] [stdout]    |
[INFO] [stdout] 15 | use web3_test_proxy_client::list_transactions_human;
[INFO] [stdout]    |     ^^^^^^^^^^^^^^^^^^^^^^ use of undeclared crate or module `web3_test_proxy_client`
[INFO] [stdout] 
[INFO] [stdout] 
[INFO] [stdout] error[E0432]: unresolved import `web3_test_proxy_client`
[INFO] [stdout]   --> tests/docker_02_errors/transfer_stuck_and_replaced.rs:15:5
[INFO] [stdout]    |
[INFO] [stdout] 15 | use web3_test_proxy_client::list_transactions_human;
[INFO] [stdout]    |     ^^^^^^^^^^^^^^^^^^^^^^ use of undeclared crate or module `web3_test_proxy_client`
[INFO] [stdout] 
[INFO] [stdout] 
[INFO] [stdout] error[E0432]: unresolved import `erc20_payment_lib_test`
[INFO] [stdout]  --> tests/multi_test2.rs:3:5
[INFO] [stdout]   |
[INFO] [stdout] 3 | use erc20_payment_lib_test::exclusive_geth_init;
[INFO] [stdout]   |     ^^^^^^^^^^^^^^^^^^^^^^ use of undeclared crate or module `erc20_payment_lib_test`
[INFO] [stdout]   |
[INFO] [stdout] help: there is a crate or module with a similar name
[INFO] [stdout]   |
[INFO] [stdout] 3 | use erc20_payment_lib_extra::exclusive_geth_init;
[INFO] [stdout]   |     ~~~~~~~~~~~~~~~~~~~~~~~
[INFO] [stdout] 
[INFO] [stdout] 
[INFO] [stdout] error: aborting due to previous error
[INFO] [stdout] 
[INFO] [stdout] 
[INFO] [stdout] For more information about this error, try `rustc --explain E0432`.
[INFO] [stdout] 
[INFO] [stderr] error: could not compile `erc20_processor` (test "custom_long2") due to 2 previous errors
[INFO] [stderr] warning: build failed, waiting for other jobs to finish...
[INFO] [stdout] error: aborting due to previous error
[INFO] [stdout] 
[INFO] [stdout] 
[INFO] [stdout] For more information about this error, try `rustc --explain E0432`.
[INFO] [stdout] 
[INFO] [stdout] error: aborting due to previous error
[INFO] [stdout] 
[INFO] [stdout] 
[INFO] [stdout] For more information about this error, try `rustc --explain E0432`.
[INFO] [stdout] 
[INFO] [stderr] error: could not compile `erc20_processor` (test "custom_long") due to 2 previous errors
[INFO] [stderr] error: could not compile `erc20_processor` (test "multi_test2") due to 2 previous errors
[INFO] [stdout] error[E0425]: cannot find function `exclusive_geth_init` in this scope
[INFO] [stdout]   --> tests/docker_02_errors/transfer_stuck_and_replaced.rs:29:26
[INFO] [stdout]    |
[INFO] [stdout] 29 |     let geth_container = exclusive_geth_init(Duration::from_secs(300)).await;
[INFO] [stdout]    |                          ^^^^^^^^^^^^^^^^^^^ not found in this scope
[INFO] [stdout] 
[INFO] [stdout] 
[INFO] [stdout] error[E0425]: cannot find function `exclusive_geth_init` in this scope
[INFO] [stdout]   --> tests/docker_03_problems/single_transfer_with_problems.rs:19:26
[INFO] [stdout]    |
[INFO] [stdout] 19 |     let geth_container = exclusive_geth_init(Duration::from_secs(1200)).await;
[INFO] [stdout]    |                          ^^^^^^^^^^^^^^^^^^^ not found in this scope
[INFO] [stdout] 
[INFO] [stdout] 
[INFO] [stdout] error[E0425]: cannot find function `setup_random_memory_sqlite_conn` in this scope
[INFO] [stdout]   --> tests/docker_03_problems/single_transfer_with_problems.rs:20:16
[INFO] [stdout]    |
[INFO] [stdout] 20 |     let conn = setup_random_memory_sqlite_conn().await;
[INFO] [stdout]    |                ^^^^^^^^^^^^^^^^^^^^^^^^^^^^^^^ not found in this scope
[INFO] [stdout] 
[INFO] [stdout] 
[INFO] [stdout] error[E0425]: cannot find function `exclusive_geth_init` in this scope
[INFO] [stdout]   --> tests/docker_04_multi.rs:22:26
[INFO] [stdout]    |
[INFO] [stdout] 22 |     let geth_container = exclusive_geth_init(Duration::from_secs(30)).await;
[INFO] [stdout]    |                          ^^^^^^^^^^^^^^^^^^^ not found in this scope
[INFO] [stdout] 
[INFO] [stdout] 
[INFO] [stdout] error[E0425]: cannot find function `setup_random_memory_sqlite_conn` in this scope
[INFO] [stdout]   --> tests/docker_02_errors/transfer_stuck_and_replaced.rs:30:16
[INFO] [stdout]    |
[INFO] [stdout] 30 |     let conn = setup_random_memory_sqlite_conn().await;
[INFO] [stdout]    |                ^^^^^^^^^^^^^^^^^^^^^^^^^^^^^^^ not found in this scope
[INFO] [stdout] 
[INFO] [stdout] 
[INFO] [stdout] error[E0425]: cannot find function `setup_random_memory_sqlite_conn` in this scope
[INFO] [stdout]   --> tests/docker_04_multi.rs:23:16
[INFO] [stdout]    |
[INFO] [stdout] 23 |     let conn = setup_random_memory_sqlite_conn().await;
[INFO] [stdout]    |                ^^^^^^^^^^^^^^^^^^^^^^^^^^^^^^^ not found in this scope
[INFO] [stdout] 
[INFO] [stdout] 
[INFO] [stdout] error[E0425]: cannot find function `create_default_config_setup` in this scope
[INFO] [stdout]   --> tests/docker_02_errors/transfer_stuck_and_replaced.rs:90:26
[INFO] [stdout]    |
[INFO] [stdout] 90 |         let mut config = create_default_config_setup(&proxy_url_base, proxy_key).await;
[INFO] [stdout]    |                          ^^^^^^^^^^^^^^^^^^^^^^^^^^^ not found in this scope
[INFO] [stdout] 
[INFO] [stdout] 
[INFO] [stdout] error[E0425]: cannot find function `create_default_config_setup` in this scope
[INFO] [stdout]   --> tests/docker_03_problems/single_transfer_with_problems.rs:79:26
[INFO] [stdout]    |
[INFO] [stdout] 79 |         let mut config = create_default_config_setup(&proxy_url_base, proxy_key).await;
[INFO] [stdout]    |                          ^^^^^^^^^^^^^^^^^^^^^^^^^^^ not found in this scope
[INFO] [stdout] 
[INFO] [stdout] 
[INFO] [stdout] error[E0425]: cannot find function `test_get_balance` in this scope
[INFO] [stdout]    --> tests/docker_02_errors/transfer_stuck_and_replaced.rs:208:19
[INFO] [stdout]     |
[INFO] [stdout] 208 | ...   let res = test_get_balance(&proxy_url_base, "0x653b48E1348F480149047AA3a58536eb0dbBB2E2,0x41162E565ebBF1A52eC904c7365E239c40d82568"...
[INFO] [stdout]     |                 ^^^^^^^^^^^^^^^^ not found in this scope
[INFO] [stdout] 
[INFO] [stdout] 
[INFO] [stdout] error[E0425]: cannot find function `test_get_balance` in this scope
[INFO] [stdout]    --> tests/docker_03_problems/single_transfer_with_problems.rs:139:19
[INFO] [stdout]     |
[INFO] [stdout] 139 | ...   let res = test_get_balance(&proxy_url_base, "0x653b48e1348f480149047aa3a58536eb0dbbb2e2,0x41162e565ebbf1a52ec904c7365e239c40d82568"...
[INFO] [stdout]     |                 ^^^^^^^^^^^^^^^^ not found in this scope
[INFO] [stdout] 
[INFO] [stdout] 
[INFO] [stdout] error[E0425]: cannot find function `create_default_config_setup` in this scope
[INFO] [stdout]    --> tests/docker_04_multi.rs:103:18
[INFO] [stdout]     |
[INFO] [stdout] 103 |     let config = create_default_config_setup(&proxy_url_base, proxy_key).await;
[INFO] [stdout]     |                  ^^^^^^^^^^^^^^^^^^^^^^^^^^^ not found in this scope
[INFO] [stdout] 
[INFO] [stdout] 
[INFO] [stdout] error[E0425]: cannot find function `exclusive_geth_init` in this scope
[INFO] [stdout]   --> tests/docker_02_errors/insufficient_gas.rs:22:26
[INFO] [stdout]    |
[INFO] [stdout] 22 |     let geth_container = exclusive_geth_init(Duration::from_secs(300)).await;
[INFO] [stdout]    |                          ^^^^^^^^^^^^^^^^^^^ not found in this scope
[INFO] [stdout] 
[INFO] [stdout] 
[INFO] [stdout] error[E0425]: cannot find function `setup_random_memory_sqlite_conn` in this scope
[INFO] [stdout]   --> tests/docker_02_errors/insufficient_gas.rs:23:16
[INFO] [stdout]    |
[INFO] [stdout] 23 |     let conn = setup_random_memory_sqlite_conn().await;
[INFO] [stdout]    |                ^^^^^^^^^^^^^^^^^^^^^^^^^^^^^^^ not found in this scope
[INFO] [stdout] 
[INFO] [stdout] 
[INFO] [stdout] error[E0425]: cannot find function `create_default_config_setup` in this scope
[INFO] [stdout]   --> tests/docker_02_errors/insufficient_gas.rs:64:26
[INFO] [stdout]    |
[INFO] [stdout] 64 |         let mut config = create_default_config_setup(&proxy_url_base, proxy_key).await;
[INFO] [stdout]    |                          ^^^^^^^^^^^^^^^^^^^^^^^^^^^ not found in this scope
[INFO] [stdout] 
[INFO] [stdout] 
[INFO] [stdout] error[E0425]: cannot find function `test_get_balance` in this scope
[INFO] [stdout]    --> tests/docker_04_multi.rs:163:19
[INFO] [stdout]     |
[INFO] [stdout] 163 |         let res = test_get_balance(&proxy_url_base,
[INFO] [stdout]     |                   ^^^^^^^^^^^^^^^^ not found in this scope
[INFO] [stdout] 
[INFO] [stdout] 
[INFO] [stdout] error[E0425]: cannot find function `exclusive_geth_init` in this scope
[INFO] [stdout]   --> tests/docker_02_errors/transfer_stuck.rs:22:26
[INFO] [stdout]    |
[INFO] [stdout] 22 |     let geth_container = exclusive_geth_init(Duration::from_secs(300)).await;
[INFO] [stdout]    |                          ^^^^^^^^^^^^^^^^^^^ not found in this scope
[INFO] [stdout] 
[INFO] [stdout] 
[INFO] [stdout] error[E0425]: cannot find function `setup_random_memory_sqlite_conn` in this scope
[INFO] [stdout]   --> tests/docker_02_errors/transfer_stuck.rs:23:16
[INFO] [stdout]    |
[INFO] [stdout] 23 |     let conn = setup_random_memory_sqlite_conn().await;
[INFO] [stdout]    |                ^^^^^^^^^^^^^^^^^^^^^^^^^^^^^^^ not found in this scope
[INFO] [stdout] 
[INFO] [stdout] 
[INFO] [stdout] error[E0425]: cannot find function `create_default_config_setup` in this scope
[INFO] [stdout]   --> tests/docker_02_errors/transfer_stuck.rs:66:26
[INFO] [stdout]    |
[INFO] [stdout] 66 |         let mut config = create_default_config_setup(&proxy_url_base, proxy_key).await;
[INFO] [stdout]    |                          ^^^^^^^^^^^^^^^^^^^^^^^^^^^ not found in this scope
[INFO] [stdout] 
[INFO] [stdout] 
[INFO] [stderr] error: could not compile `erc20_processor` (test "docker_03_problems") due to 7 previous errors
[INFO] [stdout] error: aborting due to 6 previous errors
[INFO] [stdout] 
[INFO] [stdout] 
[INFO] [stdout] Some errors have detailed explanations: E0425, E0432.
[INFO] [stdout] 
[INFO] [stdout] For more information about an error, try `rustc --explain E0425`.
[INFO] [stdout] 
[INFO] [stdout] error[E0425]: cannot find function `test_get_balance` in this scope
[INFO] [stdout]    --> tests/docker_02_errors/transfer_stuck.rs:111:19
[INFO] [stdout]     |
[INFO] [stdout] 111 | ...   let res = test_get_balance(&proxy_url_base, "0x653b48E1348F480149047AA3a58536eb0dbBB2E2,0x41162E565ebBF1A52eC904c7365E239c40d82568"...
[INFO] [stdout]     |                 ^^^^^^^^^^^^^^^^ not found in this scope
[INFO] [stdout] 
[INFO] [stdout] 
[INFO] [stdout] error[E0425]: cannot find function `exclusive_geth_init` in this scope
[INFO] [stdout]   --> tests/docker_02_errors/wrong_chain_id.rs:20:26
[INFO] [stdout]    |
[INFO] [stdout] 20 |     let geth_container = exclusive_geth_init(Duration::from_secs(30)).await;
[INFO] [stdout]    |                          ^^^^^^^^^^^^^^^^^^^ not found in this scope
[INFO] [stdout] 
[INFO] [stdout] 
[INFO] [stdout] error[E0425]: cannot find function `setup_random_memory_sqlite_conn` in this scope
[INFO] [stdout]   --> tests/docker_02_errors/wrong_chain_id.rs:21:16
[INFO] [stdout]    |
[INFO] [stdout] 21 |     let conn = setup_random_memory_sqlite_conn().await;
[INFO] [stdout]    |                ^^^^^^^^^^^^^^^^^^^^^^^^^^^^^^^ not found in this scope
[INFO] [stdout] 
[INFO] [stdout] 
[INFO] [stdout] error[E0425]: cannot find function `create_default_config_setup` in this scope
[INFO] [stdout]   --> tests/docker_02_errors/wrong_chain_id.rs:74:22
[INFO] [stdout]    |
[INFO] [stdout] 74 |         let config = create_default_config_setup(&proxy_url_base, proxy_key).await;
[INFO] [stdout]    |                      ^^^^^^^^^^^^^^^^^^^^^^^^^^^ not found in this scope
[INFO] [stdout] 
[INFO] [stdout] 
[INFO] [stdout] error[E0425]: cannot find function `test_get_balance` in this scope
[INFO] [stdout]    --> tests/docker_02_errors/wrong_chain_id.rs:123:19
[INFO] [stdout]     |
[INFO] [stdout] 123 | ...   let res = test_get_balance(&proxy_url_base, "0x653b48E1348F480149047AA3a58536eb0dbBB2E2,0x41162E565ebBF1A52eC904c7365E239c40d82568"...
[INFO] [stdout]     |                 ^^^^^^^^^^^^^^^^ not found in this scope
[INFO] [stdout] 
[INFO] [stdout] 
[INFO] [stdout] error: aborting due to 6 previous errors
[INFO] [stdout] 
[INFO] [stdout] 
[INFO] [stdout] Some errors have detailed explanations: E0425, E0432.
[INFO] [stdout] 
[INFO] [stdout] For more information about an error, try `rustc --explain E0425`.
[INFO] [stdout] 
[INFO] [stderr] error: could not compile `erc20_processor` (test "docker_04_multi") due to 7 previous errors
[INFO] [stdout] error: aborting due to 22 previous errors
[INFO] [stdout] 
[INFO] [stdout] 
[INFO] [stdout] Some errors have detailed explanations: E0425, E0432.
[INFO] [stdout] 
[INFO] [stdout] For more information about an error, try `rustc --explain E0425`.
[INFO] [stdout] 
[INFO] [stderr] error: could not compile `erc20_processor` (test "docker_02_errors") due to 23 previous errors
[INFO] running `Command { std: "docker" "inspect" "b9f76fda0f8003a3826fa7adbd8db124c3b13a446e8618b1553966266777cca2", kill_on_drop: false }`
[INFO] running `Command { std: "docker" "rm" "-f" "b9f76fda0f8003a3826fa7adbd8db124c3b13a446e8618b1553966266777cca2", kill_on_drop: false }`
[INFO] [stdout] b9f76fda0f8003a3826fa7adbd8db124c3b13a446e8618b1553966266777cca2
[INFO] testing erc20_processor-0.3.13 against beta-2023-12-22 for beta-1.76-1
[INFO] extracting crate erc20_processor 0.3.13 into /workspace/builds/worker-4-tc2/source
[INFO] validating manifest of crates.io crate erc20_processor 0.3.13 on toolchain beta-2023-12-22
[INFO] running `Command { std: CARGO_HOME="/workspace/cargo-home" RUSTUP_HOME="/workspace/rustup-home" "/workspace/cargo-home/bin/cargo" "+beta-2023-12-22" "metadata" "--manifest-path" "Cargo.toml" "--no-deps", kill_on_drop: false }`
[INFO] started tweaking crates.io crate erc20_processor 0.3.13
[INFO] finished tweaking crates.io crate erc20_processor 0.3.13
[INFO] tweaked toml for crates.io crate erc20_processor 0.3.13 written to /workspace/builds/worker-4-tc2/source/Cargo.toml
[INFO] crate crates.io crate erc20_processor 0.3.13 already has a lockfile, it will not be regenerated
[INFO] running `Command { std: CARGO_HOME="/workspace/cargo-home" RUSTUP_HOME="/workspace/rustup-home" "/workspace/cargo-home/bin/cargo" "+beta-2023-12-22" "fetch" "--manifest-path" "Cargo.toml", kill_on_drop: false }`
[INFO] running `Command { std: "docker" "create" "-v" "/var/lib/crater-agent-workspace/builds/worker-4-tc2/target:/opt/rustwide/target:rw,Z" "-v" "/var/lib/crater-agent-workspace/builds/worker-4-tc2/source:/opt/rustwide/workdir:ro,Z" "-v" "/var/lib/crater-agent-workspace/cargo-home:/opt/rustwide/cargo-home:ro,Z" "-v" "/var/lib/crater-agent-workspace/rustup-home:/opt/rustwide/rustup-home:ro,Z" "-e" "SOURCE_DIR=/opt/rustwide/workdir" "-e" "CARGO_TARGET_DIR=/opt/rustwide/target" "-e" "CARGO_HOME=/opt/rustwide/cargo-home" "-e" "RUSTUP_HOME=/opt/rustwide/rustup-home" "-w" "/opt/rustwide/workdir" "-m" "1610612736" "--user" "0:0" "--network" "none" "ghcr.io/rust-lang/crates-build-env/linux@sha256:2788e3201cd34a07e3172128adcd8b3090168a8e3bcc40d7c032b9dda1df7d1c" "/opt/rustwide/cargo-home/bin/cargo" "+beta-2023-12-22" "metadata" "--no-deps" "--format-version=1", kill_on_drop: false }`
[INFO] [stdout] 54418bb73adf60b1f0d82e1409ef1cf937ec55955bd5795f3cb2ca697b0c6537
[INFO] running `Command { std: "docker" "start" "-a" "54418bb73adf60b1f0d82e1409ef1cf937ec55955bd5795f3cb2ca697b0c6537", kill_on_drop: false }`
[INFO] running `Command { std: "docker" "inspect" "54418bb73adf60b1f0d82e1409ef1cf937ec55955bd5795f3cb2ca697b0c6537", kill_on_drop: false }`
[INFO] running `Command { std: "docker" "rm" "-f" "54418bb73adf60b1f0d82e1409ef1cf937ec55955bd5795f3cb2ca697b0c6537", kill_on_drop: false }`
[INFO] [stdout] 54418bb73adf60b1f0d82e1409ef1cf937ec55955bd5795f3cb2ca697b0c6537
[INFO] running `Command { std: "docker" "create" "-v" "/var/lib/crater-agent-workspace/builds/worker-4-tc2/target:/opt/rustwide/target:rw,Z" "-v" "/var/lib/crater-agent-workspace/builds/worker-4-tc2/source:/opt/rustwide/workdir:ro,Z" "-v" "/var/lib/crater-agent-workspace/cargo-home:/opt/rustwide/cargo-home:ro,Z" "-v" "/var/lib/crater-agent-workspace/rustup-home:/opt/rustwide/rustup-home:ro,Z" "-e" "SOURCE_DIR=/opt/rustwide/workdir" "-e" "CARGO_TARGET_DIR=/opt/rustwide/target" "-e" "CARGO_INCREMENTAL=0" "-e" "RUST_BACKTRACE=full" "-e" "RUSTFLAGS=--cap-lints=warn" "-e" "RUSTDOCFLAGS=--cap-lints=warn" "-e" "CARGO_HOME=/opt/rustwide/cargo-home" "-e" "RUSTUP_HOME=/opt/rustwide/rustup-home" "-w" "/opt/rustwide/workdir" "-m" "1610612736" "--user" "0:0" "--network" "none" "ghcr.io/rust-lang/crates-build-env/linux@sha256:2788e3201cd34a07e3172128adcd8b3090168a8e3bcc40d7c032b9dda1df7d1c" "/opt/rustwide/cargo-home/bin/cargo" "+beta-2023-12-22" "build" "--frozen" "--message-format=json", kill_on_drop: false }`
[INFO] [stdout] 5ced947e93a1dce0cf9b2b1ef20997700fa4027bd0498da41fd184797715e4db
[INFO] running `Command { std: "docker" "start" "-a" "5ced947e93a1dce0cf9b2b1ef20997700fa4027bd0498da41fd184797715e4db", kill_on_drop: false }`
[INFO] [stderr]    Compiling libc v0.2.149
[INFO] [stderr]    Compiling proc-macro2 v1.0.69
[INFO] [stderr]    Compiling version_check v0.9.4
[INFO] [stderr]    Compiling pin-project-lite v0.2.13
[INFO] [stderr]    Compiling bytes v1.5.0
[INFO] [stderr]    Compiling lock_api v0.4.11
[INFO] [stderr]    Compiling futures-core v0.3.29
[INFO] [stderr]    Compiling scopeguard v1.2.0
[INFO] [stderr]    Compiling once_cell v1.18.0
[INFO] [stderr]    Compiling memchr v2.6.4
[INFO] [stderr]    Compiling itoa v1.0.9
[INFO] [stderr]    Compiling typenum v1.17.0
[INFO] [stderr]    Compiling parking_lot_core v0.9.9
[INFO] [stderr]    Compiling generic-array v0.14.7
[INFO] [stderr]    Compiling smallvec v1.11.1
[INFO] [stderr]    Compiling log v0.4.20
[INFO] [stderr]    Compiling quote v1.0.33
[INFO] [stderr]    Compiling serde v1.0.190
[INFO] [stderr]    Compiling tracing-core v0.1.32
[INFO] [stderr]    Compiling slab v0.4.9
[INFO] [stderr]    Compiling syn v2.0.38
[INFO] [stderr]    Compiling futures-task v0.3.29
[INFO] [stderr]    Compiling futures-sink v0.3.29
[INFO] [stderr]    Compiling futures-io v0.3.29
[INFO] [stderr]    Compiling futures-channel v0.3.29
[INFO] [stderr]    Compiling jobserver v0.1.27
[INFO] [stderr]    Compiling getrandom v0.2.10
[INFO] [stderr]    Compiling socket2 v0.5.5
[INFO] [stderr]    Compiling cc v1.0.83
[INFO] [stderr]    Compiling parking_lot v0.12.1
[INFO] [stderr]    Compiling num_cpus v1.16.0
[INFO] [stderr]    Compiling mio v0.8.9
[INFO] [stderr]    Compiling signal-hook-registry v1.4.1
[INFO] [stderr]    Compiling futures-util v0.3.29
[INFO] [stderr]    Compiling tinyvec_macros v0.1.1
[INFO] [stderr]    Compiling tinyvec v1.6.0
[INFO] [stderr]    Compiling percent-encoding v2.3.0
[INFO] [stderr]    Compiling spin v0.9.8
[INFO] [stderr]    Compiling ahash v0.8.6
[INFO] [stderr]    Compiling ryu v1.0.15
[INFO] [stderr]    Compiling crypto-common v0.1.6
[INFO] [stderr]    Compiling block-buffer v0.10.4
[INFO] [stderr]    Compiling serde_json v1.0.108
[INFO] [stderr]    Compiling cpufeatures v0.2.11
[INFO] [stderr]    Compiling zerocopy v0.7.25
[INFO] [stderr]    Compiling http v0.2.9
[INFO] [stderr]    Compiling form_urlencoded v1.2.0
[INFO] [stderr]    Compiling subtle v2.5.0
[INFO] [stderr]    Compiling pkg-config v0.3.27
[INFO] [stderr]    Compiling digest v0.10.7
[INFO] [stderr]    Compiling syn v1.0.109
[INFO] [stderr]    Compiling paste v1.0.14
[INFO] [stderr]    Compiling rand_core v0.6.4
[INFO] [stderr]    Compiling ring v0.17.5
[INFO] [stderr]    Compiling rand_chacha v0.3.1
[INFO] [stderr]    Compiling hex v0.4.3
[INFO] [stderr]    Compiling thiserror v1.0.50
[INFO] [stderr]    Compiling rand v0.8.5
[INFO] [stderr]    Compiling unicode-normalization v0.1.22
[INFO] [stderr]    Compiling indexmap v1.9.3
[INFO] [stderr]    Compiling byteorder v1.5.0
[INFO] [stderr]    Compiling untrusted v0.9.0
[INFO] [stderr]    Compiling unicode-bidi v0.3.13
[INFO] [stderr]    Compiling bitflags v2.4.1
[INFO] [stderr]    Compiling allocator-api2 v0.2.16
[INFO] [stderr]    Compiling httpdate v1.0.3
[INFO] [stderr]    Compiling idna v0.4.0
[INFO] [stderr]    Compiling aho-corasick v1.1.2
[INFO] [stderr]    Compiling regex-syntax v0.8.2
[INFO] [stderr]    Compiling zstd-sys v2.0.9+zstd.1.5.5
[INFO] [stderr]    Compiling minimal-lexical v0.2.1
[INFO] [stderr]    Compiling url v2.4.1
[INFO] [stderr]    Compiling crossbeam-utils v0.8.16
[INFO] [stderr]    Compiling base64 v0.21.5
[INFO] [stderr]    Compiling unicode-segmentation v1.10.1
[INFO] [stderr]    Compiling nom v7.1.3
[INFO] [stderr]    Compiling num-traits v0.2.17
[INFO] [stderr]    Compiling iana-time-zone v0.1.58
[INFO] [stderr]    Compiling equivalent v1.0.1
[INFO] [stderr]    Compiling crossbeam-queue v0.3.8
[INFO] [stderr]    Compiling unicode_categories v0.1.1
[INFO] [stderr]    Compiling crunchy v0.2.2
[INFO] [stderr]    Compiling mime v0.3.17
[INFO] [stderr]    Compiling regex-automata v0.4.3
[INFO] [stderr]    Compiling local-waker v0.1.4
[INFO] [stderr]    Compiling serde_derive v1.0.190
[INFO] [stderr]    Compiling tracing-attributes v0.1.27
[INFO] [stderr]    Compiling tokio-macros v2.1.0
[INFO] [stderr]    Compiling futures-macro v0.3.29
[INFO] [stderr]    Compiling thiserror-impl v1.0.50
[INFO] [stderr]    Compiling bytestring v1.3.1
[INFO] [stderr]    Compiling tokio v1.33.0
[INFO] [stderr]    Compiling regex v1.10.2
[INFO] [stderr]    Compiling alloc-no-stdlib v2.0.4
[INFO] [stderr]    Compiling tracing v0.1.40
[INFO] [stderr]    Compiling crc-catalog v2.4.0
[INFO] [stderr]    Compiling rustls v0.21.8
[INFO] [stderr]    Compiling zstd-safe v6.0.6
[INFO] [stderr]    Compiling vcpkg v0.2.15
[INFO] [stderr]    Compiling linux-raw-sys v0.4.10
[INFO] [stderr]    Compiling rustc-hex v2.1.0
[INFO] [stderr]    Compiling crc v3.0.1
[INFO] [stderr]    Compiling alloc-stdlib v0.2.2
[INFO] [stderr]    Compiling hashbrown v0.14.2
[INFO] [stderr]    Compiling libsqlite3-sys v0.26.0
[INFO] [stderr]    Compiling actix-utils v3.0.1
[INFO] [stderr]    Compiling actix-service v2.0.2
[INFO] [stderr]    Compiling ring v0.16.20
[INFO] [stderr]    Compiling sha1 v0.10.6
[INFO] [stderr]    Compiling futures-intrusive v0.5.0
[INFO] [stderr]    Compiling encoding_rs v0.8.33
[INFO] [stderr]    Compiling powerfmt v0.2.0
[INFO] [stderr]    Compiling convert_case v0.4.0
[INFO] [stderr]    Compiling event-listener v2.5.3
[INFO] [stderr]    Compiling tokio-util v0.7.10
[INFO] [stderr]    Compiling actix-rt v2.9.0
[INFO] [stderr]    Compiling try-lock v0.2.4
[INFO] [stderr]    Compiling dotenvy v0.15.7
[INFO] [stderr]    Compiling h2 v0.3.21
[INFO] [stderr]    Compiling static_assertions v1.1.0
[INFO] [stderr]    Compiling time-core v0.1.2
[INFO] [stderr]    Compiling miniz_oxide v0.7.1
[INFO] [stderr]    Compiling time-macros v0.2.15
[INFO] [stderr]    Compiling either v1.9.0
[INFO] [stderr]    Compiling serde_urlencoded v0.7.1
[INFO] [stderr]    Compiling itertools v0.11.0
[INFO] [stderr]    Compiling want v0.3.1
[INFO] [stderr]    Compiling derive_more v0.99.17
[INFO] [stderr]    Compiling deranged v0.3.9
[INFO] [stderr]    Compiling brotli-decompressor v2.5.1
[INFO] [stderr]    Compiling rlp v0.5.2
[INFO] [stderr]    Compiling heck v0.4.1
[INFO] [stderr]    Compiling http-body v0.4.5
[INFO] [stderr]    Compiling socket2 v0.4.10
[INFO] [stderr]    Compiling unicase v2.7.0
[INFO] [stderr]    Compiling tiny-keccak v2.0.2
[INFO] [stderr]    Compiling rustix v0.38.21
[INFO] [stderr]    Compiling hyper v0.14.27
[INFO] [stderr]    Compiling sha2 v0.10.8
[INFO] [stderr]    Compiling brotli v3.4.0
[INFO] [stderr]    Compiling tokio-stream v0.1.14
[INFO] [stderr]    Compiling impl-rlp v0.3.0
[INFO] [stderr]    Compiling flate2 v1.0.28
[INFO] [stderr]    Compiling sqlformat v0.2.2
[INFO] [stderr]    Compiling time v0.3.30
[INFO] [stderr]    Compiling impl-serde v0.4.0
[INFO] [stderr]    Compiling fixed-hash v0.8.0
[INFO] [stderr]    Compiling actix-codec v0.5.1
[INFO] [stderr]    Compiling futures-executor v0.3.29
[INFO] [stderr]    Compiling chrono v0.4.31
[INFO] [stderr]    Compiling atoi v2.0.0
[INFO] [stderr]    Compiling hashlink v0.8.4
[INFO] [stderr]    Compiling indexmap v2.1.0
[INFO] [stderr]    Compiling local-channel v0.1.5
[INFO] [stderr]    Compiling proc-macro-error-attr v1.0.4
[INFO] [stderr]    Compiling rustls v0.20.9
[INFO] [stderr]    Compiling language-tags v0.3.2
[INFO] [stderr]    Compiling sqlx-core v0.7.2
[INFO] [stderr]    Compiling actix-router v0.5.1
[INFO] [stderr]    Compiling uint v0.9.5
[INFO] [stderr]    Compiling pin-project-internal v1.1.3
[INFO] [stderr]    Compiling flume v0.11.0
[INFO] [stderr]    Compiling secp256k1-sys v0.8.1
[INFO] [stderr]    Compiling proc-macro-error v1.0.4
[INFO] [stderr]    Compiling keccak v0.1.4
[INFO] [stderr]    Compiling ipnet v2.9.0
[INFO] [stderr]    Compiling async-trait v0.1.74
[INFO] [stderr]    Compiling fastrand v2.0.1
[INFO] [stderr]    Compiling actix-web-codegen v4.2.2
[INFO] [stderr]    Compiling sha3 v0.10.8
[INFO] [stderr]    Compiling tempfile v3.8.1
[INFO] [stderr]    Compiling sqlx-sqlite v0.7.2
[INFO] [stderr]    Compiling pin-project v1.1.3
[INFO] [stderr]    Compiling primitive-types v0.12.2
[INFO] [stderr]    Compiling ethbloom v0.13.0
[INFO] [stderr]    Compiling mime_guess v2.0.4
[INFO] [stderr]    Compiling actix-server v2.3.0
[INFO] [stderr]    Compiling actix-macros v0.2.4
[INFO] [stderr]    Compiling cookie v0.16.2
[INFO] [stderr]    Compiling matches v0.1.10
[INFO] [stderr]    Compiling unicode-width v0.1.11
[INFO] [stderr]    Compiling match_cfg v0.1.0
[INFO] [stderr]    Compiling hostname v0.3.1
[INFO] [stderr]    Compiling textwrap v0.11.0
[INFO] [stderr]    Compiling idna v0.2.3
[INFO] [stderr]    Compiling sqlx-macros-core v0.7.2
[INFO] [stderr]    Compiling ethereum-types v0.14.1
[INFO] [stderr]    Compiling futures v0.3.29
[INFO] [stderr]    Compiling enum-as-inner v0.5.1
[INFO] [stderr]    Compiling heck v0.3.3
[INFO] [stderr]    Compiling rustls-pemfile v1.0.3
[INFO] [stderr]    Compiling headers-core v0.2.0
[INFO] [stderr]    Compiling inout v0.1.3
[INFO] [stderr]    Compiling atty v0.2.14
[INFO] [stderr]    Compiling arrayvec v0.7.4
[INFO] [stderr]    Compiling strsim v0.8.0
[INFO] [stderr]    Compiling linked-hash-map v0.5.6
[INFO] [stderr]    Compiling data-encoding v2.4.0
[INFO] [stderr]    Compiling webpki-roots v0.25.2
[INFO] [stderr]    Compiling impl-more v0.1.6
[INFO] [stderr]    Compiling quick-error v1.2.3
[INFO] [stderr]    Compiling vec_map v0.8.2
[INFO] [stderr]    Compiling rust_decimal v1.32.0
[INFO] [stderr]    Compiling ansi_term v0.12.1
[INFO] [stderr]    Compiling resolv-conf v0.7.0
[INFO] [stderr]    Compiling lru-cache v0.1.2
[INFO] [stderr]    Compiling clap v2.34.0
[INFO] [stderr]    Compiling trust-dns-proto v0.22.0
[INFO] [stderr]    Compiling cipher v0.4.4
[INFO] [stderr]    Compiling headers v0.3.9
[INFO] [stderr]    Compiling structopt-derive v0.4.18
[INFO] [stderr]    Compiling sqlx-macros v0.7.2
[INFO] [stderr]    Compiling jsonrpc-core v18.0.0
[INFO] [stderr]    Compiling ethabi v18.0.0
[INFO] [stderr]    Compiling serde_with v2.3.3
[INFO] [stderr]    Compiling anyhow v1.0.75
[INFO] [stderr]    Compiling askama_escape v0.10.3
[INFO] [stderr]    Compiling humantime v2.1.0
[INFO] [stderr]    Compiling futures-timer v3.0.2
[INFO] [stderr]    Compiling http-range v0.1.5
[INFO] [stderr]    Compiling sqlx v0.7.2
[INFO] [stderr]    Compiling is-terminal v0.4.9
[INFO] [stderr]    Compiling trust-dns-resolver v0.22.0
[INFO] [stderr]    Compiling structopt v0.3.26
[INFO] [stderr]    Compiling hyperlocal v0.8.0
[INFO] [stderr]    Compiling toml v0.5.11
[INFO] [stderr]    Compiling uuid v1.5.0
[INFO] [stderr]    Compiling bollard-stubs v1.42.0-rc.7
[INFO] [stderr]    Compiling serde_repr v0.1.17
[INFO] [stderr]    Compiling termcolor v1.3.0
[INFO] [stderr]    Compiling dotenv v0.15.0
[INFO] [stderr]    Compiling thunderdome v0.6.1
[INFO] [stderr]    Compiling env_logger v0.10.0
[INFO] [stderr]    Compiling salsa20 v0.10.2
[INFO] [stderr]    Compiling pbkdf2 v0.11.0
[INFO] [stderr]    Compiling hmac v0.12.1
[INFO] [stderr]    Compiling csv-core v0.1.11
[INFO] [stderr]    Compiling aes v0.8.3
[INFO] [stderr]    Compiling scrypt v0.10.0
[INFO] [stderr]    Compiling csv v1.3.0
[INFO] [stderr]    Compiling ctr v0.9.2
[INFO] [stderr]    Compiling uuid v0.8.2
[INFO] [stderr]    Compiling stream-rate-limiter v0.3.1
[INFO] [stderr]    Compiling eth-keystore v0.5.0
[INFO] [stderr]    Compiling secp256k1 v0.27.0
[INFO] [stderr]    Compiling sct v0.7.1
[INFO] [stderr]    Compiling rustls-webpki v0.101.7
[INFO] [stderr]    Compiling webpki v0.22.4
[INFO] [stderr]    Compiling webpki-roots v0.22.6
[INFO] [stderr]    Compiling zstd v0.12.4
[INFO] [stderr]    Compiling actix-http v3.4.0
[INFO] [stderr]    Compiling bollard v0.14.0
[INFO] [stderr]    Compiling tokio-rustls v0.23.4
[INFO] [stderr]    Compiling tokio-rustls v0.24.1
[INFO] [stderr]    Compiling actix-tls v3.1.1
[INFO] [stderr]    Compiling hyper-rustls v0.24.2
[INFO] [stderr]    Compiling reqwest v0.11.22
[INFO] [stderr]    Compiling web3 v0.19.0
[INFO] [stderr]    Compiling actix-web v4.4.0
[INFO] [stderr]    Compiling awc v3.2.0
[INFO] [stderr]    Compiling actix-files v0.6.2
[INFO] [stderr]    Compiling actix-cors v0.6.4
[INFO] [stderr]    Compiling erc20_payment_lib_common v0.3.13
[INFO] [stderr]    Compiling erc20_rpc_pool v0.3.13
[INFO] [stderr]    Compiling erc20_payment_lib v0.3.13
[INFO] [stderr]    Compiling erc20_payment_lib_extra v0.3.13
[INFO] [stderr]    Compiling erc20_processor v0.3.13 (/opt/rustwide/workdir)
[INFO] [stderr]     Finished dev [unoptimized + debuginfo] target(s) in 2m 07s
[INFO] running `Command { std: "docker" "inspect" "5ced947e93a1dce0cf9b2b1ef20997700fa4027bd0498da41fd184797715e4db", kill_on_drop: false }`
[INFO] running `Command { std: "docker" "rm" "-f" "5ced947e93a1dce0cf9b2b1ef20997700fa4027bd0498da41fd184797715e4db", kill_on_drop: false }`
[INFO] [stdout] 5ced947e93a1dce0cf9b2b1ef20997700fa4027bd0498da41fd184797715e4db
[INFO] running `Command { std: "docker" "create" "-v" "/var/lib/crater-agent-workspace/builds/worker-4-tc2/target:/opt/rustwide/target:rw,Z" "-v" "/var/lib/crater-agent-workspace/builds/worker-4-tc2/source:/opt/rustwide/workdir:ro,Z" "-v" "/var/lib/crater-agent-workspace/cargo-home:/opt/rustwide/cargo-home:ro,Z" "-v" "/var/lib/crater-agent-workspace/rustup-home:/opt/rustwide/rustup-home:ro,Z" "-e" "SOURCE_DIR=/opt/rustwide/workdir" "-e" "CARGO_TARGET_DIR=/opt/rustwide/target" "-e" "CARGO_INCREMENTAL=0" "-e" "RUST_BACKTRACE=full" "-e" "RUSTFLAGS=--cap-lints=warn" "-e" "RUSTDOCFLAGS=--cap-lints=warn" "-e" "CARGO_HOME=/opt/rustwide/cargo-home" "-e" "RUSTUP_HOME=/opt/rustwide/rustup-home" "-w" "/opt/rustwide/workdir" "-m" "1610612736" "--user" "0:0" "--network" "none" "ghcr.io/rust-lang/crates-build-env/linux@sha256:2788e3201cd34a07e3172128adcd8b3090168a8e3bcc40d7c032b9dda1df7d1c" "/opt/rustwide/cargo-home/bin/cargo" "+beta-2023-12-22" "test" "--frozen" "--no-run" "--message-format=json", kill_on_drop: false }`
[INFO] [stdout] 10147affeb3beb43ae2d5e3ab08cb9c60250378fe8851cd113192391c5beb4fc
[INFO] running `Command { std: "docker" "start" "-a" "10147affeb3beb43ae2d5e3ab08cb9c60250378fe8851cd113192391c5beb4fc", kill_on_drop: false }`
[INFO] [stderr]    Compiling erc20_processor v0.3.13 (/opt/rustwide/workdir)
[INFO] [stdout] error[E0432]: unresolved import `erc20_payment_lib_test`
[INFO] [stdout]  --> tests/custom_long2.rs:1:5
[INFO] [stdout]   |
[INFO] [stdout] 1 | use erc20_payment_lib_test::test_durability2;
[INFO] [stdout]   |     ^^^^^^^^^^^^^^^^^^^^^^ use of undeclared crate or module `erc20_payment_lib_test`
[INFO] [stdout]   |
[INFO] [stdout] help: there is a crate or module with a similar name
[INFO] [stdout]   |
[INFO] [stdout] 1 | use erc20_payment_lib_extra::test_durability2;
[INFO] [stdout]   |     ~~~~~~~~~~~~~~~~~~~~~~~
[INFO] [stdout] 
[INFO] [stdout] 
[INFO] [stdout] error[E0432]: unresolved import `erc20_payment_lib_test`
[INFO] [stdout]  --> tests/docker_01_basic/main.rs:1:5
[INFO] [stdout]   |
[INFO] [stdout] 1 | use erc20_payment_lib_test::test_durability;
[INFO] [stdout]   |     ^^^^^^^^^^^^^^^^^^^^^^ use of undeclared crate or module `erc20_payment_lib_test`
[INFO] [stdout]   |
[INFO] [stdout] help: there is a crate or module with a similar name
[INFO] [stdout]   |
[INFO] [stdout] 1 | use erc20_payment_lib_extra::test_durability;
[INFO] [stdout]   |     ~~~~~~~~~~~~~~~~~~~~~~~
[INFO] [stdout] 
[INFO] [stdout] 
[INFO] [stdout] error[E0432]: unresolved import `erc20_payment_lib_test`
[INFO] [stdout]  --> tests/multi_test.rs:3:5
[INFO] [stdout]   |
[INFO] [stdout] 3 | use erc20_payment_lib_test::common_geth_init;
[INFO] [stdout]   |     ^^^^^^^^^^^^^^^^^^^^^^ use of undeclared crate or module `erc20_payment_lib_test`
[INFO] [stdout]   |
[INFO] [stdout] help: there is a crate or module with a similar name
[INFO] [stdout]   |
[INFO] [stdout] 3 | use erc20_payment_lib_extra::common_geth_init;
[INFO] [stdout]   |     ~~~~~~~~~~~~~~~~~~~~~~~
[INFO] [stdout] 
[INFO] [stdout] 
[INFO] [stdout] error[E0432]: unresolved import `erc20_payment_lib_test`
[INFO] [stdout]   --> tests/docker_04_multi.rs:11:5
[INFO] [stdout]    |
[INFO] [stdout] 11 | use erc20_payment_lib_test::*;
[INFO] [stdout]    |     ^^^^^^^^^^^^^^^^^^^^^^ use of undeclared crate or module `erc20_payment_lib_test`
[INFO] [stdout]    |
[INFO] [stdout] help: there is a crate or module with a similar name
[INFO] [stdout]    |
[INFO] [stdout] 11 | use erc20_payment_lib_extra::*;
[INFO] [stdout]    |     ~~~~~~~~~~~~~~~~~~~~~~~
[INFO] [stdout] 
[INFO] [stdout] 
[INFO] [stdout] error[E0432]: unresolved import `web3_test_proxy_client`
[INFO] [stdout]   --> tests/docker_04_multi.rs:16:5
[INFO] [stdout]    |
[INFO] [stdout] 16 | use web3_test_proxy_client::list_transactions_human;
[INFO] [stdout]    |     ^^^^^^^^^^^^^^^^^^^^^^ use of undeclared crate or module `web3_test_proxy_client`
[INFO] [stdout] 
[INFO] [stdout] 
[INFO] [stdout] error[E0432]: unresolved import `erc20_payment_lib_test`
[INFO] [stdout]   --> tests/docker_01_basic/single_erc20_transfer.rs:11:5
[INFO] [stdout]    |
[INFO] [stdout] 11 | use erc20_payment_lib_test::*;
[INFO] [stdout]    |     ^^^^^^^^^^^^^^^^^^^^^^ use of undeclared crate or module `erc20_payment_lib_test`
[INFO] [stdout]    |
[INFO] [stdout] help: there is a crate or module with a similar name
[INFO] [stdout]    |
[INFO] [stdout] 11 | use erc20_payment_lib_extra::*;
[INFO] [stdout]    |     ~~~~~~~~~~~~~~~~~~~~~~~
[INFO] [stdout] 
[INFO] [stdout] 
[INFO] [stdout] error[E0432]: unresolved import `erc20_payment_lib_test`
[INFO] [stdout]   --> tests/docker_01_basic/single_gas_transfer.rs:10:5
[INFO] [stdout]    |
[INFO] [stdout] 10 | use erc20_payment_lib_test::*;
[INFO] [stdout]    |     ^^^^^^^^^^^^^^^^^^^^^^ use of undeclared crate or module `erc20_payment_lib_test`
[INFO] [stdout]    |
[INFO] [stdout] help: there is a crate or module with a similar name
[INFO] [stdout]    |
[INFO] [stdout] 10 | use erc20_payment_lib_extra::*;
[INFO] [stdout]    |     ~~~~~~~~~~~~~~~~~~~~~~~
[INFO] [stdout] 
[INFO] [stdout] 
[INFO] [stdout] error[E0432]: unresolved import `erc20_payment_lib_test`
[INFO] [stdout]  --> tests/custom_long.rs:1:5
[INFO] [stdout]   |
[INFO] [stdout] 1 | use erc20_payment_lib_test::test_durability;
[INFO] [stdout]   |     ^^^^^^^^^^^^^^^^^^^^^^ use of undeclared crate or module `erc20_payment_lib_test`
[INFO] [stdout]   |
[INFO] [stdout] help: there is a crate or module with a similar name
[INFO] [stdout]   |
[INFO] [stdout] 1 | use erc20_payment_lib_extra::test_durability;
[INFO] [stdout]   |     ~~~~~~~~~~~~~~~~~~~~~~~
[INFO] [stdout] 
[INFO] [stdout] 
[INFO] [stdout] error[E0432]: unresolved import `web3_test_proxy_client`
[INFO] [stdout]   --> tests/docker_01_basic/single_erc20_transfer.rs:17:5
[INFO] [stdout]    |
[INFO] [stdout] 17 | use web3_test_proxy_client::list_transactions_human;
[INFO] [stdout]    |     ^^^^^^^^^^^^^^^^^^^^^^ use of undeclared crate or module `web3_test_proxy_client`
[INFO] [stdout] 
[INFO] [stdout] 
[INFO] [stdout] error[E0432]: unresolved import `web3_test_proxy_client`
[INFO] [stdout]   --> tests/docker_01_basic/single_gas_transfer.rs:15:5
[INFO] [stdout]    |
[INFO] [stdout] 15 | use web3_test_proxy_client::list_transactions_human;
[INFO] [stdout]    |     ^^^^^^^^^^^^^^^^^^^^^^ use of undeclared crate or module `web3_test_proxy_client`
[INFO] [stdout] 
[INFO] [stdout] 
[INFO] [stdout] error[E0432]: unresolved import `erc20_payment_lib_test`
[INFO] [stdout]   --> tests/docker_05_rpc_pool.rs:11:5
[INFO] [stdout]    |
[INFO] [stdout] 11 | use erc20_payment_lib_test::*;
[INFO] [stdout]    |     ^^^^^^^^^^^^^^^^^^^^^^ use of undeclared crate or module `erc20_payment_lib_test`
[INFO] [stdout]    |
[INFO] [stdout] help: there is a crate or module with a similar name
[INFO] [stdout]    |
[INFO] [stdout] 11 | use erc20_payment_lib_extra::*;
[INFO] [stdout]    |     ~~~~~~~~~~~~~~~~~~~~~~~
[INFO] [stdout] 
[INFO] [stdout] 
[INFO] [stdout] error[E0432]: unresolved import `web3_test_proxy_client`
[INFO] [stdout]   --> tests/docker_05_rpc_pool.rs:17:5
[INFO] [stdout]    |
[INFO] [stdout] 17 | use web3_test_proxy_client::{list_transactions_human, set_error_probability};
[INFO] [stdout]    |     ^^^^^^^^^^^^^^^^^^^^^^ use of undeclared crate or module `web3_test_proxy_client`
[INFO] [stdout] 
[INFO] [stdout] 
[INFO] [stdout] error: aborting due to 1 previous error
[INFO] [stdout] 
[INFO] [stdout] 
[INFO] [stdout] For more information about this error, try `rustc --explain E0432`.
[INFO] [stdout] 
[INFO] [stderr] error: could not compile `erc20_processor` (test "custom_long") due to 2 previous errors
[INFO] [stderr] warning: build failed, waiting for other jobs to finish...
[INFO] [stdout] error: aborting due to 1 previous error
[INFO] [stdout] 
[INFO] [stdout] 
[INFO] [stdout] For more information about this error, try `rustc --explain E0432`.
[INFO] [stdout] 
[INFO] [stdout] error: aborting due to 1 previous error
[INFO] [stdout] 
[INFO] [stdout] 
[INFO] [stdout] For more information about this error, try `rustc --explain E0432`.
[INFO] [stdout] 
[INFO] [stderr] error: could not compile `erc20_processor` (test "custom_long2") due to 2 previous errors
[INFO] [stderr] error: could not compile `erc20_processor` (test "multi_test") due to 2 previous errors
[INFO] [stdout] error[E0425]: cannot find function `exclusive_geth_init` in this scope
[INFO] [stdout]   --> tests/docker_05_rpc_pool.rs:24:26
[INFO] [stdout]    |
[INFO] [stdout] 24 |     let geth_container = exclusive_geth_init(Duration::from_secs(30)).await;
[INFO] [stdout]    |                          ^^^^^^^^^^^^^^^^^^^ not found in this scope
[INFO] [stdout] 
[INFO] [stdout] 
[INFO] [stdout] error[E0425]: cannot find function `setup_random_memory_sqlite_conn` in this scope
[INFO] [stdout]   --> tests/docker_05_rpc_pool.rs:25:16
[INFO] [stdout]    |
[INFO] [stdout] 25 |     let conn = setup_random_memory_sqlite_conn().await;
[INFO] [stdout]    |                ^^^^^^^^^^^^^^^^^^^^^^^^^^^^^^^ not found in this scope
[INFO] [stdout] 
[INFO] [stdout] 
[INFO] [stdout] error[E0425]: cannot find function `exclusive_geth_init` in this scope
[INFO] [stdout]   --> tests/docker_04_multi.rs:22:26
[INFO] [stdout]    |
[INFO] [stdout] 22 |     let geth_container = exclusive_geth_init(Duration::from_secs(30)).await;
[INFO] [stdout]    |                          ^^^^^^^^^^^^^^^^^^^ not found in this scope
[INFO] [stdout] 
[INFO] [stdout] 
[INFO] [stdout] error[E0425]: cannot find function `setup_random_memory_sqlite_conn` in this scope
[INFO] [stdout]   --> tests/docker_04_multi.rs:23:16
[INFO] [stdout]    |
[INFO] [stdout] 23 |     let conn = setup_random_memory_sqlite_conn().await;
[INFO] [stdout]    |                ^^^^^^^^^^^^^^^^^^^^^^^^^^^^^^^ not found in this scope
[INFO] [stdout] 
[INFO] [stdout] 
[INFO] [stdout] error[E0425]: cannot find function `exclusive_geth_init` in this scope
[INFO] [stdout]   --> tests/docker_01_basic/single_erc20_transfer.rs:24:26
[INFO] [stdout]    |
[INFO] [stdout] 24 |     let geth_container = exclusive_geth_init(Duration::from_secs(30)).await;
[INFO] [stdout]    |                          ^^^^^^^^^^^^^^^^^^^ not found in this scope
[INFO] [stdout] 
[INFO] [stdout] 
[INFO] [stdout] error[E0425]: cannot find function `setup_random_memory_sqlite_conn` in this scope
[INFO] [stdout]   --> tests/docker_01_basic/single_erc20_transfer.rs:25:16
[INFO] [stdout]    |
[INFO] [stdout] 25 |     let conn = setup_random_memory_sqlite_conn().await;
[INFO] [stdout]    |                ^^^^^^^^^^^^^^^^^^^^^^^^^^^^^^^ not found in this scope
[INFO] [stdout] 
[INFO] [stdout] 
[INFO] [stdout] error[E0425]: cannot find function `create_default_config_setup` in this scope
[INFO] [stdout]    --> tests/docker_04_multi.rs:103:18
[INFO] [stdout]     |
[INFO] [stdout] 103 |     let config = create_default_config_setup(&proxy_url_base, proxy_key).await;
[INFO] [stdout]     |                  ^^^^^^^^^^^^^^^^^^^^^^^^^^^ not found in this scope
[INFO] [stdout] 
[INFO] [stdout] 
[INFO] [stdout] error[E0425]: cannot find function `create_default_config_setup` in this scope
[INFO] [stdout]   --> tests/docker_05_rpc_pool.rs:66:22
[INFO] [stdout]    |
[INFO] [stdout] 66 |     let mut config = create_default_config_setup(&proxy_url_base, "proxy").await;
[INFO] [stdout]    |                      ^^^^^^^^^^^^^^^^^^^^^^^^^^^ not found in this scope
[INFO] [stdout] 
[INFO] [stdout] 
[INFO] [stdout] error[E0425]: cannot find function `test_get_balance` in this scope
[INFO] [stdout]    --> tests/docker_04_multi.rs:163:19
[INFO] [stdout]     |
[INFO] [stdout] 163 |         let res = test_get_balance(&proxy_url_base,
[INFO] [stdout]     |                   ^^^^^^^^^^^^^^^^ not found in this scope
[INFO] [stdout] 
[INFO] [stdout] 
[INFO] [stdout] error[E0425]: cannot find function `create_default_config_setup` in this scope
[INFO] [stdout]   --> tests/docker_01_basic/single_erc20_transfer.rs:67:18
[INFO] [stdout]    |
[INFO] [stdout] 67 |     let config = create_default_config_setup(&proxy_url_base, proxy_key).await;
[INFO] [stdout]    |                  ^^^^^^^^^^^^^^^^^^^^^^^^^^^ not found in this scope
[INFO] [stdout] 
[INFO] [stdout] 
[INFO] [stdout] error[E0425]: cannot find function `test_get_balance` in this scope
[INFO] [stdout]    --> tests/docker_05_rpc_pool.rs:135:19
[INFO] [stdout]     |
[INFO] [stdout] 135 | ...   let res = test_get_balance(&proxy_url_base, "0xbfb29b133aa51c4b45b49468f9a22958eafea6fa,0xf2f86a61b769c91fc78f15059a5bd2c189b84be2"...
[INFO] [stdout]     |                 ^^^^^^^^^^^^^^^^ not found in this scope
[INFO] [stdout] 
[INFO] [stdout] 
[INFO] [stdout] error[E0425]: cannot find function `test_get_balance` in this scope
[INFO] [stdout]    --> tests/docker_01_basic/single_erc20_transfer.rs:114:19
[INFO] [stdout]     |
[INFO] [stdout] 114 | ...   let res = test_get_balance(&proxy_url_base, "0xbfb29b133aa51c4b45b49468f9a22958eafea6fa,0xf2f86a61b769c91fc78f15059a5bd2c189b84be2"...
[INFO] [stdout]     |                 ^^^^^^^^^^^^^^^^ not found in this scope
[INFO] [stdout] 
[INFO] [stdout] 
[INFO] [stdout] error: aborting due to 6 previous errors
[INFO] [stdout] 
[INFO] [stdout] 
[INFO] [stdout] Some errors have detailed explanations: E0425, E0432.
[INFO] [stdout] 
[INFO] [stdout] For more information about an error, try `rustc --explain E0425`.
[INFO] [stdout] 
[INFO] [stdout] error[E0425]: cannot find function `exclusive_geth_init` in this scope
[INFO] [stdout]   --> tests/docker_01_basic/single_gas_transfer.rs:22:26
[INFO] [stdout]    |
[INFO] [stdout] 22 |     let geth_container = exclusive_geth_init(Duration::from_secs(30)).await;
[INFO] [stdout]    |                          ^^^^^^^^^^^^^^^^^^^ not found in this scope
[INFO] [stdout] 
[INFO] [stdout] 
[INFO] [stderr] error: could not compile `erc20_processor` (test "docker_04_multi") due to 7 previous errors
[INFO] [stdout] error[E0425]: cannot find function `setup_random_memory_sqlite_conn` in this scope
[INFO] [stdout]   --> tests/docker_01_basic/single_gas_transfer.rs:23:16
[INFO] [stdout]    |
[INFO] [stdout] 23 |     let conn = setup_random_memory_sqlite_conn().await;
[INFO] [stdout]    |                ^^^^^^^^^^^^^^^^^^^^^^^^^^^^^^^ not found in this scope
[INFO] [stdout] 
[INFO] [stdout] 
[INFO] [stdout] error[E0425]: cannot find function `create_default_config_setup` in this scope
[INFO] [stdout]   --> tests/docker_01_basic/single_gas_transfer.rs:59:22
[INFO] [stdout]    |
[INFO] [stdout] 59 |         let config = create_default_config_setup(&proxy_url_base, proxy_key).await;
[INFO] [stdout]    |                      ^^^^^^^^^^^^^^^^^^^^^^^^^^^ not found in this scope
[INFO] [stdout] 
[INFO] [stdout] 
[INFO] [stdout] error: aborting due to 6 previous errors
[INFO] [stdout] 
[INFO] [stdout] 
[INFO] [stdout] Some errors have detailed explanations: E0425, E0432.
[INFO] [stdout] 
[INFO] [stdout] For more information about an error, try `rustc --explain E0425`.
[INFO] [stdout] 
[INFO] [stdout] error[E0425]: cannot find function `test_get_balance` in this scope
[INFO] [stdout]    --> tests/docker_01_basic/single_gas_transfer.rs:104:19
[INFO] [stdout]     |
[INFO] [stdout] 104 | ...   let res = test_get_balance(&proxy_url_base, "0x653b48e1348f480149047aa3a58536eb0dbbb2e2,0x41162e565ebbf1a52ec904c7365e239c40d82568"...
[INFO] [stdout]     |                 ^^^^^^^^^^^^^^^^ not found in this scope
[INFO] [stdout] 
[INFO] [stdout] 
[INFO] [stderr] error: could not compile `erc20_processor` (test "docker_05_rpc_pool") due to 7 previous errors
[INFO] [stdout] error: aborting due to 13 previous errors
[INFO] [stdout] 
[INFO] [stdout] 
[INFO] [stdout] Some errors have detailed explanations: E0425, E0432.
[INFO] [stdout] 
[INFO] [stdout] For more information about an error, try `rustc --explain E0425`.
[INFO] [stdout] 
[INFO] [stderr] error: could not compile `erc20_processor` (test "docker_01_basic") due to 14 previous errors
[INFO] running `Command { std: "docker" "inspect" "10147affeb3beb43ae2d5e3ab08cb9c60250378fe8851cd113192391c5beb4fc", kill_on_drop: false }`
[INFO] running `Command { std: "docker" "rm" "-f" "10147affeb3beb43ae2d5e3ab08cb9c60250378fe8851cd113192391c5beb4fc", kill_on_drop: false }`
[INFO] [stdout] 10147affeb3beb43ae2d5e3ab08cb9c60250378fe8851cd113192391c5beb4fc
