[INFO] fetching crate eom 0.11.0...
[INFO] testing eom-0.11.0 against 1.75.0 for beta-1.76-1
[INFO] extracting crate eom 0.11.0 into /workspace/builds/worker-2-tc1/source
[INFO] validating manifest of crates.io crate eom 0.11.0 on toolchain 1.75.0
[INFO] running `Command { std: CARGO_HOME="/workspace/cargo-home" RUSTUP_HOME="/workspace/rustup-home" "/workspace/cargo-home/bin/cargo" "+1.75.0" "metadata" "--manifest-path" "Cargo.toml" "--no-deps", kill_on_drop: false }`
[INFO] started tweaking crates.io crate eom 0.11.0
[INFO] finished tweaking crates.io crate eom 0.11.0
[INFO] tweaked toml for crates.io crate eom 0.11.0 written to /workspace/builds/worker-2-tc1/source/Cargo.toml
[INFO] crate crates.io crate eom 0.11.0 already has a lockfile, it will not be regenerated
[INFO] running `Command { std: CARGO_HOME="/workspace/cargo-home" RUSTUP_HOME="/workspace/rustup-home" "/workspace/cargo-home/bin/cargo" "+1.75.0" "fetch" "--manifest-path" "Cargo.toml", kill_on_drop: false }`
[INFO] [stderr]     Updating crates.io index
[INFO] [stderr]  Downloading crates ...
[INFO] [stderr]   Downloaded derive_builder_macro v0.11.2
[INFO] [stderr]   Downloaded katexit v0.1.4
[INFO] [stderr]   Downloaded openblas-src v0.10.8
[INFO] [stderr]   Downloaded fftw-sys v0.8.0
[INFO] [stderr]   Downloaded openblas-build v0.10.8
[INFO] [stderr]   Downloaded intel-mkl-tool v0.8.1
[INFO] [stderr]   Downloaded zip v0.6.4
[INFO] [stderr]   Downloaded intel-mkl-src v0.8.1
[INFO] [stderr]   Downloaded cauchy v0.4.0
[INFO] [stderr]   Downloaded ocipkg v0.2.8
[INFO] [stderr]   Downloaded ftp v3.0.1
[INFO] [stderr]   Downloaded derive_builder v0.11.2
[INFO] [stderr]   Downloaded matrixmultiply v0.3.4
[INFO] [stderr]   Downloaded ndarray-linalg v0.16.0
[INFO] [stderr]   Downloaded rustix v0.37.17
[INFO] [stderr]   Downloaded oci-spec v0.5.8
[INFO] [stderr]   Downloaded bitflags v2.2.1
[INFO] [stderr]   Downloaded derive_builder_core v0.11.2
[INFO] [stderr]   Downloaded lapack-sys v0.14.0
[INFO] [stderr]   Downloaded fftw v0.8.0
[INFO] [stderr]   Downloaded lax v0.16.0
[INFO] [stderr]   Downloaded fftw-src v0.8.0
[INFO] running `Command { std: "docker" "create" "-v" "/var/lib/crater-agent-workspace/builds/worker-2-tc1/target:/opt/rustwide/target:rw,Z" "-v" "/var/lib/crater-agent-workspace/builds/worker-2-tc1/source:/opt/rustwide/workdir:ro,Z" "-v" "/var/lib/crater-agent-workspace/cargo-home:/opt/rustwide/cargo-home:ro,Z" "-v" "/var/lib/crater-agent-workspace/rustup-home:/opt/rustwide/rustup-home:ro,Z" "-e" "SOURCE_DIR=/opt/rustwide/workdir" "-e" "CARGO_TARGET_DIR=/opt/rustwide/target" "-e" "CARGO_HOME=/opt/rustwide/cargo-home" "-e" "RUSTUP_HOME=/opt/rustwide/rustup-home" "-w" "/opt/rustwide/workdir" "-m" "1610612736" "--user" "0:0" "--network" "none" "ghcr.io/rust-lang/crates-build-env/linux@sha256:2788e3201cd34a07e3172128adcd8b3090168a8e3bcc40d7c032b9dda1df7d1c" "/opt/rustwide/cargo-home/bin/cargo" "+1.75.0" "metadata" "--no-deps" "--format-version=1", kill_on_drop: false }`
[INFO] [stdout] b1bf7dba94f4d9b81929d1198edece97094ace865eef657fef64f004f8e347ee
[INFO] running `Command { std: "docker" "start" "-a" "b1bf7dba94f4d9b81929d1198edece97094ace865eef657fef64f004f8e347ee", kill_on_drop: false }`
[INFO] running `Command { std: "docker" "inspect" "b1bf7dba94f4d9b81929d1198edece97094ace865eef657fef64f004f8e347ee", kill_on_drop: false }`
[INFO] running `Command { std: "docker" "rm" "-f" "b1bf7dba94f4d9b81929d1198edece97094ace865eef657fef64f004f8e347ee", kill_on_drop: false }`
[INFO] [stdout] b1bf7dba94f4d9b81929d1198edece97094ace865eef657fef64f004f8e347ee
[INFO] running `Command { std: "docker" "create" "-v" "/var/lib/crater-agent-workspace/builds/worker-2-tc1/target:/opt/rustwide/target:rw,Z" "-v" "/var/lib/crater-agent-workspace/builds/worker-2-tc1/source:/opt/rustwide/workdir:ro,Z" "-v" "/var/lib/crater-agent-workspace/cargo-home:/opt/rustwide/cargo-home:ro,Z" "-v" "/var/lib/crater-agent-workspace/rustup-home:/opt/rustwide/rustup-home:ro,Z" "-e" "SOURCE_DIR=/opt/rustwide/workdir" "-e" "CARGO_TARGET_DIR=/opt/rustwide/target" "-e" "CARGO_INCREMENTAL=0" "-e" "RUST_BACKTRACE=full" "-e" "RUSTFLAGS=--cap-lints=warn" "-e" "RUSTDOCFLAGS=--cap-lints=warn" "-e" "CARGO_HOME=/opt/rustwide/cargo-home" "-e" "RUSTUP_HOME=/opt/rustwide/rustup-home" "-w" "/opt/rustwide/workdir" "-m" "1610612736" "--user" "0:0" "--network" "none" "ghcr.io/rust-lang/crates-build-env/linux@sha256:2788e3201cd34a07e3172128adcd8b3090168a8e3bcc40d7c032b9dda1df7d1c" "/opt/rustwide/cargo-home/bin/cargo" "+1.75.0" "build" "--frozen" "--message-format=json", kill_on_drop: false }`
[INFO] [stdout] 6c222f2bd6af607a5ee30b5df815bea79a874afe08cdd1b6f87a4d0b15c7745f
[INFO] running `Command { std: "docker" "start" "-a" "6c222f2bd6af607a5ee30b5df815bea79a874afe08cdd1b6f87a4d0b15c7745f", kill_on_drop: false }`
[INFO] [stderr]    Compiling proc-macro2 v1.0.56
[INFO] [stderr]    Compiling quote v1.0.26
[INFO] [stderr]    Compiling unicode-ident v1.0.8
[INFO] [stderr]    Compiling libc v0.2.142
[INFO] [stderr]    Compiling serde_derive v1.0.160
[INFO] [stderr]    Compiling serde v1.0.160
[INFO] [stderr]    Compiling syn v1.0.109
[INFO] [stderr]    Compiling thiserror v1.0.40
[INFO] [stderr]    Compiling rawpointer v0.2.1
[INFO] [stderr]    Compiling bitflags v2.2.1
[INFO] [stderr]    Compiling num-traits v0.2.15
[INFO] [stderr]    Compiling num-integer v0.1.45
[INFO] [stderr]    Compiling matrixmultiply v0.3.4
[INFO] [stderr]    Compiling syn v2.0.15
[INFO] [stderr]    Compiling getrandom v0.2.9
[INFO] [stderr]    Compiling cblas-sys v0.1.4
[INFO] [stderr]    Compiling lapack-sys v0.14.0
[INFO] [stderr]    Compiling rand_core v0.6.4
[INFO] [stderr]    Compiling rand_chacha v0.3.1
[INFO] [stderr]    Compiling rand v0.8.5
[INFO] [stderr]    Compiling approx v0.4.0
[INFO] [stderr]    Compiling thiserror-impl v1.0.40
[INFO] [stderr]    Compiling katexit v0.1.4
[INFO] [stderr]    Compiling derive-new v0.5.9
[INFO] [stderr]    Compiling num-complex v0.4.3
[INFO] [stderr]    Compiling ndarray v0.15.6
[INFO] [stderr]    Compiling cauchy v0.4.0
[INFO] [stderr]    Compiling fftw-sys v0.8.0
[INFO] [stderr]    Compiling lax v0.16.0
[INFO] [stderr]    Compiling ndarray-linalg v0.16.0
[INFO] [stderr]    Compiling fftw v0.8.0
[INFO] [stderr]    Compiling eom v0.11.0 (/opt/rustwide/workdir)
[INFO] [stderr]     Finished dev [unoptimized + debuginfo] target(s) in 11.12s
[INFO] running `Command { std: "docker" "inspect" "6c222f2bd6af607a5ee30b5df815bea79a874afe08cdd1b6f87a4d0b15c7745f", kill_on_drop: false }`
[INFO] running `Command { std: "docker" "rm" "-f" "6c222f2bd6af607a5ee30b5df815bea79a874afe08cdd1b6f87a4d0b15c7745f", kill_on_drop: false }`
[INFO] [stdout] 6c222f2bd6af607a5ee30b5df815bea79a874afe08cdd1b6f87a4d0b15c7745f
[INFO] running `Command { std: "docker" "create" "-v" "/var/lib/crater-agent-workspace/builds/worker-2-tc1/target:/opt/rustwide/target:rw,Z" "-v" "/var/lib/crater-agent-workspace/builds/worker-2-tc1/source:/opt/rustwide/workdir:ro,Z" "-v" "/var/lib/crater-agent-workspace/cargo-home:/opt/rustwide/cargo-home:ro,Z" "-v" "/var/lib/crater-agent-workspace/rustup-home:/opt/rustwide/rustup-home:ro,Z" "-e" "SOURCE_DIR=/opt/rustwide/workdir" "-e" "CARGO_TARGET_DIR=/opt/rustwide/target" "-e" "CARGO_INCREMENTAL=0" "-e" "RUST_BACKTRACE=full" "-e" "RUSTFLAGS=--cap-lints=warn" "-e" "RUSTDOCFLAGS=--cap-lints=warn" "-e" "CARGO_HOME=/opt/rustwide/cargo-home" "-e" "RUSTUP_HOME=/opt/rustwide/rustup-home" "-w" "/opt/rustwide/workdir" "-m" "1610612736" "--user" "0:0" "--network" "none" "ghcr.io/rust-lang/crates-build-env/linux@sha256:2788e3201cd34a07e3172128adcd8b3090168a8e3bcc40d7c032b9dda1df7d1c" "/opt/rustwide/cargo-home/bin/cargo" "+1.75.0" "test" "--frozen" "--no-run" "--message-format=json", kill_on_drop: false }`
[INFO] [stdout] 1c241d3878d4a6c1f98c78223e8dbcce4de3e4d7b89f52e6059c69ad4955f32b
[INFO] running `Command { std: "docker" "start" "-a" "1c241d3878d4a6c1f98c78223e8dbcce4de3e4d7b89f52e6059c69ad4955f32b", kill_on_drop: false }`
[INFO] [stderr]    Compiling crossbeam-utils v0.8.15
[INFO] [stderr]    Compiling memoffset v0.8.0
[INFO] [stderr]    Compiling crossbeam-epoch v0.9.14
[INFO] [stderr]    Compiling scopeguard v1.1.0
[INFO] [stderr]    Compiling indexmap v1.9.3
[INFO] [stderr]    Compiling rayon-core v1.11.0
[INFO] [stderr]    Compiling serde_json v1.0.96
[INFO] [stderr]    Compiling either v1.8.1
[INFO] [stderr]    Compiling ryu v1.0.13
[INFO] [stderr]    Compiling ciborium-io v0.2.0
[INFO] [stderr]    Compiling half v1.8.2
[INFO] [stderr]    Compiling itoa v1.0.6
[INFO] [stderr]    Compiling num_cpus v1.15.0
[INFO] [stderr]    Compiling plotters-backend v0.3.4
[INFO] [stderr]    Compiling os_str_bytes v6.5.0
[INFO] [stderr]    Compiling hashbrown v0.12.3
[INFO] [stderr]    Compiling same-file v1.0.6
[INFO] [stderr]    Compiling textwrap v0.16.0
[INFO] [stderr]    Compiling bitflags v1.3.2
[INFO] [stderr]    Compiling itertools v0.10.5
[INFO] [stderr]    Compiling cast v0.3.0
[INFO] [stderr]    Compiling regex-syntax v0.7.1
[INFO] [stderr]    Compiling walkdir v2.3.3
[INFO] [stderr]    Compiling atty v0.2.14
[INFO] [stderr]    Compiling ciborium-ll v0.2.0
[INFO] [stderr]    Compiling plotters-svg v0.3.3
[INFO] [stderr]    Compiling clap_lex v0.2.4
[INFO] [stderr]    Compiling anes v0.1.6
[INFO] [stderr]    Compiling oorandom v11.1.3
[INFO] [stderr]    Compiling plotters v0.3.4
[INFO] [stderr]    Compiling ciborium v0.2.0
[INFO] [stderr]    Compiling crossbeam-channel v0.5.8
[INFO] [stderr]    Compiling crossbeam-deque v0.8.3
[INFO] [stderr]    Compiling clap v3.2.25
[INFO] [stderr]    Compiling tinytemplate v1.2.1
[INFO] [stderr]    Compiling regex v1.8.1
[INFO] [stderr]    Compiling criterion-plot v0.5.0
[INFO] [stderr]    Compiling rayon v1.7.0
[INFO] [stderr]    Compiling criterion v0.4.0
[INFO] [stderr]    Compiling eom v0.11.0 (/opt/rustwide/workdir)
[INFO] [stdout] error: linking with `cc` failed: exit status: 1
[INFO] [stdout]   |
[INFO] [stdout]   = note: LC_ALL="C" PATH="/opt/rustwide/rustup-home/toolchains/1.75.0-x86_64-unknown-linux-gnu/lib/rustlib/x86_64-unknown-linux-gnu/bin:/opt/rustwide/cargo-home/bin:/usr/local/sbin:/usr/local/bin:/usr/sbin:/usr/bin:/sbin:/bin" VSLANG="1033" "cc" "-m64" "/tmp/rustca1dJSN/symbols.o" "/opt/rustwide/target/debug/deps/pde-745496b495ef8a65.pde.9894c6f312fb5381-cgu.0.rcgu.o" "/opt/rustwide/target/debug/deps/pde-745496b495ef8a65.pde.9894c6f312fb5381-cgu.1.rcgu.o" "/opt/rustwide/target/debug/deps/pde-745496b495ef8a65.1tbwyevzywrlt21n.rcgu.o" "-Wl,--as-needed" "-L" "/opt/rustwide/target/debug/deps" "-L" "/opt/rustwide/rustup-home/toolchains/1.75.0-x86_64-unknown-linux-gnu/lib/rustlib/x86_64-unknown-linux-gnu/lib" "-Wl,-Bstatic" "/opt/rustwide/rustup-home/toolchains/1.75.0-x86_64-unknown-linux-gnu/lib/rustlib/x86_64-unknown-linux-gnu/lib/libtest-3df1bed8075ce1de.rlib" "/opt/rustwide/rustup-home/toolchains/1.75.0-x86_64-unknown-linux-gnu/lib/rustlib/x86_64-unknown-linux-gnu/lib/libgetopts-2076fd86b325cb5d.rlib" "/opt/rustwide/rustup-home/toolchains/1.75.0-x86_64-unknown-linux-gnu/lib/rustlib/x86_64-unknown-linux-gnu/lib/libunicode_width-caa7152ee70c190f.rlib" "/opt/rustwide/rustup-home/toolchains/1.75.0-x86_64-unknown-linux-gnu/lib/rustlib/x86_64-unknown-linux-gnu/lib/librustc_std_workspace_std-04e6425e07f02a3c.rlib" "/opt/rustwide/target/debug/deps/libeom-55ad937034e3cf03.rlib" "/opt/rustwide/target/debug/deps/libfftw-f2adef831ea041a9.rlib" "/opt/rustwide/target/debug/deps/libbitflags-e6759cc8e9bf164f.rlib" "/opt/rustwide/target/debug/deps/liblazy_static-591486ebcb9a7ead.rlib" "/opt/rustwide/target/debug/deps/libfftw_sys-2c110f733edec75a.rlib" "/opt/rustwide/target/debug/deps/libndarray_linalg-d4df1c91dccc7fcb.rlib" "/opt/rustwide/target/debug/deps/liblax-a3cd759b771de06f.rlib" "/opt/rustwide/target/debug/deps/liblapack_sys-3d8bb09fa6354ce4.rlib" "/opt/rustwide/target/debug/deps/libthiserror-fdc5c58527c86ee6.rlib" "/opt/rustwide/target/debug/deps/libcauchy-3522407baef5b612.rlib" "/opt/rustwide/target/debug/deps/libndarray-1a43ae463f035716.rlib" "/opt/rustwide/target/debug/deps/libmatrixmultiply-9dc5edd186d5ed14.rlib" "/opt/rustwide/target/debug/deps/libapprox-6d066c6c423405b4.rlib" "/opt/rustwide/target/debug/deps/libnum_complex-7406c0493fda08fd.rlib" "/opt/rustwide/target/debug/deps/libserde-751756c938098003.rlib" "/opt/rustwide/target/debug/deps/librand-6037ffa63811fc58.rlib" "/opt/rustwide/target/debug/deps/librand_chacha-3d572953d0a83c6d.rlib" "/opt/rustwide/target/debug/deps/libppv_lite86-9f808eb911999ef2.rlib" "/opt/rustwide/target/debug/deps/librand_core-c4defb2e0aec4479.rlib" "/opt/rustwide/target/debug/deps/libgetrandom-86bfec5e2e3d30a8.rlib" "/opt/rustwide/target/debug/deps/libcfg_if-61dc7a6799e72b18.rlib" "/opt/rustwide/target/debug/deps/libnum_integer-f3dc13231db422dc.rlib" "/opt/rustwide/target/debug/deps/libnum_traits-a6410cac0a25d3f1.rlib" "/opt/rustwide/target/debug/deps/librawpointer-fd99f7762ca119b4.rlib" "/opt/rustwide/target/debug/deps/libcblas_sys-14d09a0f154d7a15.rlib" "/opt/rustwide/target/debug/deps/liblibc-f509269ebef0688e.rlib" "/opt/rustwide/rustup-home/toolchains/1.75.0-x86_64-unknown-linux-gnu/lib/rustlib/x86_64-unknown-linux-gnu/lib/libstd-90f6ddbf82de36ec.rlib" "/opt/rustwide/rustup-home/toolchains/1.75.0-x86_64-unknown-linux-gnu/lib/rustlib/x86_64-unknown-linux-gnu/lib/libpanic_unwind-480c41e9d4e1f677.rlib" "/opt/rustwide/rustup-home/toolchains/1.75.0-x86_64-unknown-linux-gnu/lib/rustlib/x86_64-unknown-linux-gnu/lib/libobject-db744c0ca03eed1d.rlib" "/opt/rustwide/rustup-home/toolchains/1.75.0-x86_64-unknown-linux-gnu/lib/rustlib/x86_64-unknown-linux-gnu/lib/libmemchr-8ba652dc7d4b285a.rlib" "/opt/rustwide/rustup-home/toolchains/1.75.0-x86_64-unknown-linux-gnu/lib/rustlib/x86_64-unknown-linux-gnu/lib/libaddr2line-d5f4520a9ebc0d58.rlib" "/opt/rustwide/rustup-home/toolchains/1.75.0-x86_64-unknown-linux-gnu/lib/rustlib/x86_64-unknown-linux-gnu/lib/libgimli-4ad84de58f0cb463.rlib" "/opt/rustwide/rustup-home/toolchains/1.75.0-x86_64-unknown-linux-gnu/lib/rustlib/x86_64-unknown-linux-gnu/lib/librustc_demangle-0d10aae2e0f38735.rlib" "/opt/rustwide/rustup-home/toolchains/1.75.0-x86_64-unknown-linux-gnu/lib/rustlib/x86_64-unknown-linux-gnu/lib/libstd_detect-0c17cff739e6745b.rlib" "/opt/rustwide/rustup-home/toolchains/1.75.0-x86_64-unknown-linux-gnu/lib/rustlib/x86_64-unknown-linux-gnu/lib/libhashbrown-b29e17139dde1aa8.rlib" "/opt/rustwide/rustup-home/toolchains/1.75.0-x86_64-unknown-linux-gnu/lib/rustlib/x86_64-unknown-linux-gnu/lib/librustc_std_workspace_alloc-1f975299829cc7bd.rlib" "/opt/rustwide/rustup-home/toolchains/1.75.0-x86_64-unknown-linux-gnu/lib/rustlib/x86_64-unknown-linux-gnu/lib/libminiz_oxide-86bae3bc3079f89b.rlib" "/opt/rustwide/rustup-home/toolchains/1.75.0-x86_64-unknown-linux-gnu/lib/rustlib/x86_64-unknown-linux-gnu/lib/libadler-321b82c30dffdf5f.rlib" "/opt/rustwide/rustup-home/toolchains/1.75.0-x86_64-unknown-linux-gnu/lib/rustlib/x86_64-unknown-linux-gnu/lib/libunwind-3dd8a6810a0bdfef.rlib" "/opt/rustwide/rustup-home/toolchains/1.75.0-x86_64-unknown-linux-gnu/lib/rustlib/x86_64-unknown-linux-gnu/lib/libcfg_if-eb39a61c0c879984.rlib" "/opt/rustwide/rustup-home/toolchains/1.75.0-x86_64-unknown-linux-gnu/lib/rustlib/x86_64-unknown-linux-gnu/lib/liblibc-aa769569f91c3548.rlib" "/opt/rustwide/rustup-home/toolchains/1.75.0-x86_64-unknown-linux-gnu/lib/rustlib/x86_64-unknown-linux-gnu/lib/liballoc-510a192a50a983ed.rlib" "/opt/rustwide/rustup-home/toolchains/1.75.0-x86_64-unknown-linux-gnu/lib/rustlib/x86_64-unknown-linux-gnu/lib/librustc_std_workspace_core-0577018320f99037.rlib" "/opt/rustwide/rustup-home/toolchains/1.75.0-x86_64-unknown-linux-gnu/lib/rustlib/x86_64-unknown-linux-gnu/lib/libcore-193cf992125ccd4c.rlib" "/opt/rustwide/rustup-home/toolchains/1.75.0-x86_64-unknown-linux-gnu/lib/rustlib/x86_64-unknown-linux-gnu/lib/libcompiler_builtins-8e138eaf26ebb4a8.rlib" "-Wl,-Bdynamic" "-lgcc_s" "-lutil" "-lrt" "-lpthread" "-lm" "-ldl" "-lc" "-Wl,--eh-frame-hdr" "-Wl,-z,noexecstack" "-L" "/opt/rustwide/rustup-home/toolchains/1.75.0-x86_64-unknown-linux-gnu/lib/rustlib/x86_64-unknown-linux-gnu/lib" "-o" "/opt/rustwide/target/debug/deps/pde-745496b495ef8a65" "-Wl,--gc-sections" "-pie" "-Wl,-z,relro,-z,now" "-nodefaultlibs"
[INFO] [stdout]   = note: /usr/bin/ld: /opt/rustwide/target/debug/deps/libeom-55ad937034e3cf03.rlib(eom-55ad937034e3cf03.eom.4c08a4a9b90159f5-cgu.4.rcgu.o): in function `<fftw::array::AlignedVec<T> as core::ops::drop::Drop>::drop':
[INFO] [stdout]           /opt/rustwide/cargo-home/registry/src/index.crates.io-6f17d22bba15001f/fftw-0.8.0/src/array.rs:90: undefined reference to `fftw_free'
[INFO] [stdout]           /usr/bin/ld: /opt/rustwide/target/debug/deps/libeom-55ad937034e3cf03.rlib(eom-55ad937034e3cf03.eom.4c08a4a9b90159f5-cgu.4.rcgu.o): in function `<fftw::array::AlignedVec<T> as core::ops::drop::Drop>::drop':
[INFO] [stdout]           /opt/rustwide/cargo-home/registry/src/index.crates.io-6f17d22bba15001f/fftw-0.8.0/src/array.rs:90: undefined reference to `fftw_free'
[INFO] [stdout]           /usr/bin/ld: /opt/rustwide/target/debug/deps/libfftw-f2adef831ea041a9.rlib(fftw-f2adef831ea041a9.fftw.601876e9f17cc8f3-cgu.0.rcgu.o): in function `<fftw::plan::Plan<f64,num_complex::Complex<f64>,*mut fftw_sys::fftw_plan_s> as fftw::plan::R2CPlan>::new':
[INFO] [stdout]           /opt/rustwide/cargo-home/registry/src/index.crates.io-6f17d22bba15001f/fftw-0.8.0/src/plan.rs:230: undefined reference to `fftw_plan_dft_r2c'
[INFO] [stdout]           /usr/bin/ld: /opt/rustwide/target/debug/deps/libfftw-f2adef831ea041a9.rlib(fftw-f2adef831ea041a9.fftw.601876e9f17cc8f3-cgu.0.rcgu.o): in function `<fftw::plan::Plan<f64,num_complex::Complex<f64>,*mut fftw_sys::fftw_plan_s> as fftw::plan::R2CPlan>::r2c':
[INFO] [stdout]           /opt/rustwide/cargo-home/registry/src/index.crates.io-6f17d22bba15001f/fftw-0.8.0/src/plan.rs:247: undefined reference to `fftw_execute_dft_r2c'
[INFO] [stdout]           /usr/bin/ld: /opt/rustwide/target/debug/deps/libfftw-f2adef831ea041a9.rlib(fftw-f2adef831ea041a9.fftw.601876e9f17cc8f3-cgu.0.rcgu.o): in function `<fftw::plan::Plan<num_complex::Complex<f64>,f64,*mut fftw_sys::fftw_plan_s> as fftw::plan::C2RPlan>::new':
[INFO] [stdout]           /opt/rustwide/cargo-home/registry/src/index.crates.io-6f17d22bba15001f/fftw-0.8.0/src/plan.rs:268: undefined reference to `fftw_plan_dft_c2r'
[INFO] [stdout]           /usr/bin/ld: /opt/rustwide/target/debug/deps/libfftw-f2adef831ea041a9.rlib(fftw-f2adef831ea041a9.fftw.601876e9f17cc8f3-cgu.0.rcgu.o): in function `<fftw::plan::Plan<num_complex::Complex<f64>,f64,*mut fftw_sys::fftw_plan_s> as fftw::plan::C2RPlan>::c2r':
[INFO] [stdout]           /opt/rustwide/cargo-home/registry/src/index.crates.io-6f17d22bba15001f/fftw-0.8.0/src/plan.rs:285: undefined reference to `fftw_execute_dft_c2r'
[INFO] [stdout]           /usr/bin/ld: /opt/rustwide/target/debug/deps/libfftw-f2adef831ea041a9.rlib(fftw-f2adef831ea041a9.fftw.601876e9f17cc8f3-cgu.1.rcgu.o): in function `<f64 as fftw::array::AlignedAllocable>::alloc':
[INFO] [stdout]           /opt/rustwide/cargo-home/registry/src/index.crates.io-6f17d22bba15001f/fftw-0.8.0/src/array.rs:28: undefined reference to `fftw_alloc_real'
[INFO] [stdout]           /usr/bin/ld: /opt/rustwide/target/debug/deps/libfftw-f2adef831ea041a9.rlib(fftw-f2adef831ea041a9.fftw.601876e9f17cc8f3-cgu.1.rcgu.o): in function `<num_complex::Complex<f64> as fftw::array::AlignedAllocable>::alloc':
[INFO] [stdout]           /opt/rustwide/cargo-home/registry/src/index.crates.io-6f17d22bba15001f/fftw-0.8.0/src/array.rs:40: undefined reference to `fftw_alloc_complex'
[INFO] [stdout]           /usr/bin/ld: /opt/rustwide/target/debug/deps/libfftw-f2adef831ea041a9.rlib(fftw-f2adef831ea041a9.fftw.601876e9f17cc8f3-cgu.1.rcgu.o): in function `fftw::array::alignment_of':
[INFO] [stdout]           /opt/rustwide/cargo-home/registry/src/index.crates.io-6f17d22bba15001f/fftw-0.8.0/src/array.rs:118: undefined reference to `fftw_alignment_of'
[INFO] [stdout]           /usr/bin/ld: /opt/rustwide/target/debug/deps/libfftw-f2adef831ea041a9.rlib(fftw-f2adef831ea041a9.fftw.601876e9f17cc8f3-cgu.1.rcgu.o): in function `fftw::array::alignment_of':
[INFO] [stdout]           /opt/rustwide/cargo-home/registry/src/index.crates.io-6f17d22bba15001f/fftw-0.8.0/src/array.rs:118: undefined reference to `fftw_alignment_of'
[INFO] [stdout]           /usr/bin/ld: /opt/rustwide/target/debug/deps/libfftw-f2adef831ea041a9.rlib(fftw-f2adef831ea041a9.fftw.601876e9f17cc8f3-cgu.1.rcgu.o): in function `<*mut fftw_sys::fftw_plan_s as fftw::plan::PlanSpec>::destroy':
[INFO] [stdout]           /opt/rustwide/cargo-home/registry/src/index.crates.io-6f17d22bba15001f/fftw-0.8.0/src/plan.rs:344: undefined reference to `fftw_destroy_plan'
[INFO] [stdout]           collect2: error: ld returned 1 exit status
[INFO] [stdout]           
[INFO] [stdout]   = note: some `extern` functions couldn't be found; some native libraries may need to be installed or have their path specified
[INFO] [stdout]   = note: use the `-l` flag to specify native libraries to link
[INFO] [stdout]   = note: use the `cargo:rustc-link-lib` directive to specify the native libraries to link with Cargo (see https://doc.rust-lang.org/cargo/reference/build-scripts.html#cargorustc-link-libkindname)
[INFO] [stdout] 
[INFO] [stdout] 
[INFO] [stdout] error: aborting due to previous error
[INFO] [stdout] 
[INFO] [stdout] 
[INFO] [stderr] error: could not compile `eom` (test "pde") due to 2 previous errors
[INFO] [stderr] warning: build failed, waiting for other jobs to finish...
[INFO] [stdout] error: linking with `cc` failed: exit status: 1
[INFO] [stdout]   |
[INFO] [stdout]   = note: LC_ALL="C" PATH="/opt/rustwide/rustup-home/toolchains/1.75.0-x86_64-unknown-linux-gnu/lib/rustlib/x86_64-unknown-linux-gnu/bin:/opt/rustwide/cargo-home/bin:/usr/local/sbin:/usr/local/bin:/usr/sbin:/usr/bin:/sbin:/bin" VSLANG="1033" "cc" "-m64" "/tmp/rustcHa3wTk/symbols.o" "/opt/rustwide/target/debug/examples/she-b4e72736ece30bab.she.f0e2a6222ca6c764-cgu.0.rcgu.o" "/opt/rustwide/target/debug/examples/she-b4e72736ece30bab.she.f0e2a6222ca6c764-cgu.1.rcgu.o" "/opt/rustwide/target/debug/examples/she-b4e72736ece30bab.she.f0e2a6222ca6c764-cgu.2.rcgu.o" "/opt/rustwide/target/debug/examples/she-b4e72736ece30bab.she.f0e2a6222ca6c764-cgu.3.rcgu.o" "/opt/rustwide/target/debug/examples/she-b4e72736ece30bab.she.f0e2a6222ca6c764-cgu.4.rcgu.o" "/opt/rustwide/target/debug/examples/she-b4e72736ece30bab.samcf7ox98nxw3l.rcgu.o" "-Wl,--as-needed" "-L" "/opt/rustwide/target/debug/deps" "-L" "/opt/rustwide/rustup-home/toolchains/1.75.0-x86_64-unknown-linux-gnu/lib/rustlib/x86_64-unknown-linux-gnu/lib" "-Wl,-Bstatic" "/opt/rustwide/target/debug/deps/libeom-55ad937034e3cf03.rlib" "/opt/rustwide/target/debug/deps/libfftw-f2adef831ea041a9.rlib" "/opt/rustwide/target/debug/deps/libbitflags-e6759cc8e9bf164f.rlib" "/opt/rustwide/target/debug/deps/liblazy_static-591486ebcb9a7ead.rlib" "/opt/rustwide/target/debug/deps/libfftw_sys-2c110f733edec75a.rlib" "/opt/rustwide/target/debug/deps/libndarray_linalg-d4df1c91dccc7fcb.rlib" "/opt/rustwide/target/debug/deps/liblax-a3cd759b771de06f.rlib" "/opt/rustwide/target/debug/deps/liblapack_sys-3d8bb09fa6354ce4.rlib" "/opt/rustwide/target/debug/deps/libthiserror-fdc5c58527c86ee6.rlib" "/opt/rustwide/target/debug/deps/libcauchy-3522407baef5b612.rlib" "/opt/rustwide/target/debug/deps/libndarray-1a43ae463f035716.rlib" "/opt/rustwide/target/debug/deps/libmatrixmultiply-9dc5edd186d5ed14.rlib" "/opt/rustwide/target/debug/deps/libapprox-6d066c6c423405b4.rlib" "/opt/rustwide/target/debug/deps/libnum_complex-7406c0493fda08fd.rlib" "/opt/rustwide/target/debug/deps/libserde-751756c938098003.rlib" "/opt/rustwide/target/debug/deps/librand-6037ffa63811fc58.rlib" "/opt/rustwide/target/debug/deps/librand_chacha-3d572953d0a83c6d.rlib" "/opt/rustwide/target/debug/deps/libppv_lite86-9f808eb911999ef2.rlib" "/opt/rustwide/target/debug/deps/librand_core-c4defb2e0aec4479.rlib" "/opt/rustwide/target/debug/deps/libgetrandom-86bfec5e2e3d30a8.rlib" "/opt/rustwide/target/debug/deps/libcfg_if-61dc7a6799e72b18.rlib" "/opt/rustwide/target/debug/deps/libnum_integer-f3dc13231db422dc.rlib" "/opt/rustwide/target/debug/deps/libnum_traits-a6410cac0a25d3f1.rlib" "/opt/rustwide/target/debug/deps/librawpointer-fd99f7762ca119b4.rlib" "/opt/rustwide/target/debug/deps/libcblas_sys-14d09a0f154d7a15.rlib" "/opt/rustwide/target/debug/deps/liblibc-f509269ebef0688e.rlib" "/opt/rustwide/rustup-home/toolchains/1.75.0-x86_64-unknown-linux-gnu/lib/rustlib/x86_64-unknown-linux-gnu/lib/libstd-90f6ddbf82de36ec.rlib" "/opt/rustwide/rustup-home/toolchains/1.75.0-x86_64-unknown-linux-gnu/lib/rustlib/x86_64-unknown-linux-gnu/lib/libpanic_unwind-480c41e9d4e1f677.rlib" "/opt/rustwide/rustup-home/toolchains/1.75.0-x86_64-unknown-linux-gnu/lib/rustlib/x86_64-unknown-linux-gnu/lib/libobject-db744c0ca03eed1d.rlib" "/opt/rustwide/rustup-home/toolchains/1.75.0-x86_64-unknown-linux-gnu/lib/rustlib/x86_64-unknown-linux-gnu/lib/libmemchr-8ba652dc7d4b285a.rlib" "/opt/rustwide/rustup-home/toolchains/1.75.0-x86_64-unknown-linux-gnu/lib/rustlib/x86_64-unknown-linux-gnu/lib/libaddr2line-d5f4520a9ebc0d58.rlib" "/opt/rustwide/rustup-home/toolchains/1.75.0-x86_64-unknown-linux-gnu/lib/rustlib/x86_64-unknown-linux-gnu/lib/libgimli-4ad84de58f0cb463.rlib" "/opt/rustwide/rustup-home/toolchains/1.75.0-x86_64-unknown-linux-gnu/lib/rustlib/x86_64-unknown-linux-gnu/lib/librustc_demangle-0d10aae2e0f38735.rlib" "/opt/rustwide/rustup-home/toolchains/1.75.0-x86_64-unknown-linux-gnu/lib/rustlib/x86_64-unknown-linux-gnu/lib/libstd_detect-0c17cff739e6745b.rlib" "/opt/rustwide/rustup-home/toolchains/1.75.0-x86_64-unknown-linux-gnu/lib/rustlib/x86_64-unknown-linux-gnu/lib/libhashbrown-b29e17139dde1aa8.rlib" "/opt/rustwide/rustup-home/toolchains/1.75.0-x86_64-unknown-linux-gnu/lib/rustlib/x86_64-unknown-linux-gnu/lib/librustc_std_workspace_alloc-1f975299829cc7bd.rlib" "/opt/rustwide/rustup-home/toolchains/1.75.0-x86_64-unknown-linux-gnu/lib/rustlib/x86_64-unknown-linux-gnu/lib/libminiz_oxide-86bae3bc3079f89b.rlib" "/opt/rustwide/rustup-home/toolchains/1.75.0-x86_64-unknown-linux-gnu/lib/rustlib/x86_64-unknown-linux-gnu/lib/libadler-321b82c30dffdf5f.rlib" "/opt/rustwide/rustup-home/toolchains/1.75.0-x86_64-unknown-linux-gnu/lib/rustlib/x86_64-unknown-linux-gnu/lib/libunwind-3dd8a6810a0bdfef.rlib" "/opt/rustwide/rustup-home/toolchains/1.75.0-x86_64-unknown-linux-gnu/lib/rustlib/x86_64-unknown-linux-gnu/lib/libcfg_if-eb39a61c0c879984.rlib" "/opt/rustwide/rustup-home/toolchains/1.75.0-x86_64-unknown-linux-gnu/lib/rustlib/x86_64-unknown-linux-gnu/lib/liblibc-aa769569f91c3548.rlib" "/opt/rustwide/rustup-home/toolchains/1.75.0-x86_64-unknown-linux-gnu/lib/rustlib/x86_64-unknown-linux-gnu/lib/liballoc-510a192a50a983ed.rlib" "/opt/rustwide/rustup-home/toolchains/1.75.0-x86_64-unknown-linux-gnu/lib/rustlib/x86_64-unknown-linux-gnu/lib/librustc_std_workspace_core-0577018320f99037.rlib" "/opt/rustwide/rustup-home/toolchains/1.75.0-x86_64-unknown-linux-gnu/lib/rustlib/x86_64-unknown-linux-gnu/lib/libcore-193cf992125ccd4c.rlib" "/opt/rustwide/rustup-home/toolchains/1.75.0-x86_64-unknown-linux-gnu/lib/rustlib/x86_64-unknown-linux-gnu/lib/libcompiler_builtins-8e138eaf26ebb4a8.rlib" "-Wl,-Bdynamic" "-lgcc_s" "-lutil" "-lrt" "-lpthread" "-lm" "-ldl" "-lc" "-Wl,--eh-frame-hdr" "-Wl,-z,noexecstack" "-L" "/opt/rustwide/rustup-home/toolchains/1.75.0-x86_64-unknown-linux-gnu/lib/rustlib/x86_64-unknown-linux-gnu/lib" "-o" "/opt/rustwide/target/debug/examples/she-b4e72736ece30bab" "-Wl,--gc-sections" "-pie" "-Wl,-z,relro,-z,now" "-nodefaultlibs"
[INFO] [stdout]   = note: /usr/bin/ld: /opt/rustwide/target/debug/deps/libeom-55ad937034e3cf03.rlib(eom-55ad937034e3cf03.eom.4c08a4a9b90159f5-cgu.4.rcgu.o): in function `<fftw::array::AlignedVec<T> as core::ops::drop::Drop>::drop':
[INFO] [stdout]           /opt/rustwide/cargo-home/registry/src/index.crates.io-6f17d22bba15001f/fftw-0.8.0/src/array.rs:90: undefined reference to `fftw_free'
[INFO] [stdout]           /usr/bin/ld: /opt/rustwide/target/debug/deps/libeom-55ad937034e3cf03.rlib(eom-55ad937034e3cf03.eom.4c08a4a9b90159f5-cgu.4.rcgu.o): in function `<fftw::array::AlignedVec<T> as core::ops::drop::Drop>::drop':
[INFO] [stdout]           /opt/rustwide/cargo-home/registry/src/index.crates.io-6f17d22bba15001f/fftw-0.8.0/src/array.rs:90: undefined reference to `fftw_free'
[INFO] [stdout]           /usr/bin/ld: /opt/rustwide/target/debug/deps/libfftw-f2adef831ea041a9.rlib(fftw-f2adef831ea041a9.fftw.601876e9f17cc8f3-cgu.0.rcgu.o): in function `<fftw::plan::Plan<f64,num_complex::Complex<f64>,*mut fftw_sys::fftw_plan_s> as fftw::plan::R2CPlan>::new':
[INFO] [stdout]           /opt/rustwide/cargo-home/registry/src/index.crates.io-6f17d22bba15001f/fftw-0.8.0/src/plan.rs:230: undefined reference to `fftw_plan_dft_r2c'
[INFO] [stdout]           /usr/bin/ld: /opt/rustwide/target/debug/deps/libfftw-f2adef831ea041a9.rlib(fftw-f2adef831ea041a9.fftw.601876e9f17cc8f3-cgu.0.rcgu.o): in function `<fftw::plan::Plan<f64,num_complex::Complex<f64>,*mut fftw_sys::fftw_plan_s> as fftw::plan::R2CPlan>::r2c':
[INFO] [stdout]           /opt/rustwide/cargo-home/registry/src/index.crates.io-6f17d22bba15001f/fftw-0.8.0/src/plan.rs:247: undefined reference to `fftw_execute_dft_r2c'
[INFO] [stdout]           /usr/bin/ld: /opt/rustwide/target/debug/deps/libfftw-f2adef831ea041a9.rlib(fftw-f2adef831ea041a9.fftw.601876e9f17cc8f3-cgu.0.rcgu.o): in function `<fftw::plan::Plan<num_complex::Complex<f64>,f64,*mut fftw_sys::fftw_plan_s> as fftw::plan::C2RPlan>::new':
[INFO] [stdout]           /opt/rustwide/cargo-home/registry/src/index.crates.io-6f17d22bba15001f/fftw-0.8.0/src/plan.rs:268: undefined reference to `fftw_plan_dft_c2r'
[INFO] [stdout]           /usr/bin/ld: /opt/rustwide/target/debug/deps/libfftw-f2adef831ea041a9.rlib(fftw-f2adef831ea041a9.fftw.601876e9f17cc8f3-cgu.0.rcgu.o): in function `<fftw::plan::Plan<num_complex::Complex<f64>,f64,*mut fftw_sys::fftw_plan_s> as fftw::plan::C2RPlan>::c2r':
[INFO] [stdout]           /opt/rustwide/cargo-home/registry/src/index.crates.io-6f17d22bba15001f/fftw-0.8.0/src/plan.rs:285: undefined reference to `fftw_execute_dft_c2r'
[INFO] [stdout]           /usr/bin/ld: /opt/rustwide/target/debug/deps/libfftw-f2adef831ea041a9.rlib(fftw-f2adef831ea041a9.fftw.601876e9f17cc8f3-cgu.1.rcgu.o): in function `<f64 as fftw::array::AlignedAllocable>::alloc':
[INFO] [stdout]           /opt/rustwide/cargo-home/registry/src/index.crates.io-6f17d22bba15001f/fftw-0.8.0/src/array.rs:28: undefined reference to `fftw_alloc_real'
[INFO] [stdout]           /usr/bin/ld: /opt/rustwide/target/debug/deps/libfftw-f2adef831ea041a9.rlib(fftw-f2adef831ea041a9.fftw.601876e9f17cc8f3-cgu.1.rcgu.o): in function `<num_complex::Complex<f64> as fftw::array::AlignedAllocable>::alloc':
[INFO] [stdout]           /opt/rustwide/cargo-home/registry/src/index.crates.io-6f17d22bba15001f/fftw-0.8.0/src/array.rs:40: undefined reference to `fftw_alloc_complex'
[INFO] [stdout]           /usr/bin/ld: /opt/rustwide/target/debug/deps/libfftw-f2adef831ea041a9.rlib(fftw-f2adef831ea041a9.fftw.601876e9f17cc8f3-cgu.1.rcgu.o): in function `fftw::array::alignment_of':
[INFO] [stdout]           /opt/rustwide/cargo-home/registry/src/index.crates.io-6f17d22bba15001f/fftw-0.8.0/src/array.rs:118: undefined reference to `fftw_alignment_of'
[INFO] [stdout]           /usr/bin/ld: /opt/rustwide/target/debug/deps/libfftw-f2adef831ea041a9.rlib(fftw-f2adef831ea041a9.fftw.601876e9f17cc8f3-cgu.1.rcgu.o): in function `fftw::array::alignment_of':
[INFO] [stdout]           /opt/rustwide/cargo-home/registry/src/index.crates.io-6f17d22bba15001f/fftw-0.8.0/src/array.rs:118: undefined reference to `fftw_alignment_of'
[INFO] [stdout]           /usr/bin/ld: /opt/rustwide/target/debug/deps/libfftw-f2adef831ea041a9.rlib(fftw-f2adef831ea041a9.fftw.601876e9f17cc8f3-cgu.1.rcgu.o): in function `<*mut fftw_sys::fftw_plan_s as fftw::plan::PlanSpec>::destroy':
[INFO] [stdout]           /opt/rustwide/cargo-home/registry/src/index.crates.io-6f17d22bba15001f/fftw-0.8.0/src/plan.rs:344: undefined reference to `fftw_destroy_plan'
[INFO] [stdout]           collect2: error: ld returned 1 exit status
[INFO] [stdout]           
[INFO] [stdout]   = note: some `extern` functions couldn't be found; some native libraries may need to be installed or have their path specified
[INFO] [stdout]   = note: use the `-l` flag to specify native libraries to link
[INFO] [stdout]   = note: use the `cargo:rustc-link-lib` directive to specify the native libraries to link with Cargo (see https://doc.rust-lang.org/cargo/reference/build-scripts.html#cargorustc-link-libkindname)
[INFO] [stdout] 
[INFO] [stdout] 
[INFO] [stdout] error: aborting due to previous error
[INFO] [stdout] 
[INFO] [stdout] 
[INFO] [stderr] error: could not compile `eom` (example "she") due to 2 previous errors
[INFO] [stdout] error: linking with `cc` failed: exit status: 1
[INFO] [stdout]   |
[INFO] [stdout]   = note: LC_ALL="C" PATH="/opt/rustwide/rustup-home/toolchains/1.75.0-x86_64-unknown-linux-gnu/lib/rustlib/x86_64-unknown-linux-gnu/bin:/opt/rustwide/cargo-home/bin:/usr/local/sbin:/usr/local/bin:/usr/sbin:/usr/bin:/sbin:/bin" VSLANG="1033" "cc" "-m64" "/tmp/rustc8ueHqt/symbols.o" "/opt/rustwide/target/debug/examples/kse-96eea5865fe25586.kse.50a4f43b382383c8-cgu.0.rcgu.o" "/opt/rustwide/target/debug/examples/kse-96eea5865fe25586.kse.50a4f43b382383c8-cgu.1.rcgu.o" "/opt/rustwide/target/debug/examples/kse-96eea5865fe25586.kse.50a4f43b382383c8-cgu.2.rcgu.o" "/opt/rustwide/target/debug/examples/kse-96eea5865fe25586.kse.50a4f43b382383c8-cgu.3.rcgu.o" "/opt/rustwide/target/debug/examples/kse-96eea5865fe25586.kse.50a4f43b382383c8-cgu.4.rcgu.o" "/opt/rustwide/target/debug/examples/kse-96eea5865fe25586.4dqv9u6ef3fblbxf.rcgu.o" "-Wl,--as-needed" "-L" "/opt/rustwide/target/debug/deps" "-L" "/opt/rustwide/rustup-home/toolchains/1.75.0-x86_64-unknown-linux-gnu/lib/rustlib/x86_64-unknown-linux-gnu/lib" "-Wl,-Bstatic" "/opt/rustwide/target/debug/deps/libeom-55ad937034e3cf03.rlib" "/opt/rustwide/target/debug/deps/libfftw-f2adef831ea041a9.rlib" "/opt/rustwide/target/debug/deps/libbitflags-e6759cc8e9bf164f.rlib" "/opt/rustwide/target/debug/deps/liblazy_static-591486ebcb9a7ead.rlib" "/opt/rustwide/target/debug/deps/libfftw_sys-2c110f733edec75a.rlib" "/opt/rustwide/target/debug/deps/libndarray_linalg-d4df1c91dccc7fcb.rlib" "/opt/rustwide/target/debug/deps/liblax-a3cd759b771de06f.rlib" "/opt/rustwide/target/debug/deps/liblapack_sys-3d8bb09fa6354ce4.rlib" "/opt/rustwide/target/debug/deps/libthiserror-fdc5c58527c86ee6.rlib" "/opt/rustwide/target/debug/deps/libcauchy-3522407baef5b612.rlib" "/opt/rustwide/target/debug/deps/libndarray-1a43ae463f035716.rlib" "/opt/rustwide/target/debug/deps/libmatrixmultiply-9dc5edd186d5ed14.rlib" "/opt/rustwide/target/debug/deps/libapprox-6d066c6c423405b4.rlib" "/opt/rustwide/target/debug/deps/libnum_complex-7406c0493fda08fd.rlib" "/opt/rustwide/target/debug/deps/libserde-751756c938098003.rlib" "/opt/rustwide/target/debug/deps/librand-6037ffa63811fc58.rlib" "/opt/rustwide/target/debug/deps/librand_chacha-3d572953d0a83c6d.rlib" "/opt/rustwide/target/debug/deps/libppv_lite86-9f808eb911999ef2.rlib" "/opt/rustwide/target/debug/deps/librand_core-c4defb2e0aec4479.rlib" "/opt/rustwide/target/debug/deps/libgetrandom-86bfec5e2e3d30a8.rlib" "/opt/rustwide/target/debug/deps/libcfg_if-61dc7a6799e72b18.rlib" "/opt/rustwide/target/debug/deps/libnum_integer-f3dc13231db422dc.rlib" "/opt/rustwide/target/debug/deps/libnum_traits-a6410cac0a25d3f1.rlib" "/opt/rustwide/target/debug/deps/librawpointer-fd99f7762ca119b4.rlib" "/opt/rustwide/target/debug/deps/libcblas_sys-14d09a0f154d7a15.rlib" "/opt/rustwide/target/debug/deps/liblibc-f509269ebef0688e.rlib" "/opt/rustwide/rustup-home/toolchains/1.75.0-x86_64-unknown-linux-gnu/lib/rustlib/x86_64-unknown-linux-gnu/lib/libstd-90f6ddbf82de36ec.rlib" "/opt/rustwide/rustup-home/toolchains/1.75.0-x86_64-unknown-linux-gnu/lib/rustlib/x86_64-unknown-linux-gnu/lib/libpanic_unwind-480c41e9d4e1f677.rlib" "/opt/rustwide/rustup-home/toolchains/1.75.0-x86_64-unknown-linux-gnu/lib/rustlib/x86_64-unknown-linux-gnu/lib/libobject-db744c0ca03eed1d.rlib" "/opt/rustwide/rustup-home/toolchains/1.75.0-x86_64-unknown-linux-gnu/lib/rustlib/x86_64-unknown-linux-gnu/lib/libmemchr-8ba652dc7d4b285a.rlib" "/opt/rustwide/rustup-home/toolchains/1.75.0-x86_64-unknown-linux-gnu/lib/rustlib/x86_64-unknown-linux-gnu/lib/libaddr2line-d5f4520a9ebc0d58.rlib" "/opt/rustwide/rustup-home/toolchains/1.75.0-x86_64-unknown-linux-gnu/lib/rustlib/x86_64-unknown-linux-gnu/lib/libgimli-4ad84de58f0cb463.rlib" "/opt/rustwide/rustup-home/toolchains/1.75.0-x86_64-unknown-linux-gnu/lib/rustlib/x86_64-unknown-linux-gnu/lib/librustc_demangle-0d10aae2e0f38735.rlib" "/opt/rustwide/rustup-home/toolchains/1.75.0-x86_64-unknown-linux-gnu/lib/rustlib/x86_64-unknown-linux-gnu/lib/libstd_detect-0c17cff739e6745b.rlib" "/opt/rustwide/rustup-home/toolchains/1.75.0-x86_64-unknown-linux-gnu/lib/rustlib/x86_64-unknown-linux-gnu/lib/libhashbrown-b29e17139dde1aa8.rlib" "/opt/rustwide/rustup-home/toolchains/1.75.0-x86_64-unknown-linux-gnu/lib/rustlib/x86_64-unknown-linux-gnu/lib/librustc_std_workspace_alloc-1f975299829cc7bd.rlib" "/opt/rustwide/rustup-home/toolchains/1.75.0-x86_64-unknown-linux-gnu/lib/rustlib/x86_64-unknown-linux-gnu/lib/libminiz_oxide-86bae3bc3079f89b.rlib" "/opt/rustwide/rustup-home/toolchains/1.75.0-x86_64-unknown-linux-gnu/lib/rustlib/x86_64-unknown-linux-gnu/lib/libadler-321b82c30dffdf5f.rlib" "/opt/rustwide/rustup-home/toolchains/1.75.0-x86_64-unknown-linux-gnu/lib/rustlib/x86_64-unknown-linux-gnu/lib/libunwind-3dd8a6810a0bdfef.rlib" "/opt/rustwide/rustup-home/toolchains/1.75.0-x86_64-unknown-linux-gnu/lib/rustlib/x86_64-unknown-linux-gnu/lib/libcfg_if-eb39a61c0c879984.rlib" "/opt/rustwide/rustup-home/toolchains/1.75.0-x86_64-unknown-linux-gnu/lib/rustlib/x86_64-unknown-linux-gnu/lib/liblibc-aa769569f91c3548.rlib" "/opt/rustwide/rustup-home/toolchains/1.75.0-x86_64-unknown-linux-gnu/lib/rustlib/x86_64-unknown-linux-gnu/lib/liballoc-510a192a50a983ed.rlib" "/opt/rustwide/rustup-home/toolchains/1.75.0-x86_64-unknown-linux-gnu/lib/rustlib/x86_64-unknown-linux-gnu/lib/librustc_std_workspace_core-0577018320f99037.rlib" "/opt/rustwide/rustup-home/toolchains/1.75.0-x86_64-unknown-linux-gnu/lib/rustlib/x86_64-unknown-linux-gnu/lib/libcore-193cf992125ccd4c.rlib" "/opt/rustwide/rustup-home/toolchains/1.75.0-x86_64-unknown-linux-gnu/lib/rustlib/x86_64-unknown-linux-gnu/lib/libcompiler_builtins-8e138eaf26ebb4a8.rlib" "-Wl,-Bdynamic" "-lgcc_s" "-lutil" "-lrt" "-lpthread" "-lm" "-ldl" "-lc" "-Wl,--eh-frame-hdr" "-Wl,-z,noexecstack" "-L" "/opt/rustwide/rustup-home/toolchains/1.75.0-x86_64-unknown-linux-gnu/lib/rustlib/x86_64-unknown-linux-gnu/lib" "-o" "/opt/rustwide/target/debug/examples/kse-96eea5865fe25586" "-Wl,--gc-sections" "-pie" "-Wl,-z,relro,-z,now" "-nodefaultlibs"
[INFO] [stdout]   = note: /usr/bin/ld: /opt/rustwide/target/debug/deps/libeom-55ad937034e3cf03.rlib(eom-55ad937034e3cf03.eom.4c08a4a9b90159f5-cgu.4.rcgu.o): in function `<fftw::array::AlignedVec<T> as core::ops::drop::Drop>::drop':
[INFO] [stdout]           /opt/rustwide/cargo-home/registry/src/index.crates.io-6f17d22bba15001f/fftw-0.8.0/src/array.rs:90: undefined reference to `fftw_free'
[INFO] [stdout]           /usr/bin/ld: /opt/rustwide/target/debug/deps/libeom-55ad937034e3cf03.rlib(eom-55ad937034e3cf03.eom.4c08a4a9b90159f5-cgu.4.rcgu.o): in function `<fftw::array::AlignedVec<T> as core::ops::drop::Drop>::drop':
[INFO] [stdout]           /opt/rustwide/cargo-home/registry/src/index.crates.io-6f17d22bba15001f/fftw-0.8.0/src/array.rs:90: undefined reference to `fftw_free'
[INFO] [stdout]           /usr/bin/ld: /opt/rustwide/target/debug/deps/libfftw-f2adef831ea041a9.rlib(fftw-f2adef831ea041a9.fftw.601876e9f17cc8f3-cgu.0.rcgu.o): in function `<fftw::plan::Plan<f64,num_complex::Complex<f64>,*mut fftw_sys::fftw_plan_s> as fftw::plan::R2CPlan>::new':
[INFO] [stdout]           /opt/rustwide/cargo-home/registry/src/index.crates.io-6f17d22bba15001f/fftw-0.8.0/src/plan.rs:230: undefined reference to `fftw_plan_dft_r2c'
[INFO] [stdout]           /usr/bin/ld: /opt/rustwide/target/debug/deps/libfftw-f2adef831ea041a9.rlib(fftw-f2adef831ea041a9.fftw.601876e9f17cc8f3-cgu.0.rcgu.o): in function `<fftw::plan::Plan<f64,num_complex::Complex<f64>,*mut fftw_sys::fftw_plan_s> as fftw::plan::R2CPlan>::r2c':
[INFO] [stdout]           /opt/rustwide/cargo-home/registry/src/index.crates.io-6f17d22bba15001f/fftw-0.8.0/src/plan.rs:247: undefined reference to `fftw_execute_dft_r2c'
[INFO] [stdout]           /usr/bin/ld: /opt/rustwide/target/debug/deps/libfftw-f2adef831ea041a9.rlib(fftw-f2adef831ea041a9.fftw.601876e9f17cc8f3-cgu.0.rcgu.o): in function `<fftw::plan::Plan<num_complex::Complex<f64>,f64,*mut fftw_sys::fftw_plan_s> as fftw::plan::C2RPlan>::new':
[INFO] [stdout]           /opt/rustwide/cargo-home/registry/src/index.crates.io-6f17d22bba15001f/fftw-0.8.0/src/plan.rs:268: undefined reference to `fftw_plan_dft_c2r'
[INFO] [stdout]           /usr/bin/ld: /opt/rustwide/target/debug/deps/libfftw-f2adef831ea041a9.rlib(fftw-f2adef831ea041a9.fftw.601876e9f17cc8f3-cgu.0.rcgu.o): in function `<fftw::plan::Plan<num_complex::Complex<f64>,f64,*mut fftw_sys::fftw_plan_s> as fftw::plan::C2RPlan>::c2r':
[INFO] [stdout]           /opt/rustwide/cargo-home/registry/src/index.crates.io-6f17d22bba15001f/fftw-0.8.0/src/plan.rs:285: undefined reference to `fftw_execute_dft_c2r'
[INFO] [stdout]           /usr/bin/ld: /opt/rustwide/target/debug/deps/libfftw-f2adef831ea041a9.rlib(fftw-f2adef831ea041a9.fftw.601876e9f17cc8f3-cgu.1.rcgu.o): in function `<f64 as fftw::array::AlignedAllocable>::alloc':
[INFO] [stdout]           /opt/rustwide/cargo-home/registry/src/index.crates.io-6f17d22bba15001f/fftw-0.8.0/src/array.rs:28: undefined reference to `fftw_alloc_real'
[INFO] [stdout]           /usr/bin/ld: /opt/rustwide/target/debug/deps/libfftw-f2adef831ea041a9.rlib(fftw-f2adef831ea041a9.fftw.601876e9f17cc8f3-cgu.1.rcgu.o): in function `<num_complex::Complex<f64> as fftw::array::AlignedAllocable>::alloc':
[INFO] [stdout]           /opt/rustwide/cargo-home/registry/src/index.crates.io-6f17d22bba15001f/fftw-0.8.0/src/array.rs:40: undefined reference to `fftw_alloc_complex'
[INFO] [stdout]           /usr/bin/ld: /opt/rustwide/target/debug/deps/libfftw-f2adef831ea041a9.rlib(fftw-f2adef831ea041a9.fftw.601876e9f17cc8f3-cgu.1.rcgu.o): in function `fftw::array::alignment_of':
[INFO] [stdout]           /opt/rustwide/cargo-home/registry/src/index.crates.io-6f17d22bba15001f/fftw-0.8.0/src/array.rs:118: undefined reference to `fftw_alignment_of'
[INFO] [stdout]           /usr/bin/ld: /opt/rustwide/target/debug/deps/libfftw-f2adef831ea041a9.rlib(fftw-f2adef831ea041a9.fftw.601876e9f17cc8f3-cgu.1.rcgu.o): in function `fftw::array::alignment_of':
[INFO] [stdout]           /opt/rustwide/cargo-home/registry/src/index.crates.io-6f17d22bba15001f/fftw-0.8.0/src/array.rs:118: undefined reference to `fftw_alignment_of'
[INFO] [stdout]           /usr/bin/ld: /opt/rustwide/target/debug/deps/libfftw-f2adef831ea041a9.rlib(fftw-f2adef831ea041a9.fftw.601876e9f17cc8f3-cgu.1.rcgu.o): in function `<*mut fftw_sys::fftw_plan_s as fftw::plan::PlanSpec>::destroy':
[INFO] [stdout]           /opt/rustwide/cargo-home/registry/src/index.crates.io-6f17d22bba15001f/fftw-0.8.0/src/plan.rs:344: undefined reference to `fftw_destroy_plan'
[INFO] [stdout]           collect2: error: ld returned 1 exit status
[INFO] [stdout]           
[INFO] [stdout]   = note: some `extern` functions couldn't be found; some native libraries may need to be installed or have their path specified
[INFO] [stdout]   = note: use the `-l` flag to specify native libraries to link
[INFO] [stdout]   = note: use the `cargo:rustc-link-lib` directive to specify the native libraries to link with Cargo (see https://doc.rust-lang.org/cargo/reference/build-scripts.html#cargorustc-link-libkindname)
[INFO] [stdout] 
[INFO] [stdout] 
[INFO] [stdout] error: aborting due to previous error
[INFO] [stdout] 
[INFO] [stdout] 
[INFO] [stderr] error: could not compile `eom` (example "kse") due to 2 previous errors
[INFO] [stdout] error: linking with `cc` failed: exit status: 1
[INFO] [stdout]   |
[INFO] [stdout]   = note: LC_ALL="C" PATH="/opt/rustwide/rustup-home/toolchains/1.75.0-x86_64-unknown-linux-gnu/lib/rustlib/x86_64-unknown-linux-gnu/bin:/opt/rustwide/cargo-home/bin:/usr/local/sbin:/usr/local/bin:/usr/sbin:/usr/bin:/sbin:/bin" VSLANG="1033" "cc" "-m64" "/tmp/rustcSGOeHa/symbols.o" "/opt/rustwide/target/debug/examples/lyapunov-3e54855523e926ca.lyapunov.216bbcd868b8a972-cgu.0.rcgu.o" "/opt/rustwide/target/debug/examples/lyapunov-3e54855523e926ca.lyapunov.216bbcd868b8a972-cgu.1.rcgu.o" "/opt/rustwide/target/debug/examples/lyapunov-3e54855523e926ca.lyapunov.216bbcd868b8a972-cgu.2.rcgu.o" "/opt/rustwide/target/debug/examples/lyapunov-3e54855523e926ca.lyapunov.216bbcd868b8a972-cgu.3.rcgu.o" "/opt/rustwide/target/debug/examples/lyapunov-3e54855523e926ca.lyapunov.216bbcd868b8a972-cgu.4.rcgu.o" "/opt/rustwide/target/debug/examples/lyapunov-3e54855523e926ca.1wwmua49ng89kr8k.rcgu.o" "-Wl,--as-needed" "-L" "/opt/rustwide/target/debug/deps" "-L" "/opt/rustwide/rustup-home/toolchains/1.75.0-x86_64-unknown-linux-gnu/lib/rustlib/x86_64-unknown-linux-gnu/lib" "-Wl,-Bstatic" "/opt/rustwide/target/debug/deps/libeom-55ad937034e3cf03.rlib" "/opt/rustwide/target/debug/deps/libfftw-f2adef831ea041a9.rlib" "/opt/rustwide/target/debug/deps/libbitflags-e6759cc8e9bf164f.rlib" "/opt/rustwide/target/debug/deps/liblazy_static-591486ebcb9a7ead.rlib" "/opt/rustwide/target/debug/deps/libfftw_sys-2c110f733edec75a.rlib" "/opt/rustwide/target/debug/deps/libndarray_linalg-d4df1c91dccc7fcb.rlib" "/opt/rustwide/target/debug/deps/liblax-a3cd759b771de06f.rlib" "/opt/rustwide/target/debug/deps/liblapack_sys-3d8bb09fa6354ce4.rlib" "/opt/rustwide/target/debug/deps/libthiserror-fdc5c58527c86ee6.rlib" "/opt/rustwide/target/debug/deps/libcauchy-3522407baef5b612.rlib" "/opt/rustwide/target/debug/deps/libndarray-1a43ae463f035716.rlib" "/opt/rustwide/target/debug/deps/libmatrixmultiply-9dc5edd186d5ed14.rlib" "/opt/rustwide/target/debug/deps/libapprox-6d066c6c423405b4.rlib" "/opt/rustwide/target/debug/deps/libnum_complex-7406c0493fda08fd.rlib" "/opt/rustwide/target/debug/deps/libserde-751756c938098003.rlib" "/opt/rustwide/target/debug/deps/librand-6037ffa63811fc58.rlib" "/opt/rustwide/target/debug/deps/librand_chacha-3d572953d0a83c6d.rlib" "/opt/rustwide/target/debug/deps/libppv_lite86-9f808eb911999ef2.rlib" "/opt/rustwide/target/debug/deps/librand_core-c4defb2e0aec4479.rlib" "/opt/rustwide/target/debug/deps/libgetrandom-86bfec5e2e3d30a8.rlib" "/opt/rustwide/target/debug/deps/libcfg_if-61dc7a6799e72b18.rlib" "/opt/rustwide/target/debug/deps/libnum_integer-f3dc13231db422dc.rlib" "/opt/rustwide/target/debug/deps/libnum_traits-a6410cac0a25d3f1.rlib" "/opt/rustwide/target/debug/deps/librawpointer-fd99f7762ca119b4.rlib" "/opt/rustwide/target/debug/deps/libcblas_sys-14d09a0f154d7a15.rlib" "/opt/rustwide/target/debug/deps/liblibc-f509269ebef0688e.rlib" "/opt/rustwide/rustup-home/toolchains/1.75.0-x86_64-unknown-linux-gnu/lib/rustlib/x86_64-unknown-linux-gnu/lib/libstd-90f6ddbf82de36ec.rlib" "/opt/rustwide/rustup-home/toolchains/1.75.0-x86_64-unknown-linux-gnu/lib/rustlib/x86_64-unknown-linux-gnu/lib/libpanic_unwind-480c41e9d4e1f677.rlib" "/opt/rustwide/rustup-home/toolchains/1.75.0-x86_64-unknown-linux-gnu/lib/rustlib/x86_64-unknown-linux-gnu/lib/libobject-db744c0ca03eed1d.rlib" "/opt/rustwide/rustup-home/toolchains/1.75.0-x86_64-unknown-linux-gnu/lib/rustlib/x86_64-unknown-linux-gnu/lib/libmemchr-8ba652dc7d4b285a.rlib" "/opt/rustwide/rustup-home/toolchains/1.75.0-x86_64-unknown-linux-gnu/lib/rustlib/x86_64-unknown-linux-gnu/lib/libaddr2line-d5f4520a9ebc0d58.rlib" "/opt/rustwide/rustup-home/toolchains/1.75.0-x86_64-unknown-linux-gnu/lib/rustlib/x86_64-unknown-linux-gnu/lib/libgimli-4ad84de58f0cb463.rlib" "/opt/rustwide/rustup-home/toolchains/1.75.0-x86_64-unknown-linux-gnu/lib/rustlib/x86_64-unknown-linux-gnu/lib/librustc_demangle-0d10aae2e0f38735.rlib" "/opt/rustwide/rustup-home/toolchains/1.75.0-x86_64-unknown-linux-gnu/lib/rustlib/x86_64-unknown-linux-gnu/lib/libstd_detect-0c17cff739e6745b.rlib" "/opt/rustwide/rustup-home/toolchains/1.75.0-x86_64-unknown-linux-gnu/lib/rustlib/x86_64-unknown-linux-gnu/lib/libhashbrown-b29e17139dde1aa8.rlib" "/opt/rustwide/rustup-home/toolchains/1.75.0-x86_64-unknown-linux-gnu/lib/rustlib/x86_64-unknown-linux-gnu/lib/librustc_std_workspace_alloc-1f975299829cc7bd.rlib" "/opt/rustwide/rustup-home/toolchains/1.75.0-x86_64-unknown-linux-gnu/lib/rustlib/x86_64-unknown-linux-gnu/lib/libminiz_oxide-86bae3bc3079f89b.rlib" "/opt/rustwide/rustup-home/toolchains/1.75.0-x86_64-unknown-linux-gnu/lib/rustlib/x86_64-unknown-linux-gnu/lib/libadler-321b82c30dffdf5f.rlib" "/opt/rustwide/rustup-home/toolchains/1.75.0-x86_64-unknown-linux-gnu/lib/rustlib/x86_64-unknown-linux-gnu/lib/libunwind-3dd8a6810a0bdfef.rlib" "/opt/rustwide/rustup-home/toolchains/1.75.0-x86_64-unknown-linux-gnu/lib/rustlib/x86_64-unknown-linux-gnu/lib/libcfg_if-eb39a61c0c879984.rlib" "/opt/rustwide/rustup-home/toolchains/1.75.0-x86_64-unknown-linux-gnu/lib/rustlib/x86_64-unknown-linux-gnu/lib/liblibc-aa769569f91c3548.rlib" "/opt/rustwide/rustup-home/toolchains/1.75.0-x86_64-unknown-linux-gnu/lib/rustlib/x86_64-unknown-linux-gnu/lib/liballoc-510a192a50a983ed.rlib" "/opt/rustwide/rustup-home/toolchains/1.75.0-x86_64-unknown-linux-gnu/lib/rustlib/x86_64-unknown-linux-gnu/lib/librustc_std_workspace_core-0577018320f99037.rlib" "/opt/rustwide/rustup-home/toolchains/1.75.0-x86_64-unknown-linux-gnu/lib/rustlib/x86_64-unknown-linux-gnu/lib/libcore-193cf992125ccd4c.rlib" "/opt/rustwide/rustup-home/toolchains/1.75.0-x86_64-unknown-linux-gnu/lib/rustlib/x86_64-unknown-linux-gnu/lib/libcompiler_builtins-8e138eaf26ebb4a8.rlib" "-Wl,-Bdynamic" "-lgcc_s" "-lutil" "-lrt" "-lpthread" "-lm" "-ldl" "-lc" "-Wl,--eh-frame-hdr" "-Wl,-z,noexecstack" "-L" "/opt/rustwide/rustup-home/toolchains/1.75.0-x86_64-unknown-linux-gnu/lib/rustlib/x86_64-unknown-linux-gnu/lib" "-o" "/opt/rustwide/target/debug/examples/lyapunov-3e54855523e926ca" "-Wl,--gc-sections" "-pie" "-Wl,-z,relro,-z,now" "-nodefaultlibs"
[INFO] [stdout]   = note: /usr/bin/ld: /opt/rustwide/target/debug/deps/liblax-a3cd759b771de06f.rlib(lax-a3cd759b771de06f.lax.20f9d452a81f9dde-cgu.02.rcgu.o): in function `<lax::qr::HouseholderWork<f64> as lax::qr::HouseholderWorkImpl>::new':
[INFO] [stdout]           /opt/rustwide/cargo-home/registry/src/index.crates.io-6f17d22bba15001f/lax-0.16.0/src/qr.rs:48: undefined reference to `dgelqf_'
[INFO] [stdout]           /usr/bin/ld: /opt/rustwide/cargo-home/registry/src/index.crates.io-6f17d22bba15001f/lax-0.16.0/src/qr.rs:36: undefined reference to `dgeqrf_'
[INFO] [stdout]           /usr/bin/ld: /opt/rustwide/target/debug/deps/liblax-a3cd759b771de06f.rlib(lax-a3cd759b771de06f.lax.20f9d452a81f9dde-cgu.02.rcgu.o): in function `<lax::qr::HouseholderWork<f64> as lax::qr::HouseholderWorkImpl>::calc':
[INFO] [stdout]           /opt/rustwide/cargo-home/registry/src/index.crates.io-6f17d22bba15001f/lax-0.16.0/src/qr.rs:89: undefined reference to `dgelqf_'
[INFO] [stdout]           /usr/bin/ld: /opt/rustwide/cargo-home/registry/src/index.crates.io-6f17d22bba15001f/lax-0.16.0/src/qr.rs:77: undefined reference to `dgeqrf_'
[INFO] [stdout]           /usr/bin/ld: /opt/rustwide/target/debug/deps/liblax-a3cd759b771de06f.rlib(lax-a3cd759b771de06f.lax.20f9d452a81f9dde-cgu.02.rcgu.o): in function `<lax::qr::QWork<f64> as lax::qr::QWorkImpl>::new':
[INFO] [stdout]           /opt/rustwide/cargo-home/registry/src/index.crates.io-6f17d22bba15001f/lax-0.16.0/src/qr.rs:154: undefined reference to `dorglq_'
[INFO] [stdout]           /usr/bin/ld: /opt/rustwide/cargo-home/registry/src/index.crates.io-6f17d22bba15001f/lax-0.16.0/src/qr.rs:141: undefined reference to `dorgqr_'
[INFO] [stdout]           /usr/bin/ld: /opt/rustwide/target/debug/deps/liblax-a3cd759b771de06f.rlib(lax-a3cd759b771de06f.lax.20f9d452a81f9dde-cgu.02.rcgu.o): in function `<lax::qr::QWork<f64> as lax::qr::QWorkImpl>::calc':
[INFO] [stdout]           /opt/rustwide/cargo-home/registry/src/index.crates.io-6f17d22bba15001f/lax-0.16.0/src/qr.rs:193: undefined reference to `dorglq_'
[INFO] [stdout]           /usr/bin/ld: /opt/rustwide/cargo-home/registry/src/index.crates.io-6f17d22bba15001f/lax-0.16.0/src/qr.rs:180: undefined reference to `dorgqr_'
[INFO] [stdout]           collect2: error: ld returned 1 exit status
[INFO] [stdout]           
[INFO] [stdout]   = note: some `extern` functions couldn't be found; some native libraries may need to be installed or have their path specified
[INFO] [stdout]   = note: use the `-l` flag to specify native libraries to link
[INFO] [stdout]   = note: use the `cargo:rustc-link-lib` directive to specify the native libraries to link with Cargo (see https://doc.rust-lang.org/cargo/reference/build-scripts.html#cargorustc-link-libkindname)
[INFO] [stdout] 
[INFO] [stdout] 
[INFO] [stdout] error: aborting due to previous error
[INFO] [stdout] 
[INFO] [stdout] 
[INFO] [stderr] error: could not compile `eom` (example "lyapunov") due to 2 previous errors
[INFO] [stdout] error: linking with `cc` failed: exit status: 1
[INFO] [stdout]   |
[INFO] [stdout]   = note: LC_ALL="C" PATH="/opt/rustwide/rustup-home/toolchains/1.75.0-x86_64-unknown-linux-gnu/lib/rustlib/x86_64-unknown-linux-gnu/bin:/opt/rustwide/cargo-home/bin:/usr/local/sbin:/usr/local/bin:/usr/sbin:/usr/bin:/sbin:/bin" VSLANG="1033" "cc" "-m64" "/tmp/rustcv0KZ8d/symbols.o" "/opt/rustwide/target/debug/examples/clv-6bb1a0bd6a13aa32.clv.c1de2e8fd7438d22-cgu.00.rcgu.o" "/opt/rustwide/target/debug/examples/clv-6bb1a0bd6a13aa32.clv.c1de2e8fd7438d22-cgu.01.rcgu.o" "/opt/rustwide/target/debug/examples/clv-6bb1a0bd6a13aa32.clv.c1de2e8fd7438d22-cgu.02.rcgu.o" "/opt/rustwide/target/debug/examples/clv-6bb1a0bd6a13aa32.clv.c1de2e8fd7438d22-cgu.03.rcgu.o" "/opt/rustwide/target/debug/examples/clv-6bb1a0bd6a13aa32.clv.c1de2e8fd7438d22-cgu.04.rcgu.o" "/opt/rustwide/target/debug/examples/clv-6bb1a0bd6a13aa32.clv.c1de2e8fd7438d22-cgu.05.rcgu.o" "/opt/rustwide/target/debug/examples/clv-6bb1a0bd6a13aa32.clv.c1de2e8fd7438d22-cgu.06.rcgu.o" "/opt/rustwide/target/debug/examples/clv-6bb1a0bd6a13aa32.clv.c1de2e8fd7438d22-cgu.07.rcgu.o" "/opt/rustwide/target/debug/examples/clv-6bb1a0bd6a13aa32.clv.c1de2e8fd7438d22-cgu.08.rcgu.o" "/opt/rustwide/target/debug/examples/clv-6bb1a0bd6a13aa32.clv.c1de2e8fd7438d22-cgu.09.rcgu.o" "/opt/rustwide/target/debug/examples/clv-6bb1a0bd6a13aa32.55ew2q0ekonrlqux.rcgu.o" "-Wl,--as-needed" "-L" "/opt/rustwide/target/debug/deps" "-L" "/opt/rustwide/rustup-home/toolchains/1.75.0-x86_64-unknown-linux-gnu/lib/rustlib/x86_64-unknown-linux-gnu/lib" "-Wl,-Bstatic" "/opt/rustwide/target/debug/deps/libeom-55ad937034e3cf03.rlib" "/opt/rustwide/target/debug/deps/libfftw-f2adef831ea041a9.rlib" "/opt/rustwide/target/debug/deps/libbitflags-e6759cc8e9bf164f.rlib" "/opt/rustwide/target/debug/deps/liblazy_static-591486ebcb9a7ead.rlib" "/opt/rustwide/target/debug/deps/libfftw_sys-2c110f733edec75a.rlib" "/opt/rustwide/target/debug/deps/libndarray_linalg-d4df1c91dccc7fcb.rlib" "/opt/rustwide/target/debug/deps/liblax-a3cd759b771de06f.rlib" "/opt/rustwide/target/debug/deps/liblapack_sys-3d8bb09fa6354ce4.rlib" "/opt/rustwide/target/debug/deps/libthiserror-fdc5c58527c86ee6.rlib" "/opt/rustwide/target/debug/deps/libcauchy-3522407baef5b612.rlib" "/opt/rustwide/target/debug/deps/libndarray-1a43ae463f035716.rlib" "/opt/rustwide/target/debug/deps/libmatrixmultiply-9dc5edd186d5ed14.rlib" "/opt/rustwide/target/debug/deps/libapprox-6d066c6c423405b4.rlib" "/opt/rustwide/target/debug/deps/libnum_complex-7406c0493fda08fd.rlib" "/opt/rustwide/target/debug/deps/libserde-751756c938098003.rlib" "/opt/rustwide/target/debug/deps/librand-6037ffa63811fc58.rlib" "/opt/rustwide/target/debug/deps/librand_chacha-3d572953d0a83c6d.rlib" "/opt/rustwide/target/debug/deps/libppv_lite86-9f808eb911999ef2.rlib" "/opt/rustwide/target/debug/deps/librand_core-c4defb2e0aec4479.rlib" "/opt/rustwide/target/debug/deps/libgetrandom-86bfec5e2e3d30a8.rlib" "/opt/rustwide/target/debug/deps/libcfg_if-61dc7a6799e72b18.rlib" "/opt/rustwide/target/debug/deps/libnum_integer-f3dc13231db422dc.rlib" "/opt/rustwide/target/debug/deps/libnum_traits-a6410cac0a25d3f1.rlib" "/opt/rustwide/target/debug/deps/librawpointer-fd99f7762ca119b4.rlib" "/opt/rustwide/target/debug/deps/libcblas_sys-14d09a0f154d7a15.rlib" "/opt/rustwide/target/debug/deps/liblibc-f509269ebef0688e.rlib" "/opt/rustwide/rustup-home/toolchains/1.75.0-x86_64-unknown-linux-gnu/lib/rustlib/x86_64-unknown-linux-gnu/lib/libstd-90f6ddbf82de36ec.rlib" "/opt/rustwide/rustup-home/toolchains/1.75.0-x86_64-unknown-linux-gnu/lib/rustlib/x86_64-unknown-linux-gnu/lib/libpanic_unwind-480c41e9d4e1f677.rlib" "/opt/rustwide/rustup-home/toolchains/1.75.0-x86_64-unknown-linux-gnu/lib/rustlib/x86_64-unknown-linux-gnu/lib/libobject-db744c0ca03eed1d.rlib" "/opt/rustwide/rustup-home/toolchains/1.75.0-x86_64-unknown-linux-gnu/lib/rustlib/x86_64-unknown-linux-gnu/lib/libmemchr-8ba652dc7d4b285a.rlib" "/opt/rustwide/rustup-home/toolchains/1.75.0-x86_64-unknown-linux-gnu/lib/rustlib/x86_64-unknown-linux-gnu/lib/libaddr2line-d5f4520a9ebc0d58.rlib" "/opt/rustwide/rustup-home/toolchains/1.75.0-x86_64-unknown-linux-gnu/lib/rustlib/x86_64-unknown-linux-gnu/lib/libgimli-4ad84de58f0cb463.rlib" "/opt/rustwide/rustup-home/toolchains/1.75.0-x86_64-unknown-linux-gnu/lib/rustlib/x86_64-unknown-linux-gnu/lib/librustc_demangle-0d10aae2e0f38735.rlib" "/opt/rustwide/rustup-home/toolchains/1.75.0-x86_64-unknown-linux-gnu/lib/rustlib/x86_64-unknown-linux-gnu/lib/libstd_detect-0c17cff739e6745b.rlib" "/opt/rustwide/rustup-home/toolchains/1.75.0-x86_64-unknown-linux-gnu/lib/rustlib/x86_64-unknown-linux-gnu/lib/libhashbrown-b29e17139dde1aa8.rlib" "/opt/rustwide/rustup-home/toolchains/1.75.0-x86_64-unknown-linux-gnu/lib/rustlib/x86_64-unknown-linux-gnu/lib/librustc_std_workspace_alloc-1f975299829cc7bd.rlib" "/opt/rustwide/rustup-home/toolchains/1.75.0-x86_64-unknown-linux-gnu/lib/rustlib/x86_64-unknown-linux-gnu/lib/libminiz_oxide-86bae3bc3079f89b.rlib" "/opt/rustwide/rustup-home/toolchains/1.75.0-x86_64-unknown-linux-gnu/lib/rustlib/x86_64-unknown-linux-gnu/lib/libadler-321b82c30dffdf5f.rlib" "/opt/rustwide/rustup-home/toolchains/1.75.0-x86_64-unknown-linux-gnu/lib/rustlib/x86_64-unknown-linux-gnu/lib/libunwind-3dd8a6810a0bdfef.rlib" "/opt/rustwide/rustup-home/toolchains/1.75.0-x86_64-unknown-linux-gnu/lib/rustlib/x86_64-unknown-linux-gnu/lib/libcfg_if-eb39a61c0c879984.rlib" "/opt/rustwide/rustup-home/toolchains/1.75.0-x86_64-unknown-linux-gnu/lib/rustlib/x86_64-unknown-linux-gnu/lib/liblibc-aa769569f91c3548.rlib" "/opt/rustwide/rustup-home/toolchains/1.75.0-x86_64-unknown-linux-gnu/lib/rustlib/x86_64-unknown-linux-gnu/lib/liballoc-510a192a50a983ed.rlib" "/opt/rustwide/rustup-home/toolchains/1.75.0-x86_64-unknown-linux-gnu/lib/rustlib/x86_64-unknown-linux-gnu/lib/librustc_std_workspace_core-0577018320f99037.rlib" "/opt/rustwide/rustup-home/toolchains/1.75.0-x86_64-unknown-linux-gnu/lib/rustlib/x86_64-unknown-linux-gnu/lib/libcore-193cf992125ccd4c.rlib" "/opt/rustwide/rustup-home/toolchains/1.75.0-x86_64-unknown-linux-gnu/lib/rustlib/x86_64-unknown-linux-gnu/lib/libcompiler_builtins-8e138eaf26ebb4a8.rlib" "-Wl,-Bdynamic" "-lgcc_s" "-lutil" "-lrt" "-lpthread" "-lm" "-ldl" "-lc" "-Wl,--eh-frame-hdr" "-Wl,-z,noexecstack" "-L" "/opt/rustwide/rustup-home/toolchains/1.75.0-x86_64-unknown-linux-gnu/lib/rustlib/x86_64-unknown-linux-gnu/lib" "-o" "/opt/rustwide/target/debug/examples/clv-6bb1a0bd6a13aa32" "-Wl,--gc-sections" "-pie" "-Wl,-z,relro,-z,now" "-nodefaultlibs"
[INFO] [stdout]   = note: /usr/bin/ld: /opt/rustwide/target/debug/examples/clv-6bb1a0bd6a13aa32.clv.c1de2e8fd7438d22-cgu.01.rcgu.o: in function `ndarray::linalg::impl_linalg::<impl ndarray::ArrayBase<S,ndarray::dimension::dim::Dim<[usize; 1]>>>::dot_impl':
[INFO] [stdout]           /opt/rustwide/cargo-home/registry/src/index.crates.io-6f17d22bba15001f/ndarray-0.15.6/src/linalg/impl_linalg.rs:136: undefined reference to `cblas_ddot'
[INFO] [stdout]           /usr/bin/ld: /opt/rustwide/cargo-home/registry/src/index.crates.io-6f17d22bba15001f/ndarray-0.15.6/src/linalg/impl_linalg.rs:135: undefined reference to `cblas_sdot'
[INFO] [stdout]           /usr/bin/ld: /opt/rustwide/target/debug/examples/clv-6bb1a0bd6a13aa32.clv.c1de2e8fd7438d22-cgu.04.rcgu.o: in function `ndarray::linalg::impl_linalg::mat_mul_impl':
[INFO] [stdout]           /opt/rustwide/cargo-home/registry/src/index.crates.io-6f17d22bba15001f/ndarray-0.15.6/src/linalg/impl_linalg.rs:484: undefined reference to `cblas_zgemm'
[INFO] [stdout]           /usr/bin/ld: /opt/rustwide/cargo-home/registry/src/index.crates.io-6f17d22bba15001f/ndarray-0.15.6/src/linalg/impl_linalg.rs:483: undefined reference to `cblas_cgemm'
[INFO] [stdout]           /usr/bin/ld: /opt/rustwide/cargo-home/registry/src/index.crates.io-6f17d22bba15001f/ndarray-0.15.6/src/linalg/impl_linalg.rs:481: undefined reference to `cblas_dgemm'
[INFO] [stdout]           /usr/bin/ld: /opt/rustwide/cargo-home/registry/src/index.crates.io-6f17d22bba15001f/ndarray-0.15.6/src/linalg/impl_linalg.rs:480: undefined reference to `cblas_sgemm'
[INFO] [stdout]           /usr/bin/ld: /opt/rustwide/target/debug/deps/liblax-a3cd759b771de06f.rlib(lax-a3cd759b771de06f.lax.20f9d452a81f9dde-cgu.02.rcgu.o): in function `<lax::qr::HouseholderWork<f64> as lax::qr::HouseholderWorkImpl>::new':
[INFO] [stdout]           /opt/rustwide/cargo-home/registry/src/index.crates.io-6f17d22bba15001f/lax-0.16.0/src/qr.rs:48: undefined reference to `dgelqf_'
[INFO] [stdout]           /usr/bin/ld: /opt/rustwide/cargo-home/registry/src/index.crates.io-6f17d22bba15001f/lax-0.16.0/src/qr.rs:36: undefined reference to `dgeqrf_'
[INFO] [stdout]           /usr/bin/ld: /opt/rustwide/target/debug/deps/liblax-a3cd759b771de06f.rlib(lax-a3cd759b771de06f.lax.20f9d452a81f9dde-cgu.02.rcgu.o): in function `<lax::qr::HouseholderWork<f64> as lax::qr::HouseholderWorkImpl>::calc':
[INFO] [stdout]           /opt/rustwide/cargo-home/registry/src/index.crates.io-6f17d22bba15001f/lax-0.16.0/src/qr.rs:89: undefined reference to `dgelqf_'
[INFO] [stdout]           /usr/bin/ld: /opt/rustwide/cargo-home/registry/src/index.crates.io-6f17d22bba15001f/lax-0.16.0/src/qr.rs:77: undefined reference to `dgeqrf_'
[INFO] [stdout]           /usr/bin/ld: /opt/rustwide/target/debug/deps/liblax-a3cd759b771de06f.rlib(lax-a3cd759b771de06f.lax.20f9d452a81f9dde-cgu.02.rcgu.o): in function `<lax::qr::QWork<f64> as lax::qr::QWorkImpl>::new':
[INFO] [stdout]           /opt/rustwide/cargo-home/registry/src/index.crates.io-6f17d22bba15001f/lax-0.16.0/src/qr.rs:154: undefined reference to `dorglq_'
[INFO] [stdout]           /usr/bin/ld: /opt/rustwide/cargo-home/registry/src/index.crates.io-6f17d22bba15001f/lax-0.16.0/src/qr.rs:141: undefined reference to `dorgqr_'
[INFO] [stdout]           /usr/bin/ld: /opt/rustwide/target/debug/deps/liblax-a3cd759b771de06f.rlib(lax-a3cd759b771de06f.lax.20f9d452a81f9dde-cgu.02.rcgu.o): in function `<lax::qr::QWork<f64> as lax::qr::QWorkImpl>::calc':
[INFO] [stdout]           /opt/rustwide/cargo-home/registry/src/index.crates.io-6f17d22bba15001f/lax-0.16.0/src/qr.rs:193: undefined reference to `dorglq_'
[INFO] [stdout]           /usr/bin/ld: /opt/rustwide/cargo-home/registry/src/index.crates.io-6f17d22bba15001f/lax-0.16.0/src/qr.rs:180: undefined reference to `dorgqr_'
[INFO] [stdout]           /usr/bin/ld: /opt/rustwide/target/debug/deps/liblax-a3cd759b771de06f.rlib(lax-a3cd759b771de06f.lax.20f9d452a81f9dde-cgu.05.rcgu.o): in function `<f64 as lax::triangular::SolveTriangularImpl>::solve_triangular':
[INFO] [stdout]           /opt/rustwide/cargo-home/registry/src/index.crates.io-6f17d22bba15001f/lax-0.16.0/src/triangular.rs:65: undefined reference to `dtrtrs_'
[INFO] [stdout]           collect2: error: ld returned 1 exit status
[INFO] [stdout]           
[INFO] [stdout]   = note: some `extern` functions couldn't be found; some native libraries may need to be installed or have their path specified
[INFO] [stdout]   = note: use the `-l` flag to specify native libraries to link
[INFO] [stdout]   = note: use the `cargo:rustc-link-lib` directive to specify the native libraries to link with Cargo (see https://doc.rust-lang.org/cargo/reference/build-scripts.html#cargorustc-link-libkindname)
[INFO] [stdout] 
[INFO] [stdout] 
[INFO] [stdout] error: aborting due to previous error
[INFO] [stdout] 
[INFO] [stdout] 
[INFO] [stderr] error: could not compile `eom` (example "clv") due to 2 previous errors
[INFO] running `Command { std: "docker" "inspect" "1c241d3878d4a6c1f98c78223e8dbcce4de3e4d7b89f52e6059c69ad4955f32b", kill_on_drop: false }`
[INFO] running `Command { std: "docker" "rm" "-f" "1c241d3878d4a6c1f98c78223e8dbcce4de3e4d7b89f52e6059c69ad4955f32b", kill_on_drop: false }`
[INFO] [stdout] 1c241d3878d4a6c1f98c78223e8dbcce4de3e4d7b89f52e6059c69ad4955f32b
