[INFO] fetching crate enso-lazy-reader 0.2.0...
[INFO] testing enso-lazy-reader-0.2.0 against 1.75.0 for beta-1.76-1
[INFO] extracting crate enso-lazy-reader 0.2.0 into /workspace/builds/worker-1-tc1/source
[INFO] validating manifest of crates.io crate enso-lazy-reader 0.2.0 on toolchain 1.75.0
[INFO] running `Command { std: CARGO_HOME="/workspace/cargo-home" RUSTUP_HOME="/workspace/rustup-home" "/workspace/cargo-home/bin/cargo" "+1.75.0" "metadata" "--manifest-path" "Cargo.toml" "--no-deps", kill_on_drop: false }`
[INFO] started tweaking crates.io crate enso-lazy-reader 0.2.0
[INFO] finished tweaking crates.io crate enso-lazy-reader 0.2.0
[INFO] tweaked toml for crates.io crate enso-lazy-reader 0.2.0 written to /workspace/builds/worker-1-tc1/source/Cargo.toml
[INFO] running `Command { std: CARGO_HOME="/workspace/cargo-home" RUSTUP_HOME="/workspace/rustup-home" "/workspace/cargo-home/bin/cargo" "+1.75.0" "generate-lockfile" "--manifest-path" "Cargo.toml", kill_on_drop: false }`
[INFO] [stderr]     Blocking waiting for file lock on package cache
[INFO] [stderr]     Updating crates.io index
[INFO] running `Command { std: CARGO_HOME="/workspace/cargo-home" RUSTUP_HOME="/workspace/rustup-home" "/workspace/cargo-home/bin/cargo" "+1.75.0" "fetch" "--manifest-path" "Cargo.toml", kill_on_drop: false }`
[INFO] [stderr]     Blocking waiting for file lock on package cache
[INFO] running `Command { std: "docker" "create" "-v" "/var/lib/crater-agent-workspace/builds/worker-1-tc1/target:/opt/rustwide/target:rw,Z" "-v" "/var/lib/crater-agent-workspace/builds/worker-1-tc1/source:/opt/rustwide/workdir:ro,Z" "-v" "/var/lib/crater-agent-workspace/cargo-home:/opt/rustwide/cargo-home:ro,Z" "-v" "/var/lib/crater-agent-workspace/rustup-home:/opt/rustwide/rustup-home:ro,Z" "-e" "SOURCE_DIR=/opt/rustwide/workdir" "-e" "CARGO_TARGET_DIR=/opt/rustwide/target" "-e" "CARGO_HOME=/opt/rustwide/cargo-home" "-e" "RUSTUP_HOME=/opt/rustwide/rustup-home" "-w" "/opt/rustwide/workdir" "-m" "1610612736" "--user" "0:0" "--network" "none" "ghcr.io/rust-lang/crates-build-env/linux@sha256:2788e3201cd34a07e3172128adcd8b3090168a8e3bcc40d7c032b9dda1df7d1c" "/opt/rustwide/cargo-home/bin/cargo" "+1.75.0" "metadata" "--no-deps" "--format-version=1", kill_on_drop: false }`
[INFO] [stdout] 2f665dc8b829927b380f83a3a5f10021799b9a58316f5783d2e9580d4c3a95a3
[INFO] running `Command { std: "docker" "start" "-a" "2f665dc8b829927b380f83a3a5f10021799b9a58316f5783d2e9580d4c3a95a3", kill_on_drop: false }`
[INFO] running `Command { std: "docker" "inspect" "2f665dc8b829927b380f83a3a5f10021799b9a58316f5783d2e9580d4c3a95a3", kill_on_drop: false }`
[INFO] running `Command { std: "docker" "rm" "-f" "2f665dc8b829927b380f83a3a5f10021799b9a58316f5783d2e9580d4c3a95a3", kill_on_drop: false }`
[INFO] [stdout] 2f665dc8b829927b380f83a3a5f10021799b9a58316f5783d2e9580d4c3a95a3
[INFO] running `Command { std: "docker" "create" "-v" "/var/lib/crater-agent-workspace/builds/worker-1-tc1/target:/opt/rustwide/target:rw,Z" "-v" "/var/lib/crater-agent-workspace/builds/worker-1-tc1/source:/opt/rustwide/workdir:ro,Z" "-v" "/var/lib/crater-agent-workspace/cargo-home:/opt/rustwide/cargo-home:ro,Z" "-v" "/var/lib/crater-agent-workspace/rustup-home:/opt/rustwide/rustup-home:ro,Z" "-e" "SOURCE_DIR=/opt/rustwide/workdir" "-e" "CARGO_TARGET_DIR=/opt/rustwide/target" "-e" "CARGO_INCREMENTAL=0" "-e" "RUST_BACKTRACE=full" "-e" "RUSTFLAGS=--cap-lints=warn" "-e" "RUSTDOCFLAGS=--cap-lints=warn" "-e" "CARGO_HOME=/opt/rustwide/cargo-home" "-e" "RUSTUP_HOME=/opt/rustwide/rustup-home" "-w" "/opt/rustwide/workdir" "-m" "1610612736" "--user" "0:0" "--network" "none" "ghcr.io/rust-lang/crates-build-env/linux@sha256:2788e3201cd34a07e3172128adcd8b3090168a8e3bcc40d7c032b9dda1df7d1c" "/opt/rustwide/cargo-home/bin/cargo" "+1.75.0" "build" "--frozen" "--message-format=json", kill_on_drop: false }`
[INFO] [stdout] 8d548d528cfc92f3da1992ad6a5bcb34536b5d1143de0be84ad9ec00e1bbf899
[INFO] running `Command { std: "docker" "start" "-a" "8d548d528cfc92f3da1992ad6a5bcb34536b5d1143de0be84ad9ec00e1bbf899", kill_on_drop: false }`
[INFO] [stderr]    Compiling memchr v2.7.1
[INFO] [stderr]    Compiling num-traits v0.2.17
[INFO] [stderr]    Compiling wasm-bindgen-shared v0.2.58
[INFO] [stderr]    Compiling bumpalo v3.14.0
[INFO] [stderr]    Compiling num-integer v0.1.45
[INFO] [stderr]    Compiling version_check v0.1.5
[INFO] [stderr]    Compiling proc-macro-hack v0.5.20+deprecated
[INFO] [stderr]    Compiling libc v0.2.151
[INFO] [stderr]    Compiling unicode-segmentation v1.10.1
[INFO] [stderr]    Compiling miniz_oxide v0.7.1
[INFO] [stderr]    Compiling wasm-bindgen-backend v0.2.58
[INFO] [stderr]    Compiling nom v4.2.3
[INFO] [stderr]    Compiling aho-corasick v1.1.2
[INFO] [stderr]    Compiling heck v0.3.3
[INFO] [stderr]    Compiling cc v1.0.83
[INFO] [stderr]    Compiling num-bigint v0.4.4
[INFO] [stderr]    Compiling paste v1.0.14
[INFO] [stderr]    Compiling wasm-bindgen-macro-support v0.2.58
[INFO] [stderr]    Compiling weedle v0.10.0
[INFO] [stderr]    Compiling regex-automata v0.4.3
[INFO] [stderr]    Compiling wasm-bindgen v0.2.58
[INFO] [stderr]    Compiling itertools v0.8.2
[INFO] [stderr]    Compiling num-rational v0.4.1
[INFO] [stderr]    Compiling num-rational v0.3.2
[INFO] [stderr]    Compiling wasm-bindgen-macro v0.2.58
[INFO] [stderr]    Compiling matrixmultiply v0.3.8
[INFO] [stderr]    Compiling backtrace v0.3.69
[INFO] [stderr]    Compiling num-iter v0.1.43
[INFO] [stderr]    Compiling cfg-if v0.1.10
[INFO] [stderr]    Compiling sourcefile v0.1.4
[INFO] [stderr]    Compiling failure_derive v0.1.8
[INFO] [stderr]    Compiling unicode-xid v0.2.4
[INFO] [stderr]    Compiling gimli v0.28.1
[INFO] [stderr]    Compiling synstructure v0.12.6
[INFO] [stderr]    Compiling paste-impl v0.1.18
[INFO] [stderr]    Compiling wasm-bindgen-webidl v0.2.58
[INFO] [stderr]    Compiling approx v0.4.0
[INFO] [stderr]    Compiling num-complex v0.3.1
[INFO] [stdout] error[E0554]: `#![feature]` may not be used on the stable release channel
[INFO] [stdout]   --> /opt/rustwide/cargo-home/registry/src/index.crates.io-6f17d22bba15001f/wasm-bindgen-0.2.58/src/lib.rs:10:42
[INFO] [stdout]    |
[INFO] [stdout] 10 | #![cfg_attr(feature = "nightly", feature(unsize))]
[INFO] [stdout]    |                                          ^^^^^^
[INFO] [stdout] 
[INFO] [stdout] 
[INFO] [stderr]    Compiling object v0.32.2
[INFO] [stderr]    Compiling enso-macro-utils v0.2.0
[INFO] [stdout] error[E0554]: `#![feature]` may not be used on the stable release channel
[INFO] [stdout]  --> /opt/rustwide/cargo-home/registry/src/index.crates.io-6f17d22bba15001f/enso-macro-utils-0.2.0/src/lib.rs:5:1
[INFO] [stdout]   |
[INFO] [stdout] 5 | #![feature(trait_alias)]
[INFO] [stdout]   | ^^^^^^^^^^^^^^^^^^^^^^^^
[INFO] [stdout] 
[INFO] [stdout] 
[INFO] [stdout] error: aborting due to previous error
[INFO] [stdout] 
[INFO] [stdout] 
[INFO] [stdout] For more information about this error, try `rustc --explain E0554`.
[INFO] [stdout] 
[INFO] [stderr] error: could not compile `enso-macro-utils` (lib) due to 2 previous errors
[INFO] [stderr] warning: build failed, waiting for other jobs to finish...
[INFO] [stdout] error: aborting due to previous error
[INFO] [stdout] 
[INFO] [stdout] 
[INFO] [stdout] For more information about this error, try `rustc --explain E0554`.
[INFO] [stdout] 
[INFO] [stderr] error: could not compile `wasm-bindgen` (lib) due to 2 previous errors
[INFO] running `Command { std: "docker" "inspect" "8d548d528cfc92f3da1992ad6a5bcb34536b5d1143de0be84ad9ec00e1bbf899", kill_on_drop: false }`
[INFO] running `Command { std: "docker" "rm" "-f" "8d548d528cfc92f3da1992ad6a5bcb34536b5d1143de0be84ad9ec00e1bbf899", kill_on_drop: false }`
[INFO] [stdout] 8d548d528cfc92f3da1992ad6a5bcb34536b5d1143de0be84ad9ec00e1bbf899
[INFO] testing enso-lazy-reader-0.2.0 against beta-2023-12-22 for beta-1.76-1
[INFO] extracting crate enso-lazy-reader 0.2.0 into /workspace/builds/worker-1-tc2/source
[INFO] validating manifest of crates.io crate enso-lazy-reader 0.2.0 on toolchain beta-2023-12-22
[INFO] running `Command { std: CARGO_HOME="/workspace/cargo-home" RUSTUP_HOME="/workspace/rustup-home" "/workspace/cargo-home/bin/cargo" "+beta-2023-12-22" "metadata" "--manifest-path" "Cargo.toml" "--no-deps", kill_on_drop: false }`
[INFO] started tweaking crates.io crate enso-lazy-reader 0.2.0
[INFO] finished tweaking crates.io crate enso-lazy-reader 0.2.0
[INFO] tweaked toml for crates.io crate enso-lazy-reader 0.2.0 written to /workspace/builds/worker-1-tc2/source/Cargo.toml
[INFO] running `Command { std: CARGO_HOME="/workspace/cargo-home" RUSTUP_HOME="/workspace/rustup-home" "/workspace/cargo-home/bin/cargo" "+beta-2023-12-22" "generate-lockfile" "--manifest-path" "Cargo.toml", kill_on_drop: false }`
[INFO] [stderr]     Updating crates.io index
[INFO] running `Command { std: CARGO_HOME="/workspace/cargo-home" RUSTUP_HOME="/workspace/rustup-home" "/workspace/cargo-home/bin/cargo" "+beta-2023-12-22" "fetch" "--manifest-path" "Cargo.toml", kill_on_drop: false }`
[INFO] running `Command { std: "docker" "create" "-v" "/var/lib/crater-agent-workspace/builds/worker-1-tc2/target:/opt/rustwide/target:rw,Z" "-v" "/var/lib/crater-agent-workspace/builds/worker-1-tc2/source:/opt/rustwide/workdir:ro,Z" "-v" "/var/lib/crater-agent-workspace/cargo-home:/opt/rustwide/cargo-home:ro,Z" "-v" "/var/lib/crater-agent-workspace/rustup-home:/opt/rustwide/rustup-home:ro,Z" "-e" "SOURCE_DIR=/opt/rustwide/workdir" "-e" "CARGO_TARGET_DIR=/opt/rustwide/target" "-e" "CARGO_HOME=/opt/rustwide/cargo-home" "-e" "RUSTUP_HOME=/opt/rustwide/rustup-home" "-w" "/opt/rustwide/workdir" "-m" "1610612736" "--user" "0:0" "--network" "none" "ghcr.io/rust-lang/crates-build-env/linux@sha256:2788e3201cd34a07e3172128adcd8b3090168a8e3bcc40d7c032b9dda1df7d1c" "/opt/rustwide/cargo-home/bin/cargo" "+beta-2023-12-22" "metadata" "--no-deps" "--format-version=1", kill_on_drop: false }`
[INFO] [stdout] 5b402128472c0174e2bb36d85379eea1dc8a971275fcaa55023f70430b65de68
[INFO] running `Command { std: "docker" "start" "-a" "5b402128472c0174e2bb36d85379eea1dc8a971275fcaa55023f70430b65de68", kill_on_drop: false }`
[INFO] running `Command { std: "docker" "inspect" "5b402128472c0174e2bb36d85379eea1dc8a971275fcaa55023f70430b65de68", kill_on_drop: false }`
[INFO] running `Command { std: "docker" "rm" "-f" "5b402128472c0174e2bb36d85379eea1dc8a971275fcaa55023f70430b65de68", kill_on_drop: false }`
[INFO] [stdout] 5b402128472c0174e2bb36d85379eea1dc8a971275fcaa55023f70430b65de68
[INFO] running `Command { std: "docker" "create" "-v" "/var/lib/crater-agent-workspace/builds/worker-1-tc2/target:/opt/rustwide/target:rw,Z" "-v" "/var/lib/crater-agent-workspace/builds/worker-1-tc2/source:/opt/rustwide/workdir:ro,Z" "-v" "/var/lib/crater-agent-workspace/cargo-home:/opt/rustwide/cargo-home:ro,Z" "-v" "/var/lib/crater-agent-workspace/rustup-home:/opt/rustwide/rustup-home:ro,Z" "-e" "SOURCE_DIR=/opt/rustwide/workdir" "-e" "CARGO_TARGET_DIR=/opt/rustwide/target" "-e" "CARGO_INCREMENTAL=0" "-e" "RUST_BACKTRACE=full" "-e" "RUSTFLAGS=--cap-lints=warn" "-e" "RUSTDOCFLAGS=--cap-lints=warn" "-e" "CARGO_HOME=/opt/rustwide/cargo-home" "-e" "RUSTUP_HOME=/opt/rustwide/rustup-home" "-w" "/opt/rustwide/workdir" "-m" "1610612736" "--user" "0:0" "--network" "none" "ghcr.io/rust-lang/crates-build-env/linux@sha256:2788e3201cd34a07e3172128adcd8b3090168a8e3bcc40d7c032b9dda1df7d1c" "/opt/rustwide/cargo-home/bin/cargo" "+beta-2023-12-22" "build" "--frozen" "--message-format=json", kill_on_drop: false }`
[INFO] [stdout] 59f5a444b88ae27427ef3e1cc6cb4c62b35bf6d71e994f8fe5dc264396cc6e80
[INFO] running `Command { std: "docker" "start" "-a" "59f5a444b88ae27427ef3e1cc6cb4c62b35bf6d71e994f8fe5dc264396cc6e80", kill_on_drop: false }`
[INFO] [stderr]    Compiling memchr v2.7.1
[INFO] [stderr]    Compiling num-traits v0.2.17
[INFO] [stderr]    Compiling wasm-bindgen-shared v0.2.58
[INFO] [stderr]    Compiling bumpalo v3.14.0
[INFO] [stderr]    Compiling num-integer v0.1.45
[INFO] [stderr]    Compiling version_check v0.1.5
[INFO] [stderr]    Compiling proc-macro-hack v0.5.20+deprecated
[INFO] [stderr]    Compiling libc v0.2.151
[INFO] [stderr]    Compiling unicode-segmentation v1.10.1
[INFO] [stderr]    Compiling miniz_oxide v0.7.1
[INFO] [stderr]    Compiling nom v4.2.3
[INFO] [stderr]    Compiling wasm-bindgen-backend v0.2.58
[INFO] [stderr]    Compiling aho-corasick v1.1.2
[INFO] [stderr]    Compiling heck v0.3.3
[INFO] [stderr]    Compiling num-bigint v0.4.4
[INFO] [stderr]    Compiling wasm-bindgen v0.2.58
[INFO] [stderr]    Compiling cc v1.0.83
[INFO] [stderr]    Compiling weedle v0.10.0
[INFO] [stderr]    Compiling paste v1.0.14
[INFO] [stderr]    Compiling itertools v0.8.2
[INFO] [stderr]    Compiling wasm-bindgen-macro-support v0.2.58
[INFO] [stderr]    Compiling regex-automata v0.4.3
[INFO] [stderr]    Compiling num-rational v0.4.1
[INFO] [stderr]    Compiling num-rational v0.3.2
[INFO] [stderr]    Compiling num-iter v0.1.43
[INFO] [stderr]    Compiling matrixmultiply v0.3.8
[INFO] [stderr]    Compiling failure_derive v0.1.8
[INFO] [stderr]    Compiling unicode-xid v0.2.4
[INFO] [stderr]    Compiling gimli v0.28.1
[INFO] [stderr]    Compiling backtrace v0.3.69
[INFO] [stderr]    Compiling wasm-bindgen-macro v0.2.58
[INFO] [stderr]    Compiling sourcefile v0.1.4
[INFO] [stderr]    Compiling cfg-if v0.1.10
[INFO] [stderr]    Compiling synstructure v0.12.6
[INFO] [stderr]    Compiling num-complex v0.3.1
[INFO] [stderr]    Compiling wasm-bindgen-webidl v0.2.58
[INFO] [stderr]    Compiling approx v0.4.0
[INFO] [stderr]    Compiling paste-impl v0.1.18
[INFO] [stdout] error[E0554]: `#![feature]` may not be used on the beta release channel
[INFO] [stdout]   --> /opt/rustwide/cargo-home/registry/src/index.crates.io-6f17d22bba15001f/wasm-bindgen-0.2.58/src/lib.rs:10:42
[INFO] [stdout]    |
[INFO] [stdout] 10 | #![cfg_attr(feature = "nightly", feature(unsize))]
[INFO] [stdout]    |                                          ^^^^^^
[INFO] [stdout] 
[INFO] [stdout] 
[INFO] [stderr]    Compiling object v0.32.2
[INFO] [stdout] error: aborting due to 1 previous error
[INFO] [stdout] 
[INFO] [stdout] 
[INFO] [stdout] For more information about this error, try `rustc --explain E0554`.
[INFO] [stdout] 
[INFO] [stderr] error: could not compile `wasm-bindgen` (lib) due to 2 previous errors
[INFO] [stderr] warning: build failed, waiting for other jobs to finish...
[INFO] running `Command { std: "docker" "inspect" "59f5a444b88ae27427ef3e1cc6cb4c62b35bf6d71e994f8fe5dc264396cc6e80", kill_on_drop: false }`
[INFO] running `Command { std: "docker" "rm" "-f" "59f5a444b88ae27427ef3e1cc6cb4c62b35bf6d71e994f8fe5dc264396cc6e80", kill_on_drop: false }`
[INFO] [stdout] 59f5a444b88ae27427ef3e1cc6cb4c62b35bf6d71e994f8fe5dc264396cc6e80
