[INFO] fetching crate embedded-devices 0.0.1...
[INFO] testing embedded-devices-0.0.1 against 1.75.0 for beta-1.76-1
[INFO] extracting crate embedded-devices 0.0.1 into /workspace/builds/worker-0-tc1/source
[INFO] validating manifest of crates.io crate embedded-devices 0.0.1 on toolchain 1.75.0
[INFO] running `Command { std: CARGO_HOME="/workspace/cargo-home" RUSTUP_HOME="/workspace/rustup-home" "/workspace/cargo-home/bin/cargo" "+1.75.0" "metadata" "--manifest-path" "Cargo.toml" "--no-deps", kill_on_drop: false }`
[INFO] started tweaking crates.io crate embedded-devices 0.0.1
[INFO] finished tweaking crates.io crate embedded-devices 0.0.1
[INFO] tweaked toml for crates.io crate embedded-devices 0.0.1 written to /workspace/builds/worker-0-tc1/source/Cargo.toml
[INFO] running `Command { std: CARGO_HOME="/workspace/cargo-home" RUSTUP_HOME="/workspace/rustup-home" "/workspace/cargo-home/bin/cargo" "+1.75.0" "generate-lockfile" "--manifest-path" "Cargo.toml", kill_on_drop: false }`
[INFO] [stderr]     Updating crates.io index
[INFO] running `Command { std: CARGO_HOME="/workspace/cargo-home" RUSTUP_HOME="/workspace/rustup-home" "/workspace/cargo-home/bin/cargo" "+1.75.0" "fetch" "--manifest-path" "Cargo.toml", kill_on_drop: false }`
[INFO] [stderr]  Downloading crates ...
[INFO] [stderr]   Downloaded bondrewd-derive v0.3.18
[INFO] [stderr]   Downloaded bondrewd v0.1.14
[INFO] [stderr]   Downloaded embedded-hal-async v1.0.0-rc.3
[INFO] [stderr]   Downloaded embedded-hal v1.0.0-rc.3
[INFO] [stderr]   Downloaded maybe-async-cfg v0.2.3
[INFO] [stderr]   Downloaded embedded-registers v0.9.6
[INFO] [stderr]   Downloaded embedded-registers-derive v0.9.6
[INFO] running `Command { std: "docker" "create" "-v" "/var/lib/crater-agent-workspace/builds/worker-0-tc1/target:/opt/rustwide/target:rw,Z" "-v" "/var/lib/crater-agent-workspace/builds/worker-0-tc1/source:/opt/rustwide/workdir:ro,Z" "-v" "/var/lib/crater-agent-workspace/cargo-home:/opt/rustwide/cargo-home:ro,Z" "-v" "/var/lib/crater-agent-workspace/rustup-home:/opt/rustwide/rustup-home:ro,Z" "-e" "SOURCE_DIR=/opt/rustwide/workdir" "-e" "CARGO_TARGET_DIR=/opt/rustwide/target" "-e" "CARGO_HOME=/opt/rustwide/cargo-home" "-e" "RUSTUP_HOME=/opt/rustwide/rustup-home" "-w" "/opt/rustwide/workdir" "-m" "1610612736" "--user" "0:0" "--network" "none" "ghcr.io/rust-lang/crates-build-env/linux@sha256:2788e3201cd34a07e3172128adcd8b3090168a8e3bcc40d7c032b9dda1df7d1c" "/opt/rustwide/cargo-home/bin/cargo" "+1.75.0" "metadata" "--no-deps" "--format-version=1", kill_on_drop: false }`
[INFO] [stdout] bef27d57e811e70dd07f76cc3934a5ef0806c942370d026fc2528b80a01fe4f7
[INFO] running `Command { std: "docker" "start" "-a" "bef27d57e811e70dd07f76cc3934a5ef0806c942370d026fc2528b80a01fe4f7", kill_on_drop: false }`
[INFO] running `Command { std: "docker" "inspect" "bef27d57e811e70dd07f76cc3934a5ef0806c942370d026fc2528b80a01fe4f7", kill_on_drop: false }`
[INFO] running `Command { std: "docker" "rm" "-f" "bef27d57e811e70dd07f76cc3934a5ef0806c942370d026fc2528b80a01fe4f7", kill_on_drop: false }`
[INFO] [stdout] bef27d57e811e70dd07f76cc3934a5ef0806c942370d026fc2528b80a01fe4f7
[INFO] running `Command { std: "docker" "create" "-v" "/var/lib/crater-agent-workspace/builds/worker-0-tc1/target:/opt/rustwide/target:rw,Z" "-v" "/var/lib/crater-agent-workspace/builds/worker-0-tc1/source:/opt/rustwide/workdir:ro,Z" "-v" "/var/lib/crater-agent-workspace/cargo-home:/opt/rustwide/cargo-home:ro,Z" "-v" "/var/lib/crater-agent-workspace/rustup-home:/opt/rustwide/rustup-home:ro,Z" "-e" "SOURCE_DIR=/opt/rustwide/workdir" "-e" "CARGO_TARGET_DIR=/opt/rustwide/target" "-e" "CARGO_INCREMENTAL=0" "-e" "RUST_BACKTRACE=full" "-e" "RUSTFLAGS=--cap-lints=warn" "-e" "RUSTDOCFLAGS=--cap-lints=warn" "-e" "CARGO_HOME=/opt/rustwide/cargo-home" "-e" "RUSTUP_HOME=/opt/rustwide/rustup-home" "-w" "/opt/rustwide/workdir" "-m" "1610612736" "--user" "0:0" "--network" "none" "ghcr.io/rust-lang/crates-build-env/linux@sha256:2788e3201cd34a07e3172128adcd8b3090168a8e3bcc40d7c032b9dda1df7d1c" "/opt/rustwide/cargo-home/bin/cargo" "+1.75.0" "build" "--frozen" "--message-format=json", kill_on_drop: false }`
[INFO] [stdout] 04817a4335a8f800dc6612c76f9f079ddac8440e3c5f0ec67ebaa5454d055c80
[INFO] running `Command { std: "docker" "start" "-a" "04817a4335a8f800dc6612c76f9f079ddac8440e3c5f0ec67ebaa5454d055c80", kill_on_drop: false }`
[INFO] [stderr]    Compiling syn v1.0.109
[INFO] [stderr]    Compiling defmt-macros v0.3.6
[INFO] [stderr]    Compiling strsim v0.10.0
[INFO] [stderr]    Compiling defmt v0.3.5
[INFO] [stderr]    Compiling pulldown-cmark v0.9.3
[INFO] [stderr]    Compiling embedded-hal v1.0.0-rc.3
[INFO] [stderr]    Compiling embedded-hal-async v1.0.0-rc.3
[INFO] [stderr]    Compiling thiserror v1.0.56
[INFO] [stderr]    Compiling unicase v2.7.0
[INFO] [stderr]    Compiling syn v2.0.48
[INFO] [stderr]    Compiling proc-macro-error-attr v1.0.4
[INFO] [stderr]    Compiling darling_core v0.20.3
[INFO] [stderr]    Compiling proc-macro-error v1.0.4
[INFO] [stderr]    Compiling thiserror-impl v1.0.56
[INFO] [stderr]    Compiling bondrewd-derive v0.3.18
[INFO] [stderr]    Compiling maybe-async-cfg v0.2.3
[INFO] [stderr]    Compiling darling_macro v0.20.3
[INFO] [stderr]    Compiling defmt-parser v0.3.3
[INFO] [stderr]    Compiling darling v0.20.3
[INFO] [stderr]    Compiling bondrewd v0.1.14
[INFO] [stderr]    Compiling embedded-registers-derive v0.9.6
[INFO] [stderr]    Compiling embedded-registers v0.9.6
[INFO] [stderr]    Compiling embedded-devices v0.0.1 (/opt/rustwide/workdir)
[INFO] [stdout] error: Unexpected literal type `int`
[INFO] [stdout]    --> src/devices/mcp9808/mod.rs:154:26
[INFO] [stdout]     |
[INFO] [stdout] 154 |     #[register(address = 0b001, read, write)]
[INFO] [stdout]     |                          ^^^^^
[INFO] [stdout] 
[INFO] [stdout] 
[INFO] [stdout] error: Unknown field: `read`
[INFO] [stdout]    --> src/devices/mcp9808/mod.rs:154:33
[INFO] [stdout]     |
[INFO] [stdout] 154 |     #[register(address = 0b001, read, write)]
[INFO] [stdout]     |                                 ^^^^
[INFO] [stdout] 
[INFO] [stdout] 
[INFO] [stdout] error: Unknown field: `write`
[INFO] [stdout]    --> src/devices/mcp9808/mod.rs:154:39
[INFO] [stdout]     |
[INFO] [stdout] 154 |     #[register(address = 0b001, read, write)]
[INFO] [stdout]     |                                       ^^^^^
[INFO] [stdout] 
[INFO] [stdout] 
[INFO] [stdout] error: Unexpected literal type `int`
[INFO] [stdout]    --> src/devices/mcp9808/mod.rs:171:26
[INFO] [stdout]     |
[INFO] [stdout] 171 |     #[register(address = 0b111, read)]
[INFO] [stdout]     |                          ^^^^^
[INFO] [stdout] 
[INFO] [stdout] 
[INFO] [stdout] error: Unknown field: `read`
[INFO] [stdout]    --> src/devices/mcp9808/mod.rs:171:33
[INFO] [stdout]     |
[INFO] [stdout] 171 |     #[register(address = 0b111, read)]
[INFO] [stdout]     |                                 ^^^^
[INFO] [stdout] 
[INFO] [stdout] 
[INFO] [stdout] error[E0432]: unresolved imports `embedded_registers::RegisterRead`, `embedded_registers::RegisterWrite`
[INFO] [stdout]  --> src/devices/mcp9808/mod.rs:4:36
[INFO] [stdout]   |
[INFO] [stdout] 4 | use embedded_registers::{Register, RegisterRead, RegisterWrite};
[INFO] [stdout]   |                                    ^^^^^^^^^^^^  ^^^^^^^^^^^^^ no `RegisterWrite` in the root
[INFO] [stdout]   |                                    |
[INFO] [stdout]   |                                    no `RegisterRead` in the root
[INFO] [stdout]   |                                    help: a similar name exists in the module: `Register`
[INFO] [stdout] 
[INFO] [stdout] 
[INFO] [stdout] error[E0412]: cannot find type `Config` in this scope
[INFO] [stdout]    --> src/devices/mcp9808/mod.rs:179:30
[INFO] [stdout]     |
[INFO] [stdout] 179 |     impl MCP9808Register for Config {}
[INFO] [stdout]     |                              ^^^^^^ not found in this scope
[INFO] [stdout] 
[INFO] [stdout] 
[INFO] [stdout] error[E0412]: cannot find type `DeviceId` in this scope
[INFO] [stdout]    --> src/devices/mcp9808/mod.rs:180:30
[INFO] [stdout]     |
[INFO] [stdout] 180 |     impl MCP9808Register for DeviceId {}
[INFO] [stdout]     |                              ^^^^^^^^ not found in this scope
[INFO] [stdout] 
[INFO] [stdout] 
[INFO] [stdout] error[E0412]: cannot find type `DeviceId` in module `reg`
[INFO] [stdout]    --> src/devices/mcp9808/mod.rs:232:51
[INFO] [stdout]     |
[INFO] [stdout] 232 |         let device_id = self.read_register::<reg::DeviceId>().await?;
[INFO] [stdout]     |                                                   ^^^^^^^^ not found in `reg`
[INFO] [stdout] 
[INFO] [stdout] 
[INFO] [stdout] error[E0554]: `#![feature]` may not be used on the stable release channel
[INFO] [stdout]  --> src/lib.rs:4:1
[INFO] [stdout]   |
[INFO] [stdout] 4 | #![feature(generic_arg_infer)]
[INFO] [stdout]   | ^^^^^^^^^^^^^^^^^^^^^^^^^^^^^^
[INFO] [stdout] 
[INFO] [stdout] 
[INFO] [stdout] warning: unused import: `super::*`
[INFO] [stdout]    --> src/devices/mcp9808/mod.rs:151:9
[INFO] [stdout]     |
[INFO] [stdout] 151 |     use super::*;
[INFO] [stdout]     |         ^^^^^^^^
[INFO] [stdout]     |
[INFO] [stdout]     = note: `#[warn(unused_imports)]` on by default
[INFO] [stdout] 
[INFO] [stdout] 
[INFO] [stdout] error: aborting due to 10 previous errors; 1 warning emitted
[INFO] [stdout] 
[INFO] [stdout] 
[INFO] [stdout] Some errors have detailed explanations: E0412, E0432, E0554.
[INFO] [stdout] 
[INFO] [stdout] For more information about an error, try `rustc --explain E0412`.
[INFO] [stdout] 
[INFO] [stderr] error: could not compile `embedded-devices` (lib) due to 11 previous errors; 1 warning emitted
[INFO] running `Command { std: "docker" "inspect" "04817a4335a8f800dc6612c76f9f079ddac8440e3c5f0ec67ebaa5454d055c80", kill_on_drop: false }`
[INFO] running `Command { std: "docker" "rm" "-f" "04817a4335a8f800dc6612c76f9f079ddac8440e3c5f0ec67ebaa5454d055c80", kill_on_drop: false }`
[INFO] [stdout] 04817a4335a8f800dc6612c76f9f079ddac8440e3c5f0ec67ebaa5454d055c80
[INFO] testing embedded-devices-0.0.1 against beta-2023-12-22 for beta-1.76-1
[INFO] extracting crate embedded-devices 0.0.1 into /workspace/builds/worker-0-tc2/source
[INFO] validating manifest of crates.io crate embedded-devices 0.0.1 on toolchain beta-2023-12-22
[INFO] running `Command { std: CARGO_HOME="/workspace/cargo-home" RUSTUP_HOME="/workspace/rustup-home" "/workspace/cargo-home/bin/cargo" "+beta-2023-12-22" "metadata" "--manifest-path" "Cargo.toml" "--no-deps", kill_on_drop: false }`
[INFO] started tweaking crates.io crate embedded-devices 0.0.1
[INFO] finished tweaking crates.io crate embedded-devices 0.0.1
[INFO] tweaked toml for crates.io crate embedded-devices 0.0.1 written to /workspace/builds/worker-0-tc2/source/Cargo.toml
[INFO] running `Command { std: CARGO_HOME="/workspace/cargo-home" RUSTUP_HOME="/workspace/rustup-home" "/workspace/cargo-home/bin/cargo" "+beta-2023-12-22" "generate-lockfile" "--manifest-path" "Cargo.toml", kill_on_drop: false }`
[INFO] [stderr]     Updating crates.io index
[INFO] running `Command { std: CARGO_HOME="/workspace/cargo-home" RUSTUP_HOME="/workspace/rustup-home" "/workspace/cargo-home/bin/cargo" "+beta-2023-12-22" "fetch" "--manifest-path" "Cargo.toml", kill_on_drop: false }`
[INFO] running `Command { std: "docker" "create" "-v" "/var/lib/crater-agent-workspace/builds/worker-0-tc2/target:/opt/rustwide/target:rw,Z" "-v" "/var/lib/crater-agent-workspace/builds/worker-0-tc2/source:/opt/rustwide/workdir:ro,Z" "-v" "/var/lib/crater-agent-workspace/cargo-home:/opt/rustwide/cargo-home:ro,Z" "-v" "/var/lib/crater-agent-workspace/rustup-home:/opt/rustwide/rustup-home:ro,Z" "-e" "SOURCE_DIR=/opt/rustwide/workdir" "-e" "CARGO_TARGET_DIR=/opt/rustwide/target" "-e" "CARGO_HOME=/opt/rustwide/cargo-home" "-e" "RUSTUP_HOME=/opt/rustwide/rustup-home" "-w" "/opt/rustwide/workdir" "-m" "1610612736" "--user" "0:0" "--network" "none" "ghcr.io/rust-lang/crates-build-env/linux@sha256:2788e3201cd34a07e3172128adcd8b3090168a8e3bcc40d7c032b9dda1df7d1c" "/opt/rustwide/cargo-home/bin/cargo" "+beta-2023-12-22" "metadata" "--no-deps" "--format-version=1", kill_on_drop: false }`
[INFO] [stdout] 79116e479ac4f6096ecf5a819a00244b49d09b486fcdab8a5b52691fd8728e14
[INFO] running `Command { std: "docker" "start" "-a" "79116e479ac4f6096ecf5a819a00244b49d09b486fcdab8a5b52691fd8728e14", kill_on_drop: false }`
[INFO] running `Command { std: "docker" "inspect" "79116e479ac4f6096ecf5a819a00244b49d09b486fcdab8a5b52691fd8728e14", kill_on_drop: false }`
[INFO] running `Command { std: "docker" "rm" "-f" "79116e479ac4f6096ecf5a819a00244b49d09b486fcdab8a5b52691fd8728e14", kill_on_drop: false }`
[INFO] [stdout] 79116e479ac4f6096ecf5a819a00244b49d09b486fcdab8a5b52691fd8728e14
[INFO] running `Command { std: "docker" "create" "-v" "/var/lib/crater-agent-workspace/builds/worker-0-tc2/target:/opt/rustwide/target:rw,Z" "-v" "/var/lib/crater-agent-workspace/builds/worker-0-tc2/source:/opt/rustwide/workdir:ro,Z" "-v" "/var/lib/crater-agent-workspace/cargo-home:/opt/rustwide/cargo-home:ro,Z" "-v" "/var/lib/crater-agent-workspace/rustup-home:/opt/rustwide/rustup-home:ro,Z" "-e" "SOURCE_DIR=/opt/rustwide/workdir" "-e" "CARGO_TARGET_DIR=/opt/rustwide/target" "-e" "CARGO_INCREMENTAL=0" "-e" "RUST_BACKTRACE=full" "-e" "RUSTFLAGS=--cap-lints=warn" "-e" "RUSTDOCFLAGS=--cap-lints=warn" "-e" "CARGO_HOME=/opt/rustwide/cargo-home" "-e" "RUSTUP_HOME=/opt/rustwide/rustup-home" "-w" "/opt/rustwide/workdir" "-m" "1610612736" "--user" "0:0" "--network" "none" "ghcr.io/rust-lang/crates-build-env/linux@sha256:2788e3201cd34a07e3172128adcd8b3090168a8e3bcc40d7c032b9dda1df7d1c" "/opt/rustwide/cargo-home/bin/cargo" "+beta-2023-12-22" "build" "--frozen" "--message-format=json", kill_on_drop: false }`
[INFO] [stdout] 870b036761fcbeba9719ffeaed1c6b70af3bfd5b873d6bb07004f6e789240daf
[INFO] running `Command { std: "docker" "start" "-a" "870b036761fcbeba9719ffeaed1c6b70af3bfd5b873d6bb07004f6e789240daf", kill_on_drop: false }`
[INFO] [stderr]    Compiling syn v1.0.109
[INFO] [stderr]    Compiling strsim v0.10.0
[INFO] [stderr]    Compiling defmt-macros v0.3.6
[INFO] [stderr]    Compiling pulldown-cmark v0.9.3
[INFO] [stderr]    Compiling defmt v0.3.5
[INFO] [stderr]    Compiling embedded-hal v1.0.0-rc.3
[INFO] [stderr]    Compiling embedded-hal-async v1.0.0-rc.3
[INFO] [stderr]    Compiling thiserror v1.0.56
[INFO] [stderr]    Compiling unicase v2.7.0
[INFO] [stderr]    Compiling syn v2.0.48
[INFO] [stderr]    Compiling proc-macro-error-attr v1.0.4
[INFO] [stderr]    Compiling darling_core v0.20.3
[INFO] [stderr]    Compiling proc-macro-error v1.0.4
[INFO] [stderr]    Compiling thiserror-impl v1.0.56
[INFO] [stderr]    Compiling bondrewd-derive v0.3.18
[INFO] [stderr]    Compiling maybe-async-cfg v0.2.3
[INFO] [stderr]    Compiling darling_macro v0.20.3
[INFO] [stderr]    Compiling defmt-parser v0.3.3
[INFO] [stderr]    Compiling darling v0.20.3
[INFO] [stderr]    Compiling bondrewd v0.1.14
[INFO] [stderr]    Compiling embedded-registers-derive v0.9.6
[INFO] [stderr]    Compiling embedded-registers v0.9.6
[INFO] [stderr]    Compiling embedded-devices v0.0.1 (/opt/rustwide/workdir)
[INFO] [stdout] error: Unexpected literal type `int`
[INFO] [stdout]    --> src/devices/mcp9808/mod.rs:154:26
[INFO] [stdout]     |
[INFO] [stdout] 154 |     #[register(address = 0b001, read, write)]
[INFO] [stdout]     |                          ^^^^^
[INFO] [stdout] 
[INFO] [stdout] 
[INFO] [stdout] error: Unknown field: `read`
[INFO] [stdout]    --> src/devices/mcp9808/mod.rs:154:33
[INFO] [stdout]     |
[INFO] [stdout] 154 |     #[register(address = 0b001, read, write)]
[INFO] [stdout]     |                                 ^^^^
[INFO] [stdout] 
[INFO] [stdout] 
[INFO] [stdout] error: Unknown field: `write`
[INFO] [stdout]    --> src/devices/mcp9808/mod.rs:154:39
[INFO] [stdout]     |
[INFO] [stdout] 154 |     #[register(address = 0b001, read, write)]
[INFO] [stdout]     |                                       ^^^^^
[INFO] [stdout] 
[INFO] [stdout] 
[INFO] [stdout] error: Unexpected literal type `int`
[INFO] [stdout]    --> src/devices/mcp9808/mod.rs:171:26
[INFO] [stdout]     |
[INFO] [stdout] 171 |     #[register(address = 0b111, read)]
[INFO] [stdout]     |                          ^^^^^
[INFO] [stdout] 
[INFO] [stdout] 
[INFO] [stdout] error: Unknown field: `read`
[INFO] [stdout]    --> src/devices/mcp9808/mod.rs:171:33
[INFO] [stdout]     |
[INFO] [stdout] 171 |     #[register(address = 0b111, read)]
[INFO] [stdout]     |                                 ^^^^
[INFO] [stdout] 
[INFO] [stdout] 
[INFO] [stdout] error[E0432]: unresolved imports `embedded_registers::RegisterRead`, `embedded_registers::RegisterWrite`
[INFO] [stdout]  --> src/devices/mcp9808/mod.rs:4:36
[INFO] [stdout]   |
[INFO] [stdout] 4 | use embedded_registers::{Register, RegisterRead, RegisterWrite};
[INFO] [stdout]   |                                    ^^^^^^^^^^^^  ^^^^^^^^^^^^^ no `RegisterWrite` in the root
[INFO] [stdout]   |                                    |
[INFO] [stdout]   |                                    no `RegisterRead` in the root
[INFO] [stdout]   |                                    help: a similar name exists in the module: `Register`
[INFO] [stdout] 
[INFO] [stdout] 
[INFO] [stdout] error[E0412]: cannot find type `Config` in this scope
[INFO] [stdout]    --> src/devices/mcp9808/mod.rs:179:30
[INFO] [stdout]     |
[INFO] [stdout] 179 |     impl MCP9808Register for Config {}
[INFO] [stdout]     |                              ^^^^^^ not found in this scope
[INFO] [stdout] 
[INFO] [stdout] 
[INFO] [stdout] error[E0412]: cannot find type `DeviceId` in this scope
[INFO] [stdout]    --> src/devices/mcp9808/mod.rs:180:30
[INFO] [stdout]     |
[INFO] [stdout] 180 |     impl MCP9808Register for DeviceId {}
[INFO] [stdout]     |                              ^^^^^^^^ not found in this scope
[INFO] [stdout] 
[INFO] [stdout] 
[INFO] [stdout] error[E0412]: cannot find type `DeviceId` in module `reg`
[INFO] [stdout]    --> src/devices/mcp9808/mod.rs:232:51
[INFO] [stdout]     |
[INFO] [stdout] 232 |         let device_id = self.read_register::<reg::DeviceId>().await?;
[INFO] [stdout]     |                                                   ^^^^^^^^ not found in `reg`
[INFO] [stdout] 
[INFO] [stdout] 
[INFO] [stdout] error[E0554]: `#![feature]` may not be used on the beta release channel
[INFO] [stdout]  --> src/lib.rs:4:1
[INFO] [stdout]   |
[INFO] [stdout] 4 | #![feature(generic_arg_infer)]
[INFO] [stdout]   | ^^^^^^^^^^^^^^^^^^^^^^^^^^^^^^
[INFO] [stdout] 
[INFO] [stdout] 
[INFO] [stdout] warning: unused import: `super::*`
[INFO] [stdout]    --> src/devices/mcp9808/mod.rs:151:9
[INFO] [stdout]     |
[INFO] [stdout] 151 |     use super::*;
[INFO] [stdout]     |         ^^^^^^^^
[INFO] [stdout]     |
[INFO] [stdout]     = note: `#[warn(unused_imports)]` on by default
[INFO] [stdout] 
[INFO] [stdout] 
[INFO] [stdout] error: aborting due to 10 previous errors; 1 warning emitted
[INFO] [stdout] 
[INFO] [stdout] 
[INFO] [stdout] Some errors have detailed explanations: E0412, E0432, E0554.
[INFO] [stdout] 
[INFO] [stdout] For more information about an error, try `rustc --explain E0412`.
[INFO] [stdout] 
[INFO] [stderr] error: could not compile `embedded-devices` (lib) due to 11 previous errors; 1 warning emitted
[INFO] running `Command { std: "docker" "inspect" "870b036761fcbeba9719ffeaed1c6b70af3bfd5b873d6bb07004f6e789240daf", kill_on_drop: false }`
[INFO] running `Command { std: "docker" "rm" "-f" "870b036761fcbeba9719ffeaed1c6b70af3bfd5b873d6bb07004f6e789240daf", kill_on_drop: false }`
[INFO] [stdout] 870b036761fcbeba9719ffeaed1c6b70af3bfd5b873d6bb07004f6e789240daf
