[INFO] fetching crate embedded-alloc 0.5.1...
[INFO] testing embedded-alloc-0.5.1 against 1.75.0 for beta-1.76-1
[INFO] extracting crate embedded-alloc 0.5.1 into /workspace/builds/worker-1-tc1/source
[INFO] validating manifest of crates.io crate embedded-alloc 0.5.1 on toolchain 1.75.0
[INFO] running `Command { std: CARGO_HOME="/workspace/cargo-home" RUSTUP_HOME="/workspace/rustup-home" "/workspace/cargo-home/bin/cargo" "+1.75.0" "metadata" "--manifest-path" "Cargo.toml" "--no-deps", kill_on_drop: false }`
[INFO] removed /workspace/builds/worker-1-tc1/source/.cargo/config.toml
[INFO] started tweaking crates.io crate embedded-alloc 0.5.1
[INFO] finished tweaking crates.io crate embedded-alloc 0.5.1
[INFO] tweaked toml for crates.io crate embedded-alloc 0.5.1 written to /workspace/builds/worker-1-tc1/source/Cargo.toml
[INFO] crate crates.io crate embedded-alloc 0.5.1 already has a lockfile, it will not be regenerated
[INFO] running `Command { std: CARGO_HOME="/workspace/cargo-home" RUSTUP_HOME="/workspace/rustup-home" "/workspace/cargo-home/bin/cargo" "+1.75.0" "fetch" "--manifest-path" "Cargo.toml", kill_on_drop: false }`
[INFO] [stderr]     Blocking waiting for file lock on package cache
[INFO] [stderr]     Updating crates.io index
[INFO] [stderr]  Downloading crates ...
[INFO] [stderr]   Downloaded linked_list_allocator v0.10.5
[INFO] [stderr]   Downloaded panic-semihosting v0.6.0
[INFO] [stderr]   Downloaded cortex-m-semihosting v0.5.0
[INFO] running `Command { std: "docker" "create" "-v" "/var/lib/crater-agent-workspace/builds/worker-1-tc1/target:/opt/rustwide/target:rw,Z" "-v" "/var/lib/crater-agent-workspace/builds/worker-1-tc1/source:/opt/rustwide/workdir:ro,Z" "-v" "/var/lib/crater-agent-workspace/cargo-home:/opt/rustwide/cargo-home:ro,Z" "-v" "/var/lib/crater-agent-workspace/rustup-home:/opt/rustwide/rustup-home:ro,Z" "-e" "SOURCE_DIR=/opt/rustwide/workdir" "-e" "CARGO_TARGET_DIR=/opt/rustwide/target" "-e" "CARGO_HOME=/opt/rustwide/cargo-home" "-e" "RUSTUP_HOME=/opt/rustwide/rustup-home" "-w" "/opt/rustwide/workdir" "-m" "1610612736" "--user" "0:0" "--network" "none" "ghcr.io/rust-lang/crates-build-env/linux@sha256:2788e3201cd34a07e3172128adcd8b3090168a8e3bcc40d7c032b9dda1df7d1c" "/opt/rustwide/cargo-home/bin/cargo" "+1.75.0" "metadata" "--no-deps" "--format-version=1", kill_on_drop: false }`
[INFO] [stdout] 52c6988c68349bcd84aca940ca185f934ced6979cb37207c032ff807c5ee17e7
[INFO] running `Command { std: "docker" "start" "-a" "52c6988c68349bcd84aca940ca185f934ced6979cb37207c032ff807c5ee17e7", kill_on_drop: false }`
[INFO] running `Command { std: "docker" "inspect" "52c6988c68349bcd84aca940ca185f934ced6979cb37207c032ff807c5ee17e7", kill_on_drop: false }`
[INFO] running `Command { std: "docker" "rm" "-f" "52c6988c68349bcd84aca940ca185f934ced6979cb37207c032ff807c5ee17e7", kill_on_drop: false }`
[INFO] [stdout] 52c6988c68349bcd84aca940ca185f934ced6979cb37207c032ff807c5ee17e7
[INFO] running `Command { std: "docker" "create" "-v" "/var/lib/crater-agent-workspace/builds/worker-1-tc1/target:/opt/rustwide/target:rw,Z" "-v" "/var/lib/crater-agent-workspace/builds/worker-1-tc1/source:/opt/rustwide/workdir:ro,Z" "-v" "/var/lib/crater-agent-workspace/cargo-home:/opt/rustwide/cargo-home:ro,Z" "-v" "/var/lib/crater-agent-workspace/rustup-home:/opt/rustwide/rustup-home:ro,Z" "-e" "SOURCE_DIR=/opt/rustwide/workdir" "-e" "CARGO_TARGET_DIR=/opt/rustwide/target" "-e" "CARGO_INCREMENTAL=0" "-e" "RUST_BACKTRACE=full" "-e" "RUSTFLAGS=--cap-lints=warn" "-e" "RUSTDOCFLAGS=--cap-lints=warn" "-e" "CARGO_HOME=/opt/rustwide/cargo-home" "-e" "RUSTUP_HOME=/opt/rustwide/rustup-home" "-w" "/opt/rustwide/workdir" "-m" "1610612736" "--user" "0:0" "--network" "none" "ghcr.io/rust-lang/crates-build-env/linux@sha256:2788e3201cd34a07e3172128adcd8b3090168a8e3bcc40d7c032b9dda1df7d1c" "/opt/rustwide/cargo-home/bin/cargo" "+1.75.0" "build" "--frozen" "--message-format=json", kill_on_drop: false }`
[INFO] [stdout] 4a26f40c162ac9b4e2adbe1e0862d50cca708b6e464694e33ec51961e6d76da0
[INFO] running `Command { std: "docker" "start" "-a" "4a26f40c162ac9b4e2adbe1e0862d50cca708b6e464694e33ec51961e6d76da0", kill_on_drop: false }`
[INFO] [stderr]    Compiling critical-section v1.1.2
[INFO] [stderr]    Compiling linked_list_allocator v0.10.5
[INFO] [stderr]    Compiling embedded-alloc v0.5.1 (/opt/rustwide/workdir)
[INFO] [stderr]     Finished dev [unoptimized + debuginfo] target(s) in 0.15s
[INFO] running `Command { std: "docker" "inspect" "4a26f40c162ac9b4e2adbe1e0862d50cca708b6e464694e33ec51961e6d76da0", kill_on_drop: false }`
[INFO] running `Command { std: "docker" "rm" "-f" "4a26f40c162ac9b4e2adbe1e0862d50cca708b6e464694e33ec51961e6d76da0", kill_on_drop: false }`
[INFO] [stdout] 4a26f40c162ac9b4e2adbe1e0862d50cca708b6e464694e33ec51961e6d76da0
[INFO] running `Command { std: "docker" "create" "-v" "/var/lib/crater-agent-workspace/builds/worker-1-tc1/target:/opt/rustwide/target:rw,Z" "-v" "/var/lib/crater-agent-workspace/builds/worker-1-tc1/source:/opt/rustwide/workdir:ro,Z" "-v" "/var/lib/crater-agent-workspace/cargo-home:/opt/rustwide/cargo-home:ro,Z" "-v" "/var/lib/crater-agent-workspace/rustup-home:/opt/rustwide/rustup-home:ro,Z" "-e" "SOURCE_DIR=/opt/rustwide/workdir" "-e" "CARGO_TARGET_DIR=/opt/rustwide/target" "-e" "CARGO_INCREMENTAL=0" "-e" "RUST_BACKTRACE=full" "-e" "RUSTFLAGS=--cap-lints=warn" "-e" "RUSTDOCFLAGS=--cap-lints=warn" "-e" "CARGO_HOME=/opt/rustwide/cargo-home" "-e" "RUSTUP_HOME=/opt/rustwide/rustup-home" "-w" "/opt/rustwide/workdir" "-m" "1610612736" "--user" "0:0" "--network" "none" "ghcr.io/rust-lang/crates-build-env/linux@sha256:2788e3201cd34a07e3172128adcd8b3090168a8e3bcc40d7c032b9dda1df7d1c" "/opt/rustwide/cargo-home/bin/cargo" "+1.75.0" "test" "--frozen" "--no-run" "--message-format=json", kill_on_drop: false }`
[INFO] [stdout] fa343421a48402d259049790cbe54ab50136d6eea92dd0da4085ad718be06194
[INFO] running `Command { std: "docker" "start" "-a" "fa343421a48402d259049790cbe54ab50136d6eea92dd0da4085ad718be06194", kill_on_drop: false }`
[INFO] [stderr]    Compiling proc-macro2 v1.0.69
[INFO] [stderr]    Compiling cortex-m v0.7.7
[INFO] [stderr]    Compiling cortex-m-semihosting v0.5.0
[INFO] [stderr]    Compiling cortex-m-rt v0.7.3
[INFO] [stderr]    Compiling syn v1.0.109
[INFO] [stderr]    Compiling panic-semihosting v0.6.0
[INFO] [stderr]    Compiling quote v1.0.33
[INFO] [stderr]    Compiling cortex-m-rt-macros v0.7.0
[INFO] [stderr]    Compiling embedded-alloc v0.5.1 (/opt/rustwide/workdir)
[INFO] [stdout] error: language item required, but not found: `eh_personality`
[INFO] [stdout]   |
[INFO] [stdout]   = note: this can occur when a binary crate with `#![no_std]` is compiled for a target where `eh_personality` is defined in the standard library
[INFO] [stdout]   = help: you may be able to compile for a target that doesn't need `eh_personality`, specify a target with `--target` or in `.cargo/config`
[INFO] [stdout] 
[INFO] [stdout] 
[INFO] [stdout] error: aborting due to previous error
[INFO] [stdout] 
[INFO] [stdout] 
[INFO] [stdout] error[E0554]: `#![feature]` may not be used on the stable release channel
[INFO] [stdout]  --> examples/allocator_api.rs:1:12
[INFO] [stdout]   |
[INFO] [stdout] 1 | #![feature(allocator_api)]
[INFO] [stdout]   |            ^^^^^^^^^^^^^
[INFO] [stdout] 
[INFO] [stdout] 
[INFO] [stdout] error: language item required, but not found: `eh_personality`
[INFO] [stdout]   |
[INFO] [stdout]   = note: this can occur when a binary crate with `#![no_std]` is compiled for a target where `eh_personality` is defined in the standard library
[INFO] [stdout]   = help: you may be able to compile for a target that doesn't need `eh_personality`, specify a target with `--target` or in `.cargo/config`
[INFO] [stdout] 
[INFO] [stdout] 
[INFO] [stdout] error: aborting due to 2 previous errors
[INFO] [stdout] 
[INFO] [stdout] 
[INFO] [stdout] For more information about this error, try `rustc --explain E0554`.
[INFO] [stdout] 
[INFO] [stderr] error: could not compile `embedded-alloc` (example "global_alloc") due to 2 previous errors
[INFO] [stderr] warning: build failed, waiting for other jobs to finish...
[INFO] [stdout] error[E0554]: `#![feature]` may not be used on the stable release channel
[INFO] [stdout]   --> examples/integration_test.rs:15:12
[INFO] [stdout]    |
[INFO] [stdout] 15 | #![feature(allocator_api)]
[INFO] [stdout]    |            ^^^^^^^^^^^^^
[INFO] [stdout] 
[INFO] [stdout] 
[INFO] [stderr] error: could not compile `embedded-alloc` (example "allocator_api") due to 3 previous errors
[INFO] [stdout] error[E0277]: the trait bound `Heap: Allocator` is not satisfied
[INFO] [stdout]   --> examples/integration_test.rs:54:16
[INFO] [stdout]    |
[INFO] [stdout] 54 |     let mut v: Vec<u16, Heap> = Vec::new_in(local_heap);
[INFO] [stdout]    |                ^^^^^^^^^^^^^^ the trait `Allocator` is not implemented for `Heap`
[INFO] [stdout]    |
[INFO] [stdout]    = help: the following other types implement trait `Allocator`:
[INFO] [stdout]              alloc::alloc::Global
[INFO] [stdout]              std::alloc::System
[INFO] [stdout]              &A
[INFO] [stdout] note: required by a bound in `Vec`
[INFO] [stdout]   --> /rustc/82e1608dfa6e0b5569232559e3d385fea5a93112/library/alloc/src/vec/mod.rs:396:1
[INFO] [stdout] 
[INFO] [stdout] 
[INFO] [stdout] error[E0277]: the trait bound `Heap: Allocator` is not satisfied
[INFO] [stdout]   --> examples/integration_test.rs:54:45
[INFO] [stdout]    |
[INFO] [stdout] 54 |     let mut v: Vec<u16, Heap> = Vec::new_in(local_heap);
[INFO] [stdout]    |                                 ----------- ^^^^^^^^^^ the trait `Allocator` is not implemented for `Heap`
[INFO] [stdout]    |                                 |
[INFO] [stdout]    |                                 required by a bound introduced by this call
[INFO] [stdout]    |
[INFO] [stdout]    = help: the following other types implement trait `Allocator`:
[INFO] [stdout]              alloc::alloc::Global
[INFO] [stdout]              std::alloc::System
[INFO] [stdout]              &A
[INFO] [stdout] note: required by a bound in `Vec::<T, A>::new_in`
[INFO] [stdout]   --> /rustc/82e1608dfa6e0b5569232559e3d385fea5a93112/library/alloc/src/vec/mod.rs:607:5
[INFO] [stdout] 
[INFO] [stdout] 
[INFO] [stdout] error[E0277]: the trait bound `Heap: Allocator` is not satisfied
[INFO] [stdout]   --> examples/integration_test.rs:54:33
[INFO] [stdout]    |
[INFO] [stdout] 54 |     let mut v: Vec<u16, Heap> = Vec::new_in(local_heap);
[INFO] [stdout]    |                                 ^^^^^^^^^^^^^^^^^^^^^^^ the trait `Allocator` is not implemented for `Heap`
[INFO] [stdout]    |
[INFO] [stdout]    = help: the following other types implement trait `Allocator`:
[INFO] [stdout]              alloc::alloc::Global
[INFO] [stdout]              std::alloc::System
[INFO] [stdout]              &A
[INFO] [stdout] note: required by a bound in `Vec`
[INFO] [stdout]   --> /rustc/82e1608dfa6e0b5569232559e3d385fea5a93112/library/alloc/src/vec/mod.rs:396:1
[INFO] [stdout] 
[INFO] [stdout] 
[INFO] [stdout] error[E0599]: the method `push` exists for struct `Vec<u16, Heap>`, but its trait bounds were not satisfied
[INFO] [stdout]   --> examples/integration_test.rs:55:7
[INFO] [stdout]    |
[INFO] [stdout] 55 |     v.push(0xCAFE);
[INFO] [stdout]    |       ^^^^ method cannot be called on `Vec<u16, Heap>` due to unsatisfied trait bounds
[INFO] [stdout]    |
[INFO] [stdout]   ::: /opt/rustwide/workdir/src/lib.rs:12:1
[INFO] [stdout]    |
[INFO] [stdout] 12 | pub struct Heap {
[INFO] [stdout]    | --------------- doesn't satisfy `Heap: Allocator`
[INFO] [stdout]    |
[INFO] [stdout]    = note: the following trait bounds were not satisfied:
[INFO] [stdout]            `Heap: Allocator`
[INFO] [stdout] 
[INFO] [stdout] 
[INFO] [stdout] error[E0599]: no method named `extend` found for struct `Vec` in the current scope
[INFO] [stdout]   --> examples/integration_test.rs:56:7
[INFO] [stdout]    |
[INFO] [stdout] 56 |     v.extend(&[0xDEAD, 0xFEED]);
[INFO] [stdout]    |       ^^^^^^ method not found in `Vec<u16, Heap>`
[INFO] [stdout] 
[INFO] [stdout] 
[INFO] [stdout] error[E0277]: the trait bound `Heap: Allocator` is not satisfied
[INFO] [stdout]   --> examples/integration_test.rs:59:5
[INFO] [stdout]    |
[INFO] [stdout] 59 |     core::hint::black_box(&mut v);
[INFO] [stdout]    |     ^^^^^^^^^^^^^^^^^^^^^ the trait `Allocator` is not implemented for `Heap`
[INFO] [stdout]    |
[INFO] [stdout]    = help: the following other types implement trait `Allocator`:
[INFO] [stdout]              alloc::alloc::Global
[INFO] [stdout]              std::alloc::System
[INFO] [stdout]              &A
[INFO] [stdout] note: required by a bound in `Vec`
[INFO] [stdout]   --> /rustc/82e1608dfa6e0b5569232559e3d385fea5a93112/library/alloc/src/vec/mod.rs:396:1
[INFO] [stdout] 
[INFO] [stdout] 
[INFO] [stdout] error[E0277]: the trait bound `Heap: Allocator` is not satisfied
[INFO] [stdout]   --> examples/integration_test.rs:59:5
[INFO] [stdout]    |
[INFO] [stdout] 59 |     core::hint::black_box(&mut v);
[INFO] [stdout]    |     ^^^^^^^^^^^^^^^^^^^^^^^^^^^^^ the trait `Allocator` is not implemented for `Heap`
[INFO] [stdout]    |
[INFO] [stdout]    = help: the following other types implement trait `Allocator`:
[INFO] [stdout]              alloc::alloc::Global
[INFO] [stdout]              std::alloc::System
[INFO] [stdout]              &A
[INFO] [stdout] note: required by a bound in `Vec`
[INFO] [stdout]   --> /rustc/82e1608dfa6e0b5569232559e3d385fea5a93112/library/alloc/src/vec/mod.rs:396:1
[INFO] [stdout] 
[INFO] [stdout] 
[INFO] [stdout] error[E0599]: the method `as_slice` exists for struct `Vec<u16, Heap>`, but its trait bounds were not satisfied
[INFO] [stdout]   --> examples/integration_test.rs:61:18
[INFO] [stdout]    |
[INFO] [stdout] 61 |     assert_eq!(v.as_slice(), &[0xCAFE, 0xDEAD, 0xFEED]);
[INFO] [stdout]    |                  ^^^^^^^^ method cannot be called on `Vec<u16, Heap>` due to unsatisfied trait bounds
[INFO] [stdout]    |
[INFO] [stdout]   ::: /opt/rustwide/workdir/src/lib.rs:12:1
[INFO] [stdout]    |
[INFO] [stdout] 12 | pub struct Heap {
[INFO] [stdout]    | --------------- doesn't satisfy `Heap: Allocator`
[INFO] [stdout]    |
[INFO] [stdout]    = note: the following trait bounds were not satisfied:
[INFO] [stdout]            `Heap: Allocator`
[INFO] [stdout] 
[INFO] [stdout] 
[INFO] [stdout] error: aborting due to 9 previous errors
[INFO] [stdout] 
[INFO] [stdout] 
[INFO] [stdout] Some errors have detailed explanations: E0277, E0554, E0599.
[INFO] [stdout] 
[INFO] [stdout] For more information about an error, try `rustc --explain E0277`.
[INFO] [stdout] 
[INFO] [stderr] error: could not compile `embedded-alloc` (example "integration_test") due to 10 previous errors
[INFO] running `Command { std: "docker" "inspect" "fa343421a48402d259049790cbe54ab50136d6eea92dd0da4085ad718be06194", kill_on_drop: false }`
[INFO] running `Command { std: "docker" "rm" "-f" "fa343421a48402d259049790cbe54ab50136d6eea92dd0da4085ad718be06194", kill_on_drop: false }`
[INFO] [stdout] fa343421a48402d259049790cbe54ab50136d6eea92dd0da4085ad718be06194
[INFO] testing embedded-alloc-0.5.1 against beta-2023-12-22 for beta-1.76-1
[INFO] extracting crate embedded-alloc 0.5.1 into /workspace/builds/worker-1-tc2/source
[INFO] validating manifest of crates.io crate embedded-alloc 0.5.1 on toolchain beta-2023-12-22
[INFO] running `Command { std: CARGO_HOME="/workspace/cargo-home" RUSTUP_HOME="/workspace/rustup-home" "/workspace/cargo-home/bin/cargo" "+beta-2023-12-22" "metadata" "--manifest-path" "Cargo.toml" "--no-deps", kill_on_drop: false }`
[INFO] removed /workspace/builds/worker-1-tc2/source/.cargo/config.toml
[INFO] started tweaking crates.io crate embedded-alloc 0.5.1
[INFO] finished tweaking crates.io crate embedded-alloc 0.5.1
[INFO] tweaked toml for crates.io crate embedded-alloc 0.5.1 written to /workspace/builds/worker-1-tc2/source/Cargo.toml
[INFO] crate crates.io crate embedded-alloc 0.5.1 already has a lockfile, it will not be regenerated
[INFO] running `Command { std: CARGO_HOME="/workspace/cargo-home" RUSTUP_HOME="/workspace/rustup-home" "/workspace/cargo-home/bin/cargo" "+beta-2023-12-22" "fetch" "--manifest-path" "Cargo.toml", kill_on_drop: false }`
[INFO] running `Command { std: "docker" "create" "-v" "/var/lib/crater-agent-workspace/builds/worker-1-tc2/target:/opt/rustwide/target:rw,Z" "-v" "/var/lib/crater-agent-workspace/builds/worker-1-tc2/source:/opt/rustwide/workdir:ro,Z" "-v" "/var/lib/crater-agent-workspace/cargo-home:/opt/rustwide/cargo-home:ro,Z" "-v" "/var/lib/crater-agent-workspace/rustup-home:/opt/rustwide/rustup-home:ro,Z" "-e" "SOURCE_DIR=/opt/rustwide/workdir" "-e" "CARGO_TARGET_DIR=/opt/rustwide/target" "-e" "CARGO_HOME=/opt/rustwide/cargo-home" "-e" "RUSTUP_HOME=/opt/rustwide/rustup-home" "-w" "/opt/rustwide/workdir" "-m" "1610612736" "--user" "0:0" "--network" "none" "ghcr.io/rust-lang/crates-build-env/linux@sha256:2788e3201cd34a07e3172128adcd8b3090168a8e3bcc40d7c032b9dda1df7d1c" "/opt/rustwide/cargo-home/bin/cargo" "+beta-2023-12-22" "metadata" "--no-deps" "--format-version=1", kill_on_drop: false }`
[INFO] [stdout] f439eccc377062d601cf32fde0c9aab285806c7de1b794923e36075b96f86a10
[INFO] running `Command { std: "docker" "start" "-a" "f439eccc377062d601cf32fde0c9aab285806c7de1b794923e36075b96f86a10", kill_on_drop: false }`
[INFO] running `Command { std: "docker" "inspect" "f439eccc377062d601cf32fde0c9aab285806c7de1b794923e36075b96f86a10", kill_on_drop: false }`
[INFO] running `Command { std: "docker" "rm" "-f" "f439eccc377062d601cf32fde0c9aab285806c7de1b794923e36075b96f86a10", kill_on_drop: false }`
[INFO] [stdout] f439eccc377062d601cf32fde0c9aab285806c7de1b794923e36075b96f86a10
[INFO] running `Command { std: "docker" "create" "-v" "/var/lib/crater-agent-workspace/builds/worker-1-tc2/target:/opt/rustwide/target:rw,Z" "-v" "/var/lib/crater-agent-workspace/builds/worker-1-tc2/source:/opt/rustwide/workdir:ro,Z" "-v" "/var/lib/crater-agent-workspace/cargo-home:/opt/rustwide/cargo-home:ro,Z" "-v" "/var/lib/crater-agent-workspace/rustup-home:/opt/rustwide/rustup-home:ro,Z" "-e" "SOURCE_DIR=/opt/rustwide/workdir" "-e" "CARGO_TARGET_DIR=/opt/rustwide/target" "-e" "CARGO_INCREMENTAL=0" "-e" "RUST_BACKTRACE=full" "-e" "RUSTFLAGS=--cap-lints=warn" "-e" "RUSTDOCFLAGS=--cap-lints=warn" "-e" "CARGO_HOME=/opt/rustwide/cargo-home" "-e" "RUSTUP_HOME=/opt/rustwide/rustup-home" "-w" "/opt/rustwide/workdir" "-m" "1610612736" "--user" "0:0" "--network" "none" "ghcr.io/rust-lang/crates-build-env/linux@sha256:2788e3201cd34a07e3172128adcd8b3090168a8e3bcc40d7c032b9dda1df7d1c" "/opt/rustwide/cargo-home/bin/cargo" "+beta-2023-12-22" "build" "--frozen" "--message-format=json", kill_on_drop: false }`
[INFO] [stdout] 0c16af465875f308608576cf6e3b7070f8352255db41baafaddb37f9a5579ef2
[INFO] running `Command { std: "docker" "start" "-a" "0c16af465875f308608576cf6e3b7070f8352255db41baafaddb37f9a5579ef2", kill_on_drop: false }`
[INFO] [stderr]    Compiling critical-section v1.1.2
[INFO] [stderr]    Compiling linked_list_allocator v0.10.5
[INFO] [stderr]    Compiling embedded-alloc v0.5.1 (/opt/rustwide/workdir)
[INFO] [stderr]     Finished dev [unoptimized + debuginfo] target(s) in 0.13s
[INFO] running `Command { std: "docker" "inspect" "0c16af465875f308608576cf6e3b7070f8352255db41baafaddb37f9a5579ef2", kill_on_drop: false }`
[INFO] running `Command { std: "docker" "rm" "-f" "0c16af465875f308608576cf6e3b7070f8352255db41baafaddb37f9a5579ef2", kill_on_drop: false }`
[INFO] [stdout] 0c16af465875f308608576cf6e3b7070f8352255db41baafaddb37f9a5579ef2
[INFO] running `Command { std: "docker" "create" "-v" "/var/lib/crater-agent-workspace/builds/worker-1-tc2/target:/opt/rustwide/target:rw,Z" "-v" "/var/lib/crater-agent-workspace/builds/worker-1-tc2/source:/opt/rustwide/workdir:ro,Z" "-v" "/var/lib/crater-agent-workspace/cargo-home:/opt/rustwide/cargo-home:ro,Z" "-v" "/var/lib/crater-agent-workspace/rustup-home:/opt/rustwide/rustup-home:ro,Z" "-e" "SOURCE_DIR=/opt/rustwide/workdir" "-e" "CARGO_TARGET_DIR=/opt/rustwide/target" "-e" "CARGO_INCREMENTAL=0" "-e" "RUST_BACKTRACE=full" "-e" "RUSTFLAGS=--cap-lints=warn" "-e" "RUSTDOCFLAGS=--cap-lints=warn" "-e" "CARGO_HOME=/opt/rustwide/cargo-home" "-e" "RUSTUP_HOME=/opt/rustwide/rustup-home" "-w" "/opt/rustwide/workdir" "-m" "1610612736" "--user" "0:0" "--network" "none" "ghcr.io/rust-lang/crates-build-env/linux@sha256:2788e3201cd34a07e3172128adcd8b3090168a8e3bcc40d7c032b9dda1df7d1c" "/opt/rustwide/cargo-home/bin/cargo" "+beta-2023-12-22" "test" "--frozen" "--no-run" "--message-format=json", kill_on_drop: false }`
[INFO] [stdout] 88efc63d4c4564cb769c7daea87a09d726ed7793658a3d717aa7c748585ee0ba
[INFO] running `Command { std: "docker" "start" "-a" "88efc63d4c4564cb769c7daea87a09d726ed7793658a3d717aa7c748585ee0ba", kill_on_drop: false }`
[INFO] [stderr]    Compiling proc-macro2 v1.0.69
[INFO] [stderr]    Compiling cortex-m v0.7.7
[INFO] [stderr]    Compiling cortex-m-semihosting v0.5.0
[INFO] [stderr]    Compiling cortex-m-rt v0.7.3
[INFO] [stderr]    Compiling syn v1.0.109
[INFO] [stderr]    Compiling panic-semihosting v0.6.0
[INFO] [stderr]    Compiling quote v1.0.33
[INFO] [stderr]    Compiling cortex-m-rt-macros v0.7.0
[INFO] [stderr]    Compiling embedded-alloc v0.5.1 (/opt/rustwide/workdir)
[INFO] [stdout] error: language item required, but not found: `eh_personality`
[INFO] [stdout]   |
[INFO] [stdout]   = note: this can occur when a binary crate with `#![no_std]` is compiled for a target where `eh_personality` is defined in the standard library
[INFO] [stdout]   = help: you may be able to compile for a target that doesn't need `eh_personality`, specify a target with `--target` or in `.cargo/config`
[INFO] [stdout] 
[INFO] [stdout] 
[INFO] [stdout] error: aborting due to 1 previous error
[INFO] [stdout] 
[INFO] [stdout] 
[INFO] [stdout] error: language item required, but not found: `eh_personality`
[INFO] [stdout]   |
[INFO] [stdout]   = note: this can occur when a binary crate with `#![no_std]` is compiled for a target where `eh_personality` is defined in the standard library
[INFO] [stdout]   = help: you may be able to compile for a target that doesn't need `eh_personality`, specify a target with `--target` or in `.cargo/config`
[INFO] [stdout] 
[INFO] [stdout] 
[INFO] [stdout] error[E0554]: `#![feature]` may not be used on the beta release channel
[INFO] [stdout]  --> examples/allocator_api.rs:1:12
[INFO] [stdout]   |
[INFO] [stdout] 1 | #![feature(allocator_api)]
[INFO] [stdout]   |            ^^^^^^^^^^^^^
[INFO] [stdout] 
[INFO] [stdout] 
[INFO] [stderr] error: could not compile `embedded-alloc` (example "global_alloc") due to 2 previous errors
[INFO] [stderr] warning: build failed, waiting for other jobs to finish...
[INFO] [stdout] error[E0554]: `#![feature]` may not be used on the beta release channel
[INFO] [stdout]   --> examples/integration_test.rs:15:12
[INFO] [stdout]    |
[INFO] [stdout] 15 | #![feature(allocator_api)]
[INFO] [stdout]    |            ^^^^^^^^^^^^^
[INFO] [stdout] 
[INFO] [stdout] 
[INFO] [stdout] error[E0277]: the trait bound `Heap: Allocator` is not satisfied
[INFO] [stdout]   --> examples/allocator_api.rs:25:30
[INFO] [stdout]    |
[INFO] [stdout] 25 |     let mut xs = Vec::new_in(heap);
[INFO] [stdout]    |                  ----------- ^^^^ the trait `Allocator` is not implemented for `Heap`
[INFO] [stdout]    |                  |
[INFO] [stdout]    |                  required by a bound introduced by this call
[INFO] [stdout]    |
[INFO] [stdout]    = help: the following other types implement trait `Allocator`:
[INFO] [stdout]              alloc::alloc::Global
[INFO] [stdout]              &A
[INFO] [stdout] note: required by a bound in `Vec::<T, A>::new_in`
[INFO] [stdout]   --> /rustc/0e09125c6c3c2fd70d7de961bcf0e51575235fad/library/alloc/src/vec/mod.rs:609:5
[INFO] [stdout] 
[INFO] [stdout] 
[INFO] [stdout] error[E0277]: the trait bound `Heap: Allocator` is not satisfied
[INFO] [stdout]   --> examples/allocator_api.rs:25:18
[INFO] [stdout]    |
[INFO] [stdout] 25 |     let mut xs = Vec::new_in(heap);
[INFO] [stdout]    |                  ^^^^^^^^^^^^^^^^^ the trait `Allocator` is not implemented for `Heap`
[INFO] [stdout]    |
[INFO] [stdout]    = help: the following other types implement trait `Allocator`:
[INFO] [stdout]              alloc::alloc::Global
[INFO] [stdout]              &A
[INFO] [stdout] note: required by a bound in `Vec`
[INFO] [stdout]   --> /rustc/0e09125c6c3c2fd70d7de961bcf0e51575235fad/library/alloc/src/vec/mod.rs:398:1
[INFO] [stdout] 
[INFO] [stdout] 
[INFO] [stdout] error[E0277]: the trait bound `Heap: Allocator` is not satisfied
[INFO] [stdout]   --> examples/integration_test.rs:54:16
[INFO] [stdout]    |
[INFO] [stdout] 54 |     let mut v: Vec<u16, Heap> = Vec::new_in(local_heap);
[INFO] [stdout]    |                ^^^^^^^^^^^^^^ the trait `Allocator` is not implemented for `Heap`
[INFO] [stdout]    |
[INFO] [stdout]    = help: the following other types implement trait `Allocator`:
[INFO] [stdout]              alloc::alloc::Global
[INFO] [stdout]              std::alloc::System
[INFO] [stdout]              &A
[INFO] [stdout] note: required by a bound in `Vec`
[INFO] [stdout]   --> /rustc/0e09125c6c3c2fd70d7de961bcf0e51575235fad/library/alloc/src/vec/mod.rs:398:1
[INFO] [stdout] 
[INFO] [stdout] 
[INFO] [stdout] error[E0277]: the trait bound `Heap: Allocator` is not satisfied
[INFO] [stdout]   --> examples/integration_test.rs:54:45
[INFO] [stdout]    |
[INFO] [stdout] 54 |     let mut v: Vec<u16, Heap> = Vec::new_in(local_heap);
[INFO] [stdout]    |                                 ----------- ^^^^^^^^^^ the trait `Allocator` is not implemented for `Heap`
[INFO] [stdout]    |                                 |
[INFO] [stdout]    |                                 required by a bound introduced by this call
[INFO] [stdout]    |
[INFO] [stdout]    = help: the following other types implement trait `Allocator`:
[INFO] [stdout]              alloc::alloc::Global
[INFO] [stdout]              std::alloc::System
[INFO] [stdout]              &A
[INFO] [stdout] note: required by a bound in `Vec::<T, A>::new_in`
[INFO] [stdout]   --> /rustc/0e09125c6c3c2fd70d7de961bcf0e51575235fad/library/alloc/src/vec/mod.rs:609:5
[INFO] [stdout] 
[INFO] [stdout] 
[INFO] [stdout] error[E0277]: the trait bound `Heap: Allocator` is not satisfied
[INFO] [stdout]   --> examples/integration_test.rs:54:33
[INFO] [stdout]    |
[INFO] [stdout] 54 |     let mut v: Vec<u16, Heap> = Vec::new_in(local_heap);
[INFO] [stdout]    |                                 ^^^^^^^^^^^^^^^^^^^^^^^ the trait `Allocator` is not implemented for `Heap`
[INFO] [stdout]    |
[INFO] [stdout]    = help: the following other types implement trait `Allocator`:
[INFO] [stdout]              alloc::alloc::Global
[INFO] [stdout]              std::alloc::System
[INFO] [stdout]              &A
[INFO] [stdout] note: required by a bound in `Vec`
[INFO] [stdout]   --> /rustc/0e09125c6c3c2fd70d7de961bcf0e51575235fad/library/alloc/src/vec/mod.rs:398:1
[INFO] [stdout] 
[INFO] [stdout] 
[INFO] [stdout] error[E0599]: the method `push` exists for struct `Vec<_, Heap>`, but its trait bounds were not satisfied
[INFO] [stdout]   --> examples/allocator_api.rs:26:8
[INFO] [stdout]    |
[INFO] [stdout] 26 |     xs.push(1);
[INFO] [stdout]    |        ^^^^ method cannot be called on `Vec<_, Heap>` due to unsatisfied trait bounds
[INFO] [stdout]    |
[INFO] [stdout]   ::: /opt/rustwide/workdir/src/lib.rs:12:1
[INFO] [stdout]    |
[INFO] [stdout] 12 | pub struct Heap {
[INFO] [stdout]    | --------------- doesn't satisfy `Heap: Allocator`
[INFO] [stdout]    |
[INFO] [stdout]    = note: the following trait bounds were not satisfied:
[INFO] [stdout]            `Heap: Allocator`
[INFO] [stdout] 
[INFO] [stdout] 
[INFO] [stdout] error: aborting due to 5 previous errors
[INFO] [stdout] 
[INFO] [stdout] 
[INFO] [stdout] Some errors have detailed explanations: E0277, E0554, E0599.
[INFO] [stdout] 
[INFO] [stdout] For more information about an error, try `rustc --explain E0277`.
[INFO] [stdout] 
[INFO] [stderr] error: could not compile `embedded-alloc` (example "allocator_api") due to 6 previous errors
[INFO] [stdout] error[E0599]: the method `push` exists for struct `Vec<u16, Heap>`, but its trait bounds were not satisfied
[INFO] [stdout]   --> examples/integration_test.rs:55:7
[INFO] [stdout]    |
[INFO] [stdout] 55 |     v.push(0xCAFE);
[INFO] [stdout]    |       ^^^^ method cannot be called on `Vec<u16, Heap>` due to unsatisfied trait bounds
[INFO] [stdout]    |
[INFO] [stdout]   ::: /opt/rustwide/workdir/src/lib.rs:12:1
[INFO] [stdout]    |
[INFO] [stdout] 12 | pub struct Heap {
[INFO] [stdout]    | --------------- doesn't satisfy `Heap: Allocator`
[INFO] [stdout]    |
[INFO] [stdout]    = note: the following trait bounds were not satisfied:
[INFO] [stdout]            `Heap: Allocator`
[INFO] [stdout] 
[INFO] [stdout] 
[INFO] [stdout] error[E0599]: no method named `extend` found for struct `Vec` in the current scope
[INFO] [stdout]   --> examples/integration_test.rs:56:7
[INFO] [stdout]    |
[INFO] [stdout] 56 |     v.extend(&[0xDEAD, 0xFEED]);
[INFO] [stdout]    |       ^^^^^^ method not found in `Vec<u16, Heap>`
[INFO] [stdout] 
[INFO] [stdout] 
[INFO] [stdout] error[E0277]: the trait bound `Heap: Allocator` is not satisfied
[INFO] [stdout]   --> examples/integration_test.rs:59:5
[INFO] [stdout]    |
[INFO] [stdout] 59 |     core::hint::black_box(&mut v);
[INFO] [stdout]    |     ^^^^^^^^^^^^^^^^^^^^^ the trait `Allocator` is not implemented for `Heap`
[INFO] [stdout]    |
[INFO] [stdout]    = help: the following other types implement trait `Allocator`:
[INFO] [stdout]              alloc::alloc::Global
[INFO] [stdout]              std::alloc::System
[INFO] [stdout]              &A
[INFO] [stdout] note: required by a bound in `Vec`
[INFO] [stdout]   --> /rustc/0e09125c6c3c2fd70d7de961bcf0e51575235fad/library/alloc/src/vec/mod.rs:398:1
[INFO] [stdout] 
[INFO] [stdout] 
[INFO] [stdout] error[E0277]: the trait bound `Heap: Allocator` is not satisfied
[INFO] [stdout]   --> examples/integration_test.rs:59:5
[INFO] [stdout]    |
[INFO] [stdout] 59 |     core::hint::black_box(&mut v);
[INFO] [stdout]    |     ^^^^^^^^^^^^^^^^^^^^^^^^^^^^^ the trait `Allocator` is not implemented for `Heap`
[INFO] [stdout]    |
[INFO] [stdout]    = help: the following other types implement trait `Allocator`:
[INFO] [stdout]              alloc::alloc::Global
[INFO] [stdout]              std::alloc::System
[INFO] [stdout]              &A
[INFO] [stdout] note: required by a bound in `Vec`
[INFO] [stdout]   --> /rustc/0e09125c6c3c2fd70d7de961bcf0e51575235fad/library/alloc/src/vec/mod.rs:398:1
[INFO] [stdout] 
[INFO] [stdout] 
[INFO] [stdout] error[E0599]: the method `as_slice` exists for struct `Vec<u16, Heap>`, but its trait bounds were not satisfied
[INFO] [stdout]   --> examples/integration_test.rs:61:18
[INFO] [stdout]    |
[INFO] [stdout] 61 |     assert_eq!(v.as_slice(), &[0xCAFE, 0xDEAD, 0xFEED]);
[INFO] [stdout]    |                  ^^^^^^^^ method cannot be called on `Vec<u16, Heap>` due to unsatisfied trait bounds
[INFO] [stdout]    |
[INFO] [stdout]   ::: /opt/rustwide/workdir/src/lib.rs:12:1
[INFO] [stdout]    |
[INFO] [stdout] 12 | pub struct Heap {
[INFO] [stdout]    | --------------- doesn't satisfy `Heap: Allocator`
[INFO] [stdout]    |
[INFO] [stdout]    = note: the following trait bounds were not satisfied:
[INFO] [stdout]            `Heap: Allocator`
[INFO] [stdout] 
[INFO] [stdout] 
[INFO] [stdout] error: aborting due to 9 previous errors
[INFO] [stdout] 
[INFO] [stdout] 
[INFO] [stdout] Some errors have detailed explanations: E0277, E0554, E0599.
[INFO] [stdout] 
[INFO] [stdout] For more information about an error, try `rustc --explain E0277`.
[INFO] [stdout] 
[INFO] [stderr] error: could not compile `embedded-alloc` (example "integration_test") due to 10 previous errors
[INFO] running `Command { std: "docker" "inspect" "88efc63d4c4564cb769c7daea87a09d726ed7793658a3d717aa7c748585ee0ba", kill_on_drop: false }`
[INFO] running `Command { std: "docker" "rm" "-f" "88efc63d4c4564cb769c7daea87a09d726ed7793658a3d717aa7c748585ee0ba", kill_on_drop: false }`
[INFO] [stdout] 88efc63d4c4564cb769c7daea87a09d726ed7793658a3d717aa7c748585ee0ba
