[INFO] fetching crate embassy-net 0.2.1...
[INFO] testing embassy-net-0.2.1 against 1.75.0 for beta-1.76-1
[INFO] extracting crate embassy-net 0.2.1 into /workspace/builds/worker-2-tc1/source
[INFO] validating manifest of crates.io crate embassy-net 0.2.1 on toolchain 1.75.0
[INFO] running `Command { std: CARGO_HOME="/workspace/cargo-home" RUSTUP_HOME="/workspace/rustup-home" "/workspace/cargo-home/bin/cargo" "+1.75.0" "metadata" "--manifest-path" "Cargo.toml" "--no-deps", kill_on_drop: false }`
[INFO] started tweaking crates.io crate embassy-net 0.2.1
[INFO] finished tweaking crates.io crate embassy-net 0.2.1
[INFO] tweaked toml for crates.io crate embassy-net 0.2.1 written to /workspace/builds/worker-2-tc1/source/Cargo.toml
[INFO] running `Command { std: CARGO_HOME="/workspace/cargo-home" RUSTUP_HOME="/workspace/rustup-home" "/workspace/cargo-home/bin/cargo" "+1.75.0" "generate-lockfile" "--manifest-path" "Cargo.toml", kill_on_drop: false }`
[INFO] [stderr]     Updating crates.io index
[INFO] running `Command { std: CARGO_HOME="/workspace/cargo-home" RUSTUP_HOME="/workspace/rustup-home" "/workspace/cargo-home/bin/cargo" "+1.75.0" "fetch" "--manifest-path" "Cargo.toml", kill_on_drop: false }`
[INFO] [stderr]  Downloading crates ...
[INFO] [stderr]   Downloaded heapless v0.7.17
[INFO] [stderr]   Downloaded atomic-polyfill v1.0.3
[INFO] [stderr]   Downloaded embedded-nal-async v0.6.0
[INFO] [stderr]   Downloaded as-slice v0.2.1
[INFO] [stderr]   Downloaded managed v0.8.0
[INFO] [stderr]   Downloaded embassy-net-driver v0.2.0
[INFO] [stderr]   Downloaded embedded-io v0.6.1
[INFO] [stderr]   Downloaded no-std-net v0.6.0
[INFO] [stderr]   Downloaded critical-section v1.1.2
[INFO] [stderr]   Downloaded atomic-pool v1.0.1
[INFO] [stderr]   Downloaded embedded-io-async v0.6.1
[INFO] [stderr]   Downloaded smoltcp v0.10.0
[INFO] [stderr]   Downloaded embassy-time v0.1.5
[INFO] [stderr]   Downloaded hash32 v0.2.1
[INFO] [stderr]   Downloaded embedded-nal v0.7.0
[INFO] [stderr]   Downloaded embassy-sync v0.4.0
[INFO] running `Command { std: "docker" "create" "-v" "/var/lib/crater-agent-workspace/builds/worker-2-tc1/target:/opt/rustwide/target:rw,Z" "-v" "/var/lib/crater-agent-workspace/builds/worker-2-tc1/source:/opt/rustwide/workdir:ro,Z" "-v" "/var/lib/crater-agent-workspace/cargo-home:/opt/rustwide/cargo-home:ro,Z" "-v" "/var/lib/crater-agent-workspace/rustup-home:/opt/rustwide/rustup-home:ro,Z" "-e" "SOURCE_DIR=/opt/rustwide/workdir" "-e" "CARGO_TARGET_DIR=/opt/rustwide/target" "-e" "CARGO_HOME=/opt/rustwide/cargo-home" "-e" "RUSTUP_HOME=/opt/rustwide/rustup-home" "-w" "/opt/rustwide/workdir" "-m" "1610612736" "--user" "0:0" "--network" "none" "ghcr.io/rust-lang/crates-build-env/linux@sha256:2788e3201cd34a07e3172128adcd8b3090168a8e3bcc40d7c032b9dda1df7d1c" "/opt/rustwide/cargo-home/bin/cargo" "+1.75.0" "metadata" "--no-deps" "--format-version=1", kill_on_drop: false }`
[INFO] [stdout] 7550281d90854d74c7bd78019c3c4caa8a7a3daeceb70bd4c08b3ac57ac5cd82
[INFO] running `Command { std: "docker" "start" "-a" "7550281d90854d74c7bd78019c3c4caa8a7a3daeceb70bd4c08b3ac57ac5cd82", kill_on_drop: false }`
[INFO] running `Command { std: "docker" "inspect" "7550281d90854d74c7bd78019c3c4caa8a7a3daeceb70bd4c08b3ac57ac5cd82", kill_on_drop: false }`
[INFO] running `Command { std: "docker" "rm" "-f" "7550281d90854d74c7bd78019c3c4caa8a7a3daeceb70bd4c08b3ac57ac5cd82", kill_on_drop: false }`
[INFO] [stdout] 7550281d90854d74c7bd78019c3c4caa8a7a3daeceb70bd4c08b3ac57ac5cd82
[INFO] running `Command { std: "docker" "create" "-v" "/var/lib/crater-agent-workspace/builds/worker-2-tc1/target:/opt/rustwide/target:rw,Z" "-v" "/var/lib/crater-agent-workspace/builds/worker-2-tc1/source:/opt/rustwide/workdir:ro,Z" "-v" "/var/lib/crater-agent-workspace/cargo-home:/opt/rustwide/cargo-home:ro,Z" "-v" "/var/lib/crater-agent-workspace/rustup-home:/opt/rustwide/rustup-home:ro,Z" "-e" "SOURCE_DIR=/opt/rustwide/workdir" "-e" "CARGO_TARGET_DIR=/opt/rustwide/target" "-e" "CARGO_INCREMENTAL=0" "-e" "RUST_BACKTRACE=full" "-e" "RUSTFLAGS=--cap-lints=warn" "-e" "RUSTDOCFLAGS=--cap-lints=warn" "-e" "CARGO_HOME=/opt/rustwide/cargo-home" "-e" "RUSTUP_HOME=/opt/rustwide/rustup-home" "-w" "/opt/rustwide/workdir" "-m" "1610612736" "--user" "0:0" "--network" "none" "ghcr.io/rust-lang/crates-build-env/linux@sha256:2788e3201cd34a07e3172128adcd8b3090168a8e3bcc40d7c032b9dda1df7d1c" "/opt/rustwide/cargo-home/bin/cargo" "+1.75.0" "build" "--frozen" "--message-format=json", kill_on_drop: false }`
[INFO] [stdout] 9b720179a953e9e385b6a169178c7596d39d1f4bf9a7997cd7d6fbec4ab0ca30
[INFO] running `Command { std: "docker" "start" "-a" "9b720179a953e9e385b6a169178c7596d39d1f4bf9a7997cd7d6fbec4ab0ca30", kill_on_drop: false }`
[INFO] [stderr]    Compiling semver v1.0.21
[INFO] [stderr]    Compiling stable_deref_trait v1.2.0
[INFO] [stderr]    Compiling typenum v1.17.0
[INFO] [stderr]    Compiling byteorder v1.5.0
[INFO] [stderr]    Compiling futures-core v0.3.30
[INFO] [stderr]    Compiling futures-sink v0.3.30
[INFO] [stderr]    Compiling critical-section v1.1.2
[INFO] [stderr]    Compiling futures-task v0.3.30
[INFO] [stderr]    Compiling nb v1.1.0
[INFO] [stderr]    Compiling lock_api v0.4.11
[INFO] [stderr]    Compiling generic-array v0.14.7
[INFO] [stderr]    Compiling atomic-polyfill v1.0.3
[INFO] [stderr]    Compiling embassy-sync v0.4.0
[INFO] [stderr]    Compiling smoltcp v0.10.0
[INFO] [stderr]    Compiling void v1.0.2
[INFO] [stderr]    Compiling embassy-time v0.1.5
[INFO] [stderr]    Compiling nb v0.1.3
[INFO] [stderr]    Compiling futures-channel v0.3.30
[INFO] [stderr]    Compiling futures-util v0.3.30
[INFO] [stderr]    Compiling as-slice v0.2.1
[INFO] [stderr]    Compiling futures-io v0.3.30
[INFO] [stderr]    Compiling embedded-hal v0.2.7
[INFO] [stderr]    Compiling managed v0.8.0
[INFO] [stderr]    Compiling bitflags v1.3.2
[INFO] [stderr]    Compiling embassy-net-driver v0.2.0
[INFO] [stderr]    Compiling hash32 v0.2.1
[INFO] [stderr]    Compiling rustc_version v0.4.0
[INFO] [stderr]    Compiling spin v0.9.8
[INFO] [stderr]    Compiling heapless v0.7.17
[INFO] [stderr]    Compiling generic-array v0.13.3
[INFO] [stderr]    Compiling generic-array v0.12.4
[INFO] [stdout] error: You must enable at least one of the following features: proto-ipv4, proto-ipv6, proto-sixlowpan
[INFO] [stdout]   --> /opt/rustwide/cargo-home/registry/src/index.crates.io-6f17d22bba15001f/smoltcp-0.10.0/src/lib.rs:99:1
[INFO] [stdout]    |
[INFO] [stdout] 99 | compile_error!("You must enable at least one of the following features: proto-ipv4, proto-ipv6, proto-sixlowpan");
[INFO] [stdout]    | ^^^^^^^^^^^^^^^^^^^^^^^^^^^^^^^^^^^^^^^^^^^^^^^^^^^^^^^^^^^^^^^^^^^^^^^^^^^^^^^^^^^^^^^^^^^^^^^^^^^^^^^^^^^^^^^^^
[INFO] [stdout] 
[INFO] [stdout] 
[INFO] [stdout] error: If you enable the socket feature, you must enable at least one of the following features: socket-raw, socket-udp, socket-tcp, socket-icmp, socket-dhcpv4, socket-dns
[INFO] [stdout]    --> /opt/rustwide/cargo-home/registry/src/index.crates.io-6f17d22bba15001f/smoltcp-0.10.0/src/lib.rs:112:1
[INFO] [stdout]     |
[INFO] [stdout] 112 | compile_error!("If you enable the socket feature, you must enable at least one of the following features: socket-raw, socket-udp, socket-tcp, socket-icmp, socket-dhcpv4, socket-dns...
[INFO] [stdout]     | ^^^^^^^^^^^^^^^^^^^^^^^^^^^^^^^^^^^^^^^^^^^^^^^^^^^^^^^^^^^^^^^^^^^^^^^^^^^^^^^^^^^^^^^^^^^^^^^^^^^^^^^^^^^^^^^^^^^^^^^^^^^^^^^^^^^^^^^^^^^^^^^^^^^^^^^^^^^^^^^^^^^^^^^^^^^^^^^^^^^^^^
[INFO] [stdout] 
[INFO] [stdout] 
[INFO] [stdout] error: If you enable the socket feature, you must enable at least one of the following features: medium-ip, medium-ethernet, medium-ieee802154
[INFO] [stdout]    --> /opt/rustwide/cargo-home/registry/src/index.crates.io-6f17d22bba15001f/smoltcp-0.10.0/src/lib.rs:122:1
[INFO] [stdout]     |
[INFO] [stdout] 122 | compile_error!("If you enable the socket feature, you must enable at least one of the following features: medium-ip, medium-ethernet, medium-ieee802154...
[INFO] [stdout]     | ^^^^^^^^^^^^^^^^^^^^^^^^^^^^^^^^^^^^^^^^^^^^^^^^^^^^^^^^^^^^^^^^^^^^^^^^^^^^^^^^^^^^^^^^^^^^^^^^^^^^^^^^^^^^^^^^^^^^^^^^^^^^^^^^^^^^^^^^^^^^^^^^^^^^^^^^^
[INFO] [stdout] 
[INFO] [stdout] 
[INFO] [stdout] error[E0432]: unresolved import `crate::iface`
[INFO] [stdout]   --> /opt/rustwide/cargo-home/registry/src/index.crates.io-6f17d22bba15001f/smoltcp-0.10.0/src/socket/mod.rs:14:12
[INFO] [stdout]    |
[INFO] [stdout] 14 | use crate::iface::Context;
[INFO] [stdout]    |            ^^^^^ could not find `iface` in the crate root
[INFO] [stdout] 
[INFO] [stdout] 
[INFO] [stdout] error[E0392]: parameter `'a` is never used
[INFO] [stdout]   --> /opt/rustwide/cargo-home/registry/src/index.crates.io-6f17d22bba15001f/smoltcp-0.10.0/src/socket/mod.rs:59:17
[INFO] [stdout]    |
[INFO] [stdout] 59 | pub enum Socket<'a> {
[INFO] [stdout]    |                 ^^ unused parameter
[INFO] [stdout]    |
[INFO] [stdout]    = help: consider removing `'a`, referring to it in a field, or using a marker such as `PhantomData`
[INFO] [stdout] 
[INFO] [stdout] 
[INFO] [stderr]    Compiling as-slice v0.1.5
[INFO] [stdout] error: aborting due to 5 previous errors
[INFO] [stdout] 
[INFO] [stdout] 
[INFO] [stdout] Some errors have detailed explanations: E0392, E0432.
[INFO] [stdout] 
[INFO] [stdout] For more information about an error, try `rustc --explain E0392`.
[INFO] [stdout] 
[INFO] [stderr]    Compiling futures v0.3.30
[INFO] [stderr] error: could not compile `smoltcp` (lib) due to 6 previous errors
[INFO] [stderr] warning: build failed, waiting for other jobs to finish...
[INFO] running `Command { std: "docker" "inspect" "9b720179a953e9e385b6a169178c7596d39d1f4bf9a7997cd7d6fbec4ab0ca30", kill_on_drop: false }`
[INFO] running `Command { std: "docker" "rm" "-f" "9b720179a953e9e385b6a169178c7596d39d1f4bf9a7997cd7d6fbec4ab0ca30", kill_on_drop: false }`
[INFO] [stdout] 9b720179a953e9e385b6a169178c7596d39d1f4bf9a7997cd7d6fbec4ab0ca30
[INFO] testing embassy-net-0.2.1 against beta-2023-12-22 for beta-1.76-1
[INFO] extracting crate embassy-net 0.2.1 into /workspace/builds/worker-2-tc2/source
[INFO] validating manifest of crates.io crate embassy-net 0.2.1 on toolchain beta-2023-12-22
[INFO] running `Command { std: CARGO_HOME="/workspace/cargo-home" RUSTUP_HOME="/workspace/rustup-home" "/workspace/cargo-home/bin/cargo" "+beta-2023-12-22" "metadata" "--manifest-path" "Cargo.toml" "--no-deps", kill_on_drop: false }`
[INFO] started tweaking crates.io crate embassy-net 0.2.1
[INFO] finished tweaking crates.io crate embassy-net 0.2.1
[INFO] tweaked toml for crates.io crate embassy-net 0.2.1 written to /workspace/builds/worker-2-tc2/source/Cargo.toml
[INFO] running `Command { std: CARGO_HOME="/workspace/cargo-home" RUSTUP_HOME="/workspace/rustup-home" "/workspace/cargo-home/bin/cargo" "+beta-2023-12-22" "generate-lockfile" "--manifest-path" "Cargo.toml", kill_on_drop: false }`
[INFO] [stderr]     Updating crates.io index
[INFO] running `Command { std: CARGO_HOME="/workspace/cargo-home" RUSTUP_HOME="/workspace/rustup-home" "/workspace/cargo-home/bin/cargo" "+beta-2023-12-22" "fetch" "--manifest-path" "Cargo.toml", kill_on_drop: false }`
[INFO] running `Command { std: "docker" "create" "-v" "/var/lib/crater-agent-workspace/builds/worker-2-tc2/target:/opt/rustwide/target:rw,Z" "-v" "/var/lib/crater-agent-workspace/builds/worker-2-tc2/source:/opt/rustwide/workdir:ro,Z" "-v" "/var/lib/crater-agent-workspace/cargo-home:/opt/rustwide/cargo-home:ro,Z" "-v" "/var/lib/crater-agent-workspace/rustup-home:/opt/rustwide/rustup-home:ro,Z" "-e" "SOURCE_DIR=/opt/rustwide/workdir" "-e" "CARGO_TARGET_DIR=/opt/rustwide/target" "-e" "CARGO_HOME=/opt/rustwide/cargo-home" "-e" "RUSTUP_HOME=/opt/rustwide/rustup-home" "-w" "/opt/rustwide/workdir" "-m" "1610612736" "--user" "0:0" "--network" "none" "ghcr.io/rust-lang/crates-build-env/linux@sha256:2788e3201cd34a07e3172128adcd8b3090168a8e3bcc40d7c032b9dda1df7d1c" "/opt/rustwide/cargo-home/bin/cargo" "+beta-2023-12-22" "metadata" "--no-deps" "--format-version=1", kill_on_drop: false }`
[INFO] [stdout] 8874eb0459893fabdfe213e8c422a9a752784f00313b358a6050584d1056850f
[INFO] running `Command { std: "docker" "start" "-a" "8874eb0459893fabdfe213e8c422a9a752784f00313b358a6050584d1056850f", kill_on_drop: false }`
[INFO] running `Command { std: "docker" "inspect" "8874eb0459893fabdfe213e8c422a9a752784f00313b358a6050584d1056850f", kill_on_drop: false }`
[INFO] running `Command { std: "docker" "rm" "-f" "8874eb0459893fabdfe213e8c422a9a752784f00313b358a6050584d1056850f", kill_on_drop: false }`
[INFO] [stdout] 8874eb0459893fabdfe213e8c422a9a752784f00313b358a6050584d1056850f
[INFO] running `Command { std: "docker" "create" "-v" "/var/lib/crater-agent-workspace/builds/worker-2-tc2/target:/opt/rustwide/target:rw,Z" "-v" "/var/lib/crater-agent-workspace/builds/worker-2-tc2/source:/opt/rustwide/workdir:ro,Z" "-v" "/var/lib/crater-agent-workspace/cargo-home:/opt/rustwide/cargo-home:ro,Z" "-v" "/var/lib/crater-agent-workspace/rustup-home:/opt/rustwide/rustup-home:ro,Z" "-e" "SOURCE_DIR=/opt/rustwide/workdir" "-e" "CARGO_TARGET_DIR=/opt/rustwide/target" "-e" "CARGO_INCREMENTAL=0" "-e" "RUST_BACKTRACE=full" "-e" "RUSTFLAGS=--cap-lints=warn" "-e" "RUSTDOCFLAGS=--cap-lints=warn" "-e" "CARGO_HOME=/opt/rustwide/cargo-home" "-e" "RUSTUP_HOME=/opt/rustwide/rustup-home" "-w" "/opt/rustwide/workdir" "-m" "1610612736" "--user" "0:0" "--network" "none" "ghcr.io/rust-lang/crates-build-env/linux@sha256:2788e3201cd34a07e3172128adcd8b3090168a8e3bcc40d7c032b9dda1df7d1c" "/opt/rustwide/cargo-home/bin/cargo" "+beta-2023-12-22" "build" "--frozen" "--message-format=json", kill_on_drop: false }`
[INFO] [stdout] 246d37567f66e6a6aa9f02d7bb0ebd807890f4141c2d8b7a36146ade8b619cce
[INFO] running `Command { std: "docker" "start" "-a" "246d37567f66e6a6aa9f02d7bb0ebd807890f4141c2d8b7a36146ade8b619cce", kill_on_drop: false }`
[INFO] [stderr]    Compiling semver v1.0.21
[INFO] [stderr]    Compiling typenum v1.17.0
[INFO] [stderr]    Compiling stable_deref_trait v1.2.0
[INFO] [stderr]    Compiling futures-core v0.3.30
[INFO] [stderr]    Compiling futures-sink v0.3.30
[INFO] [stderr]    Compiling byteorder v1.5.0
[INFO] [stderr]    Compiling critical-section v1.1.2
[INFO] [stderr]    Compiling futures-task v0.3.30
[INFO] [stderr]    Compiling lock_api v0.4.11
[INFO] [stderr]    Compiling generic-array v0.14.7
[INFO] [stderr]    Compiling atomic-polyfill v1.0.3
[INFO] [stderr]    Compiling nb v1.1.0
[INFO] [stderr]    Compiling smoltcp v0.10.0
[INFO] [stderr]    Compiling embassy-time v0.1.5
[INFO] [stderr]    Compiling embassy-sync v0.4.0
[INFO] [stderr]    Compiling void v1.0.2
[INFO] [stderr]    Compiling as-slice v0.2.1
[INFO] [stderr]    Compiling managed v0.8.0
[INFO] [stderr]    Compiling futures-util v0.3.30
[INFO] [stderr]    Compiling nb v0.1.3
[INFO] [stderr]    Compiling futures-channel v0.3.30
[INFO] [stderr]    Compiling bitflags v1.3.2
[INFO] [stderr]    Compiling futures-io v0.3.30
[INFO] [stderr]    Compiling embassy-net-driver v0.2.0
[INFO] [stderr]    Compiling hash32 v0.2.1
[INFO] [stderr]    Compiling embedded-hal v0.2.7
[INFO] [stderr]    Compiling spin v0.9.8
[INFO] [stderr]    Compiling rustc_version v0.4.0
[INFO] [stderr]    Compiling heapless v0.7.17
[INFO] [stderr]    Compiling generic-array v0.12.4
[INFO] [stderr]    Compiling generic-array v0.13.3
[INFO] [stdout] error: You must enable at least one of the following features: proto-ipv4, proto-ipv6, proto-sixlowpan
[INFO] [stdout]   --> /opt/rustwide/cargo-home/registry/src/index.crates.io-6f17d22bba15001f/smoltcp-0.10.0/src/lib.rs:99:1
[INFO] [stdout]    |
[INFO] [stdout] 99 | compile_error!("You must enable at least one of the following features: proto-ipv4, proto-ipv6, proto-sixlowpan");
[INFO] [stdout]    | ^^^^^^^^^^^^^^^^^^^^^^^^^^^^^^^^^^^^^^^^^^^^^^^^^^^^^^^^^^^^^^^^^^^^^^^^^^^^^^^^^^^^^^^^^^^^^^^^^^^^^^^^^^^^^^^^^
[INFO] [stdout] 
[INFO] [stdout] 
[INFO] [stdout] error: If you enable the socket feature, you must enable at least one of the following features: socket-raw, socket-udp, socket-tcp, socket-icmp, socket-dhcpv4, socket-dns
[INFO] [stdout]    --> /opt/rustwide/cargo-home/registry/src/index.crates.io-6f17d22bba15001f/smoltcp-0.10.0/src/lib.rs:112:1
[INFO] [stdout]     |
[INFO] [stdout] 112 | compile_error!("If you enable the socket feature, you must enable at least one of the following features: socket-raw, socket-udp, socket-tcp, socket-icmp, socket-dhcpv4, socket-dns...
[INFO] [stdout]     | ^^^^^^^^^^^^^^^^^^^^^^^^^^^^^^^^^^^^^^^^^^^^^^^^^^^^^^^^^^^^^^^^^^^^^^^^^^^^^^^^^^^^^^^^^^^^^^^^^^^^^^^^^^^^^^^^^^^^^^^^^^^^^^^^^^^^^^^^^^^^^^^^^^^^^^^^^^^^^^^^^^^^^^^^^^^^^^^^^^^^^^
[INFO] [stdout] 
[INFO] [stdout] 
[INFO] [stdout] error: If you enable the socket feature, you must enable at least one of the following features: medium-ip, medium-ethernet, medium-ieee802154
[INFO] [stdout]    --> /opt/rustwide/cargo-home/registry/src/index.crates.io-6f17d22bba15001f/smoltcp-0.10.0/src/lib.rs:122:1
[INFO] [stdout]     |
[INFO] [stdout] 122 | compile_error!("If you enable the socket feature, you must enable at least one of the following features: medium-ip, medium-ethernet, medium-ieee802154...
[INFO] [stdout]     | ^^^^^^^^^^^^^^^^^^^^^^^^^^^^^^^^^^^^^^^^^^^^^^^^^^^^^^^^^^^^^^^^^^^^^^^^^^^^^^^^^^^^^^^^^^^^^^^^^^^^^^^^^^^^^^^^^^^^^^^^^^^^^^^^^^^^^^^^^^^^^^^^^^^^^^^^^
[INFO] [stdout] 
[INFO] [stdout] 
[INFO] [stdout] error[E0432]: unresolved import `crate::iface`
[INFO] [stdout]   --> /opt/rustwide/cargo-home/registry/src/index.crates.io-6f17d22bba15001f/smoltcp-0.10.0/src/socket/mod.rs:14:12
[INFO] [stdout]    |
[INFO] [stdout] 14 | use crate::iface::Context;
[INFO] [stdout]    |            ^^^^^ could not find `iface` in the crate root
[INFO] [stdout] 
[INFO] [stdout] 
[INFO] [stdout] error[E0392]: parameter `'a` is never used
[INFO] [stdout]   --> /opt/rustwide/cargo-home/registry/src/index.crates.io-6f17d22bba15001f/smoltcp-0.10.0/src/socket/mod.rs:59:17
[INFO] [stdout]    |
[INFO] [stdout] 59 | pub enum Socket<'a> {
[INFO] [stdout]    |                 ^^ unused parameter
[INFO] [stdout]    |
[INFO] [stdout]    = help: consider removing `'a`, referring to it in a field, or using a marker such as `PhantomData`
[INFO] [stdout] 
[INFO] [stdout] 
[INFO] [stderr]    Compiling as-slice v0.1.5
[INFO] [stderr]    Compiling futures v0.3.30
[INFO] [stdout] error: aborting due to 5 previous errors
[INFO] [stdout] 
[INFO] [stdout] 
[INFO] [stdout] Some errors have detailed explanations: E0392, E0432.
[INFO] [stdout] 
[INFO] [stdout] For more information about an error, try `rustc --explain E0392`.
[INFO] [stdout] 
[INFO] [stderr] error: could not compile `smoltcp` (lib) due to 6 previous errors
[INFO] [stderr] warning: build failed, waiting for other jobs to finish...
[INFO] running `Command { std: "docker" "inspect" "246d37567f66e6a6aa9f02d7bb0ebd807890f4141c2d8b7a36146ade8b619cce", kill_on_drop: false }`
[INFO] running `Command { std: "docker" "rm" "-f" "246d37567f66e6a6aa9f02d7bb0ebd807890f4141c2d8b7a36146ade8b619cce", kill_on_drop: false }`
[INFO] [stdout] 246d37567f66e6a6aa9f02d7bb0ebd807890f4141c2d8b7a36146ade8b619cce
