[INFO] fetching crate ellie_renderer_utils 0.3.0...
[INFO] testing ellie_renderer_utils-0.3.0 against 1.75.0 for beta-1.76-1
[INFO] extracting crate ellie_renderer_utils 0.3.0 into /workspace/builds/worker-2-tc1/source
[INFO] validating manifest of crates.io crate ellie_renderer_utils 0.3.0 on toolchain 1.75.0
[INFO] running `Command { std: CARGO_HOME="/workspace/cargo-home" RUSTUP_HOME="/workspace/rustup-home" "/workspace/cargo-home/bin/cargo" "+1.75.0" "metadata" "--manifest-path" "Cargo.toml" "--no-deps", kill_on_drop: false }`
[INFO] started tweaking crates.io crate ellie_renderer_utils 0.3.0
[INFO] finished tweaking crates.io crate ellie_renderer_utils 0.3.0
[INFO] tweaked toml for crates.io crate ellie_renderer_utils 0.3.0 written to /workspace/builds/worker-2-tc1/source/Cargo.toml
[INFO] running `Command { std: CARGO_HOME="/workspace/cargo-home" RUSTUP_HOME="/workspace/rustup-home" "/workspace/cargo-home/bin/cargo" "+1.75.0" "generate-lockfile" "--manifest-path" "Cargo.toml", kill_on_drop: false }`
[INFO] [stderr]     Updating crates.io index
[INFO] running `Command { std: CARGO_HOME="/workspace/cargo-home" RUSTUP_HOME="/workspace/rustup-home" "/workspace/cargo-home/bin/cargo" "+1.75.0" "fetch" "--manifest-path" "Cargo.toml", kill_on_drop: false }`
[INFO] [stderr]  Downloading crates ...
[INFO] [stderr]   Downloaded ellie_core v0.7.2
[INFO] [stderr]   Downloaded path-absolutize v3.1.1
[INFO] [stderr]   Downloaded clap_complete v3.2.5
[INFO] [stderr]   Downloaded path-dedot v3.1.1
[INFO] running `Command { std: "docker" "create" "-v" "/var/lib/crater-agent-workspace/builds/worker-2-tc1/target:/opt/rustwide/target:rw,Z" "-v" "/var/lib/crater-agent-workspace/builds/worker-2-tc1/source:/opt/rustwide/workdir:ro,Z" "-v" "/var/lib/crater-agent-workspace/cargo-home:/opt/rustwide/cargo-home:ro,Z" "-v" "/var/lib/crater-agent-workspace/rustup-home:/opt/rustwide/rustup-home:ro,Z" "-e" "SOURCE_DIR=/opt/rustwide/workdir" "-e" "CARGO_TARGET_DIR=/opt/rustwide/target" "-e" "CARGO_HOME=/opt/rustwide/cargo-home" "-e" "RUSTUP_HOME=/opt/rustwide/rustup-home" "-w" "/opt/rustwide/workdir" "-m" "1610612736" "--user" "0:0" "--network" "none" "ghcr.io/rust-lang/crates-build-env/linux@sha256:2788e3201cd34a07e3172128adcd8b3090168a8e3bcc40d7c032b9dda1df7d1c" "/opt/rustwide/cargo-home/bin/cargo" "+1.75.0" "metadata" "--no-deps" "--format-version=1", kill_on_drop: false }`
[INFO] [stdout] d93fd079548db018c8517c0c3dc6341fd23596b2e64f3cff4969ff2a956a9f0f
[INFO] running `Command { std: "docker" "start" "-a" "d93fd079548db018c8517c0c3dc6341fd23596b2e64f3cff4969ff2a956a9f0f", kill_on_drop: false }`
[INFO] running `Command { std: "docker" "inspect" "d93fd079548db018c8517c0c3dc6341fd23596b2e64f3cff4969ff2a956a9f0f", kill_on_drop: false }`
[INFO] running `Command { std: "docker" "rm" "-f" "d93fd079548db018c8517c0c3dc6341fd23596b2e64f3cff4969ff2a956a9f0f", kill_on_drop: false }`
[INFO] [stdout] d93fd079548db018c8517c0c3dc6341fd23596b2e64f3cff4969ff2a956a9f0f
[INFO] running `Command { std: "docker" "create" "-v" "/var/lib/crater-agent-workspace/builds/worker-2-tc1/target:/opt/rustwide/target:rw,Z" "-v" "/var/lib/crater-agent-workspace/builds/worker-2-tc1/source:/opt/rustwide/workdir:ro,Z" "-v" "/var/lib/crater-agent-workspace/cargo-home:/opt/rustwide/cargo-home:ro,Z" "-v" "/var/lib/crater-agent-workspace/rustup-home:/opt/rustwide/rustup-home:ro,Z" "-e" "SOURCE_DIR=/opt/rustwide/workdir" "-e" "CARGO_TARGET_DIR=/opt/rustwide/target" "-e" "CARGO_INCREMENTAL=0" "-e" "RUST_BACKTRACE=full" "-e" "RUSTFLAGS=--cap-lints=warn" "-e" "RUSTDOCFLAGS=--cap-lints=warn" "-e" "CARGO_HOME=/opt/rustwide/cargo-home" "-e" "RUSTUP_HOME=/opt/rustwide/rustup-home" "-w" "/opt/rustwide/workdir" "-m" "1610612736" "--user" "0:0" "--network" "none" "ghcr.io/rust-lang/crates-build-env/linux@sha256:2788e3201cd34a07e3172128adcd8b3090168a8e3bcc40d7c032b9dda1df7d1c" "/opt/rustwide/cargo-home/bin/cargo" "+1.75.0" "build" "--frozen" "--message-format=json", kill_on_drop: false }`
[INFO] [stdout] ea57eb4908ca15bb2a29a76f1c3f66795f8d52624babd27b17658fe183825e1f
[INFO] running `Command { std: "docker" "start" "-a" "ea57eb4908ca15bb2a29a76f1c3f66795f8d52624babd27b17658fe183825e1f", kill_on_drop: false }`
[INFO] [stderr]    Compiling proc-macro2 v1.0.75
[INFO] [stderr]    Compiling unicode-ident v1.0.12
[INFO] [stderr]    Compiling libc v0.2.151
[INFO] [stderr]    Compiling serde v1.0.194
[INFO] [stderr]    Compiling hashbrown v0.12.3
[INFO] [stderr]    Compiling regex-syntax v0.8.2
[INFO] [stderr]    Compiling serde_json v1.0.111
[INFO] [stderr]    Compiling os_str_bytes v6.6.1
[INFO] [stderr]    Compiling ryu v1.0.16
[INFO] [stderr]    Compiling once_cell v1.19.0
[INFO] [stderr]    Compiling textwrap v0.16.0
[INFO] [stderr]    Compiling bitflags v1.3.2
[INFO] [stderr]    Compiling heck v0.4.1
[INFO] [stderr]    Compiling termcolor v1.4.0
[INFO] [stderr]    Compiling itoa v1.0.10
[INFO] [stderr]    Compiling indexmap v1.9.3
[INFO] [stderr]    Compiling strsim v0.10.0
[INFO] [stderr]    Compiling lazy_static v1.4.0
[INFO] [stderr]    Compiling path-dedot v3.1.1
[INFO] [stderr]    Compiling clap_lex v0.2.4
[INFO] [stderr]    Compiling path-absolutize v3.1.1
[INFO] [stderr]    Compiling quote v1.0.35
[INFO] [stderr]    Compiling atty v0.2.14
[INFO] [stderr]    Compiling clap v3.2.25
[INFO] [stderr]    Compiling syn v2.0.48
[INFO] [stderr]    Compiling regex-automata v0.4.3
[INFO] [stderr]    Compiling regex v1.10.2
[INFO] [stderr]    Compiling serde_derive v1.0.194
[INFO] [stderr]    Compiling enum-as-inner v0.6.0
[INFO] [stderr]    Compiling clap_complete v3.2.5
[INFO] [stderr]    Compiling ellie_core v0.7.2
[INFO] [stderr]    Compiling ellie_renderer_utils v0.3.0 (/opt/rustwide/workdir)
[INFO] [stdout] error[E0432]: unresolved imports `ellie_core::error`, `ellie_core::warning`
[INFO] [stdout]   --> src/utils.rs:1:24
[INFO] [stdout]    |
[INFO] [stdout] 1  | use ellie_core::{defs, error, warning};
[INFO] [stdout]    |                        ^^^^^  ^^^^^^^ no `warning` in the root
[INFO] [stdout]    |                        |
[INFO] [stdout]    |                        no `error` in the root
[INFO] [stdout]    |
[INFO] [stdout]    = help: consider importing one of these items instead:
[INFO] [stdout]            clap::error
[INFO] [stdout]            serde_json::error
[INFO] [stdout]            std::error
[INFO] [stdout]            core::error
[INFO] [stdout] note: found an item that was configured out
[INFO] [stdout]   --> /opt/rustwide/cargo-home/registry/src/index.crates.io-6f17d22bba15001f/ellie_core-0.7.2/src/lib.rs:23:9
[INFO] [stdout]    |
[INFO] [stdout] 23 | pub mod error;
[INFO] [stdout]    |         ^^^^^
[INFO] [stdout]    = note: the item is gated behind the `compiler_utils` feature
[INFO] [stdout] note: found an item that was configured out
[INFO] [stdout]   --> /opt/rustwide/cargo-home/registry/src/index.crates.io-6f17d22bba15001f/ellie_core-0.7.2/src/lib.rs:33:9
[INFO] [stdout]    |
[INFO] [stdout] 33 | pub mod warning;
[INFO] [stdout]    |         ^^^^^^^
[INFO] [stdout]    = note: the item is gated behind the `compiler_utils` feature
[INFO] [stdout] 
[INFO] [stdout] 
[INFO] [stdout] error[E0433]: failed to resolve: could not find `warning` in `ellie_core`
[INFO] [stdout]   --> src/outputs.rs:72:72
[INFO] [stdout]    |
[INFO] [stdout] 72 |     pub static ref COMPILER_WARNINGS: CliOuput<String, Vec<ellie_core::warning::Warning>> =
[INFO] [stdout]    |                                                                        ^^^^^^^ could not find `warning` in `ellie_core`
[INFO] [stdout] 
[INFO] [stdout] 
[INFO] [stdout] error[E0433]: failed to resolve: could not find `error` in `ellie_core`
[INFO] [stdout]   --> src/outputs.rs:66:70
[INFO] [stdout]    |
[INFO] [stdout] 66 |     pub static ref COMPILER_ERRORS: CliOuput<String, Vec<ellie_core::error::Error>> = CliOuput {
[INFO] [stdout]    |                                                                      ^^^^^ could not find `error` in `ellie_core`
[INFO] [stdout]    |
[INFO] [stdout] help: consider importing one of these items
[INFO] [stdout]    |
[INFO] [stdout] 1  + use clap::error;
[INFO] [stdout]    |
[INFO] [stdout] 1  + use core::error;
[INFO] [stdout]    |
[INFO] [stdout] 1  + use serde_json::error;
[INFO] [stdout]    |
[INFO] [stdout] 1  + use std::error;
[INFO] [stdout]    |
[INFO] [stdout] help: if you import `error`, refer to it directly
[INFO] [stdout]    |
[INFO] [stdout] 66 -     pub static ref COMPILER_ERRORS: CliOuput<String, Vec<ellie_core::error::Error>> = CliOuput {
[INFO] [stdout] 66 +     pub static ref COMPILER_ERRORS: CliOuput<String, Vec<error::Error>> = CliOuput {
[INFO] [stdout]    |
[INFO] [stdout] 
[INFO] [stdout] 
[INFO] [stdout] error: aborting due to 3 previous errors
[INFO] [stdout] 
[INFO] [stdout] 
[INFO] [stdout] Some errors have detailed explanations: E0432, E0433.
[INFO] [stdout] 
[INFO] [stdout] For more information about an error, try `rustc --explain E0432`.
[INFO] [stdout] 
[INFO] [stderr] error: could not compile `ellie_renderer_utils` (lib) due to 4 previous errors
[INFO] [stderr] warning: build failed, waiting for other jobs to finish...
[INFO] running `Command { std: "docker" "inspect" "ea57eb4908ca15bb2a29a76f1c3f66795f8d52624babd27b17658fe183825e1f", kill_on_drop: false }`
[INFO] running `Command { std: "docker" "rm" "-f" "ea57eb4908ca15bb2a29a76f1c3f66795f8d52624babd27b17658fe183825e1f", kill_on_drop: false }`
[INFO] [stdout] ea57eb4908ca15bb2a29a76f1c3f66795f8d52624babd27b17658fe183825e1f
[INFO] testing ellie_renderer_utils-0.3.0 against beta-2023-12-22 for beta-1.76-1
[INFO] extracting crate ellie_renderer_utils 0.3.0 into /workspace/builds/worker-2-tc2/source
[INFO] validating manifest of crates.io crate ellie_renderer_utils 0.3.0 on toolchain beta-2023-12-22
[INFO] running `Command { std: CARGO_HOME="/workspace/cargo-home" RUSTUP_HOME="/workspace/rustup-home" "/workspace/cargo-home/bin/cargo" "+beta-2023-12-22" "metadata" "--manifest-path" "Cargo.toml" "--no-deps", kill_on_drop: false }`
[INFO] started tweaking crates.io crate ellie_renderer_utils 0.3.0
[INFO] finished tweaking crates.io crate ellie_renderer_utils 0.3.0
[INFO] tweaked toml for crates.io crate ellie_renderer_utils 0.3.0 written to /workspace/builds/worker-2-tc2/source/Cargo.toml
[INFO] running `Command { std: CARGO_HOME="/workspace/cargo-home" RUSTUP_HOME="/workspace/rustup-home" "/workspace/cargo-home/bin/cargo" "+beta-2023-12-22" "generate-lockfile" "--manifest-path" "Cargo.toml", kill_on_drop: false }`
[INFO] [stderr]     Updating crates.io index
[INFO] running `Command { std: CARGO_HOME="/workspace/cargo-home" RUSTUP_HOME="/workspace/rustup-home" "/workspace/cargo-home/bin/cargo" "+beta-2023-12-22" "fetch" "--manifest-path" "Cargo.toml", kill_on_drop: false }`
[INFO] running `Command { std: "docker" "create" "-v" "/var/lib/crater-agent-workspace/builds/worker-2-tc2/target:/opt/rustwide/target:rw,Z" "-v" "/var/lib/crater-agent-workspace/builds/worker-2-tc2/source:/opt/rustwide/workdir:ro,Z" "-v" "/var/lib/crater-agent-workspace/cargo-home:/opt/rustwide/cargo-home:ro,Z" "-v" "/var/lib/crater-agent-workspace/rustup-home:/opt/rustwide/rustup-home:ro,Z" "-e" "SOURCE_DIR=/opt/rustwide/workdir" "-e" "CARGO_TARGET_DIR=/opt/rustwide/target" "-e" "CARGO_HOME=/opt/rustwide/cargo-home" "-e" "RUSTUP_HOME=/opt/rustwide/rustup-home" "-w" "/opt/rustwide/workdir" "-m" "1610612736" "--user" "0:0" "--network" "none" "ghcr.io/rust-lang/crates-build-env/linux@sha256:2788e3201cd34a07e3172128adcd8b3090168a8e3bcc40d7c032b9dda1df7d1c" "/opt/rustwide/cargo-home/bin/cargo" "+beta-2023-12-22" "metadata" "--no-deps" "--format-version=1", kill_on_drop: false }`
[INFO] [stdout] c46b109e48d87cde7c2607805d07be4190fa0487e11fa1dddfe74aa7a8541ddf
[INFO] running `Command { std: "docker" "start" "-a" "c46b109e48d87cde7c2607805d07be4190fa0487e11fa1dddfe74aa7a8541ddf", kill_on_drop: false }`
[INFO] running `Command { std: "docker" "inspect" "c46b109e48d87cde7c2607805d07be4190fa0487e11fa1dddfe74aa7a8541ddf", kill_on_drop: false }`
[INFO] running `Command { std: "docker" "rm" "-f" "c46b109e48d87cde7c2607805d07be4190fa0487e11fa1dddfe74aa7a8541ddf", kill_on_drop: false }`
[INFO] [stdout] c46b109e48d87cde7c2607805d07be4190fa0487e11fa1dddfe74aa7a8541ddf
[INFO] running `Command { std: "docker" "create" "-v" "/var/lib/crater-agent-workspace/builds/worker-2-tc2/target:/opt/rustwide/target:rw,Z" "-v" "/var/lib/crater-agent-workspace/builds/worker-2-tc2/source:/opt/rustwide/workdir:ro,Z" "-v" "/var/lib/crater-agent-workspace/cargo-home:/opt/rustwide/cargo-home:ro,Z" "-v" "/var/lib/crater-agent-workspace/rustup-home:/opt/rustwide/rustup-home:ro,Z" "-e" "SOURCE_DIR=/opt/rustwide/workdir" "-e" "CARGO_TARGET_DIR=/opt/rustwide/target" "-e" "CARGO_INCREMENTAL=0" "-e" "RUST_BACKTRACE=full" "-e" "RUSTFLAGS=--cap-lints=warn" "-e" "RUSTDOCFLAGS=--cap-lints=warn" "-e" "CARGO_HOME=/opt/rustwide/cargo-home" "-e" "RUSTUP_HOME=/opt/rustwide/rustup-home" "-w" "/opt/rustwide/workdir" "-m" "1610612736" "--user" "0:0" "--network" "none" "ghcr.io/rust-lang/crates-build-env/linux@sha256:2788e3201cd34a07e3172128adcd8b3090168a8e3bcc40d7c032b9dda1df7d1c" "/opt/rustwide/cargo-home/bin/cargo" "+beta-2023-12-22" "build" "--frozen" "--message-format=json", kill_on_drop: false }`
[INFO] [stdout] 5caaa9016b53f49a318be70c03ea75452e2d0b79b4a7f74391777e1518ac7166
[INFO] running `Command { std: "docker" "start" "-a" "5caaa9016b53f49a318be70c03ea75452e2d0b79b4a7f74391777e1518ac7166", kill_on_drop: false }`
[INFO] [stderr]    Compiling proc-macro2 v1.0.75
[INFO] [stderr]    Compiling unicode-ident v1.0.12
[INFO] [stderr]    Compiling libc v0.2.151
[INFO] [stderr]    Compiling serde v1.0.194
[INFO] [stderr]    Compiling regex-syntax v0.8.2
[INFO] [stderr]    Compiling hashbrown v0.12.3
[INFO] [stderr]    Compiling serde_json v1.0.111
[INFO] [stderr]    Compiling os_str_bytes v6.6.1
[INFO] [stderr]    Compiling itoa v1.0.10
[INFO] [stderr]    Compiling heck v0.4.1
[INFO] [stderr]    Compiling textwrap v0.16.0
[INFO] [stderr]    Compiling termcolor v1.4.0
[INFO] [stderr]    Compiling bitflags v1.3.2
[INFO] [stderr]    Compiling ryu v1.0.16
[INFO] [stderr]    Compiling strsim v0.10.0
[INFO] [stderr]    Compiling indexmap v1.9.3
[INFO] [stderr]    Compiling once_cell v1.19.0
[INFO] [stderr]    Compiling lazy_static v1.4.0
[INFO] [stderr]    Compiling clap_lex v0.2.4
[INFO] [stderr]    Compiling path-dedot v3.1.1
[INFO] [stderr]    Compiling path-absolutize v3.1.1
[INFO] [stderr]    Compiling quote v1.0.35
[INFO] [stderr]    Compiling syn v2.0.48
[INFO] [stderr]    Compiling atty v0.2.14
[INFO] [stderr]    Compiling clap v3.2.25
[INFO] [stderr]    Compiling regex-automata v0.4.3
[INFO] [stderr]    Compiling regex v1.10.2
[INFO] [stderr]    Compiling serde_derive v1.0.194
[INFO] [stderr]    Compiling enum-as-inner v0.6.0
[INFO] [stderr]    Compiling clap_complete v3.2.5
[INFO] [stderr]    Compiling ellie_core v0.7.2
[INFO] [stderr]    Compiling ellie_renderer_utils v0.3.0 (/opt/rustwide/workdir)
[INFO] [stdout] error[E0432]: unresolved imports `ellie_core::error`, `ellie_core::warning`
[INFO] [stdout]   --> src/utils.rs:1:24
[INFO] [stdout]    |
[INFO] [stdout] 1  | use ellie_core::{defs, error, warning};
[INFO] [stdout]    |                        ^^^^^  ^^^^^^^ no `warning` in the root
[INFO] [stdout]    |                        |
[INFO] [stdout]    |                        no `error` in the root
[INFO] [stdout]    |
[INFO] [stdout]    = help: consider importing one of these items instead:
[INFO] [stdout]            clap::error
[INFO] [stdout]            core::error
[INFO] [stdout]            serde_json::error
[INFO] [stdout]            std::error
[INFO] [stdout] note: found an item that was configured out
[INFO] [stdout]   --> /opt/rustwide/cargo-home/registry/src/index.crates.io-6f17d22bba15001f/ellie_core-0.7.2/src/lib.rs:23:9
[INFO] [stdout]    |
[INFO] [stdout] 23 | pub mod error;
[INFO] [stdout]    |         ^^^^^
[INFO] [stdout]    = note: the item is gated behind the `compiler_utils` feature
[INFO] [stdout] note: found an item that was configured out
[INFO] [stdout]   --> /opt/rustwide/cargo-home/registry/src/index.crates.io-6f17d22bba15001f/ellie_core-0.7.2/src/lib.rs:33:9
[INFO] [stdout]    |
[INFO] [stdout] 33 | pub mod warning;
[INFO] [stdout]    |         ^^^^^^^
[INFO] [stdout]    = note: the item is gated behind the `compiler_utils` feature
[INFO] [stdout] 
[INFO] [stdout] 
[INFO] [stdout] error[E0433]: failed to resolve: could not find `warning` in `ellie_core`
[INFO] [stdout]   --> src/outputs.rs:72:72
[INFO] [stdout]    |
[INFO] [stdout] 72 |     pub static ref COMPILER_WARNINGS: CliOuput<String, Vec<ellie_core::warning::Warning>> =
[INFO] [stdout]    |                                                                        ^^^^^^^ could not find `warning` in `ellie_core`
[INFO] [stdout] 
[INFO] [stdout] 
[INFO] [stdout] error[E0433]: failed to resolve: could not find `error` in `ellie_core`
[INFO] [stdout]   --> src/outputs.rs:66:70
[INFO] [stdout]    |
[INFO] [stdout] 66 |     pub static ref COMPILER_ERRORS: CliOuput<String, Vec<ellie_core::error::Error>> = CliOuput {
[INFO] [stdout]    |                                                                      ^^^^^ could not find `error` in `ellie_core`
[INFO] [stdout]    |
[INFO] [stdout] help: consider importing one of these items
[INFO] [stdout]    |
[INFO] [stdout] 1  + use clap::error;
[INFO] [stdout]    |
[INFO] [stdout] 1  + use core::error;
[INFO] [stdout]    |
[INFO] [stdout] 1  + use serde_json::error;
[INFO] [stdout]    |
[INFO] [stdout] 1  + use std::error;
[INFO] [stdout]    |
[INFO] [stdout] help: if you import `error`, refer to it directly
[INFO] [stdout]    |
[INFO] [stdout] 66 -     pub static ref COMPILER_ERRORS: CliOuput<String, Vec<ellie_core::error::Error>> = CliOuput {
[INFO] [stdout] 66 +     pub static ref COMPILER_ERRORS: CliOuput<String, Vec<error::Error>> = CliOuput {
[INFO] [stdout]    |
[INFO] [stdout] 
[INFO] [stdout] 
[INFO] [stdout] error: aborting due to 3 previous errors
[INFO] [stdout] 
[INFO] [stdout] 
[INFO] [stdout] Some errors have detailed explanations: E0432, E0433.
[INFO] [stdout] 
[INFO] [stdout] For more information about an error, try `rustc --explain E0432`.
[INFO] [stdout] 
[INFO] [stderr] error: could not compile `ellie_renderer_utils` (lib) due to 4 previous errors
[INFO] [stderr] warning: build failed, waiting for other jobs to finish...
[INFO] running `Command { std: "docker" "inspect" "5caaa9016b53f49a318be70c03ea75452e2d0b79b4a7f74391777e1518ac7166", kill_on_drop: false }`
[INFO] running `Command { std: "docker" "rm" "-f" "5caaa9016b53f49a318be70c03ea75452e2d0b79b4a7f74391777e1518ac7166", kill_on_drop: false }`
[INFO] [stdout] 5caaa9016b53f49a318be70c03ea75452e2d0b79b4a7f74391777e1518ac7166
