[INFO] fetching crate elfo 0.2.0-alpha.11...
[INFO] testing elfo-0.2.0-alpha.11 against 1.75.0 for beta-1.76-1
[INFO] extracting crate elfo 0.2.0-alpha.11 into /workspace/builds/worker-7-tc1/source
[INFO] validating manifest of crates.io crate elfo 0.2.0-alpha.11 on toolchain 1.75.0
[INFO] running `Command { std: CARGO_HOME="/workspace/cargo-home" RUSTUP_HOME="/workspace/rustup-home" "/workspace/cargo-home/bin/cargo" "+1.75.0" "metadata" "--manifest-path" "Cargo.toml" "--no-deps", kill_on_drop: false }`
[INFO] started tweaking crates.io crate elfo 0.2.0-alpha.11
[INFO] removed 0 missing tests
[INFO] finished tweaking crates.io crate elfo 0.2.0-alpha.11
[INFO] tweaked toml for crates.io crate elfo 0.2.0-alpha.11 written to /workspace/builds/worker-7-tc1/source/Cargo.toml
[INFO] running `Command { std: CARGO_HOME="/workspace/cargo-home" RUSTUP_HOME="/workspace/rustup-home" "/workspace/cargo-home/bin/cargo" "+1.75.0" "generate-lockfile" "--manifest-path" "Cargo.toml", kill_on_drop: false }`
[INFO] [stderr]     Updating crates.io index
[INFO] running `Command { std: CARGO_HOME="/workspace/cargo-home" RUSTUP_HOME="/workspace/rustup-home" "/workspace/cargo-home/bin/cargo" "+1.75.0" "fetch" "--manifest-path" "Cargo.toml", kill_on_drop: false }`
[INFO] [stderr]  Downloading crates ...
[INFO] [stderr]   Downloaded quanta v0.12.2
[INFO] [stderr]   Downloaded sketches-ddsketch v0.1.3
[INFO] [stderr]   Downloaded hyper-util v0.1.2
[INFO] [stderr]   Downloaded erased-serde v0.4.2
[INFO] [stderr]   Downloaded metrics v0.17.1
[INFO] [stderr]   Downloaded elfo-macros-impl v0.2.0-alpha.12
[INFO] [stderr]   Downloaded http v1.0.0
[INFO] [stderr]   Downloaded hyper v1.1.0
[INFO] [stderr]   Downloaded elfo-utils v0.2.5
[INFO] [stderr]   Downloaded elfo-macros v0.2.0-alpha.12
[INFO] [stderr]   Downloaded linkme v0.3.21
[INFO] [stderr]   Downloaded kanal v0.1.0-pre8
[INFO] [stderr]   Downloaded metrics-macros v0.4.1
[INFO] [stderr]   Downloaded http-body v1.0.0
[INFO] [stderr]   Downloaded sealed v0.5.0
[INFO] [stderr]   Downloaded linkme-impl v0.3.21
[INFO] [stderr]   Downloaded stability v0.1.1
[INFO] [stderr]   Downloaded bytesize v1.3.0
[INFO] [stderr]   Downloaded cow-utils v0.1.3
[INFO] [stderr]   Downloaded atomic-shim v0.2.0
[INFO] [stderr]   Downloaded raw-cpuid v11.0.1
[INFO] [stderr]   Downloaded unicycle v0.9.4
[INFO] [stderr]   Downloaded uniset v0.2.3
[INFO] [stderr]   Downloaded elfo-core v0.2.0-alpha.12
[INFO] [stderr]   Downloaded metrics-util v0.10.2
[INFO] [stderr]   Downloaded elfo-dumper v0.2.0-alpha.12
[INFO] [stderr]   Downloaded elfo-pinger v0.2.0-alpha.12
[INFO] [stderr]   Downloaded elfo-logger v0.2.0-alpha.12
[INFO] [stderr]   Downloaded elfo-telemeter v0.2.0-alpha.12
[INFO] [stderr]   Downloaded elfo-test v0.2.0-alpha.12
[INFO] [stderr]   Downloaded elfo-configurer v0.2.0-alpha.12
[INFO] [stderr]   Downloaded elfo-network v0.2.0-alpha.12
[INFO] running `Command { std: "docker" "create" "-v" "/var/lib/crater-agent-workspace/builds/worker-7-tc1/target:/opt/rustwide/target:rw,Z" "-v" "/var/lib/crater-agent-workspace/builds/worker-7-tc1/source:/opt/rustwide/workdir:ro,Z" "-v" "/var/lib/crater-agent-workspace/cargo-home:/opt/rustwide/cargo-home:ro,Z" "-v" "/var/lib/crater-agent-workspace/rustup-home:/opt/rustwide/rustup-home:ro,Z" "-e" "SOURCE_DIR=/opt/rustwide/workdir" "-e" "CARGO_TARGET_DIR=/opt/rustwide/target" "-e" "CARGO_HOME=/opt/rustwide/cargo-home" "-e" "RUSTUP_HOME=/opt/rustwide/rustup-home" "-w" "/opt/rustwide/workdir" "-m" "1610612736" "--user" "0:0" "--network" "none" "ghcr.io/rust-lang/crates-build-env/linux@sha256:2788e3201cd34a07e3172128adcd8b3090168a8e3bcc40d7c032b9dda1df7d1c" "/opt/rustwide/cargo-home/bin/cargo" "+1.75.0" "metadata" "--no-deps" "--format-version=1", kill_on_drop: false }`
[INFO] [stdout] baca643ac65d9a64ed1947a748c958e50727de3851f4256bbc3e6968cf51e2dc
[INFO] running `Command { std: "docker" "start" "-a" "baca643ac65d9a64ed1947a748c958e50727de3851f4256bbc3e6968cf51e2dc", kill_on_drop: false }`
[INFO] running `Command { std: "docker" "inspect" "baca643ac65d9a64ed1947a748c958e50727de3851f4256bbc3e6968cf51e2dc", kill_on_drop: false }`
[INFO] running `Command { std: "docker" "rm" "-f" "baca643ac65d9a64ed1947a748c958e50727de3851f4256bbc3e6968cf51e2dc", kill_on_drop: false }`
[INFO] [stdout] baca643ac65d9a64ed1947a748c958e50727de3851f4256bbc3e6968cf51e2dc
[INFO] running `Command { std: "docker" "create" "-v" "/var/lib/crater-agent-workspace/builds/worker-7-tc1/target:/opt/rustwide/target:rw,Z" "-v" "/var/lib/crater-agent-workspace/builds/worker-7-tc1/source:/opt/rustwide/workdir:ro,Z" "-v" "/var/lib/crater-agent-workspace/cargo-home:/opt/rustwide/cargo-home:ro,Z" "-v" "/var/lib/crater-agent-workspace/rustup-home:/opt/rustwide/rustup-home:ro,Z" "-e" "SOURCE_DIR=/opt/rustwide/workdir" "-e" "CARGO_TARGET_DIR=/opt/rustwide/target" "-e" "CARGO_INCREMENTAL=0" "-e" "RUST_BACKTRACE=full" "-e" "RUSTFLAGS=--cap-lints=warn" "-e" "RUSTDOCFLAGS=--cap-lints=warn" "-e" "CARGO_HOME=/opt/rustwide/cargo-home" "-e" "RUSTUP_HOME=/opt/rustwide/rustup-home" "-w" "/opt/rustwide/workdir" "-m" "1610612736" "--user" "0:0" "--network" "none" "ghcr.io/rust-lang/crates-build-env/linux@sha256:2788e3201cd34a07e3172128adcd8b3090168a8e3bcc40d7c032b9dda1df7d1c" "/opt/rustwide/cargo-home/bin/cargo" "+1.75.0" "build" "--frozen" "--message-format=json", kill_on_drop: false }`
[INFO] [stdout] badbbed52756cd91809db975c8fa76ebb6b585954ea1f37d7bf8c361344330a9
[INFO] running `Command { std: "docker" "start" "-a" "badbbed52756cd91809db975c8fa76ebb6b585954ea1f37d7bf8c361344330a9", kill_on_drop: false }`
[INFO] [stderr]    Compiling proc-macro2 v1.0.75
[INFO] [stderr]    Compiling unicode-ident v1.0.12
[INFO] [stderr]    Compiling smallvec v1.11.2
[INFO] [stderr]    Compiling version_check v0.9.4
[INFO] [stderr]    Compiling syn v1.0.109
[INFO] [stderr]    Compiling serde v1.0.194
[INFO] [stderr]    Compiling futures-core v0.3.30
[INFO] [stderr]    Compiling pin-project-lite v0.2.13
[INFO] [stderr]    Compiling futures-sink v0.3.30
[INFO] [stderr]    Compiling crossbeam-utils v0.8.18
[INFO] [stderr]    Compiling slab v0.4.9
[INFO] [stderr]    Compiling num-traits v0.2.17
[INFO] [stderr]    Compiling futures-io v0.3.30
[INFO] [stderr]    Compiling futures-task v0.3.30
[INFO] [stderr]    Compiling pin-utils v0.1.0
[INFO] [stderr]    Compiling bitflags v2.4.1
[INFO] [stderr]    Compiling getrandom v0.2.11
[INFO] [stderr]    Compiling convert_case v0.4.0
[INFO] [stderr]    Compiling futures-channel v0.3.30
[INFO] [stderr]    Compiling serde_json v1.0.111
[INFO] [stderr]    Compiling metrics v0.17.1
[INFO] [stderr]    Compiling raw-cpuid v11.0.1
[INFO] [stderr]    Compiling parking_lot_core v0.9.9
[INFO] [stderr]    Compiling mio v0.8.10
[INFO] [stderr]    Compiling signal-hook-registry v1.4.1
[INFO] [stderr]    Compiling uniset v0.2.3
[INFO] [stderr]    Compiling ahash v0.7.7
[INFO] [stderr]    Compiling slotmap v1.0.7
[INFO] [stderr]    Compiling humantime v2.1.0
[INFO] [stderr]    Compiling once_cell v1.19.0
[INFO] [stderr]    Compiling parking_lot v0.12.1
[INFO] [stderr]    Compiling itoa v1.0.10
[INFO] [stderr]    Compiling heck v0.4.1
[INFO] [stderr]    Compiling ryu v1.0.16
[INFO] [stderr]    Compiling hashbrown v0.14.3
[INFO] [stderr]    Compiling tracing-core v0.1.32
[INFO] [stderr]    Compiling byteorder v1.5.0
[INFO] [stderr]    Compiling futures-intrusive v0.5.0
[INFO] [stderr]    Compiling sharded-slab v0.1.7
[INFO] [stderr]    Compiling arc-swap v1.6.0
[INFO] [stderr]    Compiling static_assertions v1.1.0
[INFO] [stderr]    Compiling smallbox v0.8.2
[INFO] [stderr]    Compiling quote v1.0.35
[INFO] [stderr]    Compiling fxhash v0.2.1
[INFO] [stderr]    Compiling dashmap v5.5.3
[INFO] [stderr]    Compiling tracing-subscriber v0.3.18
[INFO] [stderr]    Compiling syn v2.0.48
[INFO] [stderr]    Compiling ordered-float v2.10.1
[INFO] [stderr]    Compiling quanta v0.12.2
[INFO] [stderr]    Compiling elfo-macros-impl v0.2.0-alpha.12
[INFO] [stderr]    Compiling metrics-macros v0.4.1
[INFO] [stderr]    Compiling derive_more v0.99.17
[INFO] [stderr]    Compiling stability v0.1.1
[INFO] [stderr]    Compiling serde_derive v1.0.194
[INFO] [stderr]    Compiling futures-macro v0.3.30
[INFO] [stderr]    Compiling pin-project-internal v1.1.3
[INFO] [stderr]    Compiling tokio-macros v2.2.0
[INFO] [stderr]    Compiling tracing-attributes v0.1.27
[INFO] [stderr]    Compiling linkme-impl v0.3.21
[INFO] [stderr]    Compiling sealed v0.5.0
[INFO] [stderr]    Compiling elfo-macros v0.2.0-alpha.12
[INFO] [stderr]    Compiling tokio v1.35.1
[INFO] [stderr]    Compiling linkme v0.3.21
[INFO] [stderr]    Compiling pin-project v1.1.3
[INFO] [stderr]    Compiling futures-util v0.3.30
[INFO] [stderr]    Compiling unicycle v0.9.4
[INFO] [stderr]    Compiling tracing v0.1.40
[INFO] [stderr]    Compiling elfo-utils v0.2.5
[INFO] [stderr]    Compiling futures-executor v0.3.30
[INFO] [stderr]    Compiling futures v0.3.30
[INFO] [stderr]    Compiling serde-value v0.7.0
[INFO] [stderr]    Compiling humantime-serde v1.1.1
[INFO] [stderr]    Compiling erased-serde v0.4.2
[INFO] [stderr]    Compiling elfo-core v0.2.0-alpha.12
[INFO] [stderr]    Compiling elfo v0.2.0-alpha.11 (/opt/rustwide/workdir)
[INFO] [stderr]     Finished dev [unoptimized + debuginfo] target(s) in 21.75s
[INFO] running `Command { std: "docker" "inspect" "badbbed52756cd91809db975c8fa76ebb6b585954ea1f37d7bf8c361344330a9", kill_on_drop: false }`
[INFO] running `Command { std: "docker" "rm" "-f" "badbbed52756cd91809db975c8fa76ebb6b585954ea1f37d7bf8c361344330a9", kill_on_drop: false }`
[INFO] [stdout] badbbed52756cd91809db975c8fa76ebb6b585954ea1f37d7bf8c361344330a9
[INFO] running `Command { std: "docker" "create" "-v" "/var/lib/crater-agent-workspace/builds/worker-7-tc1/target:/opt/rustwide/target:rw,Z" "-v" "/var/lib/crater-agent-workspace/builds/worker-7-tc1/source:/opt/rustwide/workdir:ro,Z" "-v" "/var/lib/crater-agent-workspace/cargo-home:/opt/rustwide/cargo-home:ro,Z" "-v" "/var/lib/crater-agent-workspace/rustup-home:/opt/rustwide/rustup-home:ro,Z" "-e" "SOURCE_DIR=/opt/rustwide/workdir" "-e" "CARGO_TARGET_DIR=/opt/rustwide/target" "-e" "CARGO_INCREMENTAL=0" "-e" "RUST_BACKTRACE=full" "-e" "RUSTFLAGS=--cap-lints=warn" "-e" "RUSTDOCFLAGS=--cap-lints=warn" "-e" "CARGO_HOME=/opt/rustwide/cargo-home" "-e" "RUSTUP_HOME=/opt/rustwide/rustup-home" "-w" "/opt/rustwide/workdir" "-m" "1610612736" "--user" "0:0" "--network" "none" "ghcr.io/rust-lang/crates-build-env/linux@sha256:2788e3201cd34a07e3172128adcd8b3090168a8e3bcc40d7c032b9dda1df7d1c" "/opt/rustwide/cargo-home/bin/cargo" "+1.75.0" "test" "--frozen" "--no-run" "--message-format=json", kill_on_drop: false }`
[INFO] [stdout] 8de321246e0d7cc5b12ddc6bef8225d588a740a5ed48fa642df8ae57dcbe6f3f
[INFO] running `Command { std: "docker" "start" "-a" "8de321246e0d7cc5b12ddc6bef8225d588a740a5ed48fa642df8ae57dcbe6f3f", kill_on_drop: false }`
[INFO] [stderr]    Compiling num-traits v0.2.17
[INFO] [stderr]    Compiling hashbrown v0.14.3
[INFO] [stderr]    Compiling regex-syntax v0.6.29
[INFO] [stderr]    Compiling log v0.4.20
[INFO] [stderr]    Compiling overload v0.1.1
[INFO] [stderr]    Compiling tracing-core v0.1.32
[INFO] [stderr]    Compiling thread_local v1.1.7
[INFO] [stderr]    Compiling num_cpus v1.16.0
[INFO] [stderr]    Compiling socket2 v0.5.5
[INFO] [stderr]    Compiling equivalent v1.0.1
[INFO] [stderr]    Compiling bytes v1.5.0
[INFO] [stderr]    Compiling toml_datetime v0.6.5
[INFO] [stderr]    Compiling serde_spanned v0.6.5
[INFO] [stderr]    Compiling crossbeam-epoch v0.9.17
[INFO] [stderr]    Compiling indexmap v1.9.3
[INFO] [stderr]    Compiling either v1.9.0
[INFO] [stderr]    Compiling nu-ansi-term v0.46.0
[INFO] [stderr]    Compiling winnow v0.5.32
[INFO] [stderr]    Compiling rayon-core v1.12.0
[INFO] [stderr]    Compiling os_str_bytes v6.6.1
[INFO] [stderr]    Compiling ciborium-io v0.2.1
[INFO] [stderr]    Compiling crossbeam-deque v0.8.4
[INFO] [stderr]    Compiling plotters-backend v0.3.5
[INFO] [stderr]    Compiling half v1.8.2
[INFO] [stderr]    Compiling hashbrown v0.12.3
[INFO] [stderr]    Compiling itertools v0.10.5
[INFO] [stderr]    Compiling cast v0.3.0
[INFO] [stderr]    Compiling clap_lex v0.2.4
[INFO] [stderr]    Compiling textwrap v0.16.0
[INFO] [stderr]    Compiling plotters-svg v0.3.5
[INFO] [stderr]    Compiling tracing v0.1.40
[INFO] [stderr]    Compiling tracing-log v0.2.0
[INFO] [stderr]    Compiling tokio v1.35.1
[INFO] [stderr]    Compiling ciborium-ll v0.2.1
[INFO] [stderr]    Compiling indexmap v2.1.0
[INFO] [stderr]    Compiling dashmap v5.5.3
[INFO] [stderr]    Compiling same-file v1.0.6
[INFO] [stderr]    Compiling anyhow v1.0.79
[INFO] [stderr]    Compiling walkdir v2.4.0
[INFO] [stderr]    Compiling ciborium v0.2.1
[INFO] [stderr]    Compiling tinytemplate v1.2.1
[INFO] [stderr]    Compiling anes v0.1.6
[INFO] [stderr]    Compiling oorandom v11.1.3
[INFO] [stderr]    Compiling rayon v1.8.0
[INFO] [stderr]    Compiling ordered-float v2.10.1
[INFO] [stderr]    Compiling plotters v0.3.5
[INFO] [stderr]    Compiling serde-value v0.7.0
[INFO] [stderr]    Compiling clap v3.2.25
[INFO] [stderr]    Compiling criterion-plot v0.5.0
[INFO] [stderr]    Compiling regex-automata v0.1.10
[INFO] [stderr]    Compiling toml_edit v0.19.15
[INFO] [stderr]    Compiling matchers v0.1.0
[INFO] [stderr]    Compiling criterion v0.4.0
[INFO] [stderr]    Compiling tracing-subscriber v0.3.18
[INFO] [stderr]    Compiling toml v0.7.8
[INFO] [stderr]    Compiling elfo-core v0.2.0-alpha.12
[INFO] [stderr]    Compiling elfo-configurer v0.2.0-alpha.12
[INFO] [stderr]    Compiling elfo v0.2.0-alpha.11 (/opt/rustwide/workdir)
[INFO] [stderr]    Compiling elfo-test v0.2.0-alpha.12
[INFO] [stdout] error[E0432]: unresolved import `elfo::test`
[INFO] [stdout]  --> tests/source_interval.rs:3:50
[INFO] [stdout]   |
[INFO] [stdout] 3 | use elfo::{config::AnyConfig, prelude::*, scope, test::Proxy, time::Interval};
[INFO] [stdout]   |                                                  ^^^^ could not find `test` in `elfo`
[INFO] [stdout] 
[INFO] [stdout] 
[INFO] [stdout] error[E0433]: failed to resolve: could not find `test` in `elfo`
[INFO] [stdout]   --> tests/source_signal.rs:43:27
[INFO] [stdout]    |
[INFO] [stdout] 43 |     let mut proxy = elfo::test::proxy(group, AnyConfig::default()).await;
[INFO] [stdout]    |                           ^^^^ could not find `test` in `elfo`
[INFO] [stdout] 
[INFO] [stdout] 
[INFO] [stdout] error[E0433]: failed to resolve: could not find `test` in `elfo`
[INFO] [stdout]   --> tests/source_signal.rs:73:27
[INFO] [stdout]    |
[INFO] [stdout] 73 |     let mut proxy = elfo::test::proxy(group, AnyConfig::default()).await;
[INFO] [stdout]    |                           ^^^^ could not find `test` in `elfo`
[INFO] [stdout] 
[INFO] [stdout] 
[INFO] [stdout] error[E0433]: failed to resolve: could not find `test` in `elfo`
[INFO] [stdout]   --> tests/source_delay.rs:35:27
[INFO] [stdout]    |
[INFO] [stdout] 35 |     let mut proxy = elfo::test::proxy(group, AnyConfig::default()).await;
[INFO] [stdout]    |                           ^^^^ could not find `test` in `elfo`
[INFO] [stdout] 
[INFO] [stdout] 
[INFO] [stdout] error[E0433]: failed to resolve: could not find `test` in `elfo`
[INFO] [stdout]   --> tests/source_delay.rs:90:27
[INFO] [stdout]    |
[INFO] [stdout] 90 |     let mut proxy = elfo::test::proxy(group, AnyConfig::default()).await;
[INFO] [stdout]    |                           ^^^^ could not find `test` in `elfo`
[INFO] [stdout] 
[INFO] [stdout] 
[INFO] [stdout] error[E0433]: failed to resolve: could not find `test` in `elfo`
[INFO] [stdout]   --> tests/source_interval.rs:36:27
[INFO] [stdout]    |
[INFO] [stdout] 36 |     let mut proxy = elfo::test::proxy(group, AnyConfig::default()).await;
[INFO] [stdout]    |                           ^^^^ could not find `test` in `elfo`
[INFO] [stdout] 
[INFO] [stdout] 
[INFO] [stdout] error[E0433]: failed to resolve: could not find `test` in `elfo`
[INFO] [stdout]   --> tests/source_interval.rs:79:27
[INFO] [stdout]    |
[INFO] [stdout] 79 |     let mut proxy = elfo::test::proxy(group, AnyConfig::default()).await;
[INFO] [stdout]    |                           ^^^^ could not find `test` in `elfo`
[INFO] [stdout] 
[INFO] [stdout] 
[INFO] [stdout] error[E0433]: failed to resolve: could not find `test` in `elfo`
[INFO] [stdout]    --> tests/source_interval.rs:176:23
[INFO] [stdout]     |
[INFO] [stdout] 176 |     let proxy = elfo::test::proxy(sample(), AnyConfig::default()).await;
[INFO] [stdout]     |                       ^^^^ could not find `test` in `elfo`
[INFO] [stdout] 
[INFO] [stdout] 
[INFO] [stdout] error[E0433]: failed to resolve: could not find `test` in `elfo`
[INFO] [stdout]    --> tests/source_interval.rs:187:23
[INFO] [stdout]     |
[INFO] [stdout] 187 |     let proxy = elfo::test::proxy(sample(), AnyConfig::default()).await;
[INFO] [stdout]     |                       ^^^^ could not find `test` in `elfo`
[INFO] [stdout] 
[INFO] [stdout] 
[INFO] [stdout] error[E0433]: failed to resolve: could not find `test` in `elfo`
[INFO] [stdout]    --> tests/source_interval.rs:201:23
[INFO] [stdout]     |
[INFO] [stdout] 201 |     let proxy = elfo::test::proxy(sample(), AnyConfig::default()).await;
[INFO] [stdout]     |                       ^^^^ could not find `test` in `elfo`
[INFO] [stdout] 
[INFO] [stdout] 
[INFO] [stdout] error[E0433]: failed to resolve: could not find `test` in `elfo`
[INFO] [stdout]    --> tests/source_interval.rs:218:23
[INFO] [stdout]     |
[INFO] [stdout] 218 |     let proxy = elfo::test::proxy(sample(), AnyConfig::default()).await;
[INFO] [stdout]     |                       ^^^^ could not find `test` in `elfo`
[INFO] [stdout] 
[INFO] [stdout] 
[INFO] [stdout] error[E0433]: failed to resolve: could not find `test` in `elfo`
[INFO] [stdout]    --> tests/source_interval.rs:231:23
[INFO] [stdout]     |
[INFO] [stdout] 231 |     let proxy = elfo::test::proxy(sample(), AnyConfig::default()).await;
[INFO] [stdout]     |                       ^^^^ could not find `test` in `elfo`
[INFO] [stdout] 
[INFO] [stdout] 
[INFO] [stdout] error[E0433]: failed to resolve: could not find `test` in `elfo`
[INFO] [stdout]    --> tests/source_interval.rs:248:23
[INFO] [stdout]     |
[INFO] [stdout] 248 |     let proxy = elfo::test::proxy(sample(), AnyConfig::default()).await;
[INFO] [stdout]     |                       ^^^^ could not find `test` in `elfo`
[INFO] [stdout] 
[INFO] [stdout] 
[INFO] [stdout] error[E0433]: failed to resolve: could not find `test` in `elfo`
[INFO] [stdout]    --> tests/source_interval.rs:263:27
[INFO] [stdout]     |
[INFO] [stdout] 263 |     let mut proxy = elfo::test::proxy(sample(), AnyConfig::default()).await;
[INFO] [stdout]     |                           ^^^^ could not find `test` in `elfo`
[INFO] [stdout] 
[INFO] [stdout] 
[INFO] [stdout] error[E0282]: type annotations needed
[INFO] [stdout]   --> tests/source_signal.rs:47:9
[INFO] [stdout]    |
[INFO] [stdout] 47 |         assert_msg_eq!(proxy.recv().await, SomeSignal(no));
[INFO] [stdout]    |         ^^^^^^^^^^^^^^^^^^^^^^^^^^^^^^^^^^^^^^^^^^^^^^^^^^ cannot infer type
[INFO] [stdout]    |
[INFO] [stdout]    = note: this error originates in the macro `assert_msg_eq` (in Nightly builds, run with -Z macro-backtrace for more info)
[INFO] [stdout] 
[INFO] [stdout] 
[INFO] [stdout] error[E0282]: type annotations needed
[INFO] [stdout]   --> tests/source_delay.rs:42:5
[INFO] [stdout]    |
[INFO] [stdout] 42 |     assert_msg_eq!(proxy.recv().await, Tick(25));
[INFO] [stdout]    |     ^^^^^^^^^^^^^^^^^^^^^^^^^^^^^^^^^^^^^^^^^^^^ cannot infer type
[INFO] [stdout]    |
[INFO] [stdout]    = note: this error originates in the macro `assert_msg_eq` (in Nightly builds, run with -Z macro-backtrace for more info)
[INFO] [stdout] 
[INFO] [stdout] 
[INFO] [stdout] error[E0282]: type annotations needed
[INFO] [stdout]   --> tests/source_delay.rs:45:5
[INFO] [stdout]    |
[INFO] [stdout] 45 |     assert_msg_eq!(proxy.recv().await, Tick(5));
[INFO] [stdout]    |     ^^^^^^^^^^^^^^^^^^^^^^^^^^^^^^^^^^^^^^^^^^^ cannot infer type
[INFO] [stdout]    |
[INFO] [stdout]    = note: this error originates in the macro `assert_msg_eq` (in Nightly builds, run with -Z macro-backtrace for more info)
[INFO] [stdout] 
[INFO] [stdout] 
[INFO] [stdout] error[E0282]: type annotations needed
[INFO] [stdout]    --> tests/source_interval.rs:164:9
[INFO] [stdout]     |
[INFO] [stdout] 164 |         assert_msg_eq!(self.proxy.recv().await, Tick(expected_no));
[INFO] [stdout]     |         ^^^^^^^^^^^^^^^^^^^^^^^^^^^^^^^^^^^^^^^^^^^^^^^^^^^^^^^^^^ cannot infer type
[INFO] [stdout]     |
[INFO] [stdout]     = note: this error originates in the macro `assert_msg_eq` (in Nightly builds, run with -Z macro-backtrace for more info)
[INFO] [stdout] 
[INFO] [stdout] 
[INFO] [stdout] error[E0282]: type annotations needed
[INFO] [stdout]   --> tests/source_signal.rs:76:5
[INFO] [stdout]    |
[INFO] [stdout] 76 |     assert_msg_eq!(proxy.recv().await, SomeSignal);
[INFO] [stdout]    |     ^^^^^^^^^^^^^^^^^^^^^^^^^^^^^^^^^^^^^^^^^^^^^^ cannot infer type
[INFO] [stdout]    |
[INFO] [stdout]    = note: this error originates in the macro `assert_msg_eq` (in Nightly builds, run with -Z macro-backtrace for more info)
[INFO] [stdout] 
[INFO] [stdout] 
[INFO] [stdout] error[E0282]: type annotations needed
[INFO] [stdout]   --> tests/source_delay.rs:46:5
[INFO] [stdout]    |
[INFO] [stdout] 46 |     assert_msg_eq!(proxy.recv().await, Tick(50));
[INFO] [stdout]    |     ^^^^^^^^^^^^^^^^^^^^^^^^^^^^^^^^^^^^^^^^^^^^ cannot infer type
[INFO] [stdout]    |
[INFO] [stdout]    = note: this error originates in the macro `assert_msg_eq` (in Nightly builds, run with -Z macro-backtrace for more info)
[INFO] [stdout] 
[INFO] [stdout] 
[INFO] [stdout] error[E0282]: type annotations needed
[INFO] [stdout]   --> tests/source_delay.rs:47:5
[INFO] [stdout]    |
[INFO] [stdout] 47 |     assert_msg_eq!(proxy.recv().await, Tick(100));
[INFO] [stdout]    |     ^^^^^^^^^^^^^^^^^^^^^^^^^^^^^^^^^^^^^^^^^^^^^ cannot infer type
[INFO] [stdout]    |
[INFO] [stdout]    = note: this error originates in the macro `assert_msg_eq` (in Nightly builds, run with -Z macro-backtrace for more info)
[INFO] [stdout] 
[INFO] [stdout] 
[INFO] [stdout] error: aborting due to 4 previous errors
[INFO] [stdout] 
[INFO] [stdout] 
[INFO] [stdout] Some errors have detailed explanations: E0282, E0433.
[INFO] [stdout] 
[INFO] [stdout] For more information about an error, try `rustc --explain E0282`.
[INFO] [stdout] 
[INFO] [stderr] error: could not compile `elfo` (test "source_signal") due to 5 previous errors
[INFO] [stderr] warning: build failed, waiting for other jobs to finish...
[INFO] [stdout] error[E0282]: type annotations needed
[INFO] [stdout]   --> tests/source_delay.rs:52:5
[INFO] [stdout]    |
[INFO] [stdout] 52 |     assert_msg_eq!(proxy.recv().await, Tick(10));
[INFO] [stdout]    |     ^^^^^^^^^^^^^^^^^^^^^^^^^^^^^^^^^^^^^^^^^^^^ cannot infer type
[INFO] [stdout]    |
[INFO] [stdout]    = note: this error originates in the macro `assert_msg_eq` (in Nightly builds, run with -Z macro-backtrace for more info)
[INFO] [stdout] 
[INFO] [stdout] 
[INFO] [stdout] error[E0282]: type annotations needed
[INFO] [stdout]   --> tests/source_interval.rs:43:5
[INFO] [stdout]    |
[INFO] [stdout] 43 |     assert_msg_eq!(proxy.recv().await, Tick(ms(11))); // 11
[INFO] [stdout]    |     ^^^^^^^^^^^^^^^^^^^^^^^^^^^^^^^^^^^^^^^^^^^^^^^^ cannot infer type
[INFO] [stdout]    |
[INFO] [stdout]    = note: this error originates in the macro `assert_msg_eq` (in Nightly builds, run with -Z macro-backtrace for more info)
[INFO] [stdout] 
[INFO] [stdout] 
[INFO] [stdout] error[E0282]: type annotations needed
[INFO] [stdout]   --> tests/source_interval.rs:44:5
[INFO] [stdout]    |
[INFO] [stdout] 44 |     assert_msg_eq!(proxy.recv().await, Tick(ms(11))); // 22
[INFO] [stdout]    |     ^^^^^^^^^^^^^^^^^^^^^^^^^^^^^^^^^^^^^^^^^^^^^^^^ cannot infer type
[INFO] [stdout]    |
[INFO] [stdout]    = note: this error originates in the macro `assert_msg_eq` (in Nightly builds, run with -Z macro-backtrace for more info)
[INFO] [stdout] 
[INFO] [stdout] 
[INFO] [stdout] error[E0282]: type annotations needed
[INFO] [stdout]   --> tests/source_delay.rs:53:5
[INFO] [stdout]    |
[INFO] [stdout] 53 |     assert_msg_eq!(proxy.recv().await, Tick(15));
[INFO] [stdout]    |     ^^^^^^^^^^^^^^^^^^^^^^^^^^^^^^^^^^^^^^^^^^^^ cannot infer type
[INFO] [stdout]    |
[INFO] [stdout]    = note: this error originates in the macro `assert_msg_eq` (in Nightly builds, run with -Z macro-backtrace for more info)
[INFO] [stdout] 
[INFO] [stdout] 
[INFO] [stdout] error[E0282]: type annotations needed
[INFO] [stdout]   --> tests/source_interval.rs:45:5
[INFO] [stdout]    |
[INFO] [stdout] 45 |     assert_msg_eq!(proxy.recv().await, Tick(ms(11))); // 33
[INFO] [stdout]    |     ^^^^^^^^^^^^^^^^^^^^^^^^^^^^^^^^^^^^^^^^^^^^^^^^ cannot infer type
[INFO] [stdout]    |
[INFO] [stdout]    = note: this error originates in the macro `assert_msg_eq` (in Nightly builds, run with -Z macro-backtrace for more info)
[INFO] [stdout] 
[INFO] [stdout] 
[INFO] [stdout] error[E0282]: type annotations needed
[INFO] [stdout]   --> tests/source_delay.rs:97:5
[INFO] [stdout]    |
[INFO] [stdout] 97 |     assert_msg_eq!(proxy.recv().await, Tick(10));
[INFO] [stdout]    |     ^^^^^^^^^^^^^^^^^^^^^^^^^^^^^^^^^^^^^^^^^^^^ cannot infer type
[INFO] [stdout]    |
[INFO] [stdout]    = note: this error originates in the macro `assert_msg_eq` (in Nightly builds, run with -Z macro-backtrace for more info)
[INFO] [stdout] 
[INFO] [stdout] 
[INFO] [stdout] error[E0282]: type annotations needed
[INFO] [stdout]   --> tests/source_interval.rs:46:5
[INFO] [stdout]    |
[INFO] [stdout] 46 |     assert_msg_eq!(proxy.recv().await, Tick(ms(35))); // 35
[INFO] [stdout]    |     ^^^^^^^^^^^^^^^^^^^^^^^^^^^^^^^^^^^^^^^^^^^^^^^^ cannot infer type
[INFO] [stdout]    |
[INFO] [stdout]    = note: this error originates in the macro `assert_msg_eq` (in Nightly builds, run with -Z macro-backtrace for more info)
[INFO] [stdout] 
[INFO] [stdout] 
[INFO] [stdout] error[E0282]: type annotations needed
[INFO] [stdout]   --> tests/source_delay.rs:99:5
[INFO] [stdout]    |
[INFO] [stdout] 99 |     assert_msg_eq!(proxy.recv().await, Tick(30));
[INFO] [stdout]    |     ^^^^^^^^^^^^^^^^^^^^^^^^^^^^^^^^^^^^^^^^^^^^ cannot infer type
[INFO] [stdout]    |
[INFO] [stdout]    = note: this error originates in the macro `assert_msg_eq` (in Nightly builds, run with -Z macro-backtrace for more info)
[INFO] [stdout] 
[INFO] [stdout] 
[INFO] [stdout] error[E0282]: type annotations needed
[INFO] [stdout]   --> tests/source_interval.rs:47:5
[INFO] [stdout]    |
[INFO] [stdout] 47 |     assert_msg_eq!(proxy.recv().await, Tick(ms(11))); // 44
[INFO] [stdout]    |     ^^^^^^^^^^^^^^^^^^^^^^^^^^^^^^^^^^^^^^^^^^^^^^^^ cannot infer type
[INFO] [stdout]    |
[INFO] [stdout]    = note: this error originates in the macro `assert_msg_eq` (in Nightly builds, run with -Z macro-backtrace for more info)
[INFO] [stdout] 
[INFO] [stdout] 
[INFO] [stdout] error[E0282]: type annotations needed
[INFO] [stdout]   --> tests/source_interval.rs:48:5
[INFO] [stdout]    |
[INFO] [stdout] 48 |     assert_msg_eq!(proxy.recv().await, Tick(ms(49))); // 49
[INFO] [stdout]    |     ^^^^^^^^^^^^^^^^^^^^^^^^^^^^^^^^^^^^^^^^^^^^^^^^ cannot infer type
[INFO] [stdout]    |
[INFO] [stdout]    = note: this error originates in the macro `assert_msg_eq` (in Nightly builds, run with -Z macro-backtrace for more info)
[INFO] [stdout] 
[INFO] [stdout] 
[INFO] [stdout] error: aborting due to 10 previous errors
[INFO] [stdout] 
[INFO] [stdout] 
[INFO] [stdout] Some errors have detailed explanations: E0282, E0433.
[INFO] [stdout] 
[INFO] [stdout] For more information about an error, try `rustc --explain E0282`.
[INFO] [stdout] 
[INFO] [stdout] error[E0282]: type annotations needed
[INFO] [stdout]   --> tests/source_interval.rs:49:5
[INFO] [stdout]    |
[INFO] [stdout] 49 |     assert_msg_eq!(proxy.recv().await, Tick(ms(11))); // 55
[INFO] [stdout]    |     ^^^^^^^^^^^^^^^^^^^^^^^^^^^^^^^^^^^^^^^^^^^^^^^^ cannot infer type
[INFO] [stdout]    |
[INFO] [stdout]    = note: this error originates in the macro `assert_msg_eq` (in Nightly builds, run with -Z macro-backtrace for more info)
[INFO] [stdout] 
[INFO] [stdout] 
[INFO] [stderr] error: could not compile `elfo` (test "source_delay") due to 11 previous errors
[INFO] [stdout] error[E0282]: type annotations needed
[INFO] [stdout]   --> tests/source_interval.rs:50:5
[INFO] [stdout]    |
[INFO] [stdout] 50 |     assert_msg_eq!(proxy.recv().await, Tick(ms(11))); // 66
[INFO] [stdout]    |     ^^^^^^^^^^^^^^^^^^^^^^^^^^^^^^^^^^^^^^^^^^^^^^^^ cannot infer type
[INFO] [stdout]    |
[INFO] [stdout]    = note: this error originates in the macro `assert_msg_eq` (in Nightly builds, run with -Z macro-backtrace for more info)
[INFO] [stdout] 
[INFO] [stdout] 
[INFO] [stdout] error[E0282]: type annotations needed
[INFO] [stdout]   --> tests/source_interval.rs:51:5
[INFO] [stdout]    |
[INFO] [stdout] 51 |     assert_msg_eq!(proxy.recv().await, Tick(ms(35))); // 70
[INFO] [stdout]    |     ^^^^^^^^^^^^^^^^^^^^^^^^^^^^^^^^^^^^^^^^^^^^^^^^ cannot infer type
[INFO] [stdout]    |
[INFO] [stdout]    = note: this error originates in the macro `assert_msg_eq` (in Nightly builds, run with -Z macro-backtrace for more info)
[INFO] [stdout] 
[INFO] [stdout] 
[INFO] [stdout] error[E0282]: type annotations needed
[INFO] [stdout]   --> tests/source_interval.rs:52:5
[INFO] [stdout]    |
[INFO] [stdout] 52 |     assert_msg_eq!(proxy.recv().await, Tick(ms(11))); // 77
[INFO] [stdout]    |     ^^^^^^^^^^^^^^^^^^^^^^^^^^^^^^^^^^^^^^^^^^^^^^^^ cannot infer type
[INFO] [stdout]    |
[INFO] [stdout]    = note: this error originates in the macro `assert_msg_eq` (in Nightly builds, run with -Z macro-backtrace for more info)
[INFO] [stdout] 
[INFO] [stdout] 
[INFO] [stdout] error[E0282]: type annotations needed
[INFO] [stdout]   --> tests/source_interval.rs:53:5
[INFO] [stdout]    |
[INFO] [stdout] 53 |     assert_msg_eq!(proxy.recv().await, Tick(ms(11))); // 88
[INFO] [stdout]    |     ^^^^^^^^^^^^^^^^^^^^^^^^^^^^^^^^^^^^^^^^^^^^^^^^ cannot infer type
[INFO] [stdout]    |
[INFO] [stdout]    = note: this error originates in the macro `assert_msg_eq` (in Nightly builds, run with -Z macro-backtrace for more info)
[INFO] [stdout] 
[INFO] [stdout] 
[INFO] [stdout] error[E0282]: type annotations needed
[INFO] [stdout]   --> tests/source_interval.rs:54:5
[INFO] [stdout]    |
[INFO] [stdout] 54 |     assert_msg_eq!(proxy.recv().await, Tick(ms(49))); // 98
[INFO] [stdout]    |     ^^^^^^^^^^^^^^^^^^^^^^^^^^^^^^^^^^^^^^^^^^^^^^^^ cannot infer type
[INFO] [stdout]    |
[INFO] [stdout]    = note: this error originates in the macro `assert_msg_eq` (in Nightly builds, run with -Z macro-backtrace for more info)
[INFO] [stdout] 
[INFO] [stdout] 
[INFO] [stdout] error[E0282]: type annotations needed
[INFO] [stdout]    --> tests/source_interval.rs:266:5
[INFO] [stdout]     |
[INFO] [stdout] 266 |     assert_msg_eq!(proxy.recv().await, Tick(0));
[INFO] [stdout]     |     ^^^^^^^^^^^^^^^^^^^^^^^^^^^^^^^^^^^^^^^^^^^ cannot infer type
[INFO] [stdout]     |
[INFO] [stdout]     = note: this error originates in the macro `assert_msg_eq` (in Nightly builds, run with -Z macro-backtrace for more info)
[INFO] [stdout] 
[INFO] [stdout] 
[INFO] [stdout] error: aborting due to 24 previous errors
[INFO] [stdout] 
[INFO] [stdout] 
[INFO] [stdout] Some errors have detailed explanations: E0282, E0432, E0433.
[INFO] [stdout] 
[INFO] [stdout] For more information about an error, try `rustc --explain E0282`.
[INFO] [stdout] 
[INFO] [stderr] error: could not compile `elfo` (test "source_interval") due to 25 previous errors
[INFO] running `Command { std: "docker" "inspect" "8de321246e0d7cc5b12ddc6bef8225d588a740a5ed48fa642df8ae57dcbe6f3f", kill_on_drop: false }`
[INFO] running `Command { std: "docker" "rm" "-f" "8de321246e0d7cc5b12ddc6bef8225d588a740a5ed48fa642df8ae57dcbe6f3f", kill_on_drop: false }`
[INFO] [stdout] 8de321246e0d7cc5b12ddc6bef8225d588a740a5ed48fa642df8ae57dcbe6f3f
[INFO] testing elfo-0.2.0-alpha.11 against beta-2023-12-22 for beta-1.76-1
[INFO] extracting crate elfo 0.2.0-alpha.11 into /workspace/builds/worker-7-tc2/source
[INFO] validating manifest of crates.io crate elfo 0.2.0-alpha.11 on toolchain beta-2023-12-22
[INFO] running `Command { std: CARGO_HOME="/workspace/cargo-home" RUSTUP_HOME="/workspace/rustup-home" "/workspace/cargo-home/bin/cargo" "+beta-2023-12-22" "metadata" "--manifest-path" "Cargo.toml" "--no-deps", kill_on_drop: false }`
[INFO] started tweaking crates.io crate elfo 0.2.0-alpha.11
[INFO] removed 0 missing tests
[INFO] finished tweaking crates.io crate elfo 0.2.0-alpha.11
[INFO] tweaked toml for crates.io crate elfo 0.2.0-alpha.11 written to /workspace/builds/worker-7-tc2/source/Cargo.toml
[INFO] running `Command { std: CARGO_HOME="/workspace/cargo-home" RUSTUP_HOME="/workspace/rustup-home" "/workspace/cargo-home/bin/cargo" "+beta-2023-12-22" "generate-lockfile" "--manifest-path" "Cargo.toml", kill_on_drop: false }`
[INFO] [stderr]     Updating crates.io index
[INFO] running `Command { std: CARGO_HOME="/workspace/cargo-home" RUSTUP_HOME="/workspace/rustup-home" "/workspace/cargo-home/bin/cargo" "+beta-2023-12-22" "fetch" "--manifest-path" "Cargo.toml", kill_on_drop: false }`
[INFO] running `Command { std: "docker" "create" "-v" "/var/lib/crater-agent-workspace/builds/worker-7-tc2/target:/opt/rustwide/target:rw,Z" "-v" "/var/lib/crater-agent-workspace/builds/worker-7-tc2/source:/opt/rustwide/workdir:ro,Z" "-v" "/var/lib/crater-agent-workspace/cargo-home:/opt/rustwide/cargo-home:ro,Z" "-v" "/var/lib/crater-agent-workspace/rustup-home:/opt/rustwide/rustup-home:ro,Z" "-e" "SOURCE_DIR=/opt/rustwide/workdir" "-e" "CARGO_TARGET_DIR=/opt/rustwide/target" "-e" "CARGO_HOME=/opt/rustwide/cargo-home" "-e" "RUSTUP_HOME=/opt/rustwide/rustup-home" "-w" "/opt/rustwide/workdir" "-m" "1610612736" "--user" "0:0" "--network" "none" "ghcr.io/rust-lang/crates-build-env/linux@sha256:2788e3201cd34a07e3172128adcd8b3090168a8e3bcc40d7c032b9dda1df7d1c" "/opt/rustwide/cargo-home/bin/cargo" "+beta-2023-12-22" "metadata" "--no-deps" "--format-version=1", kill_on_drop: false }`
[INFO] [stdout] 1a301647be5a63dd702e1285dd1b343ebdde7e061742693383cfbf20639cb390
[INFO] running `Command { std: "docker" "start" "-a" "1a301647be5a63dd702e1285dd1b343ebdde7e061742693383cfbf20639cb390", kill_on_drop: false }`
[INFO] running `Command { std: "docker" "inspect" "1a301647be5a63dd702e1285dd1b343ebdde7e061742693383cfbf20639cb390", kill_on_drop: false }`
[INFO] running `Command { std: "docker" "rm" "-f" "1a301647be5a63dd702e1285dd1b343ebdde7e061742693383cfbf20639cb390", kill_on_drop: false }`
[INFO] [stdout] 1a301647be5a63dd702e1285dd1b343ebdde7e061742693383cfbf20639cb390
[INFO] running `Command { std: "docker" "create" "-v" "/var/lib/crater-agent-workspace/builds/worker-7-tc2/target:/opt/rustwide/target:rw,Z" "-v" "/var/lib/crater-agent-workspace/builds/worker-7-tc2/source:/opt/rustwide/workdir:ro,Z" "-v" "/var/lib/crater-agent-workspace/cargo-home:/opt/rustwide/cargo-home:ro,Z" "-v" "/var/lib/crater-agent-workspace/rustup-home:/opt/rustwide/rustup-home:ro,Z" "-e" "SOURCE_DIR=/opt/rustwide/workdir" "-e" "CARGO_TARGET_DIR=/opt/rustwide/target" "-e" "CARGO_INCREMENTAL=0" "-e" "RUST_BACKTRACE=full" "-e" "RUSTFLAGS=--cap-lints=warn" "-e" "RUSTDOCFLAGS=--cap-lints=warn" "-e" "CARGO_HOME=/opt/rustwide/cargo-home" "-e" "RUSTUP_HOME=/opt/rustwide/rustup-home" "-w" "/opt/rustwide/workdir" "-m" "1610612736" "--user" "0:0" "--network" "none" "ghcr.io/rust-lang/crates-build-env/linux@sha256:2788e3201cd34a07e3172128adcd8b3090168a8e3bcc40d7c032b9dda1df7d1c" "/opt/rustwide/cargo-home/bin/cargo" "+beta-2023-12-22" "build" "--frozen" "--message-format=json", kill_on_drop: false }`
[INFO] [stdout] 5a8d38d8f17623a439d7819e2123dcbcaaa9194e2d6a8e9d3871e0a08b4989c7
[INFO] running `Command { std: "docker" "start" "-a" "5a8d38d8f17623a439d7819e2123dcbcaaa9194e2d6a8e9d3871e0a08b4989c7", kill_on_drop: false }`
[INFO] [stderr]    Compiling proc-macro2 v1.0.75
[INFO] [stderr]    Compiling unicode-ident v1.0.12
[INFO] [stderr]    Compiling smallvec v1.11.2
[INFO] [stderr]    Compiling syn v1.0.109
[INFO] [stderr]    Compiling version_check v0.9.4
[INFO] [stderr]    Compiling serde v1.0.194
[INFO] [stderr]    Compiling futures-core v0.3.30
[INFO] [stderr]    Compiling pin-project-lite v0.2.13
[INFO] [stderr]    Compiling futures-sink v0.3.30
[INFO] [stderr]    Compiling slab v0.4.9
[INFO] [stderr]    Compiling num-traits v0.2.17
[INFO] [stderr]    Compiling crossbeam-utils v0.8.18
[INFO] [stderr]    Compiling bitflags v2.4.1
[INFO] [stderr]    Compiling futures-io v0.3.30
[INFO] [stderr]    Compiling pin-utils v0.1.0
[INFO] [stderr]    Compiling futures-task v0.3.30
[INFO] [stderr]    Compiling getrandom v0.2.11
[INFO] [stderr]    Compiling convert_case v0.4.0
[INFO] [stderr]    Compiling metrics v0.17.1
[INFO] [stderr]    Compiling futures-channel v0.3.30
[INFO] [stderr]    Compiling serde_json v1.0.111
[INFO] [stderr]    Compiling mio v0.8.10
[INFO] [stderr]    Compiling raw-cpuid v11.0.1
[INFO] [stderr]    Compiling signal-hook-registry v1.4.1
[INFO] [stderr]    Compiling humantime v2.1.0
[INFO] [stderr]    Compiling parking_lot_core v0.9.9
[INFO] [stderr]    Compiling ahash v0.7.7
[INFO] [stderr]    Compiling slotmap v1.0.7
[INFO] [stderr]    Compiling byteorder v1.5.0
[INFO] [stderr]    Compiling itoa v1.0.10
[INFO] [stderr]    Compiling heck v0.4.1
[INFO] [stderr]    Compiling once_cell v1.19.0
[INFO] [stderr]    Compiling parking_lot v0.12.1
[INFO] [stderr]    Compiling hashbrown v0.14.3
[INFO] [stderr]    Compiling uniset v0.2.3
[INFO] [stderr]    Compiling tracing-core v0.1.32
[INFO] [stderr]    Compiling ryu v1.0.16
[INFO] [stderr]    Compiling sharded-slab v0.1.7
[INFO] [stderr]    Compiling fxhash v0.2.1
[INFO] [stderr]    Compiling futures-intrusive v0.5.0
[INFO] [stderr]    Compiling quote v1.0.35
[INFO] [stderr]    Compiling arc-swap v1.6.0
[INFO] [stderr]    Compiling smallbox v0.8.2
[INFO] [stderr]    Compiling static_assertions v1.1.0
[INFO] [stderr]    Compiling syn v2.0.48
[INFO] [stderr]    Compiling tracing-subscriber v0.3.18
[INFO] [stderr]    Compiling dashmap v5.5.3
[INFO] [stderr]    Compiling quanta v0.12.2
[INFO] [stderr]    Compiling ordered-float v2.10.1
[INFO] [stderr]    Compiling elfo-macros-impl v0.2.0-alpha.12
[INFO] [stderr]    Compiling serde_derive v1.0.194
[INFO] [stderr]    Compiling futures-macro v0.3.30
[INFO] [stderr]    Compiling pin-project-internal v1.1.3
[INFO] [stderr]    Compiling linkme-impl v0.3.21
[INFO] [stderr]    Compiling tokio-macros v2.2.0
[INFO] [stderr]    Compiling tracing-attributes v0.1.27
[INFO] [stderr]    Compiling sealed v0.5.0
[INFO] [stderr]    Compiling elfo-macros v0.2.0-alpha.12
[INFO] [stderr]    Compiling metrics-macros v0.4.1
[INFO] [stderr]    Compiling derive_more v0.99.17
[INFO] [stderr]    Compiling stability v0.1.1
[INFO] [stderr]    Compiling tokio v1.35.1
[INFO] [stderr]    Compiling linkme v0.3.21
[INFO] [stderr]    Compiling futures-util v0.3.30
[INFO] [stderr]    Compiling pin-project v1.1.3
[INFO] [stderr]    Compiling unicycle v0.9.4
[INFO] [stderr]    Compiling tracing v0.1.40
[INFO] [stderr]    Compiling elfo-utils v0.2.5
[INFO] [stderr]    Compiling futures-executor v0.3.30
[INFO] [stderr]    Compiling futures v0.3.30
[INFO] [stderr]    Compiling erased-serde v0.4.2
[INFO] [stderr]    Compiling serde-value v0.7.0
[INFO] [stderr]    Compiling humantime-serde v1.1.1
[INFO] [stderr]    Compiling elfo-core v0.2.0-alpha.12
[INFO] [stderr]    Compiling elfo v0.2.0-alpha.11 (/opt/rustwide/workdir)
[INFO] [stderr]     Finished dev [unoptimized + debuginfo] target(s) in 21.85s
[INFO] running `Command { std: "docker" "inspect" "5a8d38d8f17623a439d7819e2123dcbcaaa9194e2d6a8e9d3871e0a08b4989c7", kill_on_drop: false }`
[INFO] running `Command { std: "docker" "rm" "-f" "5a8d38d8f17623a439d7819e2123dcbcaaa9194e2d6a8e9d3871e0a08b4989c7", kill_on_drop: false }`
[INFO] [stdout] 5a8d38d8f17623a439d7819e2123dcbcaaa9194e2d6a8e9d3871e0a08b4989c7
[INFO] running `Command { std: "docker" "create" "-v" "/var/lib/crater-agent-workspace/builds/worker-7-tc2/target:/opt/rustwide/target:rw,Z" "-v" "/var/lib/crater-agent-workspace/builds/worker-7-tc2/source:/opt/rustwide/workdir:ro,Z" "-v" "/var/lib/crater-agent-workspace/cargo-home:/opt/rustwide/cargo-home:ro,Z" "-v" "/var/lib/crater-agent-workspace/rustup-home:/opt/rustwide/rustup-home:ro,Z" "-e" "SOURCE_DIR=/opt/rustwide/workdir" "-e" "CARGO_TARGET_DIR=/opt/rustwide/target" "-e" "CARGO_INCREMENTAL=0" "-e" "RUST_BACKTRACE=full" "-e" "RUSTFLAGS=--cap-lints=warn" "-e" "RUSTDOCFLAGS=--cap-lints=warn" "-e" "CARGO_HOME=/opt/rustwide/cargo-home" "-e" "RUSTUP_HOME=/opt/rustwide/rustup-home" "-w" "/opt/rustwide/workdir" "-m" "1610612736" "--user" "0:0" "--network" "none" "ghcr.io/rust-lang/crates-build-env/linux@sha256:2788e3201cd34a07e3172128adcd8b3090168a8e3bcc40d7c032b9dda1df7d1c" "/opt/rustwide/cargo-home/bin/cargo" "+beta-2023-12-22" "test" "--frozen" "--no-run" "--message-format=json", kill_on_drop: false }`
[INFO] [stdout] 91683c4f9aa600cbbb8c513a2f6c1c758b3ec1d2761dab85dfc905eb95f5ef8c
[INFO] running `Command { std: "docker" "start" "-a" "91683c4f9aa600cbbb8c513a2f6c1c758b3ec1d2761dab85dfc905eb95f5ef8c", kill_on_drop: false }`
[INFO] [stderr]    Compiling num-traits v0.2.17
[INFO] [stderr]    Compiling hashbrown v0.14.3
[INFO] [stderr]    Compiling regex-syntax v0.6.29
[INFO] [stderr]    Compiling overload v0.1.1
[INFO] [stderr]    Compiling log v0.4.20
[INFO] [stderr]    Compiling tracing-core v0.1.32
[INFO] [stderr]    Compiling thread_local v1.1.7
[INFO] [stderr]    Compiling num_cpus v1.16.0
[INFO] [stderr]    Compiling socket2 v0.5.5
[INFO] [stderr]    Compiling bytes v1.5.0
[INFO] [stderr]    Compiling equivalent v1.0.1
[INFO] [stderr]    Compiling serde_spanned v0.6.5
[INFO] [stderr]    Compiling toml_datetime v0.6.5
[INFO] [stderr]    Compiling crossbeam-epoch v0.9.17
[INFO] [stderr]    Compiling indexmap v1.9.3
[INFO] [stderr]    Compiling winnow v0.5.32
[INFO] [stderr]    Compiling nu-ansi-term v0.46.0
[INFO] [stderr]    Compiling either v1.9.0
[INFO] [stderr]    Compiling rayon-core v1.12.0
[INFO] [stderr]    Compiling plotters-backend v0.3.5
[INFO] [stderr]    Compiling os_str_bytes v6.6.1
[INFO] [stderr]    Compiling half v1.8.2
[INFO] [stderr]    Compiling tracing v0.1.40
[INFO] [stderr]    Compiling tracing-log v0.2.0
[INFO] [stderr]    Compiling crossbeam-deque v0.8.4
[INFO] [stderr]    Compiling ciborium-io v0.2.1
[INFO] [stderr]    Compiling hashbrown v0.12.3
[INFO] [stderr]    Compiling tokio v1.35.1
[INFO] [stderr]    Compiling clap_lex v0.2.4
[INFO] [stderr]    Compiling ciborium-ll v0.2.1
[INFO] [stderr]    Compiling plotters-svg v0.3.5
[INFO] [stderr]    Compiling itertools v0.10.5
[INFO] [stderr]    Compiling anyhow v1.0.79
[INFO] [stderr]    Compiling same-file v1.0.6
[INFO] [stderr]    Compiling textwrap v0.16.0
[INFO] [stderr]    Compiling indexmap v2.1.0
[INFO] [stderr]    Compiling dashmap v5.5.3
[INFO] [stderr]    Compiling cast v0.3.0
[INFO] [stderr]    Compiling ciborium v0.2.1
[INFO] [stderr]    Compiling walkdir v2.4.0
[INFO] [stderr]    Compiling tinytemplate v1.2.1
[INFO] [stderr]    Compiling anes v0.1.6
[INFO] [stderr]    Compiling rayon v1.8.0
[INFO] [stderr]    Compiling oorandom v11.1.3
[INFO] [stderr]    Compiling clap v3.2.25
[INFO] [stderr]    Compiling ordered-float v2.10.1
[INFO] [stderr]    Compiling plotters v0.3.5
[INFO] [stderr]    Compiling serde-value v0.7.0
[INFO] [stderr]    Compiling regex-automata v0.1.10
[INFO] [stderr]    Compiling toml_edit v0.19.15
[INFO] [stderr]    Compiling criterion-plot v0.5.0
[INFO] [stderr]    Compiling matchers v0.1.0
[INFO] [stderr]    Compiling tracing-subscriber v0.3.18
[INFO] [stderr]    Compiling criterion v0.4.0
[INFO] [stderr]    Compiling toml v0.7.8
[INFO] [stderr]    Compiling elfo-core v0.2.0-alpha.12
[INFO] [stderr]    Compiling elfo-configurer v0.2.0-alpha.12
[INFO] [stderr]    Compiling elfo v0.2.0-alpha.11 (/opt/rustwide/workdir)
[INFO] [stderr]    Compiling elfo-test v0.2.0-alpha.12
[INFO] [stdout] error[E0432]: unresolved import `elfo::test`
[INFO] [stdout]  --> tests/source_interval.rs:3:50
[INFO] [stdout]   |
[INFO] [stdout] 3 | use elfo::{config::AnyConfig, prelude::*, scope, test::Proxy, time::Interval};
[INFO] [stdout]   |                                                  ^^^^ could not find `test` in `elfo`
[INFO] [stdout] 
[INFO] [stdout] 
[INFO] [stdout] error[E0433]: failed to resolve: could not find `test` in `elfo`
[INFO] [stdout]   --> tests/source_signal.rs:43:27
[INFO] [stdout]    |
[INFO] [stdout] 43 |     let mut proxy = elfo::test::proxy(group, AnyConfig::default()).await;
[INFO] [stdout]    |                           ^^^^ could not find `test` in `elfo`
[INFO] [stdout] 
[INFO] [stdout] 
[INFO] [stdout] error[E0433]: failed to resolve: could not find `test` in `elfo`
[INFO] [stdout]   --> tests/source_delay.rs:35:27
[INFO] [stdout]    |
[INFO] [stdout] 35 |     let mut proxy = elfo::test::proxy(group, AnyConfig::default()).await;
[INFO] [stdout]    |                           ^^^^ could not find `test` in `elfo`
[INFO] [stdout] 
[INFO] [stdout] 
[INFO] [stdout] error[E0433]: failed to resolve: could not find `test` in `elfo`
[INFO] [stdout]   --> tests/source_delay.rs:90:27
[INFO] [stdout]    |
[INFO] [stdout] 90 |     let mut proxy = elfo::test::proxy(group, AnyConfig::default()).await;
[INFO] [stdout]    |                           ^^^^ could not find `test` in `elfo`
[INFO] [stdout] 
[INFO] [stdout] 
[INFO] [stdout] error[E0433]: failed to resolve: could not find `test` in `elfo`
[INFO] [stdout]   --> tests/source_interval.rs:36:27
[INFO] [stdout]    |
[INFO] [stdout] 36 |     let mut proxy = elfo::test::proxy(group, AnyConfig::default()).await;
[INFO] [stdout]    |                           ^^^^ could not find `test` in `elfo`
[INFO] [stdout] 
[INFO] [stdout] 
[INFO] [stdout] error[E0433]: failed to resolve: could not find `test` in `elfo`
[INFO] [stdout]   --> tests/source_signal.rs:73:27
[INFO] [stdout]    |
[INFO] [stdout] 73 |     let mut proxy = elfo::test::proxy(group, AnyConfig::default()).await;
[INFO] [stdout]    |                           ^^^^ could not find `test` in `elfo`
[INFO] [stdout] 
[INFO] [stdout] 
[INFO] [stdout] error[E0433]: failed to resolve: could not find `test` in `elfo`
[INFO] [stdout]   --> tests/source_interval.rs:79:27
[INFO] [stdout]    |
[INFO] [stdout] 79 |     let mut proxy = elfo::test::proxy(group, AnyConfig::default()).await;
[INFO] [stdout]    |                           ^^^^ could not find `test` in `elfo`
[INFO] [stdout] 
[INFO] [stdout] 
[INFO] [stdout] error[E0433]: failed to resolve: could not find `test` in `elfo`
[INFO] [stdout]    --> tests/source_interval.rs:176:23
[INFO] [stdout]     |
[INFO] [stdout] 176 |     let proxy = elfo::test::proxy(sample(), AnyConfig::default()).await;
[INFO] [stdout]     |                       ^^^^ could not find `test` in `elfo`
[INFO] [stdout] 
[INFO] [stdout] 
[INFO] [stdout] error[E0433]: failed to resolve: could not find `test` in `elfo`
[INFO] [stdout]    --> tests/source_interval.rs:187:23
[INFO] [stdout]     |
[INFO] [stdout] 187 |     let proxy = elfo::test::proxy(sample(), AnyConfig::default()).await;
[INFO] [stdout]     |                       ^^^^ could not find `test` in `elfo`
[INFO] [stdout] 
[INFO] [stdout] 
[INFO] [stdout] error[E0433]: failed to resolve: could not find `test` in `elfo`
[INFO] [stdout]    --> tests/source_interval.rs:201:23
[INFO] [stdout]     |
[INFO] [stdout] 201 |     let proxy = elfo::test::proxy(sample(), AnyConfig::default()).await;
[INFO] [stdout]     |                       ^^^^ could not find `test` in `elfo`
[INFO] [stdout] 
[INFO] [stdout] 
[INFO] [stdout] error[E0433]: failed to resolve: could not find `test` in `elfo`
[INFO] [stdout]    --> tests/source_interval.rs:218:23
[INFO] [stdout]     |
[INFO] [stdout] 218 |     let proxy = elfo::test::proxy(sample(), AnyConfig::default()).await;
[INFO] [stdout]     |                       ^^^^ could not find `test` in `elfo`
[INFO] [stdout] 
[INFO] [stdout] 
[INFO] [stdout] error[E0433]: failed to resolve: could not find `test` in `elfo`
[INFO] [stdout]    --> tests/source_interval.rs:231:23
[INFO] [stdout]     |
[INFO] [stdout] 231 |     let proxy = elfo::test::proxy(sample(), AnyConfig::default()).await;
[INFO] [stdout]     |                       ^^^^ could not find `test` in `elfo`
[INFO] [stdout] 
[INFO] [stdout] 
[INFO] [stdout] error[E0433]: failed to resolve: could not find `test` in `elfo`
[INFO] [stdout]    --> tests/source_interval.rs:248:23
[INFO] [stdout]     |
[INFO] [stdout] 248 |     let proxy = elfo::test::proxy(sample(), AnyConfig::default()).await;
[INFO] [stdout]     |                       ^^^^ could not find `test` in `elfo`
[INFO] [stdout] 
[INFO] [stdout] 
[INFO] [stdout] error[E0433]: failed to resolve: could not find `test` in `elfo`
[INFO] [stdout]    --> tests/source_interval.rs:263:27
[INFO] [stdout]     |
[INFO] [stdout] 263 |     let mut proxy = elfo::test::proxy(sample(), AnyConfig::default()).await;
[INFO] [stdout]     |                           ^^^^ could not find `test` in `elfo`
[INFO] [stdout] 
[INFO] [stdout] 
[INFO] [stdout] error[E0282]: type annotations needed
[INFO] [stdout]   --> tests/source_signal.rs:47:9
[INFO] [stdout]    |
[INFO] [stdout] 47 |         assert_msg_eq!(proxy.recv().await, SomeSignal(no));
[INFO] [stdout]    |         ^^^^^^^^^^^^^^^^^^^^^^^^^^^^^^^^^^^^^^^^^^^^^^^^^^ cannot infer type
[INFO] [stdout]    |
[INFO] [stdout]    = note: this error originates in the macro `assert_msg_eq` (in Nightly builds, run with -Z macro-backtrace for more info)
[INFO] [stdout] 
[INFO] [stdout] 
[INFO] [stdout] error[E0282]: type annotations needed
[INFO] [stdout]   --> tests/source_delay.rs:42:5
[INFO] [stdout]    |
[INFO] [stdout] 42 |     assert_msg_eq!(proxy.recv().await, Tick(25));
[INFO] [stdout]    |     ^^^^^^^^^^^^^^^^^^^^^^^^^^^^^^^^^^^^^^^^^^^^ cannot infer type
[INFO] [stdout]    |
[INFO] [stdout]    = note: this error originates in the macro `assert_msg_eq` (in Nightly builds, run with -Z macro-backtrace for more info)
[INFO] [stdout] 
[INFO] [stdout] 
[INFO] [stdout] error[E0282]: type annotations needed
[INFO] [stdout]    --> tests/source_interval.rs:164:9
[INFO] [stdout]     |
[INFO] [stdout] 164 |         assert_msg_eq!(self.proxy.recv().await, Tick(expected_no));
[INFO] [stdout]     |         ^^^^^^^^^^^^^^^^^^^^^^^^^^^^^^^^^^^^^^^^^^^^^^^^^^^^^^^^^^ cannot infer type
[INFO] [stdout]     |
[INFO] [stdout]     = note: this error originates in the macro `assert_msg_eq` (in Nightly builds, run with -Z macro-backtrace for more info)
[INFO] [stdout] 
[INFO] [stdout] 
[INFO] [stdout] error[E0282]: type annotations needed
[INFO] [stdout]   --> tests/source_delay.rs:45:5
[INFO] [stdout]    |
[INFO] [stdout] 45 |     assert_msg_eq!(proxy.recv().await, Tick(5));
[INFO] [stdout]    |     ^^^^^^^^^^^^^^^^^^^^^^^^^^^^^^^^^^^^^^^^^^^ cannot infer type
[INFO] [stdout]    |
[INFO] [stdout]    = note: this error originates in the macro `assert_msg_eq` (in Nightly builds, run with -Z macro-backtrace for more info)
[INFO] [stdout] 
[INFO] [stdout] 
[INFO] [stdout] error[E0282]: type annotations needed
[INFO] [stdout]   --> tests/source_signal.rs:76:5
[INFO] [stdout]    |
[INFO] [stdout] 76 |     assert_msg_eq!(proxy.recv().await, SomeSignal);
[INFO] [stdout]    |     ^^^^^^^^^^^^^^^^^^^^^^^^^^^^^^^^^^^^^^^^^^^^^^ cannot infer type
[INFO] [stdout]    |
[INFO] [stdout]    = note: this error originates in the macro `assert_msg_eq` (in Nightly builds, run with -Z macro-backtrace for more info)
[INFO] [stdout] 
[INFO] [stdout] 
[INFO] [stdout] error[E0282]: type annotations needed
[INFO] [stdout]   --> tests/source_interval.rs:43:5
[INFO] [stdout]    |
[INFO] [stdout] 43 |     assert_msg_eq!(proxy.recv().await, Tick(ms(11))); // 11
[INFO] [stdout]    |     ^^^^^^^^^^^^^^^^^^^^^^^^^^^^^^^^^^^^^^^^^^^^^^^^ cannot infer type
[INFO] [stdout]    |
[INFO] [stdout]    = note: this error originates in the macro `assert_msg_eq` (in Nightly builds, run with -Z macro-backtrace for more info)
[INFO] [stdout] 
[INFO] [stdout] 
[INFO] [stdout] error[E0282]: type annotations needed
[INFO] [stdout]   --> tests/source_delay.rs:46:5
[INFO] [stdout]    |
[INFO] [stdout] 46 |     assert_msg_eq!(proxy.recv().await, Tick(50));
[INFO] [stdout]    |     ^^^^^^^^^^^^^^^^^^^^^^^^^^^^^^^^^^^^^^^^^^^^ cannot infer type
[INFO] [stdout]    |
[INFO] [stdout]    = note: this error originates in the macro `assert_msg_eq` (in Nightly builds, run with -Z macro-backtrace for more info)
[INFO] [stdout] 
[INFO] [stdout] 
[INFO] [stdout] error: aborting due to 4 previous errors
[INFO] [stdout] 
[INFO] [stdout] 
[INFO] [stdout] Some errors have detailed explanations: E0282, E0433.
[INFO] [stdout] 
[INFO] [stdout] For more information about an error, try `rustc --explain E0282`.
[INFO] [stdout] 
[INFO] [stderr] error: could not compile `elfo` (test "source_signal") due to 5 previous errors
[INFO] [stderr] warning: build failed, waiting for other jobs to finish...
[INFO] [stdout] error[E0282]: type annotations needed
[INFO] [stdout]   --> tests/source_delay.rs:47:5
[INFO] [stdout]    |
[INFO] [stdout] 47 |     assert_msg_eq!(proxy.recv().await, Tick(100));
[INFO] [stdout]    |     ^^^^^^^^^^^^^^^^^^^^^^^^^^^^^^^^^^^^^^^^^^^^^ cannot infer type
[INFO] [stdout]    |
[INFO] [stdout]    = note: this error originates in the macro `assert_msg_eq` (in Nightly builds, run with -Z macro-backtrace for more info)
[INFO] [stdout] 
[INFO] [stdout] 
[INFO] [stdout] error[E0282]: type annotations needed
[INFO] [stdout]   --> tests/source_interval.rs:44:5
[INFO] [stdout]    |
[INFO] [stdout] 44 |     assert_msg_eq!(proxy.recv().await, Tick(ms(11))); // 22
[INFO] [stdout]    |     ^^^^^^^^^^^^^^^^^^^^^^^^^^^^^^^^^^^^^^^^^^^^^^^^ cannot infer type
[INFO] [stdout]    |
[INFO] [stdout]    = note: this error originates in the macro `assert_msg_eq` (in Nightly builds, run with -Z macro-backtrace for more info)
[INFO] [stdout] 
[INFO] [stdout] 
[INFO] [stdout] error[E0282]: type annotations needed
[INFO] [stdout]   --> tests/source_delay.rs:52:5
[INFO] [stdout]    |
[INFO] [stdout] 52 |     assert_msg_eq!(proxy.recv().await, Tick(10));
[INFO] [stdout]    |     ^^^^^^^^^^^^^^^^^^^^^^^^^^^^^^^^^^^^^^^^^^^^ cannot infer type
[INFO] [stdout]    |
[INFO] [stdout]    = note: this error originates in the macro `assert_msg_eq` (in Nightly builds, run with -Z macro-backtrace for more info)
[INFO] [stdout] 
[INFO] [stdout] 
[INFO] [stdout] error[E0282]: type annotations needed
[INFO] [stdout]   --> tests/source_delay.rs:53:5
[INFO] [stdout]    |
[INFO] [stdout] 53 |     assert_msg_eq!(proxy.recv().await, Tick(15));
[INFO] [stdout]    |     ^^^^^^^^^^^^^^^^^^^^^^^^^^^^^^^^^^^^^^^^^^^^ cannot infer type
[INFO] [stdout]    |
[INFO] [stdout]    = note: this error originates in the macro `assert_msg_eq` (in Nightly builds, run with -Z macro-backtrace for more info)
[INFO] [stdout] 
[INFO] [stdout] 
[INFO] [stdout] error[E0282]: type annotations needed
[INFO] [stdout]   --> tests/source_interval.rs:45:5
[INFO] [stdout]    |
[INFO] [stdout] 45 |     assert_msg_eq!(proxy.recv().await, Tick(ms(11))); // 33
[INFO] [stdout]    |     ^^^^^^^^^^^^^^^^^^^^^^^^^^^^^^^^^^^^^^^^^^^^^^^^ cannot infer type
[INFO] [stdout]    |
[INFO] [stdout]    = note: this error originates in the macro `assert_msg_eq` (in Nightly builds, run with -Z macro-backtrace for more info)
[INFO] [stdout] 
[INFO] [stdout] 
[INFO] [stdout] error[E0282]: type annotations needed
[INFO] [stdout]   --> tests/source_interval.rs:46:5
[INFO] [stdout]    |
[INFO] [stdout] 46 |     assert_msg_eq!(proxy.recv().await, Tick(ms(35))); // 35
[INFO] [stdout]    |     ^^^^^^^^^^^^^^^^^^^^^^^^^^^^^^^^^^^^^^^^^^^^^^^^ cannot infer type
[INFO] [stdout]    |
[INFO] [stdout]    = note: this error originates in the macro `assert_msg_eq` (in Nightly builds, run with -Z macro-backtrace for more info)
[INFO] [stdout] 
[INFO] [stdout] 
[INFO] [stdout] error[E0282]: type annotations needed
[INFO] [stdout]   --> tests/source_delay.rs:97:5
[INFO] [stdout]    |
[INFO] [stdout] 97 |     assert_msg_eq!(proxy.recv().await, Tick(10));
[INFO] [stdout]    |     ^^^^^^^^^^^^^^^^^^^^^^^^^^^^^^^^^^^^^^^^^^^^ cannot infer type
[INFO] [stdout]    |
[INFO] [stdout]    = note: this error originates in the macro `assert_msg_eq` (in Nightly builds, run with -Z macro-backtrace for more info)
[INFO] [stdout] 
[INFO] [stdout] 
[INFO] [stdout] error[E0282]: type annotations needed
[INFO] [stdout]   --> tests/source_interval.rs:47:5
[INFO] [stdout]    |
[INFO] [stdout] 47 |     assert_msg_eq!(proxy.recv().await, Tick(ms(11))); // 44
[INFO] [stdout]    |     ^^^^^^^^^^^^^^^^^^^^^^^^^^^^^^^^^^^^^^^^^^^^^^^^ cannot infer type
[INFO] [stdout]    |
[INFO] [stdout]    = note: this error originates in the macro `assert_msg_eq` (in Nightly builds, run with -Z macro-backtrace for more info)
[INFO] [stdout] 
[INFO] [stdout] 
[INFO] [stdout] error[E0282]: type annotations needed
[INFO] [stdout]   --> tests/source_interval.rs:48:5
[INFO] [stdout]    |
[INFO] [stdout] 48 |     assert_msg_eq!(proxy.recv().await, Tick(ms(49))); // 49
[INFO] [stdout]    |     ^^^^^^^^^^^^^^^^^^^^^^^^^^^^^^^^^^^^^^^^^^^^^^^^ cannot infer type
[INFO] [stdout]    |
[INFO] [stdout]    = note: this error originates in the macro `assert_msg_eq` (in Nightly builds, run with -Z macro-backtrace for more info)
[INFO] [stdout] 
[INFO] [stdout] 
[INFO] [stdout] error[E0282]: type annotations needed
[INFO] [stdout]   --> tests/source_delay.rs:99:5
[INFO] [stdout]    |
[INFO] [stdout] 99 |     assert_msg_eq!(proxy.recv().await, Tick(30));
[INFO] [stdout]    |     ^^^^^^^^^^^^^^^^^^^^^^^^^^^^^^^^^^^^^^^^^^^^ cannot infer type
[INFO] [stdout]    |
[INFO] [stdout]    = note: this error originates in the macro `assert_msg_eq` (in Nightly builds, run with -Z macro-backtrace for more info)
[INFO] [stdout] 
[INFO] [stdout] 
[INFO] [stdout] error[E0282]: type annotations needed
[INFO] [stdout]   --> tests/source_interval.rs:49:5
[INFO] [stdout]    |
[INFO] [stdout] 49 |     assert_msg_eq!(proxy.recv().await, Tick(ms(11))); // 55
[INFO] [stdout]    |     ^^^^^^^^^^^^^^^^^^^^^^^^^^^^^^^^^^^^^^^^^^^^^^^^ cannot infer type
[INFO] [stdout]    |
[INFO] [stdout]    = note: this error originates in the macro `assert_msg_eq` (in Nightly builds, run with -Z macro-backtrace for more info)
[INFO] [stdout] 
[INFO] [stdout] 
[INFO] [stdout] error[E0282]: type annotations needed
[INFO] [stdout]   --> tests/source_interval.rs:50:5
[INFO] [stdout]    |
[INFO] [stdout] 50 |     assert_msg_eq!(proxy.recv().await, Tick(ms(11))); // 66
[INFO] [stdout]    |     ^^^^^^^^^^^^^^^^^^^^^^^^^^^^^^^^^^^^^^^^^^^^^^^^ cannot infer type
[INFO] [stdout]    |
[INFO] [stdout]    = note: this error originates in the macro `assert_msg_eq` (in Nightly builds, run with -Z macro-backtrace for more info)
[INFO] [stdout] 
[INFO] [stdout] 
[INFO] [stdout] error: aborting due to 10 previous errors
[INFO] [stdout] 
[INFO] [stdout] 
[INFO] [stdout] Some errors have detailed explanations: E0282, E0433.
[INFO] [stdout] 
[INFO] [stdout] For more information about an error, try `rustc --explain E0282`.
[INFO] [stdout] 
[INFO] [stderr] error: could not compile `elfo` (test "source_delay") due to 11 previous errors
[INFO] [stdout] error[E0282]: type annotations needed
[INFO] [stdout]   --> tests/source_interval.rs:51:5
[INFO] [stdout]    |
[INFO] [stdout] 51 |     assert_msg_eq!(proxy.recv().await, Tick(ms(35))); // 70
[INFO] [stdout]    |     ^^^^^^^^^^^^^^^^^^^^^^^^^^^^^^^^^^^^^^^^^^^^^^^^ cannot infer type
[INFO] [stdout]    |
[INFO] [stdout]    = note: this error originates in the macro `assert_msg_eq` (in Nightly builds, run with -Z macro-backtrace for more info)
[INFO] [stdout] 
[INFO] [stdout] 
[INFO] [stdout] error[E0282]: type annotations needed
[INFO] [stdout]   --> tests/source_interval.rs:52:5
[INFO] [stdout]    |
[INFO] [stdout] 52 |     assert_msg_eq!(proxy.recv().await, Tick(ms(11))); // 77
[INFO] [stdout]    |     ^^^^^^^^^^^^^^^^^^^^^^^^^^^^^^^^^^^^^^^^^^^^^^^^ cannot infer type
[INFO] [stdout]    |
[INFO] [stdout]    = note: this error originates in the macro `assert_msg_eq` (in Nightly builds, run with -Z macro-backtrace for more info)
[INFO] [stdout] 
[INFO] [stdout] 
[INFO] [stdout] error[E0282]: type annotations needed
[INFO] [stdout]   --> tests/source_interval.rs:53:5
[INFO] [stdout]    |
[INFO] [stdout] 53 |     assert_msg_eq!(proxy.recv().await, Tick(ms(11))); // 88
[INFO] [stdout]    |     ^^^^^^^^^^^^^^^^^^^^^^^^^^^^^^^^^^^^^^^^^^^^^^^^ cannot infer type
[INFO] [stdout]    |
[INFO] [stdout]    = note: this error originates in the macro `assert_msg_eq` (in Nightly builds, run with -Z macro-backtrace for more info)
[INFO] [stdout] 
[INFO] [stdout] 
[INFO] [stdout] error[E0282]: type annotations needed
[INFO] [stdout]   --> tests/source_interval.rs:54:5
[INFO] [stdout]    |
[INFO] [stdout] 54 |     assert_msg_eq!(proxy.recv().await, Tick(ms(49))); // 98
[INFO] [stdout]    |     ^^^^^^^^^^^^^^^^^^^^^^^^^^^^^^^^^^^^^^^^^^^^^^^^ cannot infer type
[INFO] [stdout]    |
[INFO] [stdout]    = note: this error originates in the macro `assert_msg_eq` (in Nightly builds, run with -Z macro-backtrace for more info)
[INFO] [stdout] 
[INFO] [stdout] 
[INFO] [stdout] error[E0282]: type annotations needed
[INFO] [stdout]    --> tests/source_interval.rs:266:5
[INFO] [stdout]     |
[INFO] [stdout] 266 |     assert_msg_eq!(proxy.recv().await, Tick(0));
[INFO] [stdout]     |     ^^^^^^^^^^^^^^^^^^^^^^^^^^^^^^^^^^^^^^^^^^^ cannot infer type
[INFO] [stdout]     |
[INFO] [stdout]     = note: this error originates in the macro `assert_msg_eq` (in Nightly builds, run with -Z macro-backtrace for more info)
[INFO] [stdout] 
[INFO] [stdout] 
[INFO] [stdout] error: aborting due to 24 previous errors
[INFO] [stdout] 
[INFO] [stdout] 
[INFO] [stdout] Some errors have detailed explanations: E0282, E0432, E0433.
[INFO] [stdout] 
[INFO] [stdout] For more information about an error, try `rustc --explain E0282`.
[INFO] [stdout] 
[INFO] [stderr] error: could not compile `elfo` (test "source_interval") due to 25 previous errors
[INFO] running `Command { std: "docker" "inspect" "91683c4f9aa600cbbb8c513a2f6c1c758b3ec1d2761dab85dfc905eb95f5ef8c", kill_on_drop: false }`
[INFO] running `Command { std: "docker" "rm" "-f" "91683c4f9aa600cbbb8c513a2f6c1c758b3ec1d2761dab85dfc905eb95f5ef8c", kill_on_drop: false }`
[INFO] [stdout] 91683c4f9aa600cbbb8c513a2f6c1c758b3ec1d2761dab85dfc905eb95f5ef8c
