[INFO] fetching crate elevated 0.1.1...
[INFO] testing elevated-0.1.1 against 1.75.0 for beta-1.76-1
[INFO] extracting crate elevated 0.1.1 into /workspace/builds/worker-5-tc1/source
[INFO] validating manifest of crates.io crate elevated 0.1.1 on toolchain 1.75.0
[INFO] running `Command { std: CARGO_HOME="/workspace/cargo-home" RUSTUP_HOME="/workspace/rustup-home" "/workspace/cargo-home/bin/cargo" "+1.75.0" "metadata" "--manifest-path" "Cargo.toml" "--no-deps", kill_on_drop: false }`
[INFO] started tweaking crates.io crate elevated 0.1.1
[INFO] finished tweaking crates.io crate elevated 0.1.1
[INFO] tweaked toml for crates.io crate elevated 0.1.1 written to /workspace/builds/worker-5-tc1/source/Cargo.toml
[INFO] running `Command { std: CARGO_HOME="/workspace/cargo-home" RUSTUP_HOME="/workspace/rustup-home" "/workspace/cargo-home/bin/cargo" "+1.75.0" "generate-lockfile" "--manifest-path" "Cargo.toml", kill_on_drop: false }`
[INFO] [stderr]     Updating crates.io index
[INFO] running `Command { std: CARGO_HOME="/workspace/cargo-home" RUSTUP_HOME="/workspace/rustup-home" "/workspace/cargo-home/bin/cargo" "+1.75.0" "fetch" "--manifest-path" "Cargo.toml", kill_on_drop: false }`
[INFO] [stderr]  Downloading crates ...
[INFO] [stderr]   Downloaded elevated-derive v0.1.1
[INFO] [stderr]   Downloaded ctor v0.2.6
[INFO] running `Command { std: "docker" "create" "-v" "/var/lib/crater-agent-workspace/builds/worker-5-tc1/target:/opt/rustwide/target:rw,Z" "-v" "/var/lib/crater-agent-workspace/builds/worker-5-tc1/source:/opt/rustwide/workdir:ro,Z" "-v" "/var/lib/crater-agent-workspace/cargo-home:/opt/rustwide/cargo-home:ro,Z" "-v" "/var/lib/crater-agent-workspace/rustup-home:/opt/rustwide/rustup-home:ro,Z" "-e" "SOURCE_DIR=/opt/rustwide/workdir" "-e" "CARGO_TARGET_DIR=/opt/rustwide/target" "-e" "CARGO_HOME=/opt/rustwide/cargo-home" "-e" "RUSTUP_HOME=/opt/rustwide/rustup-home" "-w" "/opt/rustwide/workdir" "-m" "1610612736" "--user" "0:0" "--network" "none" "ghcr.io/rust-lang/crates-build-env/linux@sha256:2788e3201cd34a07e3172128adcd8b3090168a8e3bcc40d7c032b9dda1df7d1c" "/opt/rustwide/cargo-home/bin/cargo" "+1.75.0" "metadata" "--no-deps" "--format-version=1", kill_on_drop: false }`
[INFO] [stdout] bf68d0067e96848b87d41fc5b5c1718278dfe63628cc9a8859e7ce49be4ee2e6
[INFO] running `Command { std: "docker" "start" "-a" "bf68d0067e96848b87d41fc5b5c1718278dfe63628cc9a8859e7ce49be4ee2e6", kill_on_drop: false }`
[INFO] running `Command { std: "docker" "inspect" "bf68d0067e96848b87d41fc5b5c1718278dfe63628cc9a8859e7ce49be4ee2e6", kill_on_drop: false }`
[INFO] running `Command { std: "docker" "rm" "-f" "bf68d0067e96848b87d41fc5b5c1718278dfe63628cc9a8859e7ce49be4ee2e6", kill_on_drop: false }`
[INFO] [stdout] bf68d0067e96848b87d41fc5b5c1718278dfe63628cc9a8859e7ce49be4ee2e6
[INFO] running `Command { std: "docker" "create" "-v" "/var/lib/crater-agent-workspace/builds/worker-5-tc1/target:/opt/rustwide/target:rw,Z" "-v" "/var/lib/crater-agent-workspace/builds/worker-5-tc1/source:/opt/rustwide/workdir:ro,Z" "-v" "/var/lib/crater-agent-workspace/cargo-home:/opt/rustwide/cargo-home:ro,Z" "-v" "/var/lib/crater-agent-workspace/rustup-home:/opt/rustwide/rustup-home:ro,Z" "-e" "SOURCE_DIR=/opt/rustwide/workdir" "-e" "CARGO_TARGET_DIR=/opt/rustwide/target" "-e" "CARGO_INCREMENTAL=0" "-e" "RUST_BACKTRACE=full" "-e" "RUSTFLAGS=--cap-lints=warn" "-e" "RUSTDOCFLAGS=--cap-lints=warn" "-e" "CARGO_HOME=/opt/rustwide/cargo-home" "-e" "RUSTUP_HOME=/opt/rustwide/rustup-home" "-w" "/opt/rustwide/workdir" "-m" "1610612736" "--user" "0:0" "--network" "none" "ghcr.io/rust-lang/crates-build-env/linux@sha256:2788e3201cd34a07e3172128adcd8b3090168a8e3bcc40d7c032b9dda1df7d1c" "/opt/rustwide/cargo-home/bin/cargo" "+1.75.0" "build" "--frozen" "--message-format=json", kill_on_drop: false }`
[INFO] [stdout] 9d462fd52670276ae2bd7cadf6e9f4b0c31588986055c1d69c4e6b9a40e57545
[INFO] running `Command { std: "docker" "start" "-a" "9d462fd52670276ae2bd7cadf6e9f4b0c31588986055c1d69c4e6b9a40e57545", kill_on_drop: false }`
[INFO] [stderr]    Compiling windows_x86_64_gnu v0.48.5
[INFO] [stderr]    Compiling winapi v0.3.9
[INFO] [stderr]    Compiling ntapi v0.4.1
[INFO] [stderr]    Compiling syn v2.0.48
[INFO] [stderr]    Compiling getrandom v0.2.11
[INFO] [stderr]    Compiling rand_core v0.6.4
[INFO] [stderr]    Compiling windows-targets v0.48.5
[INFO] [stderr]    Compiling windows-core v0.51.1
[INFO] [stderr]    Compiling rand_chacha v0.3.1
[INFO] [stderr]    Compiling rand v0.8.5
[INFO] [stderr]    Compiling windows v0.51.1
[INFO] [stderr]    Compiling serde_derive v1.0.194
[INFO] [stderr]    Compiling ctor v0.2.6
[INFO] [stderr]    Compiling elevated-derive v0.1.1
[INFO] [stderr]    Compiling serde v1.0.194
[INFO] [stderr]    Compiling serde_json v1.0.111
[INFO] [stderr]    Compiling elevated v0.1.1 (/opt/rustwide/workdir)
[INFO] [stdout] error[E0432]: unresolved imports `ntapi::ntobapi`, `ntapi::ntpsapi`, `ntapi::ntrtl`
[INFO] [stdout]   --> src/util.rs:4:5
[INFO] [stdout]    |
[INFO] [stdout] 4  |     ntobapi::{
[INFO] [stdout]    |     ^^^^^^^ could not find `ntobapi` in `ntapi`
[INFO] [stdout] ...
[INFO] [stdout] 8  |     ntpsapi::{
[INFO] [stdout]    |     ^^^^^^^ could not find `ntpsapi` in `ntapi`
[INFO] [stdout] ...
[INFO] [stdout] 12 |     ntrtl::RtlGetCurrentPeb,
[INFO] [stdout]    |     ^^^^^ could not find `ntrtl` in `ntapi`
[INFO] [stdout] 
[INFO] [stdout] 
[INFO] [stdout] error[E0609]: no field `HandleValue` on type `&_`
[INFO] [stdout]    --> src/util.rs:184:32
[INFO] [stdout]     |
[INFO] [stdout] 184 |             handle_value: item.HandleValue as _,
[INFO] [stdout]     |                                ^^^^^^^^^^^
[INFO] [stdout] 
[INFO] [stdout] 
[INFO] [stdout] error: aborting due to 2 previous errors
[INFO] [stdout] 
[INFO] [stdout] 
[INFO] [stdout] Some errors have detailed explanations: E0432, E0609.
[INFO] [stdout] 
[INFO] [stdout] For more information about an error, try `rustc --explain E0432`.
[INFO] [stdout] 
[INFO] [stderr] error: could not compile `elevated` (lib) due to 3 previous errors
[INFO] [stderr] warning: build failed, waiting for other jobs to finish...
[INFO] running `Command { std: "docker" "inspect" "9d462fd52670276ae2bd7cadf6e9f4b0c31588986055c1d69c4e6b9a40e57545", kill_on_drop: false }`
[INFO] running `Command { std: "docker" "rm" "-f" "9d462fd52670276ae2bd7cadf6e9f4b0c31588986055c1d69c4e6b9a40e57545", kill_on_drop: false }`
[INFO] [stdout] 9d462fd52670276ae2bd7cadf6e9f4b0c31588986055c1d69c4e6b9a40e57545
[INFO] testing elevated-0.1.1 against beta-2023-12-22 for beta-1.76-1
[INFO] extracting crate elevated 0.1.1 into /workspace/builds/worker-5-tc2/source
[INFO] validating manifest of crates.io crate elevated 0.1.1 on toolchain beta-2023-12-22
[INFO] running `Command { std: CARGO_HOME="/workspace/cargo-home" RUSTUP_HOME="/workspace/rustup-home" "/workspace/cargo-home/bin/cargo" "+beta-2023-12-22" "metadata" "--manifest-path" "Cargo.toml" "--no-deps", kill_on_drop: false }`
[INFO] started tweaking crates.io crate elevated 0.1.1
[INFO] finished tweaking crates.io crate elevated 0.1.1
[INFO] tweaked toml for crates.io crate elevated 0.1.1 written to /workspace/builds/worker-5-tc2/source/Cargo.toml
[INFO] running `Command { std: CARGO_HOME="/workspace/cargo-home" RUSTUP_HOME="/workspace/rustup-home" "/workspace/cargo-home/bin/cargo" "+beta-2023-12-22" "generate-lockfile" "--manifest-path" "Cargo.toml", kill_on_drop: false }`
[INFO] [stderr]     Blocking waiting for file lock on package cache
[INFO] [stderr]     Updating crates.io index
[INFO] running `Command { std: CARGO_HOME="/workspace/cargo-home" RUSTUP_HOME="/workspace/rustup-home" "/workspace/cargo-home/bin/cargo" "+beta-2023-12-22" "fetch" "--manifest-path" "Cargo.toml", kill_on_drop: false }`
[INFO] [stderr]     Blocking waiting for file lock on package cache
[INFO] running `Command { std: "docker" "create" "-v" "/var/lib/crater-agent-workspace/builds/worker-5-tc2/target:/opt/rustwide/target:rw,Z" "-v" "/var/lib/crater-agent-workspace/builds/worker-5-tc2/source:/opt/rustwide/workdir:ro,Z" "-v" "/var/lib/crater-agent-workspace/cargo-home:/opt/rustwide/cargo-home:ro,Z" "-v" "/var/lib/crater-agent-workspace/rustup-home:/opt/rustwide/rustup-home:ro,Z" "-e" "SOURCE_DIR=/opt/rustwide/workdir" "-e" "CARGO_TARGET_DIR=/opt/rustwide/target" "-e" "CARGO_HOME=/opt/rustwide/cargo-home" "-e" "RUSTUP_HOME=/opt/rustwide/rustup-home" "-w" "/opt/rustwide/workdir" "-m" "1610612736" "--user" "0:0" "--network" "none" "ghcr.io/rust-lang/crates-build-env/linux@sha256:2788e3201cd34a07e3172128adcd8b3090168a8e3bcc40d7c032b9dda1df7d1c" "/opt/rustwide/cargo-home/bin/cargo" "+beta-2023-12-22" "metadata" "--no-deps" "--format-version=1", kill_on_drop: false }`
[INFO] [stdout] 40193bb1ccc59b72ff33d1a88af00b8d10a64310bc1bc9cca6ce0cbfeed5f400
[INFO] running `Command { std: "docker" "start" "-a" "40193bb1ccc59b72ff33d1a88af00b8d10a64310bc1bc9cca6ce0cbfeed5f400", kill_on_drop: false }`
[INFO] running `Command { std: "docker" "inspect" "40193bb1ccc59b72ff33d1a88af00b8d10a64310bc1bc9cca6ce0cbfeed5f400", kill_on_drop: false }`
[INFO] running `Command { std: "docker" "rm" "-f" "40193bb1ccc59b72ff33d1a88af00b8d10a64310bc1bc9cca6ce0cbfeed5f400", kill_on_drop: false }`
[INFO] [stdout] 40193bb1ccc59b72ff33d1a88af00b8d10a64310bc1bc9cca6ce0cbfeed5f400
[INFO] running `Command { std: "docker" "create" "-v" "/var/lib/crater-agent-workspace/builds/worker-5-tc2/target:/opt/rustwide/target:rw,Z" "-v" "/var/lib/crater-agent-workspace/builds/worker-5-tc2/source:/opt/rustwide/workdir:ro,Z" "-v" "/var/lib/crater-agent-workspace/cargo-home:/opt/rustwide/cargo-home:ro,Z" "-v" "/var/lib/crater-agent-workspace/rustup-home:/opt/rustwide/rustup-home:ro,Z" "-e" "SOURCE_DIR=/opt/rustwide/workdir" "-e" "CARGO_TARGET_DIR=/opt/rustwide/target" "-e" "CARGO_INCREMENTAL=0" "-e" "RUST_BACKTRACE=full" "-e" "RUSTFLAGS=--cap-lints=warn" "-e" "RUSTDOCFLAGS=--cap-lints=warn" "-e" "CARGO_HOME=/opt/rustwide/cargo-home" "-e" "RUSTUP_HOME=/opt/rustwide/rustup-home" "-w" "/opt/rustwide/workdir" "-m" "1610612736" "--user" "0:0" "--network" "none" "ghcr.io/rust-lang/crates-build-env/linux@sha256:2788e3201cd34a07e3172128adcd8b3090168a8e3bcc40d7c032b9dda1df7d1c" "/opt/rustwide/cargo-home/bin/cargo" "+beta-2023-12-22" "build" "--frozen" "--message-format=json", kill_on_drop: false }`
[INFO] [stdout] 8a328036efa4b547eaa6980af6c1ef08da9d95ba6504cee9b47f733f4561e7db
[INFO] running `Command { std: "docker" "start" "-a" "8a328036efa4b547eaa6980af6c1ef08da9d95ba6504cee9b47f733f4561e7db", kill_on_drop: false }`
[INFO] [stderr]    Compiling windows_x86_64_gnu v0.48.5
[INFO] [stderr]    Compiling winapi v0.3.9
[INFO] [stderr]    Compiling ntapi v0.4.1
[INFO] [stderr]    Compiling syn v2.0.48
[INFO] [stderr]    Compiling getrandom v0.2.11
[INFO] [stderr]    Compiling rand_core v0.6.4
[INFO] [stderr]    Compiling windows-targets v0.48.5
[INFO] [stderr]    Compiling windows-core v0.51.1
[INFO] [stderr]    Compiling rand_chacha v0.3.1
[INFO] [stderr]    Compiling rand v0.8.5
[INFO] [stderr]    Compiling windows v0.51.1
[INFO] [stderr]    Compiling serde_derive v1.0.194
[INFO] [stderr]    Compiling ctor v0.2.6
[INFO] [stderr]    Compiling elevated-derive v0.1.1
[INFO] [stderr]    Compiling serde v1.0.194
[INFO] [stderr]    Compiling serde_json v1.0.111
[INFO] [stderr]    Compiling elevated v0.1.1 (/opt/rustwide/workdir)
[INFO] [stdout] error[E0432]: unresolved imports `ntapi::ntobapi`, `ntapi::ntpsapi`, `ntapi::ntrtl`
[INFO] [stdout]   --> src/util.rs:4:5
[INFO] [stdout]    |
[INFO] [stdout] 4  |     ntobapi::{
[INFO] [stdout]    |     ^^^^^^^ could not find `ntobapi` in `ntapi`
[INFO] [stdout] ...
[INFO] [stdout] 8  |     ntpsapi::{
[INFO] [stdout]    |     ^^^^^^^ could not find `ntpsapi` in `ntapi`
[INFO] [stdout] ...
[INFO] [stdout] 12 |     ntrtl::RtlGetCurrentPeb,
[INFO] [stdout]    |     ^^^^^ could not find `ntrtl` in `ntapi`
[INFO] [stdout] 
[INFO] [stdout] 
[INFO] [stdout] error[E0609]: no field `HandleValue` on type `&_`
[INFO] [stdout]    --> src/util.rs:184:32
[INFO] [stdout]     |
[INFO] [stdout] 184 |             handle_value: item.HandleValue as _,
[INFO] [stdout]     |                                ^^^^^^^^^^^ unknown field
[INFO] [stdout] 
[INFO] [stdout] 
[INFO] [stdout] error: aborting due to 2 previous errors
[INFO] [stdout] 
[INFO] [stdout] 
[INFO] [stdout] Some errors have detailed explanations: E0432, E0609.
[INFO] [stdout] 
[INFO] [stdout] For more information about an error, try `rustc --explain E0432`.
[INFO] [stdout] 
[INFO] [stderr] error: could not compile `elevated` (lib) due to 3 previous errors
[INFO] [stderr] warning: build failed, waiting for other jobs to finish...
[INFO] running `Command { std: "docker" "inspect" "8a328036efa4b547eaa6980af6c1ef08da9d95ba6504cee9b47f733f4561e7db", kill_on_drop: false }`
[INFO] running `Command { std: "docker" "rm" "-f" "8a328036efa4b547eaa6980af6c1ef08da9d95ba6504cee9b47f733f4561e7db", kill_on_drop: false }`
[INFO] [stdout] 8a328036efa4b547eaa6980af6c1ef08da9d95ba6504cee9b47f733f4561e7db
