[INFO] fetching crate egui_winit_vulkano 0.26.0...
[INFO] testing egui_winit_vulkano-0.26.0 against 1.75.0 for beta-1.76-1
[INFO] extracting crate egui_winit_vulkano 0.26.0 into /workspace/builds/worker-3-tc1/source
[INFO] validating manifest of crates.io crate egui_winit_vulkano 0.26.0 on toolchain 1.75.0
[INFO] running `Command { std: CARGO_HOME="/workspace/cargo-home" RUSTUP_HOME="/workspace/rustup-home" "/workspace/cargo-home/bin/cargo" "+1.75.0" "metadata" "--manifest-path" "Cargo.toml" "--no-deps", kill_on_drop: false }`
[INFO] started tweaking crates.io crate egui_winit_vulkano 0.26.0
[INFO] finished tweaking crates.io crate egui_winit_vulkano 0.26.0
[INFO] tweaked toml for crates.io crate egui_winit_vulkano 0.26.0 written to /workspace/builds/worker-3-tc1/source/Cargo.toml
[INFO] crate crates.io crate egui_winit_vulkano 0.26.0 already has a lockfile, it will not be regenerated
[INFO] running `Command { std: CARGO_HOME="/workspace/cargo-home" RUSTUP_HOME="/workspace/rustup-home" "/workspace/cargo-home/bin/cargo" "+1.75.0" "fetch" "--manifest-path" "Cargo.toml", kill_on_drop: false }`
[INFO] [stderr]     Updating crates.io index
[INFO] [stderr]  Downloading crates ...
[INFO] [stderr]   Downloaded indexmap v2.0.1
[INFO] [stderr]   Downloaded web-time v0.2.3
[INFO] [stderr]   Downloaded shaderc v0.8.2
[INFO] [stderr]   Downloaded egui_extras v0.23.0
[INFO] [stderr]   Downloaded enum-map v2.6.3
[INFO] [stderr]   Downloaded egui_plot v0.23.0
[INFO] [stderr]   Downloaded arboard v3.2.1
[INFO] [stderr]   Downloaded enum-map-derive v0.14.0
[INFO] [stderr]   Downloaded ttf-parser v0.19.2
[INFO] [stderr]   Downloaded exr v1.6.4
[INFO] [stderr]   Downloaded orbclient v0.3.46
[INFO] [stderr]   Downloaded vulkano v0.34.1
[INFO] [stderr]   Downloaded unicode_names2 v0.6.0
[INFO] [stderr]   Downloaded shaderc-sys v0.8.2
[INFO] [stderr]   Downloaded egui_demo_lib v0.23.0
[INFO] [stderr]   Downloaded vulkano-util v0.34.1
[INFO] [stderr]   Downloaded vulkano-shaders v0.34.0
[INFO] [stderr]   Downloaded vulkano-macros v0.34.0
[INFO] [stderr]   Downloaded accesskit v0.11.2
[INFO] [stderr]   Downloaded vk-parse v0.12.0
[INFO] [stderr]   Downloaded webbrowser v0.8.11
[INFO] [stderr]   Downloaded enumn v0.1.12
[INFO] running `Command { std: "docker" "create" "-v" "/var/lib/crater-agent-workspace/builds/worker-3-tc1/target:/opt/rustwide/target:rw,Z" "-v" "/var/lib/crater-agent-workspace/builds/worker-3-tc1/source:/opt/rustwide/workdir:ro,Z" "-v" "/var/lib/crater-agent-workspace/cargo-home:/opt/rustwide/cargo-home:ro,Z" "-v" "/var/lib/crater-agent-workspace/rustup-home:/opt/rustwide/rustup-home:ro,Z" "-e" "SOURCE_DIR=/opt/rustwide/workdir" "-e" "CARGO_TARGET_DIR=/opt/rustwide/target" "-e" "CARGO_HOME=/opt/rustwide/cargo-home" "-e" "RUSTUP_HOME=/opt/rustwide/rustup-home" "-w" "/opt/rustwide/workdir" "-m" "1610612736" "--user" "0:0" "--network" "none" "ghcr.io/rust-lang/crates-build-env/linux@sha256:2788e3201cd34a07e3172128adcd8b3090168a8e3bcc40d7c032b9dda1df7d1c" "/opt/rustwide/cargo-home/bin/cargo" "+1.75.0" "metadata" "--no-deps" "--format-version=1", kill_on_drop: false }`
[INFO] [stdout] ce64a29666521d7de0708e83208c7ca8339e1129d1eacb29b5a7f3c0eda67772
[INFO] running `Command { std: "docker" "start" "-a" "ce64a29666521d7de0708e83208c7ca8339e1129d1eacb29b5a7f3c0eda67772", kill_on_drop: false }`
[INFO] running `Command { std: "docker" "inspect" "ce64a29666521d7de0708e83208c7ca8339e1129d1eacb29b5a7f3c0eda67772", kill_on_drop: false }`
[INFO] running `Command { std: "docker" "rm" "-f" "ce64a29666521d7de0708e83208c7ca8339e1129d1eacb29b5a7f3c0eda67772", kill_on_drop: false }`
[INFO] [stdout] ce64a29666521d7de0708e83208c7ca8339e1129d1eacb29b5a7f3c0eda67772
[INFO] running `Command { std: "docker" "create" "-v" "/var/lib/crater-agent-workspace/builds/worker-3-tc1/target:/opt/rustwide/target:rw,Z" "-v" "/var/lib/crater-agent-workspace/builds/worker-3-tc1/source:/opt/rustwide/workdir:ro,Z" "-v" "/var/lib/crater-agent-workspace/cargo-home:/opt/rustwide/cargo-home:ro,Z" "-v" "/var/lib/crater-agent-workspace/rustup-home:/opt/rustwide/rustup-home:ro,Z" "-e" "SOURCE_DIR=/opt/rustwide/workdir" "-e" "CARGO_TARGET_DIR=/opt/rustwide/target" "-e" "CARGO_INCREMENTAL=0" "-e" "RUST_BACKTRACE=full" "-e" "RUSTFLAGS=--cap-lints=warn" "-e" "RUSTDOCFLAGS=--cap-lints=warn" "-e" "CARGO_HOME=/opt/rustwide/cargo-home" "-e" "RUSTUP_HOME=/opt/rustwide/rustup-home" "-w" "/opt/rustwide/workdir" "-m" "1610612736" "--user" "0:0" "--network" "none" "ghcr.io/rust-lang/crates-build-env/linux@sha256:2788e3201cd34a07e3172128adcd8b3090168a8e3bcc40d7c032b9dda1df7d1c" "/opt/rustwide/cargo-home/bin/cargo" "+1.75.0" "build" "--frozen" "--message-format=json", kill_on_drop: false }`
[INFO] [stdout] c3166f7c786806613f999548cdf34007e8587dba2c8bb755b89f084869b6fc9f
[INFO] running `Command { std: "docker" "start" "-a" "c3166f7c786806613f999548cdf34007e8587dba2c8bb755b89f084869b6fc9f", kill_on_drop: false }`
[INFO] [stderr]    Compiling libc v0.2.148
[INFO] [stderr]    Compiling xml-rs v0.8.19
[INFO] [stderr]    Compiling smallvec v1.11.1
[INFO] [stderr]    Compiling libloading v0.8.0
[INFO] [stderr]    Compiling simd-adler32 v0.3.7
[INFO] [stderr]    Compiling memoffset v0.6.5
[INFO] [stderr]    Compiling wayland-sys v0.29.5
[INFO] [stderr]    Compiling hashbrown v0.14.0
[INFO] [stderr]    Compiling memchr v2.6.3
[INFO] [stderr]    Compiling serde v1.0.188
[INFO] [stderr]    Compiling syn v2.0.37
[INFO] [stderr]    Compiling regex-syntax v0.7.5
[INFO] [stderr]    Compiling serde_json v1.0.107
[INFO] [stderr]    Compiling ahash v0.8.3
[INFO] [stderr]    Compiling slotmap v1.0.6
[INFO] [stderr]    Compiling itoa v1.0.9
[INFO] [stderr]    Compiling ryu v1.0.15
[INFO] [stderr]    Compiling dlib v0.5.2
[INFO] [stderr]    Compiling miniz_oxide v0.7.1
[INFO] [stderr]    Compiling ttf-parser v0.19.2
[INFO] [stderr]    Compiling fdeflate v0.3.0
[INFO] [stderr]    Compiling smithay-client-toolkit v0.16.1
[INFO] [stderr]    Compiling ab_glyph_rasterizer v0.1.8
[INFO] [stderr]    Compiling xmlparser v0.13.5
[INFO] [stderr]    Compiling aho-corasick v1.1.1
[INFO] [stderr]    Compiling nom v7.1.3
[INFO] [stderr]    Compiling wayland-scanner v0.29.5
[INFO] [stderr]    Compiling indexmap v2.0.1
[INFO] [stderr]    Compiling getrandom v0.2.10
[INFO] [stderr]    Compiling flate2 v1.0.27
[INFO] [stderr]    Compiling vk-parse v0.12.0
[INFO] [stderr]    Compiling cc v1.0.83
[INFO] [stderr]    Compiling roxmltree v0.14.1
[INFO] [stderr]    Compiling rayon-core v1.12.0
[INFO] [stderr]    Compiling num-traits v0.2.16
[INFO] [stderr]    Compiling png v0.17.10
[INFO] [stderr]    Compiling ash v0.37.3+1.3.251
[INFO] [stderr]    Compiling futures-core v0.3.28
[INFO] [stderr]    Compiling raw-window-handle v0.5.2
[INFO] [stderr]    Compiling cmake v0.1.50
[INFO] [stderr]    Compiling arrayref v0.3.7
[INFO] [stderr]    Compiling strict-num v0.1.1
[INFO] [stderr]    Compiling x11-dl v2.21.0
[INFO] [stderr]    Compiling libloading v0.7.4
[INFO] [stderr]    Compiling toml_datetime v0.6.3
[INFO] [stderr]    Compiling nix v0.24.3
[INFO] [stderr]    Compiling parking_lot_core v0.9.8
[INFO] [stderr]    Compiling wayland-client v0.29.5
[INFO] [stderr]    Compiling wayland-protocols v0.29.5
[INFO] [stderr]    Compiling nix v0.25.1
[INFO] [stderr]    Compiling regex-automata v0.3.8
[INFO] [stderr]    Compiling memmap2 v0.5.10
[INFO] [stderr]    Compiling parking_lot v0.12.1
[INFO] [stderr]    Compiling owned_ttf_parser v0.19.0
[INFO] [stderr]    Compiling shaderc-sys v0.8.2
[INFO] [stderr]    Compiling arrayvec v0.7.4
[INFO] [stderr]    Compiling xcursor v0.3.4
[INFO] [stderr]    Compiling ab_glyph v0.2.21
[INFO] [stderr]    Compiling winnow v0.5.15
[INFO] [stderr]    Compiling cfg_aliases v0.1.1
[INFO] [stderr]    Compiling rayon v1.8.0
[INFO] [stderr]    Compiling winit v0.28.7
[INFO] [stderr]    Compiling nanorand v0.7.0
[INFO] [stderr]    Compiling gethostname v0.2.3
[INFO] [stderr]    Compiling spin v0.9.8
[INFO] [stderr]    Compiling thread_local v1.1.7
[INFO] [stderr]    Compiling emath v0.23.0
[INFO] [stderr]    Compiling ecolor v0.23.0
[INFO] [stderr]    Compiling weezl v0.1.7
[INFO] [stderr]    Compiling nohash-hasher v0.2.0
[INFO] [stderr]    Compiling futures-sink v0.3.28
[INFO] [stderr]    Compiling epaint v0.23.0
[INFO] [stderr]    Compiling crossbeam-queue v0.3.8
[INFO] [stderr]    Compiling num-integer v0.1.45
[INFO] [stderr]    Compiling syn v1.0.109
[INFO] [stderr]    Compiling regex v1.9.5
[INFO] [stderr]    Compiling toml_edit v0.19.15
[INFO] [stderr]    Compiling mio v0.8.8
[INFO] [stderr]    Compiling zune-inflate v0.2.54
[INFO] [stderr]    Compiling lebe v0.5.2
[INFO] [stderr]    Compiling color_quant v1.1.0
[INFO] [stderr]    Compiling bit_field v0.10.2
[INFO] [stderr]    Compiling home v0.5.5
[INFO] [stderr]    Compiling jpeg-decoder v0.3.0
[INFO] [stderr]    Compiling webbrowser v0.8.11
[INFO] [stderr]    Compiling gif v0.12.0
[INFO] [stderr]    Compiling egui v0.23.0
[INFO] [stderr]    Compiling num-rational v0.4.1
[INFO] [stderr]    Compiling wayland-commons v0.29.5
[INFO] [stderr] error: could not compile `ash` (lib)
[INFO] [stderr] 
[INFO] [stderr] Caused by:
[INFO] [stderr]   process didn't exit successfully: `/opt/rustwide/rustup-home/toolchains/1.75.0-x86_64-unknown-linux-gnu/bin/rustc --crate-name ash --edition=2021 /opt/rustwide/cargo-home/registry/src/index.crates.io-6f17d22bba15001f/ash-0.37.3+1.3.251/src/lib.rs --error-format=json --json=diagnostic-rendered-ansi,artifacts,future-incompat --crate-type lib --emit=dep-info,metadata,link -C embed-bitcode=no -C debuginfo=2 --cfg 'feature="debug"' --cfg 'feature="default"' --cfg 'feature="libloading"' --cfg 'feature="loaded"' -C metadata=87ac851df5611af3 -C extra-filename=-87ac851df5611af3 --out-dir /opt/rustwide/target/debug/deps -L dependency=/opt/rustwide/target/debug/deps --extern libloading=/opt/rustwide/target/debug/deps/liblibloading-b7eb8bc211ce6205.rmeta --cap-lints allow --cap-lints=warn` (signal: 9, SIGKILL: kill)
[INFO] [stderr] warning: build failed, waiting for other jobs to finish...
[INFO] [stderr] error: could not compile `nix` (lib)
[INFO] [stderr] 
[INFO] [stderr] Caused by:
[INFO] [stderr]   process didn't exit successfully: `/opt/rustwide/rustup-home/toolchains/1.75.0-x86_64-unknown-linux-gnu/bin/rustc --crate-name nix --edition=2018 /opt/rustwide/cargo-home/registry/src/index.crates.io-6f17d22bba15001f/nix-0.24.3/src/lib.rs --error-format=json --json=diagnostic-rendered-ansi,artifacts,future-incompat --crate-type lib --emit=dep-info,metadata,link -C embed-bitcode=no -C debuginfo=2 --cfg 'feature="acct"' --cfg 'feature="aio"' --cfg 'feature="default"' --cfg 'feature="dir"' --cfg 'feature="env"' --cfg 'feature="event"' --cfg 'feature="feature"' --cfg 'feature="fs"' --cfg 'feature="hostname"' --cfg 'feature="inotify"' --cfg 'feature="ioctl"' --cfg 'feature="kmod"' --cfg 'feature="memoffset"' --cfg 'feature="mman"' --cfg 'feature="mount"' --cfg 'feature="mqueue"' --cfg 'feature="net"' --cfg 'feature="personality"' --cfg 'feature="poll"' --cfg 'feature="process"' --cfg 'feature="pthread"' --cfg 'feature="ptrace"' --cfg 'feature="quota"' --cfg 'feature="reboot"' --cfg 'feature="resource"' --cfg 'feature="sched"' --cfg 'feature="signal"' --cfg 'feature="socket"' --cfg 'feature="term"' --cfg 'feature="time"' --cfg 'feature="ucontext"' --cfg 'feature="uio"' --cfg 'feature="user"' --cfg 'feature="zerocopy"' -C metadata=8f5636f977b8463d -C extra-filename=-8f5636f977b8463d --out-dir /opt/rustwide/target/debug/deps -L dependency=/opt/rustwide/target/debug/deps --extern bitflags=/opt/rustwide/target/debug/deps/libbitflags-b7cee2ca4fb438d0.rmeta --extern cfg_if=/opt/rustwide/target/debug/deps/libcfg_if-61dc7a6799e72b18.rmeta --extern libc=/opt/rustwide/target/debug/deps/liblibc-3d4717d97635189d.rmeta --extern memoffset=/opt/rustwide/target/debug/deps/libmemoffset-c7b1b1cc44d01308.rmeta --cap-lints allow --cap-lints=warn` (signal: 9, SIGKILL: kill)
[INFO] [stderr] error: could not compile `syn` (lib)
[INFO] [stderr] 
[INFO] [stderr] Caused by:
[INFO] [stderr]   process didn't exit successfully: `/opt/rustwide/rustup-home/toolchains/1.75.0-x86_64-unknown-linux-gnu/bin/rustc --crate-name syn --edition=2021 /opt/rustwide/cargo-home/registry/src/index.crates.io-6f17d22bba15001f/syn-2.0.37/src/lib.rs --error-format=json --json=diagnostic-rendered-ansi,artifacts,future-incompat --crate-type lib --emit=dep-info,metadata,link -C embed-bitcode=no --cfg 'feature="clone-impls"' --cfg 'feature="default"' --cfg 'feature="derive"' --cfg 'feature="extra-traits"' --cfg 'feature="full"' --cfg 'feature="parsing"' --cfg 'feature="printing"' --cfg 'feature="proc-macro"' --cfg 'feature="quote"' --cfg 'feature="visit-mut"' -C metadata=ab4ac8da2baae316 -C extra-filename=-ab4ac8da2baae316 --out-dir /opt/rustwide/target/debug/deps -L dependency=/opt/rustwide/target/debug/deps --extern proc_macro2=/opt/rustwide/target/debug/deps/libproc_macro2-abd49f7f3a14372a.rmeta --extern quote=/opt/rustwide/target/debug/deps/libquote-c7f30982867ba9e6.rmeta --extern unicode_ident=/opt/rustwide/target/debug/deps/libunicode_ident-e03ce37406b474da.rmeta --cap-lints allow --cap-lints=warn` (signal: 9, SIGKILL: kill)
[INFO] [stderr] error: could not compile `x11-dl` (lib)
[INFO] [stderr] 
[INFO] [stderr] Caused by:
[INFO] [stderr]   process didn't exit successfully: `/opt/rustwide/rustup-home/toolchains/1.75.0-x86_64-unknown-linux-gnu/bin/rustc --crate-name x11_dl --edition=2021 /opt/rustwide/cargo-home/registry/src/index.crates.io-6f17d22bba15001f/x11-dl-2.21.0/src/lib.rs --error-format=json --json=diagnostic-rendered-ansi,artifacts,future-incompat --crate-type lib --emit=dep-info,metadata,link -C embed-bitcode=no -C debuginfo=2 -C metadata=2d125d932f900dbd -C extra-filename=-2d125d932f900dbd --out-dir /opt/rustwide/target/debug/deps -L dependency=/opt/rustwide/target/debug/deps --extern libc=/opt/rustwide/target/debug/deps/liblibc-3d4717d97635189d.rmeta --extern once_cell=/opt/rustwide/target/debug/deps/libonce_cell-a342312cc2ec3f6b.rmeta --cap-lints allow --cap-lints=warn -l dl` (signal: 9, SIGKILL: kill)
[INFO] [stderr] error: could not compile `egui` (lib)
[INFO] [stderr] 
[INFO] [stderr] Caused by:
[INFO] [stderr]   process didn't exit successfully: `/opt/rustwide/rustup-home/toolchains/1.75.0-x86_64-unknown-linux-gnu/bin/rustc --crate-name egui --edition=2021 /opt/rustwide/cargo-home/registry/src/index.crates.io-6f17d22bba15001f/egui-0.23.0/src/lib.rs --error-format=json --json=diagnostic-rendered-ansi,artifacts,future-incompat --crate-type lib --emit=dep-info,metadata,link -C embed-bitcode=no -C debuginfo=2 --cfg 'feature="default"' --cfg 'feature="default_fonts"' --cfg 'feature="log"' -C metadata=30fd430ec472ef19 -C extra-filename=-30fd430ec472ef19 --out-dir /opt/rustwide/target/debug/deps -L dependency=/opt/rustwide/target/debug/deps --extern ahash=/opt/rustwide/target/debug/deps/libahash-1ad814212c717e5d.rmeta --extern epaint=/opt/rustwide/target/debug/deps/libepaint-368c0186ef86a9b9.rmeta --extern log=/opt/rustwide/target/debug/deps/liblog-e491f2c1d0b13538.rmeta --extern nohash_hasher=/opt/rustwide/target/debug/deps/libnohash_hasher-0b40e567e2e42bd3.rmeta --cap-lints allow --cap-lints=warn` (signal: 9, SIGKILL: kill)
[INFO] [stderr] The following warnings were emitted during compilation:
[INFO] [stderr] 
[INFO] [stderr] warning: shaderc-sys@0.8.2: shaderc: searching for native shaderc libraries on system;  use '--features build-from-source' to force building from source code
[INFO] [stderr] warning: shaderc-sys@0.8.2: shaderc: cannot find native shaderc library on system; falling back to build from source
[INFO] [stderr] 
[INFO] [stderr] error: failed to run custom build command for `shaderc-sys v0.8.2`
[INFO] [stderr] note: To improve backtraces for build dependencies, set the CARGO_PROFILE_DEV_BUILD_OVERRIDE_DEBUG=true environment variable to enable debug information generation.
[INFO] [stderr] 
[INFO] [stderr] Caused by:
[INFO] [stderr]   process didn't exit successfully: `/opt/rustwide/target/debug/build/shaderc-sys-9325416b5beb7347/build-script-build` (exit status: 101)
[INFO] [stderr]   --- stdout
[INFO] [stderr]   cargo:warning=shaderc: searching for native shaderc libraries on system;  use '--features build-from-source' to force building from source code
[INFO] [stderr]   cargo:warning=shaderc: cannot find native shaderc library on system; falling back to build from source
[INFO] [stderr]   CMAKE_TOOLCHAIN_FILE_x86_64-unknown-linux-gnu = None
[INFO] [stderr]   CMAKE_TOOLCHAIN_FILE_x86_64_unknown_linux_gnu = None
[INFO] [stderr]   HOST_CMAKE_TOOLCHAIN_FILE = None
[INFO] [stderr]   CMAKE_TOOLCHAIN_FILE = None
[INFO] [stderr]   CMAKE_PREFIX_PATH_x86_64-unknown-linux-gnu = None
[INFO] [stderr]   CMAKE_PREFIX_PATH_x86_64_unknown_linux_gnu = None
[INFO] [stderr]   HOST_CMAKE_PREFIX_PATH = None
[INFO] [stderr]   CMAKE_PREFIX_PATH = None
[INFO] [stderr]   CMAKE_x86_64-unknown-linux-gnu = None
[INFO] [stderr]   CMAKE_x86_64_unknown_linux_gnu = None
[INFO] [stderr]   HOST_CMAKE = None
[INFO] [stderr]   CMAKE = None
[INFO] [stderr]   running: cd "/opt/rustwide/target/debug/build/shaderc-sys-6dffd953376f71db/out/build" && CMAKE_PREFIX_PATH="" "cmake" "/opt/rustwide/cargo-home/registry/src/index.crates.io-6f17d22bba15001f/shaderc-sys-0.8.2/build" "-G" "Ninja" "-DCMAKE_INSTALL_LIBDIR=lib" "-DCMAKE_POSITION_INDEPENDENT_CODE=ON" "-DENABLE_SPVREMAPPER=OFF" "-DENABLE_GLSLANG_BINARIES=OFF" "-DSHADERC_SKIP_TESTS=ON" "-DSPIRV_SKIP_EXECUTABLES=ON" "-DSPIRV_WERROR=OFF" "-DCMAKE_INSTALL_PREFIX=/opt/rustwide/target/debug/build/shaderc-sys-6dffd953376f71db/out" "-DCMAKE_C_FLAGS= -ffunction-sections -fdata-sections -fPIC -m64" "-DCMAKE_C_COMPILER=/usr/bin/cc" "-DCMAKE_CXX_FLAGS= -ffunction-sections -fdata-sections -fPIC -m64" "-DCMAKE_CXX_COMPILER=/usr/bin/c++" "-DCMAKE_ASM_FLAGS= -ffunction-sections -fdata-sections -fPIC -m64" "-DCMAKE_ASM_COMPILER=/usr/bin/cc" "-DCMAKE_BUILD_TYPE=Release"
[INFO] [stderr]   -- The C compiler identification is GNU 11.4.0
[INFO] [stderr]   -- The CXX compiler identification is GNU 11.4.0
[INFO] [stderr]   -- Detecting C compiler ABI info
[INFO] [stderr]   -- Detecting C compiler ABI info - done
[INFO] [stderr]   -- Check for working C compiler: /usr/bin/cc - skipped
[INFO] [stderr]   -- Detecting C compile features
[INFO] [stderr]   -- Detecting C compile features - done
[INFO] [stderr]   -- Detecting CXX compiler ABI info
[INFO] [stderr]   -- Detecting CXX compiler ABI info - done
[INFO] [stderr]   -- Check for working CXX compiler: /usr/bin/c++ - skipped
[INFO] [stderr]   -- Detecting CXX compile features
[INFO] [stderr]   -- Detecting CXX compile features - done
[INFO] [stderr]   -- Building SPIRV-Header examples
[INFO] [stderr]   -- Installing SPIRV-Header
[INFO] [stderr]   -- Found PythonInterp: /usr/bin/python3 (found suitable version "3.10.12", minimum required is "3") 
[INFO] [stderr]   -- Google Mock was not found - tests based on that will not build
[INFO] [stderr]   -- optimizer enabled
[INFO] [stderr]   -- Looking for pthread.h
[INFO] [stderr]   -- Looking for pthread.h - found
[INFO] [stderr]   -- Performing Test CMAKE_HAVE_LIBC_PTHREAD
[INFO] [stderr]   -- Performing Test CMAKE_HAVE_LIBC_PTHREAD - Success
[INFO] [stderr]   -- Found Threads: TRUE  
[INFO] [stderr]   -- Shaderc: build type is "Release".
[INFO] [stderr]   -- Configuring Shaderc to avoid building tests.
[INFO] [stderr]   -- Configuring Shaderc to build examples.
[INFO] [stderr]   -- Configuring Shaderc to check copyrights.
[INFO] [stderr]   -- asciidoctor was not found - no documentation will be generated
[INFO] [stderr]   -- Performing Test COMPILER_SUPPORTS_FALLTHROUGH_WARNING
[INFO] [stderr]   -- Performing Test COMPILER_SUPPORTS_FALLTHROUGH_WARNING - Success
[INFO] [stderr]   -- Performing Test COMPILER_SUPPORTS_EXTRA_SEMI_WARNING
[INFO] [stderr]   -- Performing Test COMPILER_SUPPORTS_EXTRA_SEMI_WARNING - Success
[INFO] [stderr]   -- Performing Test COMPILER_SUPPORTS_PIC
[INFO] [stderr]   -- Performing Test COMPILER_SUPPORTS_PIC - Success
[INFO] [stderr]   -- Configuring done
[INFO] [stderr]   -- Generating done
[INFO] [stderr]   -- Build files have been written to: /opt/rustwide/target/debug/build/shaderc-sys-6dffd953376f71db/out/build
[INFO] [stderr]   running: cd "/opt/rustwide/target/debug/build/shaderc-sys-6dffd953376f71db/out/build" && "cmake" "--build" "." "--target" "install" "--config" "Release" "--parallel" "16"
[INFO] [stderr]   [1/409] Building CXX object spirv-headers/example/CMakeFiles/SPIRV-Headers-example.dir/example.cpp.o
[INFO] [stderr]   [2/409] cd /opt/rustwide/target/debug/build/shaderc-sys-6dffd953376f71db/out/build/spirv-tools && /usr/bin/cmake -DCHANGES_FILE=/opt/rustwide/cargo-home/registry/src/index.crates.io-6f17d22bba15001f/shaderc-sys-0.8.2/build/spirv-tools/CHANGES -DTEMPLATE_FILE=/opt/rustwide/cargo-home/registry/src/index.crates.io-6f17d22bba15001f/shaderc-sys-0.8.2/build/spirv-tools/cmake/SPIRV-Tools.pc.in -DOUT_FILE=/opt/rustwide/target/debug/build/shaderc-sys-6dffd953376f71db/out/build/spirv-tools/SPIRV-Tools.pc -DCMAKE_INSTALL_PREFIX=/opt/rustwide/target/debug/build/shaderc-sys-6dffd953376f71db/out -DCMAKE_INSTALL_LIBDIR=lib -DCMAKE_INSTALL_INCLUDEDIR=include -DSPIRV_LIBRARIES=-lSPIRV-Tools-opt\ -lSPIRV-Tools\ -lSPIRV-Tools-link -P /opt/rustwide/cargo-home/registry/src/index.crates.io-6f17d22bba15001f/shaderc-sys-0.8.2/build/spirv-tools/cmake/write_pkg_config.cmake
[INFO] [stderr]   [3/409] cd /opt/rustwide/target/debug/build/shaderc-sys-6dffd953376f71db/out/build/spirv-tools && /usr/bin/cmake -DCHANGES_FILE=/opt/rustwide/cargo-home/registry/src/index.crates.io-6f17d22bba15001f/shaderc-sys-0.8.2/build/spirv-tools/CHANGES -DTEMPLATE_FILE=/opt/rustwide/cargo-home/registry/src/index.crates.io-6f17d22bba15001f/shaderc-sys-0.8.2/build/spirv-tools/cmake/SPIRV-Tools-shared.pc.in -DOUT_FILE=/opt/rustwide/target/debug/build/shaderc-sys-6dffd953376f71db/out/build/spirv-tools/SPIRV-Tools-shared.pc -DCMAKE_INSTALL_PREFIX=/opt/rustwide/target/debug/build/shaderc-sys-6dffd953376f71db/out -DCMAKE_INSTALL_LIBDIR=lib -DCMAKE_INSTALL_INCLUDEDIR=include -DSPIRV_SHARED_LIBRARIES=-lSPIRV-Tools-shared -P /opt/rustwide/cargo-home/registry/src/index.crates.io-6f17d22bba15001f/shaderc-sys-0.8.2/build/spirv-tools/cmake/write_pkg_config.cmake
[INFO] [stderr]   [4/409] Generate language specific header for NonSemanticShaderDebugInfo100.
[INFO] [stderr]   [5/409] Generate extended instruction tables for spv-amd-shader-explicit-vertex-parameter.
[INFO] [stderr]   [6/409] Generate extended instruction tables for spv-amd-shader-ballot.
[INFO] [stderr]   [7/409] Generate extended instruction tables for spv-amd-shader-trinary-minmax.
[INFO] [stderr]   [8/409] Generate extended instruction tables for nonsemantic.shader.debuginfo.100.
[INFO] [stderr]   [9/409] Generate extended instruction tables for nonsemantic.clspvreflection.
[INFO] [stderr]   [10/409] Generate language specific header for DebugInfo.
[INFO] [stderr]   [11/409] Generate extended instruction tables for spv-amd-gcn-shader.
[INFO] [stderr]   [12/409] Generate extended instruction tables for debuginfo.
[INFO] [stderr]   [13/409] Generate extended instruction tables for opencl.debuginfo.100.
[INFO] [stderr]   [14/409] Generate language specific header for OpenCLDebugInfo100.
[INFO] [stderr]   [15/409] Generate enum-string mapping for SPIR-V vunified1.
[INFO] [stderr]   [16/409] Check copyright
[INFO] [stderr]   [17/409] Update build-version.inc in the SPIRV-Tools build directory (if necessary).
[INFO] [stderr]   [18/409] cd /opt/rustwide/target/debug/build/shaderc-sys-6dffd953376f71db/out/build/shaderc && /usr/bin/cmake -DCHANGES_FILE=/opt/rustwide/cargo-home/registry/src/index.crates.io-6f17d22bba15001f/shaderc-sys-0.8.2/build/shaderc/CHANGES -DTEMPLATE_FILE=/opt/rustwide/cargo-home/registry/src/index.crates.io-6f17d22bba15001f/shaderc-sys-0.8.2/build/shaderc/cmake/shaderc.pc.in -DOUT_FILE=/opt/rustwide/target/debug/build/shaderc-sys-6dffd953376f71db/out/build/shaderc/shaderc.pc -DCMAKE_INSTALL_PREFIX=/opt/rustwide/target/debug/build/shaderc-sys-6dffd953376f71db/out -DCMAKE_INSTALL_LIBDIR=lib -DCMAKE_INSTALL_INCLUDEDIR=include -DLIBS=-lshaderc_shared -P /opt/rustwide/cargo-home/registry/src/index.crates.io-6f17d22bba15001f/shaderc-sys-0.8.2/build/shaderc/cmake/write_pkg_config.cmake
[INFO] [stderr]   [19/409] Generate tables based on the SPIR-V XML registry.
[INFO] [stderr]   [20/409] Building CXX object glslang/hlsl/CMakeFiles/HLSL.dir/stub.cpp.o
[INFO] [stderr]   [21/409] Generate info tables for SPIR-V vunified1 core instructions and operands.
[INFO] [stderr]   [22/409] cd /opt/rustwide/target/debug/build/shaderc-sys-6dffd953376f71db/out/build/shaderc && /usr/bin/cmake -DCHANGES_FILE=/opt/rustwide/cargo-home/registry/src/index.crates.io-6f17d22bba15001f/shaderc-sys-0.8.2/build/shaderc/CHANGES -DTEMPLATE_FILE=/opt/rustwide/cargo-home/registry/src/index.crates.io-6f17d22bba15001f/shaderc-sys-0.8.2/build/shaderc/cmake/shaderc_combined.pc.in -DOUT_FILE=/opt/rustwide/target/debug/build/shaderc-sys-6dffd953376f71db/out/build/shaderc/shaderc_combined.pc -DCMAKE_INSTALL_PREFIX=/opt/rustwide/target/debug/build/shaderc-sys-6dffd953376f71db/out -DCMAKE_INSTALL_LIBDIR=lib -DCMAKE_INSTALL_INCLUDEDIR=include -DLIBS=-lshaderc_combined -P /opt/rustwide/cargo-home/registry/src/index.crates.io-6f17d22bba15001f/shaderc-sys-0.8.2/build/shaderc/cmake/write_pkg_config.cmake
[INFO] [stderr]   [23/409] cd /opt/rustwide/target/debug/build/shaderc-sys-6dffd953376f71db/out/build/shaderc && /usr/bin/cmake -DCHANGES_FILE=/opt/rustwide/cargo-home/registry/src/index.crates.io-6f17d22bba15001f/shaderc-sys-0.8.2/build/shaderc/CHANGES -DTEMPLATE_FILE=/opt/rustwide/cargo-home/registry/src/index.crates.io-6f17d22bba15001f/shaderc-sys-0.8.2/build/shaderc/cmake/shaderc_static.pc.in -DOUT_FILE=/opt/rustwide/target/debug/build/shaderc-sys-6dffd953376f71db/out/build/shaderc/shaderc_static.pc -DCMAKE_INSTALL_PREFIX=/opt/rustwide/target/debug/build/shaderc-sys-6dffd953376f71db/out -DCMAKE_INSTALL_LIBDIR=lib -DCMAKE_INSTALL_INCLUDEDIR=include -DLIBS=-lshaderc\ \ -lshaderc_util -P /opt/rustwide/cargo-home/registry/src/index.crates.io-6f17d22bba15001f/shaderc-sys-0.8.2/build/shaderc/cmake/write_pkg_config.cmake
[INFO] [stderr]   [24/409] Generate info tables for OpenCL extended instructions and operands vunified1.
[INFO] [stderr]   [25/409] Generate info tables for GLSL extended instructions and operands vunified1.
[INFO] [stderr]   [26/409] Building CXX object glslang/glslang/OSDependent/Unix/CMakeFiles/OSDependent.dir/ossource.cpp.o
[INFO] [stderr]   [27/409] Update build-version.inc in the Shaderc build directory (if necessary).
[INFO] [stderr]   [28/409] Linking CXX static library spirv-headers/example/libSPIRV-Headers-example.a
[INFO] [stderr]   [29/409] Linking CXX static library glslang/hlsl/libHLSL.a
[INFO] [stderr]   [30/409] Building CXX object glslang/OGLCompilersDLL/CMakeFiles/OGLCompiler.dir/InitializeDll.cpp.o
[INFO] [stderr]   [31/409] Building CXX object spirv-tools/source/CMakeFiles/SPIRV-Tools-shared.dir/ext_inst.cpp.o
[INFO] [stderr]   [32/409] Building CXX object glslang/glslang/CMakeFiles/GenericCodeGen.dir/GenericCodeGen/CodeGen.cpp.o
[INFO] [stderr]   [33/409] Building CXX object glslang/glslang/CMakeFiles/GenericCodeGen.dir/GenericCodeGen/Link.cpp.o
[INFO] [stderr]   [34/409] Building CXX object spirv-tools/source/CMakeFiles/SPIRV-Tools-shared.dir/util/bit_vector.cpp.o
[INFO] [stderr]   [35/409] Building CXX object spirv-tools/source/CMakeFiles/SPIRV-Tools-shared.dir/util/string_utils.cpp.o
[INFO] [stderr]   [36/409] Building CXX object spirv-tools/source/CMakeFiles/SPIRV-Tools-shared.dir/libspirv.cpp.o
[INFO] [stderr]   [37/409] Building CXX object spirv-tools/source/CMakeFiles/SPIRV-Tools-shared.dir/software_version.cpp.o
[INFO] [stderr]   [38/409] Building CXX object spirv-tools/source/CMakeFiles/SPIRV-Tools-shared.dir/spirv_endian.cpp.o
[INFO] [stderr]   [39/409] Building CXX object spirv-tools/source/CMakeFiles/SPIRV-Tools-shared.dir/extensions.cpp.o
[INFO] [stderr]   [40/409] Building CXX object spirv-tools/source/CMakeFiles/SPIRV-Tools-shared.dir/assembly_grammar.cpp.o
[INFO] [stderr]   [41/409] Building CXX object spirv-tools/source/CMakeFiles/SPIRV-Tools-shared.dir/enum_string_mapping.cpp.o
[INFO] [stderr]   [42/409] Building CXX object spirv-tools/source/CMakeFiles/SPIRV-Tools-shared.dir/diagnostic.cpp.o
[INFO] [stderr]   [43/409] Building CXX object spirv-tools/source/CMakeFiles/SPIRV-Tools-shared.dir/spirv_optimizer_options.cpp.o
[INFO] [stderr]   [44/409] Building CXX object spirv-tools/source/CMakeFiles/SPIRV-Tools-shared.dir/print.cpp.o
[INFO] [stderr]   [45/409] Building CXX object spirv-tools/source/CMakeFiles/SPIRV-Tools-shared.dir/spirv_validator_options.cpp.o
[INFO] [stderr]   [46/409] Building CXX object spirv-tools/source/CMakeFiles/SPIRV-Tools-shared.dir/spirv_fuzzer_options.cpp.o
[INFO] [stderr]   [47/409] Building CXX object spirv-tools/source/CMakeFiles/SPIRV-Tools-shared.dir/spirv_reducer_options.cpp.o
[INFO] [stderr]   [48/409] Building CXX object spirv-tools/source/CMakeFiles/SPIRV-Tools-shared.dir/parsed_operand.cpp.o
[INFO] [stderr]   [49/409] Building CXX object spirv-tools/source/CMakeFiles/SPIRV-Tools-shared.dir/spirv_target_env.cpp.o
[INFO] [stderr]   [50/409] Building CXX object spirv-tools/source/CMakeFiles/SPIRV-Tools-shared.dir/opcode.cpp.o
[INFO] [stderr]   [51/409] Building CXX object spirv-tools/source/CMakeFiles/SPIRV-Tools-shared.dir/table.cpp.o
[INFO] [stderr]   [52/409] Building CXX object glslang/glslang/CMakeFiles/MachineIndependent.dir/cmake_pch.hxx.gch
[INFO] [stderr]   FAILED: glslang/glslang/CMakeFiles/MachineIndependent.dir/cmake_pch.hxx.gch 
[INFO] [stderr]   /usr/bin/c++ -DENABLE_HLSL -DENABLE_OPT=1 -DGLSLANG_OSINCLUDE_UNIX -I/opt/rustwide/target/debug/build/shaderc-sys-6dffd953376f71db/out/build/include -ffunction-sections -fdata-sections -fPIC -m64 -O3 -DNDEBUG -fPIC -Wall -Wmaybe-uninitialized -Wuninitialized -Wunused -Wunused-local-typedefs -Wunused-parameter -Wunused-value -Wunused-variable -Wunused-but-set-parameter -Wunused-but-set-variable -fno-exceptions -Wno-reorder -fno-rtti -Werror=deprecated-copy -std=c++11 -Winvalid-pch -x c++-header -include /opt/rustwide/target/debug/build/shaderc-sys-6dffd953376f71db/out/build/glslang/glslang/CMakeFiles/MachineIndependent.dir/cmake_pch.hxx -MD -MT glslang/glslang/CMakeFiles/MachineIndependent.dir/cmake_pch.hxx.gch -MF glslang/glslang/CMakeFiles/MachineIndependent.dir/cmake_pch.hxx.gch.d -o glslang/glslang/CMakeFiles/MachineIndependent.dir/cmake_pch.hxx.gch -c /opt/rustwide/target/debug/build/shaderc-sys-6dffd953376f71db/out/build/glslang/glslang/CMakeFiles/MachineIndependent.dir/cmake_pch.hxx.cxx
[INFO] [stderr]   c++: fatal error: Killed signal terminated program cc1plus
[INFO] [stderr]   compilation terminated.
[INFO] [stderr]   [53/409] Building CXX object spirv-tools/source/CMakeFiles/SPIRV-Tools-shared.dir/disassemble.cpp.o
[INFO] [stderr]   [54/409] Building CXX object spirv-tools/source/CMakeFiles/SPIRV-Tools-shared.dir/name_mapper.cpp.o
[INFO] [stderr]   [55/409] Building CXX object spirv-tools/source/CMakeFiles/SPIRV-Tools-shared.dir/operand.cpp.o
[INFO] [stderr]   [56/409] Building CXX object glslang/glslang/CMakeFiles/glslang.dir/CInterface/glslang_c_interface.cpp.o
[INFO] [stderr]   [57/409] Building CXX object spirv-tools/source/CMakeFiles/SPIRV-Tools-shared.dir/util/parse_number.cpp.o
[INFO] [stderr]   [58/409] Building CXX object spirv-tools/source/CMakeFiles/SPIRV-Tools-shared.dir/val/validate_adjacency.cpp.o
[INFO] [stderr]   [59/409] Building CXX object spirv-tools/source/CMakeFiles/SPIRV-Tools-shared.dir/binary.cpp.o
[INFO] [stderr]   [60/409] Building CXX object spirv-tools/source/CMakeFiles/SPIRV-Tools-shared.dir/val/validate_barriers.cpp.o
[INFO] [stderr]   [61/409] Building CXX object spirv-tools/source/CMakeFiles/SPIRV-Tools-shared.dir/text_handler.cpp.o
[INFO] [stderr]   [62/409] Building CXX object spirv-tools/source/CMakeFiles/SPIRV-Tools-shared.dir/val/validate_atomics.cpp.o
[INFO] [stderr]   [63/409] Building CXX object spirv-tools/source/CMakeFiles/SPIRV-Tools-shared.dir/val/validate_arithmetics.cpp.o
[INFO] [stderr]   [64/409] Building CXX object spirv-tools/source/CMakeFiles/SPIRV-Tools-shared.dir/val/validate_bitwise.cpp.o
[INFO] [stderr]   [65/409] Building CXX object spirv-tools/source/CMakeFiles/SPIRV-Tools-shared.dir/text.cpp.o
[INFO] [stderr]   [66/409] Building CXX object spirv-tools/source/CMakeFiles/SPIRV-Tools-shared.dir/val/validate_annotation.cpp.o
[INFO] [stderr]   [67/409] Building CXX object spirv-tools/source/CMakeFiles/SPIRV-Tools-shared.dir/val/validate.cpp.o
[INFO] [stderr]   ninja: build stopped: subcommand failed.
[INFO] [stderr] 
[INFO] [stderr]   --- stderr
[INFO] [stderr]   CMake Warning:
[INFO] [stderr]     Manually-specified variables were not used by the project:
[INFO] [stderr] 
[INFO] [stderr]       CMAKE_ASM_COMPILER
[INFO] [stderr]       CMAKE_ASM_FLAGS
[INFO] [stderr] 
[INFO] [stderr] 
[INFO] [stderr]   thread 'main' panicked at /opt/rustwide/cargo-home/registry/src/index.crates.io-6f17d22bba15001f/cmake-0.1.50/src/lib.rs:1098:5:
[INFO] [stderr] 
[INFO] [stderr]   command did not execute successfully, got: exit status: 1
[INFO] [stderr] 
[INFO] [stderr]   build script failed, must exit now
[INFO] [stderr]   stack backtrace:
[INFO] [stderr]      0:     0x559fd1eac81c - std::backtrace_rs::backtrace::libunwind::trace::ha637c64ce894333a
[INFO] [stderr]                                  at /rustc/82e1608dfa6e0b5569232559e3d385fea5a93112/library/std/src/../../backtrace/src/backtrace/libunwind.rs:104:5
[INFO] [stderr]      1:     0x559fd1eac81c - std::backtrace_rs::backtrace::trace_unsynchronized::h47f62dea28e0c88d
[INFO] [stderr]                                  at /rustc/82e1608dfa6e0b5569232559e3d385fea5a93112/library/std/src/../../backtrace/src/backtrace/mod.rs:66:5
[INFO] [stderr]      2:     0x559fd1eac81c - std::sys_common::backtrace::_print_fmt::h9eef0abe20ede486
[INFO] [stderr]                                  at /rustc/82e1608dfa6e0b5569232559e3d385fea5a93112/library/std/src/sys_common/backtrace.rs:67:5
[INFO] [stderr]      3:     0x559fd1eac81c - <std::sys_common::backtrace::_print::DisplayBacktrace as core::fmt::Display>::fmt::hed7f999df88cc644
[INFO] [stderr]                                  at /rustc/82e1608dfa6e0b5569232559e3d385fea5a93112/library/std/src/sys_common/backtrace.rs:44:22
[INFO] [stderr]      4:     0x559fd1ed2f70 - core::fmt::rt::Argument::fmt::h1539a9308b8d058d
[INFO] [stderr]                                  at /rustc/82e1608dfa6e0b5569232559e3d385fea5a93112/library/core/src/fmt/rt.rs:142:9
[INFO] [stderr]      5:     0x559fd1ed2f70 - core::fmt::write::h3a39390d8560d9c9
[INFO] [stderr]                                  at /rustc/82e1608dfa6e0b5569232559e3d385fea5a93112/library/core/src/fmt/mod.rs:1120:17
[INFO] [stderr]      6:     0x559fd1ea9d1f - std::io::Write::write_fmt::h5fc9997dfe05f882
[INFO] [stderr]                                  at /rustc/82e1608dfa6e0b5569232559e3d385fea5a93112/library/std/src/io/mod.rs:1762:15
[INFO] [stderr]      7:     0x559fd1eac604 - std::sys_common::backtrace::_print::h894006fb5c6f3d45
[INFO] [stderr]                                  at /rustc/82e1608dfa6e0b5569232559e3d385fea5a93112/library/std/src/sys_common/backtrace.rs:47:5
[INFO] [stderr]      8:     0x559fd1eac604 - std::sys_common::backtrace::print::h23a2d212c6fff936
[INFO] [stderr]                                  at /rustc/82e1608dfa6e0b5569232559e3d385fea5a93112/library/std/src/sys_common/backtrace.rs:34:9
[INFO] [stderr]      9:     0x559fd1eade17 - std::panicking::default_hook::{{closure}}::h8a1d2ee00185001a
[INFO] [stderr]     10:     0x559fd1eadb7f - std::panicking::default_hook::h6038f2eba384e475
[INFO] [stderr]                                  at /rustc/82e1608dfa6e0b5569232559e3d385fea5a93112/library/std/src/panicking.rs:292:9
[INFO] [stderr]     11:     0x559fd1eae298 - std::panicking::rust_panic_with_hook::h2b5517d590cab22e
[INFO] [stderr]                                  at /rustc/82e1608dfa6e0b5569232559e3d385fea5a93112/library/std/src/panicking.rs:779:13
[INFO] [stderr]     12:     0x559fd1eae17e - std::panicking::begin_panic_handler::{{closure}}::h233112c06e0ef43e
[INFO] [stderr]                                  at /rustc/82e1608dfa6e0b5569232559e3d385fea5a93112/library/std/src/panicking.rs:657:13
[INFO] [stderr]     13:     0x559fd1eacce6 - std::sys_common::backtrace::__rust_end_short_backtrace::h6e893f24d7ebbff8
[INFO] [stderr]                                  at /rustc/82e1608dfa6e0b5569232559e3d385fea5a93112/library/std/src/sys_common/backtrace.rs:170:18
[INFO] [stderr]     14:     0x559fd1eadee2 - rust_begin_unwind
[INFO] [stderr]                                  at /rustc/82e1608dfa6e0b5569232559e3d385fea5a93112/library/std/src/panicking.rs:645:5
[INFO] [stderr]     15:     0x559fd1dfc625 - core::panicking::panic_fmt::hbf0e066aabfa482c
[INFO] [stderr]                                  at /rustc/82e1608dfa6e0b5569232559e3d385fea5a93112/library/core/src/panicking.rs:72:14
[INFO] [stderr]     16:     0x559fd1e45621 - cmake::fail::hf8f3fd96c86c1400
[INFO] [stderr]     17:     0x559fd1e44da7 - cmake::run::hbba17021419ab89d
[INFO] [stderr]     18:     0x559fd1e416c1 - cmake::Config::build::ha3ea8b82bd9ef9fa
[INFO] [stderr]     19:     0x559fd1e06681 - build_script_build::build_shaderc_unix::h38631880c9eeed2a
[INFO] [stderr]     20:     0x559fd1e0a7a3 - build_script_build::main::h953cac37f6e3e514
[INFO] [stderr]     21:     0x559fd1dfdbb3 - core::ops::function::FnOnce::call_once::ha3051b6cd2f91d56
[INFO] [stderr]     22:     0x559fd1dfcf86 - std::sys_common::backtrace::__rust_begin_short_backtrace::hab3ac4fea6135b24
[INFO] [stderr]     23:     0x559fd1e046d9 - std::rt::lang_start::{{closure}}::h8bd89148d29ba81f
[INFO] [stderr]     24:     0x559fd1ea5627 - core::ops::function::impls::<impl core::ops::function::FnOnce<A> for &F>::call_once::hd95060ecd5e1ca24
[INFO] [stderr]                                  at /rustc/82e1608dfa6e0b5569232559e3d385fea5a93112/library/core/src/ops/function.rs:284:13
[INFO] [stderr]     25:     0x559fd1ea5627 - std::panicking::try::do_call::h6e8cf51db32a6e4b
[INFO] [stderr]                                  at /rustc/82e1608dfa6e0b5569232559e3d385fea5a93112/library/std/src/panicking.rs:552:40
[INFO] [stderr]     26:     0x559fd1ea5627 - std::panicking::try::h3a52eefe24fe3c29
[INFO] [stderr]                                  at /rustc/82e1608dfa6e0b5569232559e3d385fea5a93112/library/std/src/panicking.rs:516:19
[INFO] [stderr]     27:     0x559fd1ea5627 - std::panic::catch_unwind::h24c28c23c02c3841
[INFO] [stderr]                                  at /rustc/82e1608dfa6e0b5569232559e3d385fea5a93112/library/std/src/panic.rs:142:14
[INFO] [stderr]     28:     0x559fd1ea5627 - std::rt::lang_start_internal::{{closure}}::h705d3c9cbc06ef47
[INFO] [stderr]                                  at /rustc/82e1608dfa6e0b5569232559e3d385fea5a93112/library/std/src/rt.rs:148:48
[INFO] [stderr]     29:     0x559fd1ea5627 - std::panicking::try::do_call::ha21f52ba13158470
[INFO] [stderr]                                  at /rustc/82e1608dfa6e0b5569232559e3d385fea5a93112/library/std/src/panicking.rs:552:40
[INFO] [stderr]     30:     0x559fd1ea5627 - std::panicking::try::h5581346bf6aeb1f8
[INFO] [stderr]                                  at /rustc/82e1608dfa6e0b5569232559e3d385fea5a93112/library/std/src/panicking.rs:516:19
[INFO] [stderr]     31:     0x559fd1ea5627 - std::panic::catch_unwind::h7919645a6b72e25b
[INFO] [stderr]                                  at /rustc/82e1608dfa6e0b5569232559e3d385fea5a93112/library/std/src/panic.rs:142:14
[INFO] [stderr]     32:     0x559fd1ea5627 - std::rt::lang_start_internal::h12de51168669836e
[INFO] [stderr]                                  at /rustc/82e1608dfa6e0b5569232559e3d385fea5a93112/library/std/src/rt.rs:148:20
[INFO] [stderr]     33:     0x559fd1e046b7 - std::rt::lang_start::he3038fee83836ca6
[INFO] [stderr]     34:     0x559fd1e0ae55 - main
[INFO] [stderr]     35:     0x7f5533d46d90 - <unknown>
[INFO] [stderr]     36:     0x7f5533d46e40 - __libc_start_main
[INFO] [stderr]     37:     0x559fd1dfcd45 - _start
[INFO] [stderr]     38:                0x0 - <unknown>
[INFO] running `Command { std: "docker" "inspect" "c3166f7c786806613f999548cdf34007e8587dba2c8bb755b89f084869b6fc9f", kill_on_drop: false }`
[INFO] running `Command { std: "docker" "rm" "-f" "c3166f7c786806613f999548cdf34007e8587dba2c8bb755b89f084869b6fc9f", kill_on_drop: false }`
[INFO] [stdout] c3166f7c786806613f999548cdf34007e8587dba2c8bb755b89f084869b6fc9f
[INFO] testing egui_winit_vulkano-0.26.0 against beta-2023-12-22 for beta-1.76-1
[INFO] extracting crate egui_winit_vulkano 0.26.0 into /workspace/builds/worker-3-tc2/source
[INFO] validating manifest of crates.io crate egui_winit_vulkano 0.26.0 on toolchain beta-2023-12-22
[INFO] running `Command { std: CARGO_HOME="/workspace/cargo-home" RUSTUP_HOME="/workspace/rustup-home" "/workspace/cargo-home/bin/cargo" "+beta-2023-12-22" "metadata" "--manifest-path" "Cargo.toml" "--no-deps", kill_on_drop: false }`
[INFO] started tweaking crates.io crate egui_winit_vulkano 0.26.0
[INFO] finished tweaking crates.io crate egui_winit_vulkano 0.26.0
[INFO] tweaked toml for crates.io crate egui_winit_vulkano 0.26.0 written to /workspace/builds/worker-3-tc2/source/Cargo.toml
[INFO] crate crates.io crate egui_winit_vulkano 0.26.0 already has a lockfile, it will not be regenerated
[INFO] running `Command { std: CARGO_HOME="/workspace/cargo-home" RUSTUP_HOME="/workspace/rustup-home" "/workspace/cargo-home/bin/cargo" "+beta-2023-12-22" "fetch" "--manifest-path" "Cargo.toml", kill_on_drop: false }`
[INFO] running `Command { std: "docker" "create" "-v" "/var/lib/crater-agent-workspace/builds/worker-3-tc2/target:/opt/rustwide/target:rw,Z" "-v" "/var/lib/crater-agent-workspace/builds/worker-3-tc2/source:/opt/rustwide/workdir:ro,Z" "-v" "/var/lib/crater-agent-workspace/cargo-home:/opt/rustwide/cargo-home:ro,Z" "-v" "/var/lib/crater-agent-workspace/rustup-home:/opt/rustwide/rustup-home:ro,Z" "-e" "SOURCE_DIR=/opt/rustwide/workdir" "-e" "CARGO_TARGET_DIR=/opt/rustwide/target" "-e" "CARGO_HOME=/opt/rustwide/cargo-home" "-e" "RUSTUP_HOME=/opt/rustwide/rustup-home" "-w" "/opt/rustwide/workdir" "-m" "1610612736" "--user" "0:0" "--network" "none" "ghcr.io/rust-lang/crates-build-env/linux@sha256:2788e3201cd34a07e3172128adcd8b3090168a8e3bcc40d7c032b9dda1df7d1c" "/opt/rustwide/cargo-home/bin/cargo" "+beta-2023-12-22" "metadata" "--no-deps" "--format-version=1", kill_on_drop: false }`
[INFO] [stdout] 4ccb2bdf9ca346254d62af864d433050174b0aa7ca2172f23f16fa8ddcec1ee7
[INFO] running `Command { std: "docker" "start" "-a" "4ccb2bdf9ca346254d62af864d433050174b0aa7ca2172f23f16fa8ddcec1ee7", kill_on_drop: false }`
[INFO] running `Command { std: "docker" "inspect" "4ccb2bdf9ca346254d62af864d433050174b0aa7ca2172f23f16fa8ddcec1ee7", kill_on_drop: false }`
[INFO] running `Command { std: "docker" "rm" "-f" "4ccb2bdf9ca346254d62af864d433050174b0aa7ca2172f23f16fa8ddcec1ee7", kill_on_drop: false }`
[INFO] [stdout] 4ccb2bdf9ca346254d62af864d433050174b0aa7ca2172f23f16fa8ddcec1ee7
[INFO] running `Command { std: "docker" "create" "-v" "/var/lib/crater-agent-workspace/builds/worker-3-tc2/target:/opt/rustwide/target:rw,Z" "-v" "/var/lib/crater-agent-workspace/builds/worker-3-tc2/source:/opt/rustwide/workdir:ro,Z" "-v" "/var/lib/crater-agent-workspace/cargo-home:/opt/rustwide/cargo-home:ro,Z" "-v" "/var/lib/crater-agent-workspace/rustup-home:/opt/rustwide/rustup-home:ro,Z" "-e" "SOURCE_DIR=/opt/rustwide/workdir" "-e" "CARGO_TARGET_DIR=/opt/rustwide/target" "-e" "CARGO_INCREMENTAL=0" "-e" "RUST_BACKTRACE=full" "-e" "RUSTFLAGS=--cap-lints=warn" "-e" "RUSTDOCFLAGS=--cap-lints=warn" "-e" "CARGO_HOME=/opt/rustwide/cargo-home" "-e" "RUSTUP_HOME=/opt/rustwide/rustup-home" "-w" "/opt/rustwide/workdir" "-m" "1610612736" "--user" "0:0" "--network" "none" "ghcr.io/rust-lang/crates-build-env/linux@sha256:2788e3201cd34a07e3172128adcd8b3090168a8e3bcc40d7c032b9dda1df7d1c" "/opt/rustwide/cargo-home/bin/cargo" "+beta-2023-12-22" "build" "--frozen" "--message-format=json", kill_on_drop: false }`
[INFO] [stdout] 274f206ec6658d87a32da3d1eebf1788a758dd5d0c3a24796fa7114e4ab901aa
[INFO] running `Command { std: "docker" "start" "-a" "274f206ec6658d87a32da3d1eebf1788a758dd5d0c3a24796fa7114e4ab901aa", kill_on_drop: false }`
[INFO] [stderr]    Compiling libc v0.2.148
[INFO] [stderr]    Compiling xml-rs v0.8.19
[INFO] [stderr]    Compiling smallvec v1.11.1
[INFO] [stderr]    Compiling libloading v0.8.0
[INFO] [stderr]    Compiling simd-adler32 v0.3.7
[INFO] [stderr]    Compiling memoffset v0.6.5
[INFO] [stderr]    Compiling wayland-sys v0.29.5
[INFO] [stderr]    Compiling hashbrown v0.14.0
[INFO] [stderr]    Compiling memchr v2.6.3
[INFO] [stderr]    Compiling serde v1.0.188
[INFO] [stderr]    Compiling syn v2.0.37
[INFO] [stderr]    Compiling regex-syntax v0.7.5
[INFO] [stderr]    Compiling serde_json v1.0.107
[INFO] [stderr]    Compiling ahash v0.8.3
[INFO] [stderr]    Compiling slotmap v1.0.6
[INFO] [stderr]    Compiling ryu v1.0.15
[INFO] [stderr]    Compiling itoa v1.0.9
[INFO] [stderr]    Compiling dlib v0.5.2
[INFO] [stderr]    Compiling miniz_oxide v0.7.1
[INFO] [stderr]    Compiling ttf-parser v0.19.2
[INFO] [stderr]    Compiling fdeflate v0.3.0
[INFO] [stderr]    Compiling smithay-client-toolkit v0.16.1
[INFO] [stderr]    Compiling indexmap v2.0.1
[INFO] [stderr]    Compiling nom v7.1.3
[INFO] [stderr]    Compiling wayland-scanner v0.29.5
[INFO] [stderr]    Compiling aho-corasick v1.1.1
[INFO] [stderr]    Compiling getrandom v0.2.10
[INFO] [stderr]    Compiling vk-parse v0.12.0
[INFO] [stderr]    Compiling flate2 v1.0.27
[INFO] [stderr]    Compiling cc v1.0.83
[INFO] [stderr]    Compiling ab_glyph_rasterizer v0.1.8
[INFO] [stderr]    Compiling xmlparser v0.13.5
[INFO] [stderr]    Compiling rayon-core v1.12.0
[INFO] [stderr]    Compiling num-traits v0.2.16
[INFO] [stderr]    Compiling ash v0.37.3+1.3.251
[INFO] [stderr]    Compiling futures-core v0.3.28
[INFO] [stderr]    Compiling roxmltree v0.14.1
[INFO] [stderr]    Compiling arrayref v0.3.7
[INFO] [stderr]    Compiling raw-window-handle v0.5.2
[INFO] [stderr]    Compiling png v0.17.10
[INFO] [stderr]    Compiling cmake v0.1.50
[INFO] [stderr]    Compiling strict-num v0.1.1
[INFO] [stderr]    Compiling x11-dl v2.21.0
[INFO] [stderr]    Compiling libloading v0.7.4
[INFO] [stderr]    Compiling toml_datetime v0.6.3
[INFO] [stderr]    Compiling nix v0.24.3
[INFO] [stderr]    Compiling wayland-client v0.29.5
[INFO] [stderr]    Compiling wayland-protocols v0.29.5
[INFO] [stderr]    Compiling parking_lot_core v0.9.8
[INFO] [stderr]    Compiling nix v0.25.1
[INFO] [stderr]    Compiling regex-automata v0.3.8
[INFO] [stderr]    Compiling owned_ttf_parser v0.19.0
[INFO] [stderr]    Compiling xcursor v0.3.4
[INFO] [stderr]    Compiling ab_glyph v0.2.21
[INFO] [stderr]    Compiling parking_lot v0.12.1
[INFO] [stderr]    Compiling memmap2 v0.5.10
[INFO] [stderr]    Compiling shaderc-sys v0.8.2
[INFO] [stderr]    Compiling arrayvec v0.7.4
[INFO] [stderr]    Compiling winnow v0.5.15
[INFO] [stderr]    Compiling cfg_aliases v0.1.1
[INFO] [stderr]    Compiling rayon v1.8.0
[INFO] [stderr]    Compiling winit v0.28.7
[INFO] [stderr]    Compiling nanorand v0.7.0
[INFO] [stderr]    Compiling gethostname v0.2.3
[INFO] [stderr]    Compiling spin v0.9.8
[INFO] [stderr]    Compiling thread_local v1.1.7
[INFO] [stderr]    Compiling emath v0.23.0
[INFO] [stderr]    Compiling futures-sink v0.3.28
[INFO] [stderr]    Compiling nohash-hasher v0.2.0
[INFO] [stderr]    Compiling ecolor v0.23.0
[INFO] [stderr]    Compiling weezl v0.1.7
[INFO] [stderr]    Compiling num-integer v0.1.45
[INFO] [stderr]    Compiling epaint v0.23.0
[INFO] [stderr]    Compiling crossbeam-queue v0.3.8
[INFO] [stderr]    Compiling syn v1.0.109
[INFO] [stderr]    Compiling regex v1.9.5
[INFO] [stderr]    Compiling mio v0.8.8
[INFO] [stderr]    Compiling zune-inflate v0.2.54
[INFO] [stderr]    Compiling toml_edit v0.19.15
[INFO] [stderr]    Compiling color_quant v1.1.0
[INFO] [stderr]    Compiling home v0.5.5
[INFO] [stderr]    Compiling lebe v0.5.2
[INFO] [stderr]    Compiling bit_field v0.10.2
[INFO] [stderr]    Compiling egui v0.23.0
[INFO] [stderr]    Compiling webbrowser v0.8.11
[INFO] [stderr]    Compiling gif v0.12.0
[INFO] [stderr]    Compiling num-rational v0.4.1
[INFO] [stderr]    Compiling wayland-commons v0.29.5
[INFO] [stderr] error: could not compile `ash` (lib)
[INFO] [stderr] 
[INFO] [stderr] Caused by:
[INFO] [stderr]   process didn't exit successfully: `/opt/rustwide/rustup-home/toolchains/beta-2023-12-22-x86_64-unknown-linux-gnu/bin/rustc --crate-name ash --edition=2021 /opt/rustwide/cargo-home/registry/src/index.crates.io-6f17d22bba15001f/ash-0.37.3+1.3.251/src/lib.rs --error-format=json --json=diagnostic-rendered-ansi,artifacts,future-incompat --crate-type lib --emit=dep-info,metadata,link -C embed-bitcode=no -C debuginfo=2 --cfg 'feature="debug"' --cfg 'feature="default"' --cfg 'feature="libloading"' --cfg 'feature="loaded"' -C metadata=08ec6ef3f1a200a1 -C extra-filename=-08ec6ef3f1a200a1 --out-dir /opt/rustwide/target/debug/deps -L dependency=/opt/rustwide/target/debug/deps --extern libloading=/opt/rustwide/target/debug/deps/liblibloading-8fc60105e6f7f82d.rmeta --cap-lints allow --cap-lints=warn` (signal: 9, SIGKILL: kill)
[INFO] [stderr] warning: build failed, waiting for other jobs to finish...
[INFO] [stderr] error: could not compile `nix` (lib)
[INFO] [stderr] 
[INFO] [stderr] Caused by:
[INFO] [stderr]   process didn't exit successfully: `/opt/rustwide/rustup-home/toolchains/beta-2023-12-22-x86_64-unknown-linux-gnu/bin/rustc --crate-name nix --edition=2018 /opt/rustwide/cargo-home/registry/src/index.crates.io-6f17d22bba15001f/nix-0.24.3/src/lib.rs --error-format=json --json=diagnostic-rendered-ansi,artifacts,future-incompat --crate-type lib --emit=dep-info,metadata,link -C embed-bitcode=no -C debuginfo=2 --cfg 'feature="acct"' --cfg 'feature="aio"' --cfg 'feature="default"' --cfg 'feature="dir"' --cfg 'feature="env"' --cfg 'feature="event"' --cfg 'feature="feature"' --cfg 'feature="fs"' --cfg 'feature="hostname"' --cfg 'feature="inotify"' --cfg 'feature="ioctl"' --cfg 'feature="kmod"' --cfg 'feature="memoffset"' --cfg 'feature="mman"' --cfg 'feature="mount"' --cfg 'feature="mqueue"' --cfg 'feature="net"' --cfg 'feature="personality"' --cfg 'feature="poll"' --cfg 'feature="process"' --cfg 'feature="pthread"' --cfg 'feature="ptrace"' --cfg 'feature="quota"' --cfg 'feature="reboot"' --cfg 'feature="resource"' --cfg 'feature="sched"' --cfg 'feature="signal"' --cfg 'feature="socket"' --cfg 'feature="term"' --cfg 'feature="time"' --cfg 'feature="ucontext"' --cfg 'feature="uio"' --cfg 'feature="user"' --cfg 'feature="zerocopy"' -C metadata=c8e3ffb5c3b1251c -C extra-filename=-c8e3ffb5c3b1251c --out-dir /opt/rustwide/target/debug/deps -L dependency=/opt/rustwide/target/debug/deps --extern bitflags=/opt/rustwide/target/debug/deps/libbitflags-85e13ed1e0c6d910.rmeta --extern cfg_if=/opt/rustwide/target/debug/deps/libcfg_if-e7002d307f97bc56.rmeta --extern libc=/opt/rustwide/target/debug/deps/liblibc-b29d3076d4708eef.rmeta --extern memoffset=/opt/rustwide/target/debug/deps/libmemoffset-3b8b6c5d2cb3d911.rmeta --cap-lints allow --cap-lints=warn` (signal: 9, SIGKILL: kill)
[INFO] [stderr] error: could not compile `x11-dl` (lib)
[INFO] [stderr] 
[INFO] [stderr] Caused by:
[INFO] [stderr]   process didn't exit successfully: `/opt/rustwide/rustup-home/toolchains/beta-2023-12-22-x86_64-unknown-linux-gnu/bin/rustc --crate-name x11_dl --edition=2021 /opt/rustwide/cargo-home/registry/src/index.crates.io-6f17d22bba15001f/x11-dl-2.21.0/src/lib.rs --error-format=json --json=diagnostic-rendered-ansi,artifacts,future-incompat --crate-type lib --emit=dep-info,metadata,link -C embed-bitcode=no -C debuginfo=2 -C metadata=01b37c5db795749c -C extra-filename=-01b37c5db795749c --out-dir /opt/rustwide/target/debug/deps -L dependency=/opt/rustwide/target/debug/deps --extern libc=/opt/rustwide/target/debug/deps/liblibc-b29d3076d4708eef.rmeta --extern once_cell=/opt/rustwide/target/debug/deps/libonce_cell-fadaa1d866399a17.rmeta --cap-lints allow --cap-lints=warn -l dl` (signal: 9, SIGKILL: kill)
[INFO] [stderr] error: could not compile `egui` (lib)
[INFO] [stderr] 
[INFO] [stderr] Caused by:
[INFO] [stderr]   process didn't exit successfully: `/opt/rustwide/rustup-home/toolchains/beta-2023-12-22-x86_64-unknown-linux-gnu/bin/rustc --crate-name egui --edition=2021 /opt/rustwide/cargo-home/registry/src/index.crates.io-6f17d22bba15001f/egui-0.23.0/src/lib.rs --error-format=json --json=diagnostic-rendered-ansi,artifacts,future-incompat --crate-type lib --emit=dep-info,metadata,link -C embed-bitcode=no -C debuginfo=2 --cfg 'feature="default"' --cfg 'feature="default_fonts"' --cfg 'feature="log"' -C metadata=da98313d383d0a4f -C extra-filename=-da98313d383d0a4f --out-dir /opt/rustwide/target/debug/deps -L dependency=/opt/rustwide/target/debug/deps --extern ahash=/opt/rustwide/target/debug/deps/libahash-71feb7b1364c6827.rmeta --extern epaint=/opt/rustwide/target/debug/deps/libepaint-7dfca67f2e770413.rmeta --extern log=/opt/rustwide/target/debug/deps/liblog-2cf4a51dfa4e790a.rmeta --extern nohash_hasher=/opt/rustwide/target/debug/deps/libnohash_hasher-3d09ec30a512d75b.rmeta --cap-lints allow --cap-lints=warn` (signal: 9, SIGKILL: kill)
[INFO] [stderr] The following warnings were emitted during compilation:
[INFO] [stderr] 
[INFO] [stderr] warning: shaderc-sys@0.8.2: shaderc: searching for native shaderc libraries on system;  use '--features build-from-source' to force building from source code
[INFO] [stderr] warning: shaderc-sys@0.8.2: shaderc: cannot find native shaderc library on system; falling back to build from source
[INFO] [stderr] 
[INFO] [stderr] error: failed to run custom build command for `shaderc-sys v0.8.2`
[INFO] [stderr] note: To improve backtraces for build dependencies, set the CARGO_PROFILE_DEV_BUILD_OVERRIDE_DEBUG=true environment variable to enable debug information generation.
[INFO] [stderr] 
[INFO] [stderr] Caused by:
[INFO] [stderr]   process didn't exit successfully: `/opt/rustwide/target/debug/build/shaderc-sys-415afb231e5adb24/build-script-build` (exit status: 101)
[INFO] [stderr]   --- stdout
[INFO] [stderr]   cargo:warning=shaderc: searching for native shaderc libraries on system;  use '--features build-from-source' to force building from source code
[INFO] [stderr]   cargo:warning=shaderc: cannot find native shaderc library on system; falling back to build from source
[INFO] [stderr]   CMAKE_TOOLCHAIN_FILE_x86_64-unknown-linux-gnu = None
[INFO] [stderr]   CMAKE_TOOLCHAIN_FILE_x86_64_unknown_linux_gnu = None
[INFO] [stderr]   HOST_CMAKE_TOOLCHAIN_FILE = None
[INFO] [stderr]   CMAKE_TOOLCHAIN_FILE = None
[INFO] [stderr]   CMAKE_PREFIX_PATH_x86_64-unknown-linux-gnu = None
[INFO] [stderr]   CMAKE_PREFIX_PATH_x86_64_unknown_linux_gnu = None
[INFO] [stderr]   HOST_CMAKE_PREFIX_PATH = None
[INFO] [stderr]   CMAKE_PREFIX_PATH = None
[INFO] [stderr]   CMAKE_x86_64-unknown-linux-gnu = None
[INFO] [stderr]   CMAKE_x86_64_unknown_linux_gnu = None
[INFO] [stderr]   HOST_CMAKE = None
[INFO] [stderr]   CMAKE = None
[INFO] [stderr]   running: cd "/opt/rustwide/target/debug/build/shaderc-sys-70bcf85313c1b74f/out/build" && CMAKE_PREFIX_PATH="" "cmake" "/opt/rustwide/cargo-home/registry/src/index.crates.io-6f17d22bba15001f/shaderc-sys-0.8.2/build" "-G" "Ninja" "-DCMAKE_INSTALL_LIBDIR=lib" "-DCMAKE_POSITION_INDEPENDENT_CODE=ON" "-DENABLE_SPVREMAPPER=OFF" "-DENABLE_GLSLANG_BINARIES=OFF" "-DSHADERC_SKIP_TESTS=ON" "-DSPIRV_SKIP_EXECUTABLES=ON" "-DSPIRV_WERROR=OFF" "-DCMAKE_INSTALL_PREFIX=/opt/rustwide/target/debug/build/shaderc-sys-70bcf85313c1b74f/out" "-DCMAKE_C_FLAGS= -ffunction-sections -fdata-sections -fPIC -m64" "-DCMAKE_C_COMPILER=/usr/bin/cc" "-DCMAKE_CXX_FLAGS= -ffunction-sections -fdata-sections -fPIC -m64" "-DCMAKE_CXX_COMPILER=/usr/bin/c++" "-DCMAKE_ASM_FLAGS= -ffunction-sections -fdata-sections -fPIC -m64" "-DCMAKE_ASM_COMPILER=/usr/bin/cc" "-DCMAKE_BUILD_TYPE=Release"
[INFO] [stderr]   -- The C compiler identification is GNU 11.4.0
[INFO] [stderr]   -- The CXX compiler identification is GNU 11.4.0
[INFO] [stderr]   -- Detecting C compiler ABI info
[INFO] [stderr]   -- Detecting C compiler ABI info - done
[INFO] [stderr]   -- Check for working C compiler: /usr/bin/cc - skipped
[INFO] [stderr]   -- Detecting C compile features
[INFO] [stderr]   -- Detecting C compile features - done
[INFO] [stderr]   -- Detecting CXX compiler ABI info
[INFO] [stderr]   -- Detecting CXX compiler ABI info - done
[INFO] [stderr]   -- Check for working CXX compiler: /usr/bin/c++ - skipped
[INFO] [stderr]   -- Detecting CXX compile features
[INFO] [stderr]   -- Detecting CXX compile features - done
[INFO] [stderr]   -- Building SPIRV-Header examples
[INFO] [stderr]   -- Installing SPIRV-Header
[INFO] [stderr]   -- Found PythonInterp: /usr/bin/python3 (found suitable version "3.10.12", minimum required is "3") 
[INFO] [stderr]   -- Google Mock was not found - tests based on that will not build
[INFO] [stderr]   -- optimizer enabled
[INFO] [stderr]   -- Looking for pthread.h
[INFO] [stderr]   -- Looking for pthread.h - found
[INFO] [stderr]   -- Performing Test CMAKE_HAVE_LIBC_PTHREAD
[INFO] [stderr]   -- Performing Test CMAKE_HAVE_LIBC_PTHREAD - Success
[INFO] [stderr]   -- Found Threads: TRUE  
[INFO] [stderr]   -- Shaderc: build type is "Release".
[INFO] [stderr]   -- Configuring Shaderc to avoid building tests.
[INFO] [stderr]   -- Configuring Shaderc to build examples.
[INFO] [stderr]   -- Configuring Shaderc to check copyrights.
[INFO] [stderr]   -- asciidoctor was not found - no documentation will be generated
[INFO] [stderr]   -- Performing Test COMPILER_SUPPORTS_FALLTHROUGH_WARNING
[INFO] [stderr]   -- Performing Test COMPILER_SUPPORTS_FALLTHROUGH_WARNING - Success
[INFO] [stderr]   -- Performing Test COMPILER_SUPPORTS_EXTRA_SEMI_WARNING
[INFO] [stderr]   -- Performing Test COMPILER_SUPPORTS_EXTRA_SEMI_WARNING - Success
[INFO] [stderr]   -- Performing Test COMPILER_SUPPORTS_PIC
[INFO] [stderr]   -- Performing Test COMPILER_SUPPORTS_PIC - Success
[INFO] [stderr]   -- Configuring done
[INFO] [stderr]   -- Generating done
[INFO] [stderr]   -- Build files have been written to: /opt/rustwide/target/debug/build/shaderc-sys-70bcf85313c1b74f/out/build
[INFO] [stderr]   running: cd "/opt/rustwide/target/debug/build/shaderc-sys-70bcf85313c1b74f/out/build" && "cmake" "--build" "." "--target" "install" "--config" "Release" "--parallel" "16"
[INFO] [stderr]   [1/409] cd /opt/rustwide/target/debug/build/shaderc-sys-70bcf85313c1b74f/out/build/spirv-tools && /usr/bin/cmake -DCHANGES_FILE=/opt/rustwide/cargo-home/registry/src/index.crates.io-6f17d22bba15001f/shaderc-sys-0.8.2/build/spirv-tools/CHANGES -DTEMPLATE_FILE=/opt/rustwide/cargo-home/registry/src/index.crates.io-6f17d22bba15001f/shaderc-sys-0.8.2/build/spirv-tools/cmake/SPIRV-Tools.pc.in -DOUT_FILE=/opt/rustwide/target/debug/build/shaderc-sys-70bcf85313c1b74f/out/build/spirv-tools/SPIRV-Tools.pc -DCMAKE_INSTALL_PREFIX=/opt/rustwide/target/debug/build/shaderc-sys-70bcf85313c1b74f/out -DCMAKE_INSTALL_LIBDIR=lib -DCMAKE_INSTALL_INCLUDEDIR=include -DSPIRV_LIBRARIES=-lSPIRV-Tools-opt\ -lSPIRV-Tools\ -lSPIRV-Tools-link -P /opt/rustwide/cargo-home/registry/src/index.crates.io-6f17d22bba15001f/shaderc-sys-0.8.2/build/spirv-tools/cmake/write_pkg_config.cmake
[INFO] [stderr]   [2/409] cd /opt/rustwide/target/debug/build/shaderc-sys-70bcf85313c1b74f/out/build/spirv-tools && /usr/bin/cmake -DCHANGES_FILE=/opt/rustwide/cargo-home/registry/src/index.crates.io-6f17d22bba15001f/shaderc-sys-0.8.2/build/spirv-tools/CHANGES -DTEMPLATE_FILE=/opt/rustwide/cargo-home/registry/src/index.crates.io-6f17d22bba15001f/shaderc-sys-0.8.2/build/spirv-tools/cmake/SPIRV-Tools-shared.pc.in -DOUT_FILE=/opt/rustwide/target/debug/build/shaderc-sys-70bcf85313c1b74f/out/build/spirv-tools/SPIRV-Tools-shared.pc -DCMAKE_INSTALL_PREFIX=/opt/rustwide/target/debug/build/shaderc-sys-70bcf85313c1b74f/out -DCMAKE_INSTALL_LIBDIR=lib -DCMAKE_INSTALL_INCLUDEDIR=include -DSPIRV_SHARED_LIBRARIES=-lSPIRV-Tools-shared -P /opt/rustwide/cargo-home/registry/src/index.crates.io-6f17d22bba15001f/shaderc-sys-0.8.2/build/spirv-tools/cmake/write_pkg_config.cmake
[INFO] [stderr]   [3/409] Building CXX object spirv-headers/example/CMakeFiles/SPIRV-Headers-example.dir/example.cpp.o
[INFO] [stderr]   [4/409] Generate language specific header for DebugInfo.
[INFO] [stderr]   [5/409] Generate extended instruction tables for spv-amd-shader-trinary-minmax.
[INFO] [stderr]   [6/409] Generate extended instruction tables for nonsemantic.clspvreflection.
[INFO] [stderr]   [7/409] Generate language specific header for NonSemanticShaderDebugInfo100.
[INFO] [stderr]   [8/409] Generate extended instruction tables for spv-amd-shader-explicit-vertex-parameter.
[INFO] [stderr]   [9/409] Generate extended instruction tables for spv-amd-gcn-shader.
[INFO] [stderr]   [10/409] Generate extended instruction tables for debuginfo.
[INFO] [stderr]   [11/409] Generate extended instruction tables for spv-amd-shader-ballot.
[INFO] [stderr]   [12/409] Generate extended instruction tables for nonsemantic.shader.debuginfo.100.
[INFO] [stderr]   [13/409] Generate language specific header for OpenCLDebugInfo100.
[INFO] [stderr]   [14/409] Generate enum-string mapping for SPIR-V vunified1.
[INFO] [stderr]   [15/409] Generate extended instruction tables for opencl.debuginfo.100.
[INFO] [stderr]   [16/409] Generate tables based on the SPIR-V XML registry.
[INFO] [stderr]   [17/409] Update build-version.inc in the SPIRV-Tools build directory (if necessary).
[INFO] [stderr]   [18/409] Generate info tables for SPIR-V vunified1 core instructions and operands.
[INFO] [stderr]   [19/409] Building CXX object glslang/hlsl/CMakeFiles/HLSL.dir/stub.cpp.o
[INFO] [stderr]   [20/409] Check copyright
[INFO] [stderr]   [21/409] cd /opt/rustwide/target/debug/build/shaderc-sys-70bcf85313c1b74f/out/build/shaderc && /usr/bin/cmake -DCHANGES_FILE=/opt/rustwide/cargo-home/registry/src/index.crates.io-6f17d22bba15001f/shaderc-sys-0.8.2/build/shaderc/CHANGES -DTEMPLATE_FILE=/opt/rustwide/cargo-home/registry/src/index.crates.io-6f17d22bba15001f/shaderc-sys-0.8.2/build/shaderc/cmake/shaderc.pc.in -DOUT_FILE=/opt/rustwide/target/debug/build/shaderc-sys-70bcf85313c1b74f/out/build/shaderc/shaderc.pc -DCMAKE_INSTALL_PREFIX=/opt/rustwide/target/debug/build/shaderc-sys-70bcf85313c1b74f/out -DCMAKE_INSTALL_LIBDIR=lib -DCMAKE_INSTALL_INCLUDEDIR=include -DLIBS=-lshaderc_shared -P /opt/rustwide/cargo-home/registry/src/index.crates.io-6f17d22bba15001f/shaderc-sys-0.8.2/build/shaderc/cmake/write_pkg_config.cmake
[INFO] [stderr]   [22/409] cd /opt/rustwide/target/debug/build/shaderc-sys-70bcf85313c1b74f/out/build/shaderc && /usr/bin/cmake -DCHANGES_FILE=/opt/rustwide/cargo-home/registry/src/index.crates.io-6f17d22bba15001f/shaderc-sys-0.8.2/build/shaderc/CHANGES -DTEMPLATE_FILE=/opt/rustwide/cargo-home/registry/src/index.crates.io-6f17d22bba15001f/shaderc-sys-0.8.2/build/shaderc/cmake/shaderc_static.pc.in -DOUT_FILE=/opt/rustwide/target/debug/build/shaderc-sys-70bcf85313c1b74f/out/build/shaderc/shaderc_static.pc -DCMAKE_INSTALL_PREFIX=/opt/rustwide/target/debug/build/shaderc-sys-70bcf85313c1b74f/out -DCMAKE_INSTALL_LIBDIR=lib -DCMAKE_INSTALL_INCLUDEDIR=include -DLIBS=-lshaderc\ \ -lshaderc_util -P /opt/rustwide/cargo-home/registry/src/index.crates.io-6f17d22bba15001f/shaderc-sys-0.8.2/build/shaderc/cmake/write_pkg_config.cmake
[INFO] [stderr]   [23/409] cd /opt/rustwide/target/debug/build/shaderc-sys-70bcf85313c1b74f/out/build/shaderc && /usr/bin/cmake -DCHANGES_FILE=/opt/rustwide/cargo-home/registry/src/index.crates.io-6f17d22bba15001f/shaderc-sys-0.8.2/build/shaderc/CHANGES -DTEMPLATE_FILE=/opt/rustwide/cargo-home/registry/src/index.crates.io-6f17d22bba15001f/shaderc-sys-0.8.2/build/shaderc/cmake/shaderc_combined.pc.in -DOUT_FILE=/opt/rustwide/target/debug/build/shaderc-sys-70bcf85313c1b74f/out/build/shaderc/shaderc_combined.pc -DCMAKE_INSTALL_PREFIX=/opt/rustwide/target/debug/build/shaderc-sys-70bcf85313c1b74f/out -DCMAKE_INSTALL_LIBDIR=lib -DCMAKE_INSTALL_INCLUDEDIR=include -DLIBS=-lshaderc_combined -P /opt/rustwide/cargo-home/registry/src/index.crates.io-6f17d22bba15001f/shaderc-sys-0.8.2/build/shaderc/cmake/write_pkg_config.cmake
[INFO] [stderr]   [24/409] Linking CXX static library spirv-headers/example/libSPIRV-Headers-example.a
[INFO] [stderr]   [25/409] Generate info tables for GLSL extended instructions and operands vunified1.
[INFO] [stderr]   [26/409] Update build-version.inc in the Shaderc build directory (if necessary).
[INFO] [stderr]   [27/409] Building CXX object glslang/glslang/OSDependent/Unix/CMakeFiles/OSDependent.dir/ossource.cpp.o
[INFO] [stderr]   [28/409] Generate info tables for OpenCL extended instructions and operands vunified1.
[INFO] [stderr]   [29/409] Linking CXX static library glslang/hlsl/libHLSL.a
[INFO] [stderr]   [30/409] Linking CXX static library glslang/glslang/OSDependent/Unix/libOSDependent.a
[INFO] [stderr]   [31/409] Building CXX object glslang/OGLCompilersDLL/CMakeFiles/OGLCompiler.dir/InitializeDll.cpp.o
[INFO] [stderr]   [32/409] Building CXX object glslang/glslang/CMakeFiles/GenericCodeGen.dir/GenericCodeGen/CodeGen.cpp.o
[INFO] [stderr]   [33/409] Building CXX object glslang/glslang/CMakeFiles/GenericCodeGen.dir/GenericCodeGen/Link.cpp.o
[INFO] [stderr]   [34/409] Building CXX object spirv-tools/source/CMakeFiles/SPIRV-Tools-shared.dir/util/bit_vector.cpp.o
[INFO] [stderr]   [35/409] Building CXX object spirv-tools/source/CMakeFiles/SPIRV-Tools-shared.dir/ext_inst.cpp.o
[INFO] [stderr]   [36/409] Building CXX object spirv-tools/source/CMakeFiles/SPIRV-Tools-shared.dir/util/string_utils.cpp.o
[INFO] [stderr]   [37/409] Building CXX object spirv-tools/source/CMakeFiles/SPIRV-Tools-shared.dir/assembly_grammar.cpp.o
[INFO] [stderr]   [38/409] Building CXX object spirv-tools/source/CMakeFiles/SPIRV-Tools-shared.dir/software_version.cpp.o
[INFO] [stderr]   [39/409] Building CXX object spirv-tools/source/CMakeFiles/SPIRV-Tools-shared.dir/enum_string_mapping.cpp.o
[INFO] [stderr]   [40/409] Building CXX object spirv-tools/source/CMakeFiles/SPIRV-Tools-shared.dir/diagnostic.cpp.o
[INFO] [stderr]   [41/409] Building CXX object spirv-tools/source/CMakeFiles/SPIRV-Tools-shared.dir/spirv_endian.cpp.o
[INFO] [stderr]   [42/409] Building CXX object spirv-tools/source/CMakeFiles/SPIRV-Tools-shared.dir/spirv_optimizer_options.cpp.o
[INFO] [stderr]   [43/409] Building CXX object spirv-tools/source/CMakeFiles/SPIRV-Tools-shared.dir/extensions.cpp.o
[INFO] [stderr]   [44/409] Building CXX object spirv-tools/source/CMakeFiles/SPIRV-Tools-shared.dir/print.cpp.o
[INFO] [stderr]   [45/409] Building CXX object spirv-tools/source/CMakeFiles/SPIRV-Tools-shared.dir/libspirv.cpp.o
[INFO] [stderr]   [46/409] Building CXX object spirv-tools/source/CMakeFiles/SPIRV-Tools-shared.dir/spirv_validator_options.cpp.o
[INFO] [stderr]   [47/409] Building CXX object spirv-tools/source/CMakeFiles/SPIRV-Tools-shared.dir/spirv_fuzzer_options.cpp.o
[INFO] [stderr]   [48/409] Building CXX object spirv-tools/source/CMakeFiles/SPIRV-Tools-shared.dir/spirv_target_env.cpp.o
[INFO] [stderr]   [49/409] Building CXX object spirv-tools/source/CMakeFiles/SPIRV-Tools-shared.dir/spirv_reducer_options.cpp.o
[INFO] [stderr]   [50/409] Building CXX object spirv-tools/source/CMakeFiles/SPIRV-Tools-shared.dir/opcode.cpp.o
[INFO] [stderr]   [51/409] Building CXX object spirv-tools/source/CMakeFiles/SPIRV-Tools-shared.dir/table.cpp.o
[INFO] [stderr]   [52/409] Building CXX object spirv-tools/source/CMakeFiles/SPIRV-Tools-shared.dir/parsed_operand.cpp.o
[INFO] [stderr]   [53/409] Building CXX object spirv-tools/source/CMakeFiles/SPIRV-Tools-shared.dir/disassemble.cpp.o
[INFO] [stderr]   [54/409] Building CXX object spirv-tools/source/CMakeFiles/SPIRV-Tools-shared.dir/operand.cpp.o
[INFO] [stderr]   [55/409] Building CXX object spirv-tools/source/CMakeFiles/SPIRV-Tools-shared.dir/name_mapper.cpp.o
[INFO] [stderr]   [56/409] Building CXX object spirv-tools/source/CMakeFiles/SPIRV-Tools-shared.dir/util/parse_number.cpp.o
[INFO] [stderr]   [57/409] Building CXX object glslang/glslang/CMakeFiles/glslang.dir/CInterface/glslang_c_interface.cpp.o
[INFO] [stderr]   [58/409] Building CXX object glslang/glslang/CMakeFiles/MachineIndependent.dir/cmake_pch.hxx.gch
[INFO] [stderr]   FAILED: glslang/glslang/CMakeFiles/MachineIndependent.dir/cmake_pch.hxx.gch 
[INFO] [stderr]   /usr/bin/c++ -DENABLE_HLSL -DENABLE_OPT=1 -DGLSLANG_OSINCLUDE_UNIX -I/opt/rustwide/target/debug/build/shaderc-sys-70bcf85313c1b74f/out/build/include -ffunction-sections -fdata-sections -fPIC -m64 -O3 -DNDEBUG -fPIC -Wall -Wmaybe-uninitialized -Wuninitialized -Wunused -Wunused-local-typedefs -Wunused-parameter -Wunused-value -Wunused-variable -Wunused-but-set-parameter -Wunused-but-set-variable -fno-exceptions -Wno-reorder -fno-rtti -Werror=deprecated-copy -std=c++11 -Winvalid-pch -x c++-header -include /opt/rustwide/target/debug/build/shaderc-sys-70bcf85313c1b74f/out/build/glslang/glslang/CMakeFiles/MachineIndependent.dir/cmake_pch.hxx -MD -MT glslang/glslang/CMakeFiles/MachineIndependent.dir/cmake_pch.hxx.gch -MF glslang/glslang/CMakeFiles/MachineIndependent.dir/cmake_pch.hxx.gch.d -o glslang/glslang/CMakeFiles/MachineIndependent.dir/cmake_pch.hxx.gch -c /opt/rustwide/target/debug/build/shaderc-sys-70bcf85313c1b74f/out/build/glslang/glslang/CMakeFiles/MachineIndependent.dir/cmake_pch.hxx.cxx
[INFO] [stderr]   c++: fatal error: Killed signal terminated program cc1plus
[INFO] [stderr]   compilation terminated.
[INFO] [stderr]   [59/409] Building CXX object spirv-tools/source/CMakeFiles/SPIRV-Tools-shared.dir/binary.cpp.o
[INFO] [stderr]   [60/409] Building CXX object spirv-tools/source/CMakeFiles/SPIRV-Tools-shared.dir/val/validate.cpp.o
[INFO] [stderr]   FAILED: spirv-tools/source/CMakeFiles/SPIRV-Tools-shared.dir/val/validate.cpp.o 
[INFO] [stderr]   /usr/bin/c++ -DSPIRV_COLOR_TERMINAL -DSPIRV_LINUX -DSPIRV_TIMER_ENABLED -DSPIRV_TOOLS_IMPLEMENTATION -DSPIRV_TOOLS_SHAREDLIB -DSPIRV_Tools_shared_EXPORTS -I/opt/rustwide/cargo-home/registry/src/index.crates.io-6f17d22bba15001f/shaderc-sys-0.8.2/build/spirv-tools -I/opt/rustwide/cargo-home/registry/src/index.crates.io-6f17d22bba15001f/shaderc-sys-0.8.2/build/spirv-tools/include -I/opt/rustwide/target/debug/build/shaderc-sys-70bcf85313c1b74f/out/build/spirv-tools -I/opt/rustwide/cargo-home/registry/src/index.crates.io-6f17d22bba15001f/shaderc-sys-0.8.2/build/spirv-headers/include -ffunction-sections -fdata-sections -fPIC -m64 -O3 -DNDEBUG -fPIC -fvisibility=hidden -Wall -Wextra -Wnon-virtual-dtor -Wno-missing-field-initializers -std=c++11 -fno-exceptions -Wno-long-long -Wshadow -Wundef -Wconversion -Wno-sign-conversion -std=gnu++11 -MD -MT spirv-tools/source/CMakeFiles/SPIRV-Tools-shared.dir/val/validate.cpp.o -MF spirv-tools/source/CMakeFiles/SPIRV-Tools-shared.dir/val/validate.cpp.o.d -o spirv-tools/source/CMakeFiles/SPIRV-Tools-shared.dir/val/validate.cpp.o -c /opt/rustwide/cargo-home/registry/src/index.crates.io-6f17d22bba15001f/shaderc-sys-0.8.2/build/spirv-tools/source/val/validate.cpp
[INFO] [stderr]   c++: fatal error: Killed signal terminated program cc1plus
[INFO] [stderr]   compilation terminated.
[INFO] [stderr]   [61/409] Building CXX object spirv-tools/source/CMakeFiles/SPIRV-Tools-shared.dir/val/validate_adjacency.cpp.o
[INFO] [stderr]   [62/409] Building CXX object spirv-tools/source/CMakeFiles/SPIRV-Tools-shared.dir/text_handler.cpp.o
[INFO] [stderr]   [63/409] Building CXX object spirv-tools/source/CMakeFiles/SPIRV-Tools-shared.dir/text.cpp.o
[INFO] [stderr]   [64/409] Building CXX object spirv-tools/source/CMakeFiles/SPIRV-Tools-shared.dir/val/validate_atomics.cpp.o
[INFO] [stderr]   [65/409] Building CXX object spirv-tools/source/CMakeFiles/SPIRV-Tools-shared.dir/val/validate_bitwise.cpp.o
[INFO] [stderr]   [66/409] Building CXX object spirv-tools/source/CMakeFiles/SPIRV-Tools-shared.dir/val/validate_barriers.cpp.o
[INFO] [stderr]   [67/409] Building CXX object spirv-tools/source/CMakeFiles/SPIRV-Tools-shared.dir/val/validate_arithmetics.cpp.o
[INFO] [stderr]   [68/409] Building CXX object spirv-tools/source/CMakeFiles/SPIRV-Tools-shared.dir/val/validate_capability.cpp.o
[INFO] [stderr]   [69/409] Building CXX object spirv-tools/source/CMakeFiles/SPIRV-Tools-shared.dir/val/validate_annotation.cpp.o
[INFO] [stderr]   [70/409] Building CXX object spirv-tools/source/CMakeFiles/SPIRV-Tools-shared.dir/val/validate_composites.cpp.o
[INFO] [stderr]   [71/409] Building CXX object spirv-tools/source/CMakeFiles/SPIRV-Tools-shared.dir/val/validate_constants.cpp.o
[INFO] [stderr]   [72/409] Building CXX object spirv-tools/source/CMakeFiles/SPIRV-Tools-shared.dir/val/validate_cfg.cpp.o
[INFO] [stderr]   [73/409] Building CXX object spirv-tools/source/CMakeFiles/SPIRV-Tools-shared.dir/val/validate_builtins.cpp.o
[INFO] [stderr]   ninja: build stopped: subcommand failed.
[INFO] [stderr] 
[INFO] [stderr]   --- stderr
[INFO] [stderr]   CMake Warning:
[INFO] [stderr]     Manually-specified variables were not used by the project:
[INFO] [stderr] 
[INFO] [stderr]       CMAKE_ASM_COMPILER
[INFO] [stderr]       CMAKE_ASM_FLAGS
[INFO] [stderr] 
[INFO] [stderr] 
[INFO] [stderr]   thread 'main' panicked at /opt/rustwide/cargo-home/registry/src/index.crates.io-6f17d22bba15001f/cmake-0.1.50/src/lib.rs:1098:5:
[INFO] [stderr] 
[INFO] [stderr]   command did not execute successfully, got: exit status: 1
[INFO] [stderr] 
[INFO] [stderr]   build script failed, must exit now
[INFO] [stderr]   stack backtrace:
[INFO] [stderr]      0:     0x5574f062c766 - std::backtrace_rs::backtrace::libunwind::trace::h261606ad26a499c1
[INFO] [stderr]                                  at /rustc/0e09125c6c3c2fd70d7de961bcf0e51575235fad/library/std/src/../../backtrace/src/backtrace/libunwind.rs:104:5
[INFO] [stderr]      1:     0x5574f062c766 - std::backtrace_rs::backtrace::trace_unsynchronized::hd183f0625477fb28
[INFO] [stderr]                                  at /rustc/0e09125c6c3c2fd70d7de961bcf0e51575235fad/library/std/src/../../backtrace/src/backtrace/mod.rs:66:5
[INFO] [stderr]      2:     0x5574f062c766 - std::sys_common::backtrace::_print_fmt::hd7f8fef21b4eda67
[INFO] [stderr]                                  at /rustc/0e09125c6c3c2fd70d7de961bcf0e51575235fad/library/std/src/sys_common/backtrace.rs:68:5
[INFO] [stderr]      3:     0x5574f062c766 - <std::sys_common::backtrace::_print::DisplayBacktrace as core::fmt::Display>::fmt::h623d9b51f2f453f1
[INFO] [stderr]                                  at /rustc/0e09125c6c3c2fd70d7de961bcf0e51575235fad/library/std/src/sys_common/backtrace.rs:44:22
[INFO] [stderr]      4:     0x5574f0652270 - core::fmt::rt::Argument::fmt::h9f417ac76a86f368
[INFO] [stderr]                                  at /rustc/0e09125c6c3c2fd70d7de961bcf0e51575235fad/library/core/src/fmt/rt.rs:142:9
[INFO] [stderr]      5:     0x5574f0652270 - core::fmt::write::hc9b6faf4ac2aeff7
[INFO] [stderr]                                  at /rustc/0e09125c6c3c2fd70d7de961bcf0e51575235fad/library/core/src/fmt/mod.rs:1120:17
[INFO] [stderr]      6:     0x5574f0629d4f - std::io::Write::write_fmt::hfead1eee52c2e65e
[INFO] [stderr]                                  at /rustc/0e09125c6c3c2fd70d7de961bcf0e51575235fad/library/std/src/io/mod.rs:1810:15
[INFO] [stderr]      7:     0x5574f062c544 - std::sys_common::backtrace::_print::hd5d66399c7df88a2
[INFO] [stderr]                                  at /rustc/0e09125c6c3c2fd70d7de961bcf0e51575235fad/library/std/src/sys_common/backtrace.rs:47:5
[INFO] [stderr]      8:     0x5574f062c544 - std::sys_common::backtrace::print::he81ed2da642d37e5
[INFO] [stderr]                                  at /rustc/0e09125c6c3c2fd70d7de961bcf0e51575235fad/library/std/src/sys_common/backtrace.rs:34:9
[INFO] [stderr]      9:     0x5574f062de27 - std::panicking::default_hook::{{closure}}::h85773f4fa117163d
[INFO] [stderr]     10:     0x5574f062db89 - std::panicking::default_hook::h6a1694a91d09b278
[INFO] [stderr]                                  at /rustc/0e09125c6c3c2fd70d7de961bcf0e51575235fad/library/std/src/panicking.rs:292:9
[INFO] [stderr]     11:     0x5574f062e2b8 - std::panicking::rust_panic_with_hook::h0a7ad96e90f7145b
[INFO] [stderr]                                  at /rustc/0e09125c6c3c2fd70d7de961bcf0e51575235fad/library/std/src/panicking.rs:779:13
[INFO] [stderr]     12:     0x5574f062e192 - std::panicking::begin_panic_handler::{{closure}}::h7919090525c6485e
[INFO] [stderr]                                  at /rustc/0e09125c6c3c2fd70d7de961bcf0e51575235fad/library/std/src/panicking.rs:657:13
[INFO] [stderr]     13:     0x5574f062cc66 - std::sys_common::backtrace::__rust_end_short_backtrace::hf3289479464f7dfe
[INFO] [stderr]                                  at /rustc/0e09125c6c3c2fd70d7de961bcf0e51575235fad/library/std/src/sys_common/backtrace.rs:171:18
[INFO] [stderr]     14:     0x5574f062def0 - rust_begin_unwind
[INFO] [stderr]                                  at /rustc/0e09125c6c3c2fd70d7de961bcf0e51575235fad/library/std/src/panicking.rs:645:5
[INFO] [stderr]     15:     0x5574f0579635 - core::panicking::panic_fmt::hcc9f77c5c132af55
[INFO] [stderr]                                  at /rustc/0e09125c6c3c2fd70d7de961bcf0e51575235fad/library/core/src/panicking.rs:72:14
[INFO] [stderr]     16:     0x5574f05c3bc1 - cmake::fail::hc1c4a87424e1a6fb
[INFO] [stderr]     17:     0x5574f05c3357 - cmake::run::h14f54976567543f3
[INFO] [stderr]     18:     0x5574f05bfc8d - cmake::Config::build::hb66ff373c6a245d5
[INFO] [stderr]     19:     0x5574f0583741 - build_script_build::build_shaderc_unix::h9d62b4c2ad25a042
[INFO] [stderr]     20:     0x5574f05878a7 - build_script_build::main::h79c5ffa6cd6bcd0f
[INFO] [stderr]     21:     0x5574f057ae63 - core::ops::function::FnOnce::call_once::h90aec8c2092417a1
[INFO] [stderr]     22:     0x5574f057a186 - std::sys_common::backtrace::__rust_begin_short_backtrace::h301d5141dd985292
[INFO] [stderr]     23:     0x5574f0581d29 - std::rt::lang_start::{{closure}}::hfdcef45121d6b5c1
[INFO] [stderr]     24:     0x5574f0625291 - core::ops::function::impls::<impl core::ops::function::FnOnce<A> for &F>::call_once::h4eb4c5e1620f29b0
[INFO] [stderr]                                  at /rustc/0e09125c6c3c2fd70d7de961bcf0e51575235fad/library/core/src/ops/function.rs:284:13
[INFO] [stderr]     25:     0x5574f0625291 - std::panicking::try::do_call::h73fd26535faffcdf
[INFO] [stderr]                                  at /rustc/0e09125c6c3c2fd70d7de961bcf0e51575235fad/library/std/src/panicking.rs:552:40
[INFO] [stderr]     26:     0x5574f0625291 - std::panicking::try::h77ff1d98f0fb9f39
[INFO] [stderr]                                  at /rustc/0e09125c6c3c2fd70d7de961bcf0e51575235fad/library/std/src/panicking.rs:516:19
[INFO] [stderr]     27:     0x5574f0625291 - std::panic::catch_unwind::hab3caf2448b95e37
[INFO] [stderr]                                  at /rustc/0e09125c6c3c2fd70d7de961bcf0e51575235fad/library/std/src/panic.rs:142:14
[INFO] [stderr]     28:     0x5574f0625291 - std::rt::lang_start_internal::{{closure}}::h8086711f9c783f78
[INFO] [stderr]                                  at /rustc/0e09125c6c3c2fd70d7de961bcf0e51575235fad/library/std/src/rt.rs:148:48
[INFO] [stderr]     29:     0x5574f0625291 - std::panicking::try::do_call::hf920d4dc291cd6ca
[INFO] [stderr]                                  at /rustc/0e09125c6c3c2fd70d7de961bcf0e51575235fad/library/std/src/panicking.rs:552:40
[INFO] [stderr]     30:     0x5574f0625291 - std::panicking::try::h2b806ccc0a85db74
[INFO] [stderr]                                  at /rustc/0e09125c6c3c2fd70d7de961bcf0e51575235fad/library/std/src/panicking.rs:516:19
[INFO] [stderr]     31:     0x5574f0625291 - std::panic::catch_unwind::h038489539c507df2
[INFO] [stderr]                                  at /rustc/0e09125c6c3c2fd70d7de961bcf0e51575235fad/library/std/src/panic.rs:142:14
[INFO] [stderr]     32:     0x5574f0625291 - std::rt::lang_start_internal::h28503b88912e8a5c
[INFO] [stderr]                                  at /rustc/0e09125c6c3c2fd70d7de961bcf0e51575235fad/library/std/src/rt.rs:148:20
[INFO] [stderr]     33:     0x5574f0581d07 - std::rt::lang_start::h41615b5a36d58ce7
[INFO] [stderr]     34:     0x5574f0587f45 - main
[INFO] [stderr]     35:     0x7fbc252d2d90 - <unknown>
[INFO] [stderr]     36:     0x7fbc252d2e40 - __libc_start_main
[INFO] [stderr]     37:     0x5574f0579d65 - _start
[INFO] [stderr]     38:                0x0 - <unknown>
[INFO] running `Command { std: "docker" "inspect" "274f206ec6658d87a32da3d1eebf1788a758dd5d0c3a24796fa7114e4ab901aa", kill_on_drop: false }`
[INFO] running `Command { std: "docker" "rm" "-f" "274f206ec6658d87a32da3d1eebf1788a758dd5d0c3a24796fa7114e4ab901aa", kill_on_drop: false }`
[INFO] [stdout] 274f206ec6658d87a32da3d1eebf1788a758dd5d0c3a24796fa7114e4ab901aa
