[INFO] fetching crate egui_sdl2_gl 0.23.0...
[INFO] testing egui_sdl2_gl-0.23.0 against 1.75.0 for beta-1.76-1
[INFO] extracting crate egui_sdl2_gl 0.23.0 into /workspace/builds/worker-4-tc1/source
[INFO] validating manifest of crates.io crate egui_sdl2_gl 0.23.0 on toolchain 1.75.0
[INFO] running `Command { std: CARGO_HOME="/workspace/cargo-home" RUSTUP_HOME="/workspace/rustup-home" "/workspace/cargo-home/bin/cargo" "+1.75.0" "metadata" "--manifest-path" "Cargo.toml" "--no-deps", kill_on_drop: false }`
[INFO] started tweaking crates.io crate egui_sdl2_gl 0.23.0
[INFO] finished tweaking crates.io crate egui_sdl2_gl 0.23.0
[INFO] tweaked toml for crates.io crate egui_sdl2_gl 0.23.0 written to /workspace/builds/worker-4-tc1/source/Cargo.toml
[INFO] crate crates.io crate egui_sdl2_gl 0.23.0 already has a lockfile, it will not be regenerated
[INFO] running `Command { std: CARGO_HOME="/workspace/cargo-home" RUSTUP_HOME="/workspace/rustup-home" "/workspace/cargo-home/bin/cargo" "+1.75.0" "fetch" "--manifest-path" "Cargo.toml", kill_on_drop: false }`
[INFO] [stderr] warning: `default-features = [".."]` was found in [features]. Did you mean to use `default = [".."]`?
[INFO] [stderr]     Blocking waiting for file lock on package cache
[INFO] [stderr]     Updating crates.io index
[INFO] [stderr]     Blocking waiting for file lock on package cache
[INFO] [stderr]  Downloading crates ...
[INFO] [stderr]   Downloaded atomic_refcell v0.1.8
[INFO] [stderr]   Downloaded ab_glyph_rasterizer v0.1.7
[INFO] [stderr]   Downloaded ab_glyph v0.2.18
[INFO] [stderr]   Downloaded emath v0.17.0
[INFO] [stderr]   Downloaded egui_plot v0.23.0
[INFO] [stderr]   Downloaded enumn v0.1.12
[INFO] [stderr]   Downloaded c_vec v2.0.0
[INFO] [stderr]   Downloaded egui_extras v0.23.0
[INFO] [stderr]   Downloaded sdl2 v0.35.2
[INFO] [stderr]   Downloaded egui v0.17.0
[INFO] [stderr]   Downloaded unicode_names2 v0.6.0
[INFO] [stderr]   Downloaded epaint v0.17.0
[INFO] [stderr]   Downloaded bindgen v0.53.3
[INFO] [stderr]   Downloaded owned_ttf_parser v0.17.1
[INFO] [stderr]   Downloaded sdl2-sys v0.35.2
[INFO] [stderr]   Downloaded epi v0.17.0
[INFO] [stderr]   Downloaded enum-map-derive v0.11.0
[INFO] [stderr]   Downloaded enum-map v2.4.2
[INFO] [stderr]   Downloaded egui_demo_lib v0.23.0
[INFO] running `Command { std: "docker" "create" "-v" "/var/lib/crater-agent-workspace/builds/worker-4-tc1/target:/opt/rustwide/target:rw,Z" "-v" "/var/lib/crater-agent-workspace/builds/worker-4-tc1/source:/opt/rustwide/workdir:ro,Z" "-v" "/var/lib/crater-agent-workspace/cargo-home:/opt/rustwide/cargo-home:ro,Z" "-v" "/var/lib/crater-agent-workspace/rustup-home:/opt/rustwide/rustup-home:ro,Z" "-e" "SOURCE_DIR=/opt/rustwide/workdir" "-e" "CARGO_TARGET_DIR=/opt/rustwide/target" "-e" "CARGO_HOME=/opt/rustwide/cargo-home" "-e" "RUSTUP_HOME=/opt/rustwide/rustup-home" "-w" "/opt/rustwide/workdir" "-m" "1610612736" "--user" "0:0" "--network" "none" "ghcr.io/rust-lang/crates-build-env/linux@sha256:2788e3201cd34a07e3172128adcd8b3090168a8e3bcc40d7c032b9dda1df7d1c" "/opt/rustwide/cargo-home/bin/cargo" "+1.75.0" "metadata" "--no-deps" "--format-version=1", kill_on_drop: false }`
[INFO] [stdout] 1b47706d43744b40d96b6a83b7696f6320e16500d730c867b7a1edb446a2ca18
[INFO] running `Command { std: "docker" "start" "-a" "1b47706d43744b40d96b6a83b7696f6320e16500d730c867b7a1edb446a2ca18", kill_on_drop: false }`
[INFO] running `Command { std: "docker" "inspect" "1b47706d43744b40d96b6a83b7696f6320e16500d730c867b7a1edb446a2ca18", kill_on_drop: false }`
[INFO] running `Command { std: "docker" "rm" "-f" "1b47706d43744b40d96b6a83b7696f6320e16500d730c867b7a1edb446a2ca18", kill_on_drop: false }`
[INFO] [stdout] 1b47706d43744b40d96b6a83b7696f6320e16500d730c867b7a1edb446a2ca18
[INFO] running `Command { std: "docker" "create" "-v" "/var/lib/crater-agent-workspace/builds/worker-4-tc1/target:/opt/rustwide/target:rw,Z" "-v" "/var/lib/crater-agent-workspace/builds/worker-4-tc1/source:/opt/rustwide/workdir:ro,Z" "-v" "/var/lib/crater-agent-workspace/cargo-home:/opt/rustwide/cargo-home:ro,Z" "-v" "/var/lib/crater-agent-workspace/rustup-home:/opt/rustwide/rustup-home:ro,Z" "-e" "SOURCE_DIR=/opt/rustwide/workdir" "-e" "CARGO_TARGET_DIR=/opt/rustwide/target" "-e" "CARGO_INCREMENTAL=0" "-e" "RUST_BACKTRACE=full" "-e" "RUSTFLAGS=--cap-lints=warn" "-e" "RUSTDOCFLAGS=--cap-lints=warn" "-e" "CARGO_HOME=/opt/rustwide/cargo-home" "-e" "RUSTUP_HOME=/opt/rustwide/rustup-home" "-w" "/opt/rustwide/workdir" "-m" "1610612736" "--user" "0:0" "--network" "none" "ghcr.io/rust-lang/crates-build-env/linux@sha256:2788e3201cd34a07e3172128adcd8b3090168a8e3bcc40d7c032b9dda1df7d1c" "/opt/rustwide/cargo-home/bin/cargo" "+1.75.0" "build" "--frozen" "--message-format=json", kill_on_drop: false }`
[INFO] [stdout] 60f2f086fdee3497cb6ba29c910e7d10f8604a07405d98708326adf359e3115b
[INFO] running `Command { std: "docker" "start" "-a" "60f2f086fdee3497cb6ba29c910e7d10f8604a07405d98708326adf359e3115b", kill_on_drop: false }`
[INFO] [stderr] warning: `default-features = [".."]` was found in [features]. Did you mean to use `default = [".."]`?
[INFO] [stderr]    Compiling proc-macro2 v1.0.69
[INFO] [stderr]    Compiling unicode-ident v1.0.5
[INFO] [stderr]    Compiling libc v0.2.138
[INFO] [stderr]    Compiling syn v1.0.105
[INFO] [stderr]    Compiling serde_derive v1.0.151
[INFO] [stderr]    Compiling serde v1.0.151
[INFO] [stderr]    Compiling log v0.4.17
[INFO] [stderr]    Compiling khronos_api v3.1.0
[INFO] [stderr]    Compiling parking_lot_core v0.9.5
[INFO] [stderr]    Compiling version-compare v0.1.1
[INFO] [stderr]    Compiling scopeguard v1.1.0
[INFO] [stderr]    Compiling xml-rs v0.8.4
[INFO] [stderr]    Compiling smallvec v1.10.0
[INFO] [stderr]    Compiling ttf-parser v0.17.1
[INFO] [stderr]    Compiling lock_api v0.4.9
[INFO] [stderr]    Compiling ahash v0.8.3
[INFO] [stderr]    Compiling ab_glyph_rasterizer v0.1.7
[INFO] [stderr]    Compiling once_cell v1.16.0
[INFO] [stderr]    Compiling sdl2 v0.35.2
[INFO] [stderr]    Compiling nohash-hasher v0.2.0
[INFO] [stderr]    Compiling sdl2-sys v0.35.2
[INFO] [stderr]    Compiling gl_generator v0.14.0
[INFO] [stderr]    Compiling quote v1.0.33
[INFO] [stderr]    Compiling getrandom v0.2.8
[INFO] [stderr]    Compiling gl v0.14.0
[INFO] [stderr]    Compiling parking_lot v0.12.1
[INFO] [stderr]    Compiling owned_ttf_parser v0.17.1
[INFO] [stderr]    Compiling ab_glyph v0.2.18
[INFO] [stderr]    Compiling ecolor v0.23.0
[INFO] [stderr]    Compiling emath v0.23.0
[INFO] [stderr]    Compiling epaint v0.23.0
[INFO] [stderr]    Compiling egui v0.23.0
[INFO] [stderr]    Compiling egui_sdl2_gl v0.23.0 (/opt/rustwide/workdir)
[INFO] [stderr]     Finished dev [unoptimized + debuginfo] target(s) in 22.10s
[INFO] running `Command { std: "docker" "inspect" "60f2f086fdee3497cb6ba29c910e7d10f8604a07405d98708326adf359e3115b", kill_on_drop: false }`
[INFO] running `Command { std: "docker" "rm" "-f" "60f2f086fdee3497cb6ba29c910e7d10f8604a07405d98708326adf359e3115b", kill_on_drop: false }`
[INFO] [stdout] 60f2f086fdee3497cb6ba29c910e7d10f8604a07405d98708326adf359e3115b
[INFO] running `Command { std: "docker" "create" "-v" "/var/lib/crater-agent-workspace/builds/worker-4-tc1/target:/opt/rustwide/target:rw,Z" "-v" "/var/lib/crater-agent-workspace/builds/worker-4-tc1/source:/opt/rustwide/workdir:ro,Z" "-v" "/var/lib/crater-agent-workspace/cargo-home:/opt/rustwide/cargo-home:ro,Z" "-v" "/var/lib/crater-agent-workspace/rustup-home:/opt/rustwide/rustup-home:ro,Z" "-e" "SOURCE_DIR=/opt/rustwide/workdir" "-e" "CARGO_TARGET_DIR=/opt/rustwide/target" "-e" "CARGO_INCREMENTAL=0" "-e" "RUST_BACKTRACE=full" "-e" "RUSTFLAGS=--cap-lints=warn" "-e" "RUSTDOCFLAGS=--cap-lints=warn" "-e" "CARGO_HOME=/opt/rustwide/cargo-home" "-e" "RUSTUP_HOME=/opt/rustwide/rustup-home" "-w" "/opt/rustwide/workdir" "-m" "1610612736" "--user" "0:0" "--network" "none" "ghcr.io/rust-lang/crates-build-env/linux@sha256:2788e3201cd34a07e3172128adcd8b3090168a8e3bcc40d7c032b9dda1df7d1c" "/opt/rustwide/cargo-home/bin/cargo" "+1.75.0" "test" "--frozen" "--no-run" "--message-format=json", kill_on_drop: false }`
[INFO] [stdout] 5c2197f186e2fb93b3a93bb05c0ee368ef62e4e4970438fd3079ab1bcefbf852
[INFO] running `Command { std: "docker" "start" "-a" "5c2197f186e2fb93b3a93bb05c0ee368ef62e4e4970438fd3079ab1bcefbf852", kill_on_drop: false }`
[INFO] [stderr] warning: `default-features = [".."]` was found in [features]. Did you mean to use `default = [".."]`?
[INFO] [stderr]    Compiling log v0.4.17
[INFO] [stderr]    Compiling unicase v2.7.0
[INFO] [stderr]    Compiling mime v0.3.17
[INFO] [stderr]    Compiling unicode_names2 v0.6.0
[INFO] [stderr]    Compiling enum-map-derive v0.11.0
[INFO] [stderr]    Compiling egui_plot v0.23.0
[INFO] [stderr]    Compiling gl_generator v0.14.0
[INFO] [stderr]    Compiling mime_guess v2.0.4
[INFO] [stderr]    Compiling enum-map v2.4.2
[INFO] [stderr]    Compiling gl v0.14.0
[INFO] [stderr]    Compiling egui_extras v0.23.0
[INFO] [stderr]    Compiling egui_demo_lib v0.23.0
[INFO] [stderr]    Compiling egui_sdl2_gl v0.23.0 (/opt/rustwide/workdir)
[INFO] [stdout] error: feature "use_epi" must be used
[INFO] [stdout]  --> examples/demo_lib.rs:2:1
[INFO] [stdout]   |
[INFO] [stdout] 2 | compile_error!("feature \"use_epi\" must be used");
[INFO] [stdout]   | ^^^^^^^^^^^^^^^^^^^^^^^^^^^^^^^^^^^^^^^^^^^^^^^^^^
[INFO] [stdout] 
[INFO] [stdout] 
[INFO] [stdout] error[E0433]: failed to resolve: use of undeclared crate or module `epi`
[INFO] [stdout]   --> examples/demo_lib.rs:13:5
[INFO] [stdout]    |
[INFO] [stdout] 13 | use epi::backend::FrameData;
[INFO] [stdout]    |     ^^^ use of undeclared crate or module `epi`
[INFO] [stdout] 
[INFO] [stdout] 
[INFO] [stdout] error[E0432]: unresolved imports `egui_backend::epi`, `egui_backend::get_frame_time`, `egui_backend::Signal`
[INFO] [stdout]   --> examples/demo_lib.rs:6:5
[INFO] [stdout]    |
[INFO] [stdout] 6  |     epi::{Frame, IntegrationInfo},
[INFO] [stdout]    |     ^^^ could not find `epi` in `egui_backend`
[INFO] [stdout] 7  |     get_frame_time, gl, sdl2,
[INFO] [stdout]    |     ^^^^^^^^^^^^^^ no `get_frame_time` in the root
[INFO] [stdout] ...
[INFO] [stdout] 11 |     DpiScaling, ShaderVersion, Signal,
[INFO] [stdout]    |                                ^^^^^^ no `Signal` in the root
[INFO] [stdout]    |
[INFO] [stdout] note: found an item that was configured out
[INFO] [stdout]   --> /opt/rustwide/workdir/src/lib.rs:25:8
[INFO] [stdout]    |
[INFO] [stdout] 25 | pub fn get_frame_time(start_time: Instant) -> f32 {
[INFO] [stdout]    |        ^^^^^^^^^^^^^^
[INFO] [stdout]    = note: the item is gated behind the `use_epi` feature
[INFO] [stdout] note: found an item that was configured out
[INFO] [stdout]   --> /opt/rustwide/workdir/src/lib.rs:29:12
[INFO] [stdout]    |
[INFO] [stdout] 29 | pub struct Signal;
[INFO] [stdout]    |            ^^^^^^
[INFO] [stdout]    = note: the item is gated behind the `use_epi` feature
[INFO] [stdout] 
[INFO] [stdout] 
[INFO] [stdout] error: aborting due to 3 previous errors
[INFO] [stdout] 
[INFO] [stdout] 
[INFO] [stdout] Some errors have detailed explanations: E0432, E0433.
[INFO] [stdout] 
[INFO] [stdout] For more information about an error, try `rustc --explain E0432`.
[INFO] [stdout] 
[INFO] [stderr] error: could not compile `egui_sdl2_gl` (example "demo_lib") due to 4 previous errors
[INFO] [stderr] warning: build failed, waiting for other jobs to finish...
[INFO] running `Command { std: "docker" "inspect" "5c2197f186e2fb93b3a93bb05c0ee368ef62e4e4970438fd3079ab1bcefbf852", kill_on_drop: false }`
[INFO] running `Command { std: "docker" "rm" "-f" "5c2197f186e2fb93b3a93bb05c0ee368ef62e4e4970438fd3079ab1bcefbf852", kill_on_drop: false }`
[INFO] [stdout] 5c2197f186e2fb93b3a93bb05c0ee368ef62e4e4970438fd3079ab1bcefbf852
[INFO] testing egui_sdl2_gl-0.23.0 against beta-2023-12-22 for beta-1.76-1
[INFO] extracting crate egui_sdl2_gl 0.23.0 into /workspace/builds/worker-4-tc2/source
[INFO] validating manifest of crates.io crate egui_sdl2_gl 0.23.0 on toolchain beta-2023-12-22
[INFO] running `Command { std: CARGO_HOME="/workspace/cargo-home" RUSTUP_HOME="/workspace/rustup-home" "/workspace/cargo-home/bin/cargo" "+beta-2023-12-22" "metadata" "--manifest-path" "Cargo.toml" "--no-deps", kill_on_drop: false }`
[INFO] started tweaking crates.io crate egui_sdl2_gl 0.23.0
[INFO] finished tweaking crates.io crate egui_sdl2_gl 0.23.0
[INFO] tweaked toml for crates.io crate egui_sdl2_gl 0.23.0 written to /workspace/builds/worker-4-tc2/source/Cargo.toml
[INFO] crate crates.io crate egui_sdl2_gl 0.23.0 already has a lockfile, it will not be regenerated
[INFO] running `Command { std: CARGO_HOME="/workspace/cargo-home" RUSTUP_HOME="/workspace/rustup-home" "/workspace/cargo-home/bin/cargo" "+beta-2023-12-22" "fetch" "--manifest-path" "Cargo.toml", kill_on_drop: false }`
[INFO] [stderr] warning: `default-features = [".."]` was found in [features]. Did you mean to use `default = [".."]`?
[INFO] running `Command { std: "docker" "create" "-v" "/var/lib/crater-agent-workspace/builds/worker-4-tc2/target:/opt/rustwide/target:rw,Z" "-v" "/var/lib/crater-agent-workspace/builds/worker-4-tc2/source:/opt/rustwide/workdir:ro,Z" "-v" "/var/lib/crater-agent-workspace/cargo-home:/opt/rustwide/cargo-home:ro,Z" "-v" "/var/lib/crater-agent-workspace/rustup-home:/opt/rustwide/rustup-home:ro,Z" "-e" "SOURCE_DIR=/opt/rustwide/workdir" "-e" "CARGO_TARGET_DIR=/opt/rustwide/target" "-e" "CARGO_HOME=/opt/rustwide/cargo-home" "-e" "RUSTUP_HOME=/opt/rustwide/rustup-home" "-w" "/opt/rustwide/workdir" "-m" "1610612736" "--user" "0:0" "--network" "none" "ghcr.io/rust-lang/crates-build-env/linux@sha256:2788e3201cd34a07e3172128adcd8b3090168a8e3bcc40d7c032b9dda1df7d1c" "/opt/rustwide/cargo-home/bin/cargo" "+beta-2023-12-22" "metadata" "--no-deps" "--format-version=1", kill_on_drop: false }`
[INFO] [stdout] 81da2d72cd041a763a6690bd391c98214b35e24acea4733d6b45f906bb086196
[INFO] running `Command { std: "docker" "start" "-a" "81da2d72cd041a763a6690bd391c98214b35e24acea4733d6b45f906bb086196", kill_on_drop: false }`
[INFO] running `Command { std: "docker" "inspect" "81da2d72cd041a763a6690bd391c98214b35e24acea4733d6b45f906bb086196", kill_on_drop: false }`
[INFO] running `Command { std: "docker" "rm" "-f" "81da2d72cd041a763a6690bd391c98214b35e24acea4733d6b45f906bb086196", kill_on_drop: false }`
[INFO] [stdout] 81da2d72cd041a763a6690bd391c98214b35e24acea4733d6b45f906bb086196
[INFO] running `Command { std: "docker" "create" "-v" "/var/lib/crater-agent-workspace/builds/worker-4-tc2/target:/opt/rustwide/target:rw,Z" "-v" "/var/lib/crater-agent-workspace/builds/worker-4-tc2/source:/opt/rustwide/workdir:ro,Z" "-v" "/var/lib/crater-agent-workspace/cargo-home:/opt/rustwide/cargo-home:ro,Z" "-v" "/var/lib/crater-agent-workspace/rustup-home:/opt/rustwide/rustup-home:ro,Z" "-e" "SOURCE_DIR=/opt/rustwide/workdir" "-e" "CARGO_TARGET_DIR=/opt/rustwide/target" "-e" "CARGO_INCREMENTAL=0" "-e" "RUST_BACKTRACE=full" "-e" "RUSTFLAGS=--cap-lints=warn" "-e" "RUSTDOCFLAGS=--cap-lints=warn" "-e" "CARGO_HOME=/opt/rustwide/cargo-home" "-e" "RUSTUP_HOME=/opt/rustwide/rustup-home" "-w" "/opt/rustwide/workdir" "-m" "1610612736" "--user" "0:0" "--network" "none" "ghcr.io/rust-lang/crates-build-env/linux@sha256:2788e3201cd34a07e3172128adcd8b3090168a8e3bcc40d7c032b9dda1df7d1c" "/opt/rustwide/cargo-home/bin/cargo" "+beta-2023-12-22" "build" "--frozen" "--message-format=json", kill_on_drop: false }`
[INFO] [stdout] c26aade09bfd80d0b5cf9e29a47e2d7729f66caa4eeed7f1e164b3b7d8e5cd40
[INFO] running `Command { std: "docker" "start" "-a" "c26aade09bfd80d0b5cf9e29a47e2d7729f66caa4eeed7f1e164b3b7d8e5cd40", kill_on_drop: false }`
[INFO] [stderr] warning: `default-features = [".."]` was found in [features]. Did you mean to use `default = [".."]`?
[INFO] [stderr]    Compiling proc-macro2 v1.0.69
[INFO] [stderr]    Compiling unicode-ident v1.0.5
[INFO] [stderr]    Compiling libc v0.2.138
[INFO] [stderr]    Compiling syn v1.0.105
[INFO] [stderr]    Compiling serde_derive v1.0.151
[INFO] [stderr]    Compiling serde v1.0.151
[INFO] [stderr]    Compiling khronos_api v3.1.0
[INFO] [stderr]    Compiling log v0.4.17
[INFO] [stderr]    Compiling lock_api v0.4.9
[INFO] [stderr]    Compiling version-compare v0.1.1
[INFO] [stderr]    Compiling parking_lot_core v0.9.5
[INFO] [stderr]    Compiling ahash v0.8.3
[INFO] [stderr]    Compiling xml-rs v0.8.4
[INFO] [stderr]    Compiling scopeguard v1.1.0
[INFO] [stderr]    Compiling smallvec v1.10.0
[INFO] [stderr]    Compiling ttf-parser v0.17.1
[INFO] [stderr]    Compiling ab_glyph_rasterizer v0.1.7
[INFO] [stderr]    Compiling once_cell v1.16.0
[INFO] [stderr]    Compiling nohash-hasher v0.2.0
[INFO] [stderr]    Compiling sdl2 v0.35.2
[INFO] [stderr]    Compiling sdl2-sys v0.35.2
[INFO] [stderr]    Compiling gl_generator v0.14.0
[INFO] [stderr]    Compiling quote v1.0.33
[INFO] [stderr]    Compiling getrandom v0.2.8
[INFO] [stderr]    Compiling gl v0.14.0
[INFO] [stderr]    Compiling parking_lot v0.12.1
[INFO] [stderr]    Compiling owned_ttf_parser v0.17.1
[INFO] [stderr]    Compiling ab_glyph v0.2.18
[INFO] [stderr]    Compiling emath v0.23.0
[INFO] [stderr]    Compiling ecolor v0.23.0
[INFO] [stderr]    Compiling epaint v0.23.0
[INFO] [stderr]    Compiling egui v0.23.0
[INFO] [stderr]    Compiling egui_sdl2_gl v0.23.0 (/opt/rustwide/workdir)
[INFO] [stderr]     Finished dev [unoptimized + debuginfo] target(s) in 19.16s
[INFO] running `Command { std: "docker" "inspect" "c26aade09bfd80d0b5cf9e29a47e2d7729f66caa4eeed7f1e164b3b7d8e5cd40", kill_on_drop: false }`
[INFO] running `Command { std: "docker" "rm" "-f" "c26aade09bfd80d0b5cf9e29a47e2d7729f66caa4eeed7f1e164b3b7d8e5cd40", kill_on_drop: false }`
[INFO] [stdout] c26aade09bfd80d0b5cf9e29a47e2d7729f66caa4eeed7f1e164b3b7d8e5cd40
[INFO] running `Command { std: "docker" "create" "-v" "/var/lib/crater-agent-workspace/builds/worker-4-tc2/target:/opt/rustwide/target:rw,Z" "-v" "/var/lib/crater-agent-workspace/builds/worker-4-tc2/source:/opt/rustwide/workdir:ro,Z" "-v" "/var/lib/crater-agent-workspace/cargo-home:/opt/rustwide/cargo-home:ro,Z" "-v" "/var/lib/crater-agent-workspace/rustup-home:/opt/rustwide/rustup-home:ro,Z" "-e" "SOURCE_DIR=/opt/rustwide/workdir" "-e" "CARGO_TARGET_DIR=/opt/rustwide/target" "-e" "CARGO_INCREMENTAL=0" "-e" "RUST_BACKTRACE=full" "-e" "RUSTFLAGS=--cap-lints=warn" "-e" "RUSTDOCFLAGS=--cap-lints=warn" "-e" "CARGO_HOME=/opt/rustwide/cargo-home" "-e" "RUSTUP_HOME=/opt/rustwide/rustup-home" "-w" "/opt/rustwide/workdir" "-m" "1610612736" "--user" "0:0" "--network" "none" "ghcr.io/rust-lang/crates-build-env/linux@sha256:2788e3201cd34a07e3172128adcd8b3090168a8e3bcc40d7c032b9dda1df7d1c" "/opt/rustwide/cargo-home/bin/cargo" "+beta-2023-12-22" "test" "--frozen" "--no-run" "--message-format=json", kill_on_drop: false }`
[INFO] [stdout] c9425fc4abfa652e7ac8610ddb385728b4f774bd8f82a9b25c8d0476cc13633b
[INFO] running `Command { std: "docker" "start" "-a" "c9425fc4abfa652e7ac8610ddb385728b4f774bd8f82a9b25c8d0476cc13633b", kill_on_drop: false }`
[INFO] [stderr] warning: `default-features = [".."]` was found in [features]. Did you mean to use `default = [".."]`?
[INFO] [stderr]    Compiling log v0.4.17
[INFO] [stderr]    Compiling unicase v2.7.0
[INFO] [stderr]    Compiling mime v0.3.17
[INFO] [stderr]    Compiling unicode_names2 v0.6.0
[INFO] [stderr]    Compiling enum-map-derive v0.11.0
[INFO] [stderr]    Compiling egui_plot v0.23.0
[INFO] [stderr]    Compiling gl_generator v0.14.0
[INFO] [stderr]    Compiling mime_guess v2.0.4
[INFO] [stderr]    Compiling enum-map v2.4.2
[INFO] [stderr]    Compiling gl v0.14.0
[INFO] [stderr]    Compiling egui_extras v0.23.0
[INFO] [stderr]    Compiling egui_demo_lib v0.23.0
[INFO] [stderr]    Compiling egui_sdl2_gl v0.23.0 (/opt/rustwide/workdir)
[INFO] [stdout] error: feature "use_epi" must be used
[INFO] [stdout]  --> examples/demo_lib.rs:2:1
[INFO] [stdout]   |
[INFO] [stdout] 2 | compile_error!("feature \"use_epi\" must be used");
[INFO] [stdout]   | ^^^^^^^^^^^^^^^^^^^^^^^^^^^^^^^^^^^^^^^^^^^^^^^^^^
[INFO] [stdout] 
[INFO] [stdout] 
[INFO] [stdout] error[E0433]: failed to resolve: use of undeclared crate or module `epi`
[INFO] [stdout]   --> examples/demo_lib.rs:13:5
[INFO] [stdout]    |
[INFO] [stdout] 13 | use epi::backend::FrameData;
[INFO] [stdout]    |     ^^^ use of undeclared crate or module `epi`
[INFO] [stdout] 
[INFO] [stdout] 
[INFO] [stdout] error[E0432]: unresolved imports `egui_backend::epi`, `egui_backend::get_frame_time`, `egui_backend::Signal`
[INFO] [stdout]   --> examples/demo_lib.rs:6:5
[INFO] [stdout]    |
[INFO] [stdout] 6  |     epi::{Frame, IntegrationInfo},
[INFO] [stdout]    |     ^^^ could not find `epi` in `egui_backend`
[INFO] [stdout] 7  |     get_frame_time, gl, sdl2,
[INFO] [stdout]    |     ^^^^^^^^^^^^^^ no `get_frame_time` in the root
[INFO] [stdout] ...
[INFO] [stdout] 11 |     DpiScaling, ShaderVersion, Signal,
[INFO] [stdout]    |                                ^^^^^^ no `Signal` in the root
[INFO] [stdout]    |
[INFO] [stdout] note: found an item that was configured out
[INFO] [stdout]   --> /opt/rustwide/workdir/src/lib.rs:25:8
[INFO] [stdout]    |
[INFO] [stdout] 25 | pub fn get_frame_time(start_time: Instant) -> f32 {
[INFO] [stdout]    |        ^^^^^^^^^^^^^^
[INFO] [stdout]    = note: the item is gated behind the `use_epi` feature
[INFO] [stdout] note: found an item that was configured out
[INFO] [stdout]   --> /opt/rustwide/workdir/src/lib.rs:29:12
[INFO] [stdout]    |
[INFO] [stdout] 29 | pub struct Signal;
[INFO] [stdout]    |            ^^^^^^
[INFO] [stdout]    = note: the item is gated behind the `use_epi` feature
[INFO] [stdout] 
[INFO] [stdout] 
[INFO] [stdout] error: aborting due to 3 previous errors
[INFO] [stdout] 
[INFO] [stdout] 
[INFO] [stdout] Some errors have detailed explanations: E0432, E0433.
[INFO] [stdout] 
[INFO] [stdout] For more information about an error, try `rustc --explain E0432`.
[INFO] [stdout] 
[INFO] [stderr] error: could not compile `egui_sdl2_gl` (example "demo_lib") due to 4 previous errors
[INFO] [stderr] warning: build failed, waiting for other jobs to finish...
[INFO] running `Command { std: "docker" "inspect" "c9425fc4abfa652e7ac8610ddb385728b4f774bd8f82a9b25c8d0476cc13633b", kill_on_drop: false }`
[INFO] running `Command { std: "docker" "rm" "-f" "c9425fc4abfa652e7ac8610ddb385728b4f774bd8f82a9b25c8d0476cc13633b", kill_on_drop: false }`
[INFO] [stdout] c9425fc4abfa652e7ac8610ddb385728b4f774bd8f82a9b25c8d0476cc13633b
