[INFO] fetching crate efi_signer 0.2.7...
[INFO] testing efi_signer-0.2.7 against 1.75.0 for beta-1.76-1
[INFO] extracting crate efi_signer 0.2.7 into /workspace/builds/worker-1-tc1/source
[INFO] validating manifest of crates.io crate efi_signer 0.2.7 on toolchain 1.75.0
[INFO] running `Command { std: CARGO_HOME="/workspace/cargo-home" RUSTUP_HOME="/workspace/rustup-home" "/workspace/cargo-home/bin/cargo" "+1.75.0" "metadata" "--manifest-path" "Cargo.toml" "--no-deps", kill_on_drop: false }`
[INFO] removed /workspace/builds/worker-1-tc1/source/rust-toolchain
[INFO] started tweaking crates.io crate efi_signer 0.2.7
[INFO] finished tweaking crates.io crate efi_signer 0.2.7
[INFO] tweaked toml for crates.io crate efi_signer 0.2.7 written to /workspace/builds/worker-1-tc1/source/Cargo.toml
[INFO] crate crates.io crate efi_signer 0.2.7 already has a lockfile, it will not be regenerated
[INFO] running `Command { std: CARGO_HOME="/workspace/cargo-home" RUSTUP_HOME="/workspace/rustup-home" "/workspace/cargo-home/bin/cargo" "+1.75.0" "fetch" "--manifest-path" "Cargo.toml", kill_on_drop: false }`
[INFO] [stderr]     Updating crates.io index
[INFO] [stderr]  Downloading crates ...
[INFO] [stderr]   Downloaded block-padding v0.3.3
[INFO] [stderr]   Downloaded scroll_derive v0.11.1
[INFO] [stderr]   Downloaded flagset v0.4.4
[INFO] [stderr]   Downloaded des v0.8.1
[INFO] [stderr]   Downloaded cab v0.4.1
[INFO] [stderr]   Downloaded scroll v0.11.0
[INFO] [stderr]   Downloaded aes-kw v0.2.1
[INFO] [stderr]   Downloaded goblin v0.6.1
[INFO] [stderr]   Downloaded picky v7.0.0-rc.8
[INFO] [stderr]   Downloaded der_derive v0.7.2
[INFO] [stderr]   Downloaded oid v0.2.1
[INFO] [stderr]   Downloaded rsa v0.9.3
[INFO] [stderr]   Downloaded lzxd v0.1.4
[INFO] [stderr]   Downloaded rc2 v0.8.1
[INFO] [stderr]   Downloaded plain v0.2.3
[INFO] [stderr]   Downloaded serde_bytes v0.11.12
[INFO] [stderr]   Downloaded x509-cert v0.2.4
[INFO] [stderr]   Downloaded picky-asn1-x509 v0.12.0
[INFO] [stderr]   Downloaded cbc v0.1.2
[INFO] [stderr]   Downloaded picky-asn1 v0.8.0
[INFO] [stderr]   Downloaded picky-asn1-der v0.4.1
[INFO] [stderr]   Downloaded cms v0.2.2
[INFO] running `Command { std: "docker" "create" "-v" "/var/lib/crater-agent-workspace/builds/worker-1-tc1/target:/opt/rustwide/target:rw,Z" "-v" "/var/lib/crater-agent-workspace/builds/worker-1-tc1/source:/opt/rustwide/workdir:ro,Z" "-v" "/var/lib/crater-agent-workspace/cargo-home:/opt/rustwide/cargo-home:ro,Z" "-v" "/var/lib/crater-agent-workspace/rustup-home:/opt/rustwide/rustup-home:ro,Z" "-e" "SOURCE_DIR=/opt/rustwide/workdir" "-e" "CARGO_TARGET_DIR=/opt/rustwide/target" "-e" "CARGO_HOME=/opt/rustwide/cargo-home" "-e" "RUSTUP_HOME=/opt/rustwide/rustup-home" "-w" "/opt/rustwide/workdir" "-m" "1610612736" "--user" "0:0" "--network" "none" "ghcr.io/rust-lang/crates-build-env/linux@sha256:2788e3201cd34a07e3172128adcd8b3090168a8e3bcc40d7c032b9dda1df7d1c" "/opt/rustwide/cargo-home/bin/cargo" "+1.75.0" "metadata" "--no-deps" "--format-version=1", kill_on_drop: false }`
[INFO] [stdout] f9aceae31338824de351a461b64d00673c27c9fdc483d1a9d41ded2b28d6005f
[INFO] running `Command { std: "docker" "start" "-a" "f9aceae31338824de351a461b64d00673c27c9fdc483d1a9d41ded2b28d6005f", kill_on_drop: false }`
[INFO] running `Command { std: "docker" "inspect" "f9aceae31338824de351a461b64d00673c27c9fdc483d1a9d41ded2b28d6005f", kill_on_drop: false }`
[INFO] running `Command { std: "docker" "rm" "-f" "f9aceae31338824de351a461b64d00673c27c9fdc483d1a9d41ded2b28d6005f", kill_on_drop: false }`
[INFO] [stdout] f9aceae31338824de351a461b64d00673c27c9fdc483d1a9d41ded2b28d6005f
[INFO] running `Command { std: "docker" "create" "-v" "/var/lib/crater-agent-workspace/builds/worker-1-tc1/target:/opt/rustwide/target:rw,Z" "-v" "/var/lib/crater-agent-workspace/builds/worker-1-tc1/source:/opt/rustwide/workdir:ro,Z" "-v" "/var/lib/crater-agent-workspace/cargo-home:/opt/rustwide/cargo-home:ro,Z" "-v" "/var/lib/crater-agent-workspace/rustup-home:/opt/rustwide/rustup-home:ro,Z" "-e" "SOURCE_DIR=/opt/rustwide/workdir" "-e" "CARGO_TARGET_DIR=/opt/rustwide/target" "-e" "CARGO_INCREMENTAL=0" "-e" "RUST_BACKTRACE=full" "-e" "RUSTFLAGS=--cap-lints=warn" "-e" "RUSTDOCFLAGS=--cap-lints=warn" "-e" "CARGO_HOME=/opt/rustwide/cargo-home" "-e" "RUSTUP_HOME=/opt/rustwide/rustup-home" "-w" "/opt/rustwide/workdir" "-m" "1610612736" "--user" "0:0" "--network" "none" "ghcr.io/rust-lang/crates-build-env/linux@sha256:2788e3201cd34a07e3172128adcd8b3090168a8e3bcc40d7c032b9dda1df7d1c" "/opt/rustwide/cargo-home/bin/cargo" "+1.75.0" "build" "--frozen" "--message-format=json", kill_on_drop: false }`
[INFO] [stdout] 4676591e575c237bba62c74e05478baa0adbe0d8be71614fa09b2e981f067807
[INFO] running `Command { std: "docker" "start" "-a" "4676591e575c237bba62c74e05478baa0adbe0d8be71614fa09b2e981f067807", kill_on_drop: false }`
[INFO] [stderr]    Compiling proc-macro2 v1.0.69
[INFO] [stderr]    Compiling libc v0.2.150
[INFO] [stderr]    Compiling version_check v0.9.4
[INFO] [stderr]    Compiling subtle v2.5.0
[INFO] [stderr]    Compiling const-oid v0.9.5
[INFO] [stderr]    Compiling base64ct v1.6.0
[INFO] [stderr]    Compiling flagset v0.4.4
[INFO] [stderr]    Compiling cpufeatures v0.2.11
[INFO] [stderr]    Compiling serde v1.0.192
[INFO] [stderr]    Compiling libm v0.2.8
[INFO] [stderr]    Compiling semver v1.0.20
[INFO] [stderr]    Compiling num-traits v0.2.17
[INFO] [stderr]    Compiling pin-project-lite v0.2.13
[INFO] [stderr]    Compiling futures-core v0.3.29
[INFO] [stderr]    Compiling once_cell v1.18.0
[INFO] [stderr]    Compiling memchr v2.6.4
[INFO] [stderr]    Compiling itoa v1.0.9
[INFO] [stderr]    Compiling bytes v1.5.0
[INFO] [stderr]    Compiling slab v0.4.9
[INFO] [stderr]    Compiling futures-task v0.3.29
[INFO] [stderr]    Compiling pem-rfc7468 v0.7.0
[INFO] [stderr]    Compiling powerfmt v0.2.0
[INFO] [stderr]    Compiling generic-array v0.14.7
[INFO] [stderr]    Compiling base16ct v0.2.0
[INFO] [stderr]    Compiling tracing-core v0.1.32
[INFO] [stderr]    Compiling deranged v0.3.9
[INFO] [stderr]    Compiling indexmap v1.9.3
[INFO] [stderr]    Compiling num-iter v0.1.43
[INFO] [stderr]    Compiling ppv-lite86 v0.2.17
[INFO] [stderr]    Compiling futures-util v0.3.29
[INFO] [stderr]    Compiling rustc_version v0.4.0
[INFO] [stderr]    Compiling platforms v3.2.0
[INFO] [stderr]    Compiling time-core v0.1.2
[INFO] [stderr]    Compiling miniz_oxide v0.7.1
[INFO] [stderr]    Compiling http v0.2.11
[INFO] [stderr]    Compiling quote v1.0.33
[INFO] [stderr]    Compiling tracing v0.1.40
[INFO] [stderr]    Compiling futures-sink v0.3.29
[INFO] [stderr]    Compiling curve25519-dalek v4.1.1
[INFO] [stderr]    Compiling syn v2.0.39
[INFO] [stderr]    Compiling pin-utils v0.1.0
[INFO] [stderr]    Compiling cc v1.0.84
[INFO] [stderr]    Compiling vcpkg v0.2.15
[INFO] [stderr]    Compiling num-bigint-dig v0.8.4
[INFO] [stderr]    Compiling futures-io v0.3.29
[INFO] [stderr]    Compiling futures-channel v0.3.29
[INFO] [stderr]    Compiling getrandom v0.2.11
[INFO] [stderr]    Compiling socket2 v0.5.5
[INFO] [stderr]    Compiling mio v0.8.9
[INFO] [stderr]    Compiling num_cpus v1.16.0
[INFO] [stderr]    Compiling percent-encoding v2.3.0
[INFO] [stderr]    Compiling pkg-config v0.3.27
[INFO] [stderr]    Compiling rand_core v0.6.4
[INFO] [stderr]    Compiling time v0.3.30
[INFO] [stderr]    Compiling iana-time-zone v0.1.58
[INFO] [stderr]    Compiling spin v0.5.2
[INFO] [stderr]    Compiling httparse v1.8.0
[INFO] [stderr]    Compiling form_urlencoded v1.2.0
[INFO] [stderr]    Compiling ff v0.13.0
[INFO] [stderr]    Compiling rand_chacha v0.3.1
[INFO] [stderr]    Compiling group v0.13.0
[INFO] [stderr]    Compiling lazy_static v1.4.0
[INFO] [stderr]    Compiling tokio v1.34.0
[INFO] [stderr]    Compiling opaque-debug v0.3.0
[INFO] [stderr]    Compiling num-integer v0.1.45
[INFO] [stderr]    Compiling chrono v0.4.31
[INFO] [stderr]    Compiling rand v0.8.5
[INFO] [stderr]    Compiling unicode-bidi v0.3.13
[INFO] [stderr]    Compiling smallvec v1.11.2
[INFO] [stderr]    Compiling syn v1.0.109
[INFO] [stderr]    Compiling ryu v1.0.15
[INFO] [stderr]    Compiling try-lock v0.2.4
[INFO] [stderr]    Compiling want v0.3.1
[INFO] [stderr]    Compiling idna v0.4.0
[INFO] [stderr]    Compiling http-body v0.4.5
[INFO] [stderr]    Compiling socket2 v0.4.10
[INFO] [stderr]    Compiling tower-service v0.3.2
[INFO] [stderr]    Compiling base64 v0.21.5
[INFO] [stderr]    Compiling doc-comment v0.3.3
[INFO] [stderr]    Compiling httpdate v1.0.3
[INFO] [stderr]    Compiling thiserror v1.0.50
[INFO] [stderr]    Compiling serde_json v1.0.108
[INFO] [stderr]    Compiling gimli v0.28.0
[INFO] [stderr]    Compiling openssl-sys v0.9.95
[INFO] [stderr]    Compiling backtrace v0.3.69
[INFO] [stderr]    Compiling url v2.4.1
[INFO] [stderr]    Compiling flate2 v1.0.28
[INFO] [stderr]    Compiling object v0.32.1
[INFO] [stderr]    Compiling encoding_rs v0.8.33
[INFO] [stderr]    Compiling widestring v1.0.2
[INFO] [stderr]    Compiling lzxd v0.1.4
[INFO] [stderr]    Compiling ipnet v2.9.0
[INFO] [stderr]    Compiling openssl v0.10.59
[INFO] [stderr]    Compiling mime v0.3.17
[INFO] [stderr]    Compiling keccak v0.1.4
[INFO] [stderr]    Compiling heck v0.4.1
[INFO] [stderr]    Compiling foreign-types-shared v0.1.1
[INFO] [stderr]    Compiling foreign-types v0.3.2
[INFO] [stderr]    Compiling cab v0.4.1
[INFO] [stderr]    Compiling bitflags v2.4.1
[INFO] [stderr]    Compiling plain v0.2.3
[INFO] [stderr]    Compiling addr2line v0.21.0
[INFO] [stderr]    Compiling zeroize_derive v1.4.2
[INFO] [stderr]    Compiling der_derive v0.7.2
[INFO] [stderr]    Compiling serde_derive v1.0.192
[INFO] [stderr]    Compiling curve25519-dalek-derive v0.1.1
[INFO] [stderr]    Compiling thiserror-impl v1.0.50
[INFO] [stderr]    Compiling scroll_derive v0.11.1
[INFO] [stderr]    Compiling openssl-macros v0.1.1
[INFO] [stderr]    Compiling snafu-derive v0.7.5
[INFO] [stderr]    Compiling tokio-util v0.7.10
[INFO] [stderr]    Compiling zeroize v1.6.0
[INFO] [stderr]    Compiling h2 v0.3.21
[INFO] [stderr]    Compiling scroll v0.11.0
[INFO] [stderr]    Compiling goblin v0.6.1
[INFO] [stderr]    Compiling der v0.7.8
[INFO] [stderr]    Compiling crypto-common v0.1.6
[INFO] [stderr]    Compiling block-buffer v0.10.4
[INFO] [stderr]    Compiling block-padding v0.3.3
[INFO] [stderr]    Compiling crypto-bigint v0.5.4
[INFO] [stderr]    Compiling universal-hash v0.5.1
[INFO] [stderr]    Compiling aead v0.5.2
[INFO] [stderr]    Compiling inout v0.1.3
[INFO] [stderr]    Compiling digest v0.10.7
[INFO] [stderr]    Compiling polyval v0.6.1
[INFO] [stderr]    Compiling cipher v0.4.4
[INFO] [stderr]    Compiling ghash v0.5.0
[INFO] [stderr]    Compiling hmac v0.12.1
[INFO] [stderr]    Compiling signature v2.1.0
[INFO] [stderr]    Compiling sha2 v0.10.8
[INFO] [stderr]    Compiling md-5 v0.10.6
[INFO] [stderr]    Compiling sha1 v0.10.6
[INFO] [stderr]    Compiling sha3 v0.10.8
[INFO] [stderr]    Compiling hkdf v0.12.3
[INFO] [stderr]    Compiling rfc6979 v0.4.0
[INFO] [stderr]    Compiling ed25519 v2.2.3
[INFO] [stderr]    Compiling pbkdf2 v0.12.2
[INFO] [stderr]    Compiling aes v0.8.3
[INFO] [stderr]    Compiling ctr v0.9.2
[INFO] [stderr]    Compiling cbc v0.1.2
[INFO] [stderr]    Compiling rc2 v0.8.1
[INFO] [stderr]    Compiling des v0.8.1
[INFO] [stderr]    Compiling snafu v0.7.5
[INFO] [stdout] error[E0433]: failed to resolve: could not find `Provider` in `any`
[INFO] [stdout]     --> /opt/rustwide/cargo-home/registry/src/index.crates.io-6f17d22bba15001f/snafu-0.7.5/src/lib.rs:1464:17
[INFO] [stdout]      |
[INFO] [stdout] 1464 | #[derive(Debug, Snafu)]
[INFO] [stdout]      |                 ^^^^^ could not find `Provider` in `any`
[INFO] [stdout]      |
[INFO] [stdout]      = note: this error originates in the derive macro `Snafu` (in Nightly builds, run with -Z macro-backtrace for more info)
[INFO] [stdout] 
[INFO] [stdout] 
[INFO] [stdout] error[E0425]: cannot find function `request_ref` in module `any`
[INFO] [stdout]    --> /opt/rustwide/cargo-home/registry/src/index.crates.io-6f17d22bba15001f/snafu-0.7.5/src/report.rs:240:36
[INFO] [stdout]     |
[INFO] [stdout] 240 |             if let Some(bt) = any::request_ref::<crate::Backtrace>(self.0) {
[INFO] [stdout]     |                                    ^^^^^^^^^^^ not found in `any`
[INFO] [stdout]     |
[INFO] [stdout] help: consider importing one of these items
[INFO] [stdout]     |
[INFO] [stdout] 1   + use core::error::request_ref;
[INFO] [stdout]     |
[INFO] [stdout] 1   + use std::error::request_ref;
[INFO] [stdout]     |
[INFO] [stdout] help: if you import `request_ref`, refer to it directly
[INFO] [stdout]     |
[INFO] [stdout] 240 -             if let Some(bt) = any::request_ref::<crate::Backtrace>(self.0) {
[INFO] [stdout] 240 +             if let Some(bt) = request_ref::<crate::Backtrace>(self.0) {
[INFO] [stdout]     |
[INFO] [stdout] 
[INFO] [stdout] 
[INFO] [stdout] error[E0425]: cannot find function `request_ref` in module `any`
[INFO] [stdout]     --> /opt/rustwide/cargo-home/registry/src/index.crates.io-6f17d22bba15001f/snafu-0.7.5/src/lib.rs:1200:28
[INFO] [stdout]      |
[INFO] [stdout] 1200 |             } else if any::request_ref::<Backtrace>(source).is_some() {
[INFO] [stdout]      |                            ^^^^^^^^^^^ not found in `any`
[INFO] [stdout]      |
[INFO] [stdout] help: consider importing one of these items
[INFO] [stdout]      |
[INFO] [stdout] 211  + use core::error::request_ref;
[INFO] [stdout]      |
[INFO] [stdout] 211  + use std::error::request_ref;
[INFO] [stdout]      |
[INFO] [stdout] help: if you import `request_ref`, refer to it directly
[INFO] [stdout]      |
[INFO] [stdout] 1200 -             } else if any::request_ref::<Backtrace>(source).is_some() {
[INFO] [stdout] 1200 +             } else if request_ref::<Backtrace>(source).is_some() {
[INFO] [stdout]      |
[INFO] [stdout] 
[INFO] [stdout] 
[INFO] [stdout] error[E0412]: cannot find type `Demand` in module `core::any`
[INFO] [stdout]     --> /opt/rustwide/cargo-home/registry/src/index.crates.io-6f17d22bba15001f/snafu-0.7.5/src/lib.rs:1464:17
[INFO] [stdout]      |
[INFO] [stdout] 1464 | #[derive(Debug, Snafu)]
[INFO] [stdout]      |                 ^^^^^ not found in `core::any`
[INFO] [stdout]      |
[INFO] [stdout]      = note: this error originates in the derive macro `Snafu` (in Nightly builds, run with -Z macro-backtrace for more info)
[INFO] [stdout] 
[INFO] [stdout] 
[INFO] [stdout] error[E0554]: `#![feature]` may not be used on the stable release channel
[INFO] [stdout]  --> /opt/rustwide/cargo-home/registry/src/index.crates.io-6f17d22bba15001f/snafu-0.7.5/src/lib.rs:7:13
[INFO] [stdout]   |
[INFO] [stdout] 7 |     feature(error_generic_member_access, provide_any)
[INFO] [stdout]   |             ^^^^^^^^^^^^^^^^^^^^^^^^^^^
[INFO] [stdout] 
[INFO] [stdout] 
[INFO] [stdout] error[E0554]: `#![feature]` may not be used on the stable release channel
[INFO] [stdout]  --> /opt/rustwide/cargo-home/registry/src/index.crates.io-6f17d22bba15001f/snafu-0.7.5/src/lib.rs:7:42
[INFO] [stdout]   |
[INFO] [stdout] 7 |     feature(error_generic_member_access, provide_any)
[INFO] [stdout]   |                                          ^^^^^^^^^^^
[INFO] [stdout] 
[INFO] [stdout] 
[INFO] [stdout] error[E0635]: unknown feature `provide_any`
[INFO] [stdout]  --> /opt/rustwide/cargo-home/registry/src/index.crates.io-6f17d22bba15001f/snafu-0.7.5/src/lib.rs:7:42
[INFO] [stdout]   |
[INFO] [stdout] 7 |     feature(error_generic_member_access, provide_any)
[INFO] [stdout]   |                                          ^^^^^^^^^^^
[INFO] [stdout] 
[INFO] [stdout] 
[INFO] [stderr]    Compiling aes-kw v0.2.1
[INFO] [stderr]    Compiling aes-gcm v0.10.3
[INFO] [stdout] error: aborting due to 7 previous errors
[INFO] [stdout] 
[INFO] [stdout] 
[INFO] [stdout] Some errors have detailed explanations: E0412, E0425, E0433, E0554, E0635.
[INFO] [stdout] 
[INFO] [stdout] For more information about an error, try `rustc --explain E0412`.
[INFO] [stdout] 
[INFO] [stderr] error: could not compile `snafu` (lib) due to 8 previous errors
[INFO] [stderr] warning: build failed, waiting for other jobs to finish...
[INFO] running `Command { std: "docker" "inspect" "4676591e575c237bba62c74e05478baa0adbe0d8be71614fa09b2e981f067807", kill_on_drop: false }`
[INFO] running `Command { std: "docker" "rm" "-f" "4676591e575c237bba62c74e05478baa0adbe0d8be71614fa09b2e981f067807", kill_on_drop: false }`
[INFO] [stdout] 4676591e575c237bba62c74e05478baa0adbe0d8be71614fa09b2e981f067807
