[INFO] fetching crate ecli-lib 0.2.9...
[INFO] testing ecli-lib-0.2.9 against 1.75.0 for beta-1.76-1
[INFO] extracting crate ecli-lib 0.2.9 into /workspace/builds/worker-0-tc1/source
[INFO] validating manifest of crates.io crate ecli-lib 0.2.9 on toolchain 1.75.0
[INFO] running `Command { std: CARGO_HOME="/workspace/cargo-home" RUSTUP_HOME="/workspace/rustup-home" "/workspace/cargo-home/bin/cargo" "+1.75.0" "metadata" "--manifest-path" "Cargo.toml" "--no-deps", kill_on_drop: false }`
[INFO] started tweaking crates.io crate ecli-lib 0.2.9
[INFO] finished tweaking crates.io crate ecli-lib 0.2.9
[INFO] tweaked toml for crates.io crate ecli-lib 0.2.9 written to /workspace/builds/worker-0-tc1/source/Cargo.toml
[INFO] running `Command { std: CARGO_HOME="/workspace/cargo-home" RUSTUP_HOME="/workspace/rustup-home" "/workspace/cargo-home/bin/cargo" "+1.75.0" "generate-lockfile" "--manifest-path" "Cargo.toml", kill_on_drop: false }`
[INFO] [stderr]     Updating crates.io index
[INFO] running `Command { std: CARGO_HOME="/workspace/cargo-home" RUSTUP_HOME="/workspace/rustup-home" "/workspace/cargo-home/bin/cargo" "+1.75.0" "fetch" "--manifest-path" "Cargo.toml", kill_on_drop: false }`
[INFO] [stderr]  Downloading crates ...
[INFO] [stderr]   Downloaded nu-ansi-term v0.49.0
[INFO] [stderr]   Downloaded perf-event-open-sys v4.0.0
[INFO] [stderr]   Downloaded witx v0.9.1
[INFO] [stderr]   Downloaded fs-set-times v0.19.2
[INFO] [stderr]   Downloaded cranelift-codegen-meta v0.92.1
[INFO] [stderr]   Downloaded wasmtime-types v5.0.1
[INFO] [stderr]   Downloaded cranelift-codegen-shared v0.92.1
[INFO] [stderr]   Downloaded cap-primitives v1.0.15
[INFO] [stderr]   Downloaded wasmtime-fiber v5.0.1
[INFO] [stderr]   Downloaded cranelift-native v0.92.1
[INFO] [stderr]   Downloaded wasmtime-wasi v5.0.1
[INFO] [stderr]   Downloaded ahash v0.4.8
[INFO] [stderr]   Downloaded cap-time-ext v1.0.15
[INFO] [stderr]   Downloaded flexi_logger v0.25.6
[INFO] [stderr]   Downloaded wasmtime-environ v5.0.1
[INFO] [stderr]   Downloaded libbpf-sys v1.2.1+v1.2.0
[INFO] [stderr]   Downloaded swagger v6.4.1
[INFO] [stderr]   Downloaded goblin v0.3.4
[INFO] [stderr]   Downloaded libbpf-rs v0.20.1
[INFO] [stderr]   Downloaded cranelift-wasm v0.92.1
[INFO] [stderr]   Downloaded wasm-bpf-rs v0.3.2
[INFO] [stderr]   Downloaded inflate v0.4.5
[INFO] [stderr]   Downloaded cranelift-frontend v0.92.1
[INFO] [stderr]   Downloaded target-lexicon v0.11.2
[INFO] [stderr]   Downloaded vsprintf v2.0.0
[INFO] [stderr]   Downloaded wast v35.0.2
[INFO] [stderr]   Downloaded winx v0.35.1
[INFO] [stderr]   Downloaded bpf-compatible-rs v0.1.3
[INFO] [stderr]   Downloaded winx v0.36.3
[INFO] [stderr]   Downloaded system-interface v0.25.9
[INFO] [stderr]   Downloaded wasmtime-cranelift v5.0.1
[INFO] [stderr]   Downloaded os-release v0.1.0
[INFO] [stderr]   Downloaded cranelift-codegen v0.92.1
[INFO] [stderr]   Downloaded ouroboros v0.16.0
[INFO] [stderr]   Downloaded ecli-server-codegen v1.0.0
[INFO] [stderr]   Downloaded tokio-openssl v0.6.4
[INFO] [stderr]   Downloaded regalloc2 v0.5.1
[INFO] [stderr]   Downloaded file-per-thread-logger v0.1.6
[INFO] [stderr]   Downloaded wit-parser v0.3.1
[INFO] [stderr]   Downloaded hyper-old-types v0.11.0
[INFO] [stderr]   Downloaded maybe-owned v0.3.4
[INFO] [stderr]   Downloaded btfdump v0.0.2
[INFO] [stderr]   Downloaded wiggle v5.0.1
[INFO] [stderr]   Downloaded slog v2.7.0
[INFO] [stderr]   Downloaded io-lifetimes v2.0.3
[INFO] [stderr]   Downloaded wasmtime-jit v5.0.1
[INFO] [stderr]   Downloaded scroll_derive v0.9.5
[INFO] [stderr]   Downloaded wasi-cap-std-sync v5.0.1
[INFO] [stderr]   Downloaded jwt v0.16.0
[INFO] [stderr]   Downloaded cranelift-entity v0.92.1
[INFO] [stderr]   Downloaded uname-rs v0.1.1
[INFO] [stderr]   Downloaded faerie v0.16.0
[INFO] [stderr]   Downloaded cranelift-isle v0.92.1
[INFO] [stderr]   Downloaded olpc-cjson v0.1.3
[INFO] [stderr]   Downloaded cap-rand v1.0.15
[INFO] [stderr]   Downloaded string-interner v0.12.2
[INFO] [stderr]   Downloaded wiggle-generate v5.0.1
[INFO] [stderr]   Downloaded bpf-oci v0.1.0
[INFO] [stderr]   Downloaded cap-fs-ext v1.0.15
[INFO] [stderr]   Downloaded wasmtime-cache v5.0.1
[INFO] [stderr]   Downloaded wasmtime-jit-debug v5.0.1
[INFO] [stderr]   Downloaded scroll_derive v0.10.5
[INFO] [stderr]   Downloaded wasmtime-component-util v5.0.1
[INFO] [stderr]   Downloaded fs-set-times v0.18.1
[INFO] [stderr]   Downloaded fd-lock v4.0.2
[INFO] [stderr]   Downloaded blazesym v0.2.0-alpha.2
[INFO] [stderr]   Downloaded wasmtime-runtime v5.0.1
[INFO] [stderr]   Downloaded id-arena v2.2.1
[INFO] [stderr]   Downloaded wasmtime-component-macro v5.0.1
[INFO] [stderr]   Downloaded object v0.11.0
[INFO] [stderr]   Downloaded scroll v0.9.2
[INFO] [stderr]   Downloaded wasmtime-wit-bindgen v5.0.1
[INFO] [stderr]   Downloaded http-auth v0.1.9
[INFO] [stderr]   Downloaded directories-next v2.0.0
[INFO] [stderr]   Downloaded wasi-common v5.0.1
[INFO] [stderr]   Downloaded wasmparser v0.96.0
[INFO] [stderr]   Downloaded ouroboros_macro v0.16.0
[INFO] [stderr]   Downloaded serde_ignored v0.1.10
[INFO] [stderr]   Downloaded cap-std v1.0.15
[INFO] [stderr]   Downloaded goblin v0.0.20
[INFO] [stderr]   Downloaded wasmtime-asm-macros v5.0.1
[INFO] [stderr]   Downloaded oci-distribution v0.9.4
[INFO] [stderr]   Downloaded goblin v0.0.19
[INFO] [stderr]   Downloaded bpf-loader-lib v0.2.1
[INFO] [stderr]   Downloaded ambient-authority v0.0.2
[INFO] [stderr]   Downloaded io-extras v0.17.4
[INFO] [stderr]   Downloaded cranelift-bforest v0.92.1
[INFO] [stderr]   Downloaded wasmtime-jit-icache-coherence v5.0.1
[INFO] [stderr]   Downloaded wiggle-macro v5.0.1
[INFO] [stderr]   Downloaded parity-wasm v0.35.7
[INFO] [stderr]   Downloaded ittapi v0.3.5
[INFO] [stderr]   Downloaded wasmtime v5.0.1
[INFO] [stderr]   Downloaded ittapi-sys v0.3.5
[INFO] running `Command { std: "docker" "create" "-v" "/var/lib/crater-agent-workspace/builds/worker-0-tc1/target:/opt/rustwide/target:rw,Z" "-v" "/var/lib/crater-agent-workspace/builds/worker-0-tc1/source:/opt/rustwide/workdir:ro,Z" "-v" "/var/lib/crater-agent-workspace/cargo-home:/opt/rustwide/cargo-home:ro,Z" "-v" "/var/lib/crater-agent-workspace/rustup-home:/opt/rustwide/rustup-home:ro,Z" "-e" "SOURCE_DIR=/opt/rustwide/workdir" "-e" "CARGO_TARGET_DIR=/opt/rustwide/target" "-e" "CARGO_HOME=/opt/rustwide/cargo-home" "-e" "RUSTUP_HOME=/opt/rustwide/rustup-home" "-w" "/opt/rustwide/workdir" "-m" "1610612736" "--user" "0:0" "--network" "none" "ghcr.io/rust-lang/crates-build-env/linux@sha256:2788e3201cd34a07e3172128adcd8b3090168a8e3bcc40d7c032b9dda1df7d1c" "/opt/rustwide/cargo-home/bin/cargo" "+1.75.0" "metadata" "--no-deps" "--format-version=1", kill_on_drop: false }`
[INFO] [stdout] 95bdb4e1efe4690ad58e989066f707b89d01d7cab852e1b93c880ce8f7c3f303
[INFO] running `Command { std: "docker" "start" "-a" "95bdb4e1efe4690ad58e989066f707b89d01d7cab852e1b93c880ce8f7c3f303", kill_on_drop: false }`
[INFO] running `Command { std: "docker" "inspect" "95bdb4e1efe4690ad58e989066f707b89d01d7cab852e1b93c880ce8f7c3f303", kill_on_drop: false }`
[INFO] running `Command { std: "docker" "rm" "-f" "95bdb4e1efe4690ad58e989066f707b89d01d7cab852e1b93c880ce8f7c3f303", kill_on_drop: false }`
[INFO] [stdout] 95bdb4e1efe4690ad58e989066f707b89d01d7cab852e1b93c880ce8f7c3f303
[INFO] running `Command { std: "docker" "create" "-v" "/var/lib/crater-agent-workspace/builds/worker-0-tc1/target:/opt/rustwide/target:rw,Z" "-v" "/var/lib/crater-agent-workspace/builds/worker-0-tc1/source:/opt/rustwide/workdir:ro,Z" "-v" "/var/lib/crater-agent-workspace/cargo-home:/opt/rustwide/cargo-home:ro,Z" "-v" "/var/lib/crater-agent-workspace/rustup-home:/opt/rustwide/rustup-home:ro,Z" "-e" "SOURCE_DIR=/opt/rustwide/workdir" "-e" "CARGO_TARGET_DIR=/opt/rustwide/target" "-e" "CARGO_INCREMENTAL=0" "-e" "RUST_BACKTRACE=full" "-e" "RUSTFLAGS=--cap-lints=warn" "-e" "RUSTDOCFLAGS=--cap-lints=warn" "-e" "CARGO_HOME=/opt/rustwide/cargo-home" "-e" "RUSTUP_HOME=/opt/rustwide/rustup-home" "-w" "/opt/rustwide/workdir" "-m" "1610612736" "--user" "0:0" "--network" "none" "ghcr.io/rust-lang/crates-build-env/linux@sha256:2788e3201cd34a07e3172128adcd8b3090168a8e3bcc40d7c032b9dda1df7d1c" "/opt/rustwide/cargo-home/bin/cargo" "+1.75.0" "build" "--frozen" "--message-format=json", kill_on_drop: false }`
[INFO] [stdout] ac247c05308155fa9b4d9832284c4a356b1ec2bc4fbc9e7fcb1246e1bbcf330e
[INFO] running `Command { std: "docker" "start" "-a" "ac247c05308155fa9b4d9832284c4a356b1ec2bc4fbc9e7fcb1246e1bbcf330e", kill_on_drop: false }`
[INFO] [stderr]    Compiling proc-macro2 v1.0.75
[INFO] [stderr]    Compiling unicode-ident v1.0.12
[INFO] [stderr]    Compiling libc v0.2.151
[INFO] [stderr]    Compiling version_check v0.9.4
[INFO] [stderr]    Compiling pin-project-lite v0.2.13
[INFO] [stderr]    Compiling memchr v2.7.1
[INFO] [stderr]    Compiling itoa v1.0.10
[INFO] [stderr]    Compiling vcpkg v0.2.15
[INFO] [stderr]    Compiling once_cell v1.19.0
[INFO] [stderr]    Compiling pkg-config v0.3.28
[INFO] [stderr]    Compiling typenum v1.17.0
[INFO] [stderr]    Compiling futures-sink v0.3.30
[INFO] [stderr]    Compiling bytes v1.5.0
[INFO] [stderr]    Compiling futures-core v0.3.30
[INFO] [stderr]    Compiling serde v1.0.194
[INFO] [stderr]    Compiling slab v0.4.9
[INFO] [stderr]    Compiling log v0.4.20
[INFO] [stderr]    Compiling futures-io v0.3.30
[INFO] [stderr]    Compiling futures-task v0.3.30
[INFO] [stderr]    Compiling ryu v1.0.16
[INFO] [stderr]    Compiling futures-channel v0.3.30
[INFO] [stderr]    Compiling tracing-core v0.1.32
[INFO] [stderr]    Compiling hashbrown v0.14.3
[INFO] [stderr]    Compiling tinyvec_macros v0.1.1
[INFO] [stderr]    Compiling foreign-types-shared v0.1.1
[INFO] [stderr]    Compiling openssl v0.10.62
[INFO] [stderr]    Compiling equivalent v1.0.1
[INFO] [stderr]    Compiling generic-array v0.14.7
[INFO] [stderr]    Compiling foreign-types v0.3.2
[INFO] [stderr]    Compiling tinyvec v1.6.0
[INFO] [stderr]    Compiling native-tls v0.2.11
[INFO] [stderr]    Compiling bitflags v2.4.1
[INFO] [stderr]    Compiling serde_json v1.0.111
[INFO] [stderr]    Compiling openssl-probe v0.1.5
[INFO] [stderr]    Compiling http v0.2.11
[INFO] [stderr]    Compiling subtle v2.5.0
[INFO] [stderr]    Compiling percent-encoding v2.3.1
[INFO] [stderr]    Compiling try-lock v0.2.5
[INFO] [stderr]    Compiling httpdate v1.0.3
[INFO] [stderr]    Compiling unicode-bidi v0.3.14
[INFO] [stderr]    Compiling quote v1.0.35
[INFO] [stderr]    Compiling form_urlencoded v1.2.1
[INFO] [stderr]    Compiling want v0.3.1
[INFO] [stderr]    Compiling indexmap v2.1.0
[INFO] [stderr]    Compiling aho-corasick v1.1.2
[INFO] [stderr]    Compiling syn v2.0.48
[INFO] [stderr]    Compiling unicase v2.7.0
[INFO] [stderr]    Compiling cpufeatures v0.2.12
[INFO] [stderr]    Compiling thiserror v1.0.56
[INFO] [stderr]    Compiling regex-syntax v0.8.2
[INFO] [stderr]    Compiling encoding_rs v0.8.33
[INFO] [stderr]    Compiling num-traits v0.2.17
[INFO] [stderr]    Compiling base64 v0.21.5
[INFO] [stderr]    Compiling base64 v0.13.1
[INFO] [stderr]    Compiling ipnet v2.9.0
[INFO] [stderr]    Compiling unicode-normalization v0.1.22
[INFO] [stderr]    Compiling anyhow v1.0.79
[INFO] [stderr]    Compiling mime v0.3.17
[INFO] [stderr]    Compiling http-body v0.4.6
[INFO] [stderr]    Compiling http-auth v0.1.9
[INFO] [stderr]    Compiling async-trait v0.1.77
[INFO] [stderr]    Compiling lazy_static v1.4.0
[INFO] [stderr]    Compiling iana-time-zone v0.1.59
[INFO] [stderr]    Compiling home v0.5.9
[INFO] [stderr]    Compiling unsafe-libyaml v0.2.10
[INFO] [stderr]    Compiling cc v1.0.83
[INFO] [stderr]    Compiling mio v0.8.10
[INFO] [stderr]    Compiling socket2 v0.5.5
[INFO] [stderr]    Compiling num_cpus v1.16.0
[INFO] [stderr]    Compiling idna v0.5.0
[INFO] [stderr]    Compiling rtoolbox v0.0.2
[INFO] [stderr]    Compiling crypto-common v0.1.6
[INFO] [stderr]    Compiling block-buffer v0.10.4
[INFO] [stderr]    Compiling rpassword v7.3.1
[INFO] [stderr]    Compiling digest v0.10.7
[INFO] [stderr]    Compiling url v2.5.0
[INFO] [stderr]    Compiling openssl-src v300.2.1+3.2.0
[INFO] [stderr]    Compiling sha2 v0.10.8
[INFO] [stderr]    Compiling hmac v0.12.1
[INFO] [stderr]    Compiling regex-automata v0.4.3
[INFO] [stderr]    Compiling chrono v0.4.31
[INFO] [stderr]    Compiling openssl-sys v0.9.98
[INFO] [stderr]    Compiling regex v1.10.2
[INFO] [stderr]    Compiling futures-macro v0.3.30
[INFO] [stderr]    Compiling serde_derive v1.0.194
[INFO] [stderr]    Compiling tokio-macros v2.2.0
[INFO] [stderr]    Compiling tracing-attributes v0.1.27
[INFO] [stderr]    Compiling openssl-macros v0.1.1
[INFO] [stderr]    Compiling thiserror-impl v1.0.56
[INFO] [stderr]    Compiling tokio v1.35.1
[INFO] [stderr]    Compiling futures-util v0.3.30
[INFO] [stderr]    Compiling tracing v0.1.40
[INFO] [stderr]    Compiling futures-executor v0.3.30
[INFO] [stderr]    Compiling futures v0.3.30
[INFO] [stderr]    Compiling tokio-util v0.7.10
[INFO] [stderr]    Compiling h2 v0.3.22
[INFO] [stderr]    Compiling serde_urlencoded v0.7.1
[INFO] [stderr]    Compiling serde_yaml v0.9.30
[INFO] [stderr]    Compiling jwt v0.16.0
[INFO] [stderr]    Compiling olpc-cjson v0.1.3
[INFO] [stderr]    Compiling hyper v0.14.28
[INFO] [stderr]    Compiling tokio-native-tls v0.3.1
[INFO] [stderr]    Compiling hyper-tls v0.5.0
[INFO] [stderr]    Compiling reqwest v0.11.23
[INFO] [stderr]    Compiling oci-distribution v0.9.4
[INFO] [stderr]    Compiling bpf-oci v0.1.0
[INFO] [stderr]    Compiling ecli-lib v0.2.9 (/opt/rustwide/workdir)
[INFO] [stderr]     Finished dev [unoptimized + debuginfo] target(s) in 1m 05s
[INFO] running `Command { std: "docker" "inspect" "ac247c05308155fa9b4d9832284c4a356b1ec2bc4fbc9e7fcb1246e1bbcf330e", kill_on_drop: false }`
[INFO] running `Command { std: "docker" "rm" "-f" "ac247c05308155fa9b4d9832284c4a356b1ec2bc4fbc9e7fcb1246e1bbcf330e", kill_on_drop: false }`
[INFO] [stdout] ac247c05308155fa9b4d9832284c4a356b1ec2bc4fbc9e7fcb1246e1bbcf330e
[INFO] running `Command { std: "docker" "create" "-v" "/var/lib/crater-agent-workspace/builds/worker-0-tc1/target:/opt/rustwide/target:rw,Z" "-v" "/var/lib/crater-agent-workspace/builds/worker-0-tc1/source:/opt/rustwide/workdir:ro,Z" "-v" "/var/lib/crater-agent-workspace/cargo-home:/opt/rustwide/cargo-home:ro,Z" "-v" "/var/lib/crater-agent-workspace/rustup-home:/opt/rustwide/rustup-home:ro,Z" "-e" "SOURCE_DIR=/opt/rustwide/workdir" "-e" "CARGO_TARGET_DIR=/opt/rustwide/target" "-e" "CARGO_INCREMENTAL=0" "-e" "RUST_BACKTRACE=full" "-e" "RUSTFLAGS=--cap-lints=warn" "-e" "RUSTDOCFLAGS=--cap-lints=warn" "-e" "CARGO_HOME=/opt/rustwide/cargo-home" "-e" "RUSTUP_HOME=/opt/rustwide/rustup-home" "-w" "/opt/rustwide/workdir" "-m" "1610612736" "--user" "0:0" "--network" "none" "ghcr.io/rust-lang/crates-build-env/linux@sha256:2788e3201cd34a07e3172128adcd8b3090168a8e3bcc40d7c032b9dda1df7d1c" "/opt/rustwide/cargo-home/bin/cargo" "+1.75.0" "test" "--frozen" "--no-run" "--message-format=json", kill_on_drop: false }`
[INFO] [stdout] 901f50cea76e245b9b0cef05128f6749e96d469ed1a405e26e90fdf9a4b3c899
[INFO] running `Command { std: "docker" "start" "-a" "901f50cea76e245b9b0cef05128f6749e96d469ed1a405e26e90fdf9a4b3c899", kill_on_drop: false }`
[INFO] [stderr]    Compiling rustix v0.38.28
[INFO] [stderr]    Compiling linux-raw-sys v0.4.12
[INFO] [stderr]    Compiling glob v0.3.1
[INFO] [stderr]    Compiling nu-ansi-term v0.49.0
[INFO] [stderr]    Compiling is-terminal v0.4.10
[INFO] [stderr]    Compiling flexi_logger v0.25.6
[INFO] [stderr]    Compiling ecli-lib v0.2.9 (/opt/rustwide/workdir)
[INFO] [stdout] error[E0432]: unresolved imports `ecli_lib::runner::client::http`, `ecli_lib::runner::server_http`
[INFO] [stdout]   --> tests/api_test.rs:14:18
[INFO] [stdout]    |
[INFO] [stdout] 14 |         client::{http::EcliHttpClient, AbstractClient, ProgramStatus},
[INFO] [stdout]    |                  ^^^^ could not find `http` in `client`
[INFO] [stdout] 15 |         server_http::{EcliHttpServerAPI, HttpServerState},
[INFO] [stdout]    |         ^^^^^^^^^^^ could not find `server_http` in `runner`
[INFO] [stdout] 
[INFO] [stdout] 
[INFO] [stdout] error[E0433]: failed to resolve: use of undeclared crate or module `ecli_server_codegen`
[INFO] [stdout]   --> tests/api_test.rs:36:27
[INFO] [stdout]    |
[INFO] [stdout] 36 |         let mut service = ecli_server_codegen::Service::new(EcliHttpServerAPI {});
[INFO] [stdout]    |                           ^^^^^^^^^^^^^^^^^^^ use of undeclared crate or module `ecli_server_codegen`
[INFO] [stdout]    |
[INFO] [stdout] help: consider importing this trait
[INFO] [stdout]    |
[INFO] [stdout] 9  + use hyper::service::Service;
[INFO] [stdout]    |
[INFO] [stdout] help: if you import `Service`, refer to it directly
[INFO] [stdout]    |
[INFO] [stdout] 36 -         let mut service = ecli_server_codegen::Service::new(EcliHttpServerAPI {});
[INFO] [stdout] 36 +         let mut service = Service::new(EcliHttpServerAPI {});
[INFO] [stdout]    |
[INFO] [stdout] 
[INFO] [stdout] 
[INFO] [stdout] warning: unused import: `Service`
[INFO] [stdout]   --> tests/api_test.rs:21:44
[INFO] [stdout]    |
[INFO] [stdout] 21 |     service::{make_service_fn, service_fn, Service},
[INFO] [stdout]    |                                            ^^^^^^^
[INFO] [stdout]    |
[INFO] [stdout]    = note: `#[warn(unused_imports)]` on by default
[INFO] [stdout] 
[INFO] [stdout] 
[INFO] [stdout] warning: unused import: `AbstractClient`
[INFO] [stdout]   --> tests/api_test.rs:14:40
[INFO] [stdout]    |
[INFO] [stdout] 14 |         client::{http::EcliHttpClient, AbstractClient, ProgramStatus},
[INFO] [stdout]    |                                        ^^^^^^^^^^^^^^
[INFO] [stdout] 
[INFO] [stdout] 
[INFO] [stdout] error: aborting due to 2 previous errors; 2 warnings emitted
[INFO] [stdout] 
[INFO] [stdout] 
[INFO] [stdout] Some errors have detailed explanations: E0432, E0433.
[INFO] [stdout] 
[INFO] [stdout] For more information about an error, try `rustc --explain E0432`.
[INFO] [stdout] 
[INFO] [stderr] error: could not compile `ecli-lib` (test "api_test") due to 3 previous errors; 2 warnings emitted
[INFO] [stderr] warning: build failed, waiting for other jobs to finish...
[INFO] running `Command { std: "docker" "inspect" "901f50cea76e245b9b0cef05128f6749e96d469ed1a405e26e90fdf9a4b3c899", kill_on_drop: false }`
[INFO] running `Command { std: "docker" "rm" "-f" "901f50cea76e245b9b0cef05128f6749e96d469ed1a405e26e90fdf9a4b3c899", kill_on_drop: false }`
[INFO] [stdout] 901f50cea76e245b9b0cef05128f6749e96d469ed1a405e26e90fdf9a4b3c899
[INFO] testing ecli-lib-0.2.9 against beta-2023-12-22 for beta-1.76-1
[INFO] extracting crate ecli-lib 0.2.9 into /workspace/builds/worker-0-tc2/source
[INFO] validating manifest of crates.io crate ecli-lib 0.2.9 on toolchain beta-2023-12-22
[INFO] running `Command { std: CARGO_HOME="/workspace/cargo-home" RUSTUP_HOME="/workspace/rustup-home" "/workspace/cargo-home/bin/cargo" "+beta-2023-12-22" "metadata" "--manifest-path" "Cargo.toml" "--no-deps", kill_on_drop: false }`
[INFO] started tweaking crates.io crate ecli-lib 0.2.9
[INFO] finished tweaking crates.io crate ecli-lib 0.2.9
[INFO] tweaked toml for crates.io crate ecli-lib 0.2.9 written to /workspace/builds/worker-0-tc2/source/Cargo.toml
[INFO] running `Command { std: CARGO_HOME="/workspace/cargo-home" RUSTUP_HOME="/workspace/rustup-home" "/workspace/cargo-home/bin/cargo" "+beta-2023-12-22" "generate-lockfile" "--manifest-path" "Cargo.toml", kill_on_drop: false }`
[INFO] [stderr]     Updating crates.io index
[INFO] running `Command { std: CARGO_HOME="/workspace/cargo-home" RUSTUP_HOME="/workspace/rustup-home" "/workspace/cargo-home/bin/cargo" "+beta-2023-12-22" "fetch" "--manifest-path" "Cargo.toml", kill_on_drop: false }`
[INFO] running `Command { std: "docker" "create" "-v" "/var/lib/crater-agent-workspace/builds/worker-0-tc2/target:/opt/rustwide/target:rw,Z" "-v" "/var/lib/crater-agent-workspace/builds/worker-0-tc2/source:/opt/rustwide/workdir:ro,Z" "-v" "/var/lib/crater-agent-workspace/cargo-home:/opt/rustwide/cargo-home:ro,Z" "-v" "/var/lib/crater-agent-workspace/rustup-home:/opt/rustwide/rustup-home:ro,Z" "-e" "SOURCE_DIR=/opt/rustwide/workdir" "-e" "CARGO_TARGET_DIR=/opt/rustwide/target" "-e" "CARGO_HOME=/opt/rustwide/cargo-home" "-e" "RUSTUP_HOME=/opt/rustwide/rustup-home" "-w" "/opt/rustwide/workdir" "-m" "1610612736" "--user" "0:0" "--network" "none" "ghcr.io/rust-lang/crates-build-env/linux@sha256:2788e3201cd34a07e3172128adcd8b3090168a8e3bcc40d7c032b9dda1df7d1c" "/opt/rustwide/cargo-home/bin/cargo" "+beta-2023-12-22" "metadata" "--no-deps" "--format-version=1", kill_on_drop: false }`
[INFO] [stdout] 36fbff3a1a6ba0daeffc8baf97ce5a2187f712da37000ab331186222864e6a26
[INFO] running `Command { std: "docker" "start" "-a" "36fbff3a1a6ba0daeffc8baf97ce5a2187f712da37000ab331186222864e6a26", kill_on_drop: false }`
[INFO] running `Command { std: "docker" "inspect" "36fbff3a1a6ba0daeffc8baf97ce5a2187f712da37000ab331186222864e6a26", kill_on_drop: false }`
[INFO] running `Command { std: "docker" "rm" "-f" "36fbff3a1a6ba0daeffc8baf97ce5a2187f712da37000ab331186222864e6a26", kill_on_drop: false }`
[INFO] [stdout] 36fbff3a1a6ba0daeffc8baf97ce5a2187f712da37000ab331186222864e6a26
[INFO] running `Command { std: "docker" "create" "-v" "/var/lib/crater-agent-workspace/builds/worker-0-tc2/target:/opt/rustwide/target:rw,Z" "-v" "/var/lib/crater-agent-workspace/builds/worker-0-tc2/source:/opt/rustwide/workdir:ro,Z" "-v" "/var/lib/crater-agent-workspace/cargo-home:/opt/rustwide/cargo-home:ro,Z" "-v" "/var/lib/crater-agent-workspace/rustup-home:/opt/rustwide/rustup-home:ro,Z" "-e" "SOURCE_DIR=/opt/rustwide/workdir" "-e" "CARGO_TARGET_DIR=/opt/rustwide/target" "-e" "CARGO_INCREMENTAL=0" "-e" "RUST_BACKTRACE=full" "-e" "RUSTFLAGS=--cap-lints=warn" "-e" "RUSTDOCFLAGS=--cap-lints=warn" "-e" "CARGO_HOME=/opt/rustwide/cargo-home" "-e" "RUSTUP_HOME=/opt/rustwide/rustup-home" "-w" "/opt/rustwide/workdir" "-m" "1610612736" "--user" "0:0" "--network" "none" "ghcr.io/rust-lang/crates-build-env/linux@sha256:2788e3201cd34a07e3172128adcd8b3090168a8e3bcc40d7c032b9dda1df7d1c" "/opt/rustwide/cargo-home/bin/cargo" "+beta-2023-12-22" "build" "--frozen" "--message-format=json", kill_on_drop: false }`
[INFO] [stdout] 15695a5644197bd0e5333356346707873753107aafb537717fcbe498cf0103f1
[INFO] running `Command { std: "docker" "start" "-a" "15695a5644197bd0e5333356346707873753107aafb537717fcbe498cf0103f1", kill_on_drop: false }`
[INFO] [stderr]    Compiling proc-macro2 v1.0.75
[INFO] [stderr]    Compiling unicode-ident v1.0.12
[INFO] [stderr]    Compiling libc v0.2.151
[INFO] [stderr]    Compiling version_check v0.9.4
[INFO] [stderr]    Compiling pin-project-lite v0.2.13
[INFO] [stderr]    Compiling itoa v1.0.10
[INFO] [stderr]    Compiling memchr v2.7.1
[INFO] [stderr]    Compiling vcpkg v0.2.15
[INFO] [stderr]    Compiling once_cell v1.19.0
[INFO] [stderr]    Compiling pkg-config v0.3.28
[INFO] [stderr]    Compiling futures-core v0.3.30
[INFO] [stderr]    Compiling bytes v1.5.0
[INFO] [stderr]    Compiling futures-sink v0.3.30
[INFO] [stderr]    Compiling typenum v1.17.0
[INFO] [stderr]    Compiling slab v0.4.9
[INFO] [stderr]    Compiling futures-io v0.3.30
[INFO] [stderr]    Compiling serde v1.0.194
[INFO] [stderr]    Compiling log v0.4.20
[INFO] [stderr]    Compiling futures-task v0.3.30
[INFO] [stderr]    Compiling futures-channel v0.3.30
[INFO] [stderr]    Compiling tracing-core v0.1.32
[INFO] [stderr]    Compiling hashbrown v0.14.3
[INFO] [stderr]    Compiling openssl v0.10.62
[INFO] [stderr]    Compiling tinyvec_macros v0.1.1
[INFO] [stderr]    Compiling foreign-types-shared v0.1.1
[INFO] [stderr]    Compiling equivalent v1.0.1
[INFO] [stderr]    Compiling generic-array v0.14.7
[INFO] [stderr]    Compiling ryu v1.0.16
[INFO] [stderr]    Compiling foreign-types v0.3.2
[INFO] [stderr]    Compiling tinyvec v1.6.0
[INFO] [stderr]    Compiling serde_json v1.0.111
[INFO] [stderr]    Compiling native-tls v0.2.11
[INFO] [stderr]    Compiling http v0.2.11
[INFO] [stderr]    Compiling bitflags v2.4.1
[INFO] [stderr]    Compiling subtle v2.5.0
[INFO] [stderr]    Compiling openssl-probe v0.1.5
[INFO] [stderr]    Compiling percent-encoding v2.3.1
[INFO] [stderr]    Compiling try-lock v0.2.5
[INFO] [stderr]    Compiling httpdate v1.0.3
[INFO] [stderr]    Compiling unicode-bidi v0.3.14
[INFO] [stderr]    Compiling indexmap v2.1.0
[INFO] [stderr]    Compiling form_urlencoded v1.2.1
[INFO] [stderr]    Compiling want v0.3.1
[INFO] [stderr]    Compiling quote v1.0.35
[INFO] [stderr]    Compiling aho-corasick v1.1.2
[INFO] [stderr]    Compiling unicase v2.7.0
[INFO] [stderr]    Compiling regex-syntax v0.8.2
[INFO] [stderr]    Compiling syn v2.0.48
[INFO] [stderr]    Compiling cpufeatures v0.2.12
[INFO] [stderr]    Compiling thiserror v1.0.56
[INFO] [stderr]    Compiling encoding_rs v0.8.33
[INFO] [stderr]    Compiling num-traits v0.2.17
[INFO] [stderr]    Compiling base64 v0.21.5
[INFO] [stderr]    Compiling base64 v0.13.1
[INFO] [stderr]    Compiling anyhow v1.0.79
[INFO] [stderr]    Compiling ipnet v2.9.0
[INFO] [stderr]    Compiling mime v0.3.17
[INFO] [stderr]    Compiling http-body v0.4.6
[INFO] [stderr]    Compiling unicode-normalization v0.1.22
[INFO] [stderr]    Compiling http-auth v0.1.9
[INFO] [stderr]    Compiling async-trait v0.1.77
[INFO] [stderr]    Compiling lazy_static v1.4.0
[INFO] [stderr]    Compiling home v0.5.9
[INFO] [stderr]    Compiling iana-time-zone v0.1.59
[INFO] [stderr]    Compiling cc v1.0.83
[INFO] [stderr]    Compiling socket2 v0.5.5
[INFO] [stderr]    Compiling mio v0.8.10
[INFO] [stderr]    Compiling num_cpus v1.16.0
[INFO] [stderr]    Compiling idna v0.5.0
[INFO] [stderr]    Compiling rtoolbox v0.0.2
[INFO] [stderr]    Compiling unsafe-libyaml v0.2.10
[INFO] [stderr]    Compiling rpassword v7.3.1
[INFO] [stderr]    Compiling openssl-src v300.2.1+3.2.0
[INFO] [stderr]    Compiling crypto-common v0.1.6
[INFO] [stderr]    Compiling block-buffer v0.10.4
[INFO] [stderr]    Compiling digest v0.10.7
[INFO] [stderr]    Compiling sha2 v0.10.8
[INFO] [stderr]    Compiling hmac v0.12.1
[INFO] [stderr]    Compiling url v2.5.0
[INFO] [stderr]    Compiling chrono v0.4.31
[INFO] [stderr]    Compiling openssl-sys v0.9.98
[INFO] [stderr]    Compiling regex-automata v0.4.3
[INFO] [stderr]    Compiling regex v1.10.2
[INFO] [stderr]    Compiling serde_derive v1.0.194
[INFO] [stderr]    Compiling futures-macro v0.3.30
[INFO] [stderr]    Compiling tokio-macros v2.2.0
[INFO] [stderr]    Compiling tracing-attributes v0.1.27
[INFO] [stderr]    Compiling openssl-macros v0.1.1
[INFO] [stderr]    Compiling thiserror-impl v1.0.56
[INFO] [stderr]    Compiling tokio v1.35.1
[INFO] [stderr]    Compiling futures-util v0.3.30
[INFO] [stderr]    Compiling tracing v0.1.40
[INFO] [stderr]    Compiling futures-executor v0.3.30
[INFO] [stderr]    Compiling futures v0.3.30
[INFO] [stderr]    Compiling tokio-util v0.7.10
[INFO] [stderr]    Compiling h2 v0.3.22
[INFO] [stderr]    Compiling serde_urlencoded v0.7.1
[INFO] [stderr]    Compiling serde_yaml v0.9.30
[INFO] [stderr]    Compiling jwt v0.16.0
[INFO] [stderr]    Compiling olpc-cjson v0.1.3
[INFO] [stderr]    Compiling hyper v0.14.28
[INFO] [stderr]    Compiling tokio-native-tls v0.3.1
[INFO] [stderr]    Compiling hyper-tls v0.5.0
[INFO] [stderr]    Compiling reqwest v0.11.23
[INFO] [stderr]    Compiling oci-distribution v0.9.4
[INFO] [stderr]    Compiling bpf-oci v0.1.0
[INFO] [stderr]    Compiling ecli-lib v0.2.9 (/opt/rustwide/workdir)
[INFO] [stderr]     Finished dev [unoptimized + debuginfo] target(s) in 1m 25s
[INFO] running `Command { std: "docker" "inspect" "15695a5644197bd0e5333356346707873753107aafb537717fcbe498cf0103f1", kill_on_drop: false }`
[INFO] running `Command { std: "docker" "rm" "-f" "15695a5644197bd0e5333356346707873753107aafb537717fcbe498cf0103f1", kill_on_drop: false }`
[INFO] [stdout] 15695a5644197bd0e5333356346707873753107aafb537717fcbe498cf0103f1
[INFO] running `Command { std: "docker" "create" "-v" "/var/lib/crater-agent-workspace/builds/worker-0-tc2/target:/opt/rustwide/target:rw,Z" "-v" "/var/lib/crater-agent-workspace/builds/worker-0-tc2/source:/opt/rustwide/workdir:ro,Z" "-v" "/var/lib/crater-agent-workspace/cargo-home:/opt/rustwide/cargo-home:ro,Z" "-v" "/var/lib/crater-agent-workspace/rustup-home:/opt/rustwide/rustup-home:ro,Z" "-e" "SOURCE_DIR=/opt/rustwide/workdir" "-e" "CARGO_TARGET_DIR=/opt/rustwide/target" "-e" "CARGO_INCREMENTAL=0" "-e" "RUST_BACKTRACE=full" "-e" "RUSTFLAGS=--cap-lints=warn" "-e" "RUSTDOCFLAGS=--cap-lints=warn" "-e" "CARGO_HOME=/opt/rustwide/cargo-home" "-e" "RUSTUP_HOME=/opt/rustwide/rustup-home" "-w" "/opt/rustwide/workdir" "-m" "1610612736" "--user" "0:0" "--network" "none" "ghcr.io/rust-lang/crates-build-env/linux@sha256:2788e3201cd34a07e3172128adcd8b3090168a8e3bcc40d7c032b9dda1df7d1c" "/opt/rustwide/cargo-home/bin/cargo" "+beta-2023-12-22" "test" "--frozen" "--no-run" "--message-format=json", kill_on_drop: false }`
[INFO] [stdout] 816edecabdb9b46cb1108688f15384038187b83e789f8c56d56d6c08c8737621
[INFO] running `Command { std: "docker" "start" "-a" "816edecabdb9b46cb1108688f15384038187b83e789f8c56d56d6c08c8737621", kill_on_drop: false }`
[INFO] [stderr]    Compiling rustix v0.38.28
[INFO] [stderr]    Compiling linux-raw-sys v0.4.12
[INFO] [stderr]    Compiling glob v0.3.1
[INFO] [stderr]    Compiling nu-ansi-term v0.49.0
[INFO] [stderr]    Compiling is-terminal v0.4.10
[INFO] [stderr]    Compiling flexi_logger v0.25.6
[INFO] [stderr]    Compiling ecli-lib v0.2.9 (/opt/rustwide/workdir)
[INFO] [stdout] error[E0432]: unresolved imports `ecli_lib::runner::client::http`, `ecli_lib::runner::server_http`
[INFO] [stdout]   --> tests/api_test.rs:14:18
[INFO] [stdout]    |
[INFO] [stdout] 14 |         client::{http::EcliHttpClient, AbstractClient, ProgramStatus},
[INFO] [stdout]    |                  ^^^^ could not find `http` in `client`
[INFO] [stdout] 15 |         server_http::{EcliHttpServerAPI, HttpServerState},
[INFO] [stdout]    |         ^^^^^^^^^^^ could not find `server_http` in `runner`
[INFO] [stdout] 
[INFO] [stdout] 
[INFO] [stdout] error[E0433]: failed to resolve: use of undeclared crate or module `ecli_server_codegen`
[INFO] [stdout]   --> tests/api_test.rs:36:27
[INFO] [stdout]    |
[INFO] [stdout] 36 |         let mut service = ecli_server_codegen::Service::new(EcliHttpServerAPI {});
[INFO] [stdout]    |                           ^^^^^^^^^^^^^^^^^^^ use of undeclared crate or module `ecli_server_codegen`
[INFO] [stdout]    |
[INFO] [stdout] help: consider importing this trait
[INFO] [stdout]    |
[INFO] [stdout] 9  + use hyper::service::Service;
[INFO] [stdout]    |
[INFO] [stdout] help: if you import `Service`, refer to it directly
[INFO] [stdout]    |
[INFO] [stdout] 36 -         let mut service = ecli_server_codegen::Service::new(EcliHttpServerAPI {});
[INFO] [stdout] 36 +         let mut service = Service::new(EcliHttpServerAPI {});
[INFO] [stdout]    |
[INFO] [stdout] 
[INFO] [stdout] 
[INFO] [stdout] warning: unused import: `Service`
[INFO] [stdout]   --> tests/api_test.rs:21:44
[INFO] [stdout]    |
[INFO] [stdout] 21 |     service::{make_service_fn, service_fn, Service},
[INFO] [stdout]    |                                            ^^^^^^^
[INFO] [stdout]    |
[INFO] [stdout]    = note: `#[warn(unused_imports)]` on by default
[INFO] [stdout] 
[INFO] [stdout] 
[INFO] [stdout] warning: unused import: `AbstractClient`
[INFO] [stdout]   --> tests/api_test.rs:14:40
[INFO] [stdout]    |
[INFO] [stdout] 14 |         client::{http::EcliHttpClient, AbstractClient, ProgramStatus},
[INFO] [stdout]    |                                        ^^^^^^^^^^^^^^
[INFO] [stdout] 
[INFO] [stdout] 
[INFO] [stdout] error: aborting due to 2 previous errors; 2 warnings emitted
[INFO] [stdout] 
[INFO] [stdout] 
[INFO] [stdout] Some errors have detailed explanations: E0432, E0433.
[INFO] [stdout] 
[INFO] [stdout] For more information about an error, try `rustc --explain E0432`.
[INFO] [stdout] 
[INFO] [stderr] error: could not compile `ecli-lib` (test "api_test") due to 3 previous errors; 2 warnings emitted
[INFO] [stderr] warning: build failed, waiting for other jobs to finish...
[INFO] running `Command { std: "docker" "inspect" "816edecabdb9b46cb1108688f15384038187b83e789f8c56d56d6c08c8737621", kill_on_drop: false }`
[INFO] running `Command { std: "docker" "rm" "-f" "816edecabdb9b46cb1108688f15384038187b83e789f8c56d56d6c08c8737621", kill_on_drop: false }`
[INFO] [stdout] 816edecabdb9b46cb1108688f15384038187b83e789f8c56d56d6c08c8737621
