[INFO] fetching crate dynamodb-helper 0.1.2...
[INFO] testing dynamodb-helper-0.1.2 against 1.75.0 for beta-1.76-1
[INFO] extracting crate dynamodb-helper 0.1.2 into /workspace/builds/worker-3-tc1/source
[INFO] validating manifest of crates.io crate dynamodb-helper 0.1.2 on toolchain 1.75.0
[INFO] running `Command { std: CARGO_HOME="/workspace/cargo-home" RUSTUP_HOME="/workspace/rustup-home" "/workspace/cargo-home/bin/cargo" "+1.75.0" "metadata" "--manifest-path" "Cargo.toml" "--no-deps", kill_on_drop: false }`
[INFO] started tweaking crates.io crate dynamodb-helper 0.1.2
[INFO] finished tweaking crates.io crate dynamodb-helper 0.1.2
[INFO] tweaked toml for crates.io crate dynamodb-helper 0.1.2 written to /workspace/builds/worker-3-tc1/source/Cargo.toml
[INFO] running `Command { std: CARGO_HOME="/workspace/cargo-home" RUSTUP_HOME="/workspace/rustup-home" "/workspace/cargo-home/bin/cargo" "+1.75.0" "generate-lockfile" "--manifest-path" "Cargo.toml", kill_on_drop: false }`
[INFO] [stderr]     Updating crates.io index
[INFO] running `Command { std: CARGO_HOME="/workspace/cargo-home" RUSTUP_HOME="/workspace/rustup-home" "/workspace/cargo-home/bin/cargo" "+1.75.0" "fetch" "--manifest-path" "Cargo.toml", kill_on_drop: false }`
[INFO] [stderr]     Blocking waiting for file lock on package cache
[INFO] [stderr]  Downloading crates ...
[INFO] [stderr]   Downloaded aws-smithy-client v0.47.0
[INFO] [stderr]   Downloaded aws-types v0.47.0
[INFO] [stderr]   Downloaded aws-http v0.47.0
[INFO] [stderr]   Downloaded aws-smithy-types v0.47.0
[INFO] [stderr]   Downloaded aws-smithy-json v0.47.0
[INFO] [stderr]   Downloaded aws-sig-auth v0.47.0
[INFO] [stderr]   Downloaded aws-sigv4 v0.47.1
[INFO] [stderr]   Downloaded aws-smithy-http v0.47.0
[INFO] [stderr]   Downloaded aws-smithy-async v0.47.0
[INFO] [stderr]   Downloaded aws-endpoint v0.47.0
[INFO] [stderr]   Downloaded aws-smithy-http-tower v0.47.0
[INFO] [stderr]   Downloaded aws-sdk-dynamodb v0.17.0
[INFO] running `Command { std: "docker" "create" "-v" "/var/lib/crater-agent-workspace/builds/worker-3-tc1/target:/opt/rustwide/target:rw,Z" "-v" "/var/lib/crater-agent-workspace/builds/worker-3-tc1/source:/opt/rustwide/workdir:ro,Z" "-v" "/var/lib/crater-agent-workspace/cargo-home:/opt/rustwide/cargo-home:ro,Z" "-v" "/var/lib/crater-agent-workspace/rustup-home:/opt/rustwide/rustup-home:ro,Z" "-e" "SOURCE_DIR=/opt/rustwide/workdir" "-e" "CARGO_TARGET_DIR=/opt/rustwide/target" "-e" "CARGO_HOME=/opt/rustwide/cargo-home" "-e" "RUSTUP_HOME=/opt/rustwide/rustup-home" "-w" "/opt/rustwide/workdir" "-m" "1610612736" "--user" "0:0" "--network" "none" "ghcr.io/rust-lang/crates-build-env/linux@sha256:2788e3201cd34a07e3172128adcd8b3090168a8e3bcc40d7c032b9dda1df7d1c" "/opt/rustwide/cargo-home/bin/cargo" "+1.75.0" "metadata" "--no-deps" "--format-version=1", kill_on_drop: false }`
[INFO] [stdout] dcdf86bfc69cbac28760bd2c9e3eb216cfc88a83164c0bc69e6437b44c2ddf0a
[INFO] running `Command { std: "docker" "start" "-a" "dcdf86bfc69cbac28760bd2c9e3eb216cfc88a83164c0bc69e6437b44c2ddf0a", kill_on_drop: false }`
[INFO] running `Command { std: "docker" "inspect" "dcdf86bfc69cbac28760bd2c9e3eb216cfc88a83164c0bc69e6437b44c2ddf0a", kill_on_drop: false }`
[INFO] running `Command { std: "docker" "rm" "-f" "dcdf86bfc69cbac28760bd2c9e3eb216cfc88a83164c0bc69e6437b44c2ddf0a", kill_on_drop: false }`
[INFO] [stdout] dcdf86bfc69cbac28760bd2c9e3eb216cfc88a83164c0bc69e6437b44c2ddf0a
[INFO] running `Command { std: "docker" "create" "-v" "/var/lib/crater-agent-workspace/builds/worker-3-tc1/target:/opt/rustwide/target:rw,Z" "-v" "/var/lib/crater-agent-workspace/builds/worker-3-tc1/source:/opt/rustwide/workdir:ro,Z" "-v" "/var/lib/crater-agent-workspace/cargo-home:/opt/rustwide/cargo-home:ro,Z" "-v" "/var/lib/crater-agent-workspace/rustup-home:/opt/rustwide/rustup-home:ro,Z" "-e" "SOURCE_DIR=/opt/rustwide/workdir" "-e" "CARGO_TARGET_DIR=/opt/rustwide/target" "-e" "CARGO_INCREMENTAL=0" "-e" "RUST_BACKTRACE=full" "-e" "RUSTFLAGS=--cap-lints=warn" "-e" "RUSTDOCFLAGS=--cap-lints=warn" "-e" "CARGO_HOME=/opt/rustwide/cargo-home" "-e" "RUSTUP_HOME=/opt/rustwide/rustup-home" "-w" "/opt/rustwide/workdir" "-m" "1610612736" "--user" "0:0" "--network" "none" "ghcr.io/rust-lang/crates-build-env/linux@sha256:2788e3201cd34a07e3172128adcd8b3090168a8e3bcc40d7c032b9dda1df7d1c" "/opt/rustwide/cargo-home/bin/cargo" "+1.75.0" "build" "--frozen" "--message-format=json", kill_on_drop: false }`
[INFO] [stdout] 9c912ebf0792562000335b89ce375995ff23ca732f49e154edbb7d0594b1c49c
[INFO] running `Command { std: "docker" "start" "-a" "9c912ebf0792562000335b89ce375995ff23ca732f49e154edbb7d0594b1c49c", kill_on_drop: false }`
[INFO] [stderr]    Compiling libc v0.2.151
[INFO] [stderr]    Compiling once_cell v1.19.0
[INFO] [stderr]    Compiling pin-project-lite v0.2.13
[INFO] [stderr]    Compiling bytes v1.5.0
[INFO] [stderr]    Compiling log v0.4.20
[INFO] [stderr]    Compiling futures-core v0.3.30
[INFO] [stderr]    Compiling itoa v1.0.10
[INFO] [stderr]    Compiling untrusted v0.7.1
[INFO] [stderr]    Compiling futures-task v0.3.30
[INFO] [stderr]    Compiling spin v0.5.2
[INFO] [stderr]    Compiling pin-utils v0.1.0
[INFO] [stderr]    Compiling num-traits v0.2.17
[INFO] [stderr]    Compiling num-integer v0.1.45
[INFO] [stderr]    Compiling slab v0.4.9
[INFO] [stderr]    Compiling powerfmt v0.2.0
[INFO] [stderr]    Compiling syn v2.0.48
[INFO] [stderr]    Compiling hashbrown v0.14.3
[INFO] [stderr]    Compiling futures-sink v0.3.30
[INFO] [stderr]    Compiling httparse v1.8.0
[INFO] [stderr]    Compiling tower-service v0.3.2
[INFO] [stderr]    Compiling time-core v0.1.2
[INFO] [stderr]    Compiling try-lock v0.2.5
[INFO] [stderr]    Compiling tracing-core v0.1.32
[INFO] [stderr]    Compiling httpdate v1.0.3
[INFO] [stderr]    Compiling ryu v1.0.16
[INFO] [stderr]    Compiling percent-encoding v2.3.1
[INFO] [stderr]    Compiling deranged v0.3.11
[INFO] [stderr]    Compiling want v0.3.1
[INFO] [stderr]    Compiling futures-channel v0.3.30
[INFO] [stderr]    Compiling either v1.9.0
[INFO] [stderr]    Compiling base64 v0.13.1
[INFO] [stderr]    Compiling openssl-probe v0.1.5
[INFO] [stderr]    Compiling tower-layer v0.3.2
[INFO] [stderr]    Compiling memchr v2.7.1
[INFO] [stderr]    Compiling aws-types v0.47.0
[INFO] [stderr]    Compiling regex-syntax v0.8.2
[INFO] [stderr]    Compiling lazy_static v1.4.0
[INFO] [stderr]    Compiling fastrand v1.9.0
[INFO] [stderr]    Compiling zeroize v1.7.0
[INFO] [stderr]    Compiling http v0.2.11
[INFO] [stderr]    Compiling bytes-utils v0.1.4
[INFO] [stderr]    Compiling form_urlencoded v1.2.1
[INFO] [stderr]    Compiling hex v0.4.3
[INFO] [stderr]    Compiling syn v1.0.109
[INFO] [stderr]    Compiling indexmap v2.1.0
[INFO] [stderr]    Compiling socket2 v0.5.5
[INFO] [stderr]    Compiling mio v0.8.10
[INFO] [stderr]    Compiling cc v1.0.83
[INFO] [stderr]    Compiling aho-corasick v1.1.2
[INFO] [stderr]    Compiling time v0.3.31
[INFO] [stderr]    Compiling tokio v1.35.1
[INFO] [stderr]    Compiling http-body v0.4.6
[INFO] [stderr]    Compiling ring v0.16.20
[INFO] [stderr]    Compiling regex-automata v0.4.3
[INFO] [stderr]    Compiling aws-smithy-types v0.47.0
[INFO] [stderr]    Compiling aws-smithy-json v0.47.0
[INFO] [stderr]    Compiling futures-macro v0.3.30
[INFO] [stderr]    Compiling tracing-attributes v0.1.27
[INFO] [stderr]    Compiling pin-project-internal v1.1.3
[INFO] [stderr]    Compiling tokio-stream v0.1.14
[INFO] [stderr]    Compiling regex v1.10.2
[INFO] [stderr]    Compiling futures-util v0.3.30
[INFO] [stderr]    Compiling pin-project v1.1.3
[INFO] [stderr]    Compiling tracing v0.1.40
[INFO] [stderr]    Compiling tokio-util v0.7.10
[INFO] [stderr]    Compiling h2 v0.3.22
[INFO] [stderr]    Compiling tower v0.4.13
[INFO] [stderr]    Compiling aws-smithy-async v0.47.0
[INFO] [stderr]    Compiling sct v0.6.1
[INFO] [stderr]    Compiling webpki v0.21.4
[INFO] [stderr]    Compiling ct-logs v0.8.0
[INFO] [stderr]    Compiling rustls v0.19.1
[INFO] [stderr]    Compiling rustls-native-certs v0.5.0
[INFO] [stderr]    Compiling tokio-rustls v0.22.0
[INFO] [stderr]    Compiling hyper v0.14.28
[INFO] [stderr]    Compiling aws-smithy-http v0.47.0
[INFO] [stderr]    Compiling hyper-rustls v0.22.1
[INFO] [stderr]    Compiling aws-smithy-http-tower v0.47.0
[INFO] [stderr]    Compiling aws-sigv4 v0.47.1
[INFO] [stderr]    Compiling aws-smithy-client v0.47.0
[INFO] [stderr]    Compiling aws-endpoint v0.47.0
[INFO] [stderr]    Compiling aws-sig-auth v0.47.0
[INFO] [stderr]    Compiling aws-http v0.47.0
[INFO] [stderr]    Compiling aws-sdk-dynamodb v0.17.0
[INFO] [stderr]    Compiling dynamodb-helper v0.1.2 (/opt/rustwide/workdir)
[INFO] [stdout] error[E0603]: struct `Ident` is private
[INFO] [stdout]  --> src/util/util.rs:2:23
[INFO] [stdout]   |
[INFO] [stdout] 2 | use quote::__private::Ident;
[INFO] [stdout]   |                       ^^^^^ private struct
[INFO] [stdout]   |
[INFO] [stdout] note: the struct `Ident` is defined here
[INFO] [stdout]  --> /opt/rustwide/cargo-home/registry/src/index.crates.io-6f17d22bba15001f/quote-1.0.35/src/runtime.rs:6:26
[INFO] [stdout]   |
[INFO] [stdout] 6 | use proc_macro2::{Group, Ident, Punct, Spacing, TokenTree};
[INFO] [stdout]   |                          ^^^^^
[INFO] [stdout] 
[INFO] [stdout] 
[INFO] [stdout] error[E0603]: struct `Ident` is private
[INFO] [stdout]  --> src/util/methods.rs:2:23
[INFO] [stdout]   |
[INFO] [stdout] 2 | use quote::__private::Ident;
[INFO] [stdout]   |                       ^^^^^ private struct
[INFO] [stdout]   |
[INFO] [stdout] note: the struct `Ident` is defined here
[INFO] [stdout]  --> /opt/rustwide/cargo-home/registry/src/index.crates.io-6f17d22bba15001f/quote-1.0.35/src/runtime.rs:6:26
[INFO] [stdout]   |
[INFO] [stdout] 6 | use proc_macro2::{Group, Ident, Punct, Spacing, TokenTree};
[INFO] [stdout]   |                          ^^^^^
[INFO] [stdout] 
[INFO] [stdout] 
[INFO] [stdout] error[E0603]: struct `Ident` is private
[INFO] [stdout]  --> src/util/traits.rs:3:23
[INFO] [stdout]   |
[INFO] [stdout] 3 | use quote::__private::Ident;
[INFO] [stdout]   |                       ^^^^^ private struct
[INFO] [stdout]   |
[INFO] [stdout] note: the struct `Ident` is defined here
[INFO] [stdout]  --> /opt/rustwide/cargo-home/registry/src/index.crates.io-6f17d22bba15001f/quote-1.0.35/src/runtime.rs:6:26
[INFO] [stdout]   |
[INFO] [stdout] 6 | use proc_macro2::{Group, Ident, Punct, Spacing, TokenTree};
[INFO] [stdout]   |                          ^^^^^
[INFO] [stdout] 
[INFO] [stdout] 
[INFO] [stdout] error[E0603]: struct `Ident` is private
[INFO] [stdout]   --> src/lib.rs:10:23
[INFO] [stdout]    |
[INFO] [stdout] 10 | use quote::__private::Ident;
[INFO] [stdout]    |                       ^^^^^ private struct
[INFO] [stdout]    |
[INFO] [stdout] note: the struct `Ident` is defined here
[INFO] [stdout]   --> /opt/rustwide/cargo-home/registry/src/index.crates.io-6f17d22bba15001f/quote-1.0.35/src/runtime.rs:6:26
[INFO] [stdout]    |
[INFO] [stdout] 6  | use proc_macro2::{Group, Ident, Punct, Spacing, TokenTree};
[INFO] [stdout]    |                          ^^^^^
[INFO] [stdout] 
[INFO] [stdout] 
[INFO] [stdout] error[E0603]: struct `Ident` is private
[INFO] [stdout]  --> src/util/errors.rs:1:23
[INFO] [stdout]   |
[INFO] [stdout] 1 | use quote::__private::Ident;
[INFO] [stdout]   |                       ^^^^^ private struct
[INFO] [stdout]   |
[INFO] [stdout] note: the struct `Ident` is defined here
[INFO] [stdout]  --> /opt/rustwide/cargo-home/registry/src/index.crates.io-6f17d22bba15001f/quote-1.0.35/src/runtime.rs:6:26
[INFO] [stdout]   |
[INFO] [stdout] 6 | use proc_macro2::{Group, Ident, Punct, Spacing, TokenTree};
[INFO] [stdout]   |                          ^^^^^
[INFO] [stdout] 
[INFO] [stdout] 
[INFO] [stdout] error: aborting due to 5 previous errors
[INFO] [stdout] 
[INFO] [stdout] 
[INFO] [stdout] For more information about this error, try `rustc --explain E0603`.
[INFO] [stdout] 
[INFO] [stderr] error: could not compile `dynamodb-helper` (lib) due to 6 previous errors
[INFO] running `Command { std: "docker" "inspect" "9c912ebf0792562000335b89ce375995ff23ca732f49e154edbb7d0594b1c49c", kill_on_drop: false }`
[INFO] running `Command { std: "docker" "rm" "-f" "9c912ebf0792562000335b89ce375995ff23ca732f49e154edbb7d0594b1c49c", kill_on_drop: false }`
[INFO] [stdout] 9c912ebf0792562000335b89ce375995ff23ca732f49e154edbb7d0594b1c49c
