[INFO] fetching crate dyeware 0.0.0...
[INFO] testing dyeware-0.0.0 against 1.75.0 for beta-1.76-1
[INFO] extracting crate dyeware 0.0.0 into /workspace/builds/worker-1-tc1/source
[INFO] validating manifest of crates.io crate dyeware 0.0.0 on toolchain 1.75.0
[INFO] running `Command { std: CARGO_HOME="/workspace/cargo-home" RUSTUP_HOME="/workspace/rustup-home" "/workspace/cargo-home/bin/cargo" "+1.75.0" "metadata" "--manifest-path" "Cargo.toml" "--no-deps", kill_on_drop: false }`
[INFO] started tweaking crates.io crate dyeware 0.0.0
[INFO] finished tweaking crates.io crate dyeware 0.0.0
[INFO] tweaked toml for crates.io crate dyeware 0.0.0 written to /workspace/builds/worker-1-tc1/source/Cargo.toml
[INFO] running `Command { std: CARGO_HOME="/workspace/cargo-home" RUSTUP_HOME="/workspace/rustup-home" "/workspace/cargo-home/bin/cargo" "+1.75.0" "generate-lockfile" "--manifest-path" "Cargo.toml", kill_on_drop: false }`
[INFO] [stderr]     Updating crates.io index
[INFO] running `Command { std: CARGO_HOME="/workspace/cargo-home" RUSTUP_HOME="/workspace/rustup-home" "/workspace/cargo-home/bin/cargo" "+1.75.0" "fetch" "--manifest-path" "Cargo.toml", kill_on_drop: false }`
[INFO] [stderr]  Downloading crates ...
[INFO] [stderr]   Downloaded code-span v0.2.0
[INFO] [stderr]   Downloaded diagnostic v0.4.3
[INFO] [stderr]   Downloaded internship v0.6.0
[INFO] [stderr]   Downloaded color-span v0.2.1
[INFO] [stderr]   Downloaded tl v0.7.7
[INFO] [stderr]   Downloaded diagnostic-quick v0.2.9
[INFO] running `Command { std: "docker" "create" "-v" "/var/lib/crater-agent-workspace/builds/worker-1-tc1/target:/opt/rustwide/target:rw,Z" "-v" "/var/lib/crater-agent-workspace/builds/worker-1-tc1/source:/opt/rustwide/workdir:ro,Z" "-v" "/var/lib/crater-agent-workspace/cargo-home:/opt/rustwide/cargo-home:ro,Z" "-v" "/var/lib/crater-agent-workspace/rustup-home:/opt/rustwide/rustup-home:ro,Z" "-e" "SOURCE_DIR=/opt/rustwide/workdir" "-e" "CARGO_TARGET_DIR=/opt/rustwide/target" "-e" "CARGO_HOME=/opt/rustwide/cargo-home" "-e" "RUSTUP_HOME=/opt/rustwide/rustup-home" "-w" "/opt/rustwide/workdir" "-m" "1610612736" "--user" "0:0" "--network" "none" "ghcr.io/rust-lang/crates-build-env/linux@sha256:2788e3201cd34a07e3172128adcd8b3090168a8e3bcc40d7c032b9dda1df7d1c" "/opt/rustwide/cargo-home/bin/cargo" "+1.75.0" "metadata" "--no-deps" "--format-version=1", kill_on_drop: false }`
[INFO] [stdout] 91f4c56bcf8660c48898b932024926aa46a2d3d41306e27948bcbb8afe08fd2d
[INFO] running `Command { std: "docker" "start" "-a" "91f4c56bcf8660c48898b932024926aa46a2d3d41306e27948bcbb8afe08fd2d", kill_on_drop: false }`
[INFO] running `Command { std: "docker" "inspect" "91f4c56bcf8660c48898b932024926aa46a2d3d41306e27948bcbb8afe08fd2d", kill_on_drop: false }`
[INFO] running `Command { std: "docker" "rm" "-f" "91f4c56bcf8660c48898b932024926aa46a2d3d41306e27948bcbb8afe08fd2d", kill_on_drop: false }`
[INFO] [stdout] 91f4c56bcf8660c48898b932024926aa46a2d3d41306e27948bcbb8afe08fd2d
[INFO] running `Command { std: "docker" "create" "-v" "/var/lib/crater-agent-workspace/builds/worker-1-tc1/target:/opt/rustwide/target:rw,Z" "-v" "/var/lib/crater-agent-workspace/builds/worker-1-tc1/source:/opt/rustwide/workdir:ro,Z" "-v" "/var/lib/crater-agent-workspace/cargo-home:/opt/rustwide/cargo-home:ro,Z" "-v" "/var/lib/crater-agent-workspace/rustup-home:/opt/rustwide/rustup-home:ro,Z" "-e" "SOURCE_DIR=/opt/rustwide/workdir" "-e" "CARGO_TARGET_DIR=/opt/rustwide/target" "-e" "CARGO_INCREMENTAL=0" "-e" "RUST_BACKTRACE=full" "-e" "RUSTFLAGS=--cap-lints=warn" "-e" "RUSTDOCFLAGS=--cap-lints=warn" "-e" "CARGO_HOME=/opt/rustwide/cargo-home" "-e" "RUSTUP_HOME=/opt/rustwide/rustup-home" "-w" "/opt/rustwide/workdir" "-m" "1610612736" "--user" "0:0" "--network" "none" "ghcr.io/rust-lang/crates-build-env/linux@sha256:2788e3201cd34a07e3172128adcd8b3090168a8e3bcc40d7c032b9dda1df7d1c" "/opt/rustwide/cargo-home/bin/cargo" "+1.75.0" "build" "--frozen" "--message-format=json", kill_on_drop: false }`
[INFO] [stdout] a7446cae51d240de9dff16a3ade9971090d51beb84c5a62ba31e9169a0bb1d13
[INFO] running `Command { std: "docker" "start" "-a" "a7446cae51d240de9dff16a3ade9971090d51beb84c5a62ba31e9169a0bb1d13", kill_on_drop: false }`
[INFO] [stderr]    Compiling serde v1.0.194
[INFO] [stderr]    Compiling termcolor v1.4.0
[INFO] [stderr]    Compiling tl v0.7.7
[INFO] [stderr]    Compiling indexmap v1.9.3
[INFO] [stderr]    Compiling syn v2.0.48
[INFO] [stderr]    Compiling regex v1.10.2
[INFO] [stdout] error[E0554]: `#![feature]` may not be used on the stable release channel
[INFO] [stdout]  --> /opt/rustwide/cargo-home/registry/src/index.crates.io-6f17d22bba15001f/tl-0.7.7/src/lib.rs:1:39
[INFO] [stdout]   |
[INFO] [stdout] 1 | #![cfg_attr(feature = "simd", feature(portable_simd))]
[INFO] [stdout]   |                                       ^^^^^^^^^^^^^
[INFO] [stdout] 
[INFO] [stdout] 
[INFO] [stdout] error: aborting due to previous error
[INFO] [stdout] 
[INFO] [stdout] 
[INFO] [stdout] For more information about this error, try `rustc --explain E0554`.
[INFO] [stdout] 
[INFO] [stderr] error: could not compile `tl` (lib) due to 2 previous errors
[INFO] [stderr] warning: build failed, waiting for other jobs to finish...
[INFO] running `Command { std: "docker" "inspect" "a7446cae51d240de9dff16a3ade9971090d51beb84c5a62ba31e9169a0bb1d13", kill_on_drop: false }`
[INFO] running `Command { std: "docker" "rm" "-f" "a7446cae51d240de9dff16a3ade9971090d51beb84c5a62ba31e9169a0bb1d13", kill_on_drop: false }`
[INFO] [stdout] a7446cae51d240de9dff16a3ade9971090d51beb84c5a62ba31e9169a0bb1d13
[INFO] testing dyeware-0.0.0 against beta-2023-12-22 for beta-1.76-1
[INFO] extracting crate dyeware 0.0.0 into /workspace/builds/worker-1-tc2/source
[INFO] validating manifest of crates.io crate dyeware 0.0.0 on toolchain beta-2023-12-22
[INFO] running `Command { std: CARGO_HOME="/workspace/cargo-home" RUSTUP_HOME="/workspace/rustup-home" "/workspace/cargo-home/bin/cargo" "+beta-2023-12-22" "metadata" "--manifest-path" "Cargo.toml" "--no-deps", kill_on_drop: false }`
[INFO] started tweaking crates.io crate dyeware 0.0.0
[INFO] finished tweaking crates.io crate dyeware 0.0.0
[INFO] tweaked toml for crates.io crate dyeware 0.0.0 written to /workspace/builds/worker-1-tc2/source/Cargo.toml
[INFO] running `Command { std: CARGO_HOME="/workspace/cargo-home" RUSTUP_HOME="/workspace/rustup-home" "/workspace/cargo-home/bin/cargo" "+beta-2023-12-22" "generate-lockfile" "--manifest-path" "Cargo.toml", kill_on_drop: false }`
[INFO] [stderr]     Updating crates.io index
[INFO] running `Command { std: CARGO_HOME="/workspace/cargo-home" RUSTUP_HOME="/workspace/rustup-home" "/workspace/cargo-home/bin/cargo" "+beta-2023-12-22" "fetch" "--manifest-path" "Cargo.toml", kill_on_drop: false }`
[INFO] running `Command { std: "docker" "create" "-v" "/var/lib/crater-agent-workspace/builds/worker-1-tc2/target:/opt/rustwide/target:rw,Z" "-v" "/var/lib/crater-agent-workspace/builds/worker-1-tc2/source:/opt/rustwide/workdir:ro,Z" "-v" "/var/lib/crater-agent-workspace/cargo-home:/opt/rustwide/cargo-home:ro,Z" "-v" "/var/lib/crater-agent-workspace/rustup-home:/opt/rustwide/rustup-home:ro,Z" "-e" "SOURCE_DIR=/opt/rustwide/workdir" "-e" "CARGO_TARGET_DIR=/opt/rustwide/target" "-e" "CARGO_HOME=/opt/rustwide/cargo-home" "-e" "RUSTUP_HOME=/opt/rustwide/rustup-home" "-w" "/opt/rustwide/workdir" "-m" "1610612736" "--user" "0:0" "--network" "none" "ghcr.io/rust-lang/crates-build-env/linux@sha256:2788e3201cd34a07e3172128adcd8b3090168a8e3bcc40d7c032b9dda1df7d1c" "/opt/rustwide/cargo-home/bin/cargo" "+beta-2023-12-22" "metadata" "--no-deps" "--format-version=1", kill_on_drop: false }`
[INFO] [stdout] 2c606f6471d8d46b8d63d1b8d9106a4b5bd41b1cbd6b82c7923873b082ab2004
[INFO] running `Command { std: "docker" "start" "-a" "2c606f6471d8d46b8d63d1b8d9106a4b5bd41b1cbd6b82c7923873b082ab2004", kill_on_drop: false }`
[INFO] running `Command { std: "docker" "inspect" "2c606f6471d8d46b8d63d1b8d9106a4b5bd41b1cbd6b82c7923873b082ab2004", kill_on_drop: false }`
[INFO] running `Command { std: "docker" "rm" "-f" "2c606f6471d8d46b8d63d1b8d9106a4b5bd41b1cbd6b82c7923873b082ab2004", kill_on_drop: false }`
[INFO] [stdout] 2c606f6471d8d46b8d63d1b8d9106a4b5bd41b1cbd6b82c7923873b082ab2004
[INFO] running `Command { std: "docker" "create" "-v" "/var/lib/crater-agent-workspace/builds/worker-1-tc2/target:/opt/rustwide/target:rw,Z" "-v" "/var/lib/crater-agent-workspace/builds/worker-1-tc2/source:/opt/rustwide/workdir:ro,Z" "-v" "/var/lib/crater-agent-workspace/cargo-home:/opt/rustwide/cargo-home:ro,Z" "-v" "/var/lib/crater-agent-workspace/rustup-home:/opt/rustwide/rustup-home:ro,Z" "-e" "SOURCE_DIR=/opt/rustwide/workdir" "-e" "CARGO_TARGET_DIR=/opt/rustwide/target" "-e" "CARGO_INCREMENTAL=0" "-e" "RUST_BACKTRACE=full" "-e" "RUSTFLAGS=--cap-lints=warn" "-e" "RUSTDOCFLAGS=--cap-lints=warn" "-e" "CARGO_HOME=/opt/rustwide/cargo-home" "-e" "RUSTUP_HOME=/opt/rustwide/rustup-home" "-w" "/opt/rustwide/workdir" "-m" "1610612736" "--user" "0:0" "--network" "none" "ghcr.io/rust-lang/crates-build-env/linux@sha256:2788e3201cd34a07e3172128adcd8b3090168a8e3bcc40d7c032b9dda1df7d1c" "/opt/rustwide/cargo-home/bin/cargo" "+beta-2023-12-22" "build" "--frozen" "--message-format=json", kill_on_drop: false }`
[INFO] [stdout] 811a3cc62c7dc2adec8bbd48c522ef9530bcffe71911a4c2f42701f21bab803d
[INFO] running `Command { std: "docker" "start" "-a" "811a3cc62c7dc2adec8bbd48c522ef9530bcffe71911a4c2f42701f21bab803d", kill_on_drop: false }`
[INFO] [stderr]    Compiling serde v1.0.194
[INFO] [stderr]    Compiling termcolor v1.4.0
[INFO] [stderr]    Compiling tl v0.7.7
[INFO] [stderr]    Compiling indexmap v1.9.3
[INFO] [stderr]    Compiling syn v2.0.48
[INFO] [stdout] error[E0554]: `#![feature]` may not be used on the beta release channel
[INFO] [stdout]  --> /opt/rustwide/cargo-home/registry/src/index.crates.io-6f17d22bba15001f/tl-0.7.7/src/lib.rs:1:39
[INFO] [stdout]   |
[INFO] [stdout] 1 | #![cfg_attr(feature = "simd", feature(portable_simd))]
[INFO] [stdout]   |                                       ^^^^^^^^^^^^^
[INFO] [stdout] 
[INFO] [stdout] 
[INFO] [stdout] error[E0599]: no method named `simd_eq` found for struct `std::simd::Simd` in the current scope
[INFO] [stdout]   --> /opt/rustwide/cargo-home/registry/src/index.crates.io-6f17d22bba15001f/tl-0.7.7/src/simd/nightly.rs:27:24
[INFO] [stdout]    |
[INFO] [stdout] 27 |         let eq = bytes.simd_eq(needle16).to_int();
[INFO] [stdout]    |                        ^^^^^^^ method not found in `Simd<u8, 16>`
[INFO] [stdout]   --> /rustc/0e09125c6c3c2fd70d7de961bcf0e51575235fad/library/core/src/../../portable-simd/crates/core_simd/src/simd/cmp/eq.rs:14:8
[INFO] [stdout]    |
[INFO] [stdout]    = note: the method is available for `std::simd::Simd<u8, 16>` here
[INFO] [stdout]    |
[INFO] [stdout]    = help: items from traits can only be used if the trait is in scope
[INFO] [stdout] help: the following trait is implemented but not in scope; perhaps add a `use` for it:
[INFO] [stdout]    |
[INFO] [stdout] 1  + use std::simd::cmp::SimdPartialEq;
[INFO] [stdout]    |
[INFO] [stdout] 
[INFO] [stdout] 
[INFO] [stdout] error[E0599]: no method named `simd_eq` found for struct `std::simd::Simd` in the current scope
[INFO] [stdout]   --> /opt/rustwide/cargo-home/registry/src/index.crates.io-6f17d22bba15001f/tl-0.7.7/src/simd/nightly.rs:65:25
[INFO] [stdout]    |
[INFO] [stdout] 65 |         let eq1 = bytes.simd_eq(needle16a);
[INFO] [stdout]    |                         ^^^^^^^ method not found in `Simd<u8, 16>`
[INFO] [stdout]   --> /rustc/0e09125c6c3c2fd70d7de961bcf0e51575235fad/library/core/src/../../portable-simd/crates/core_simd/src/simd/cmp/eq.rs:14:8
[INFO] [stdout]    |
[INFO] [stdout]    = note: the method is available for `std::simd::Simd<u8, 16>` here
[INFO] [stdout]    |
[INFO] [stdout]    = help: items from traits can only be used if the trait is in scope
[INFO] [stdout] help: the following trait is implemented but not in scope; perhaps add a `use` for it:
[INFO] [stdout]    |
[INFO] [stdout] 1  + use std::simd::cmp::SimdPartialEq;
[INFO] [stdout]    |
[INFO] [stdout] 
[INFO] [stdout] 
[INFO] [stdout] error[E0599]: no method named `simd_eq` found for struct `std::simd::Simd` in the current scope
[INFO] [stdout]   --> /opt/rustwide/cargo-home/registry/src/index.crates.io-6f17d22bba15001f/tl-0.7.7/src/simd/nightly.rs:66:25
[INFO] [stdout]    |
[INFO] [stdout] 66 |         let eq2 = bytes.simd_eq(needle16b);
[INFO] [stdout]    |                         ^^^^^^^ method not found in `Simd<u8, 16>`
[INFO] [stdout]   --> /rustc/0e09125c6c3c2fd70d7de961bcf0e51575235fad/library/core/src/../../portable-simd/crates/core_simd/src/simd/cmp/eq.rs:14:8
[INFO] [stdout]    |
[INFO] [stdout]    = note: the method is available for `std::simd::Simd<u8, 16>` here
[INFO] [stdout]    |
[INFO] [stdout]    = help: items from traits can only be used if the trait is in scope
[INFO] [stdout] help: the following trait is implemented but not in scope; perhaps add a `use` for it:
[INFO] [stdout]    |
[INFO] [stdout] 1  + use std::simd::cmp::SimdPartialEq;
[INFO] [stdout]    |
[INFO] [stdout] 
[INFO] [stdout] 
[INFO] [stdout] error[E0599]: no method named `simd_eq` found for struct `std::simd::Simd` in the current scope
[INFO] [stdout]   --> /opt/rustwide/cargo-home/registry/src/index.crates.io-6f17d22bba15001f/tl-0.7.7/src/simd/nightly.rs:67:25
[INFO] [stdout]    |
[INFO] [stdout] 67 |         let eq3 = bytes.simd_eq(needle16c);
[INFO] [stdout]    |                         ^^^^^^^ method not found in `Simd<u8, 16>`
[INFO] [stdout]   --> /rustc/0e09125c6c3c2fd70d7de961bcf0e51575235fad/library/core/src/../../portable-simd/crates/core_simd/src/simd/cmp/eq.rs:14:8
[INFO] [stdout]    |
[INFO] [stdout]    = note: the method is available for `std::simd::Simd<u8, 16>` here
[INFO] [stdout]    |
[INFO] [stdout]    = help: items from traits can only be used if the trait is in scope
[INFO] [stdout] help: the following trait is implemented but not in scope; perhaps add a `use` for it:
[INFO] [stdout]    |
[INFO] [stdout] 1  + use std::simd::cmp::SimdPartialEq;
[INFO] [stdout]    |
[INFO] [stdout] 
[INFO] [stdout] 
[INFO] [stdout] error[E0599]: no method named `simd_eq` found for struct `std::simd::Simd` in the current scope
[INFO] [stdout]   --> /opt/rustwide/cargo-home/registry/src/index.crates.io-6f17d22bba15001f/tl-0.7.7/src/simd/nightly.rs:68:25
[INFO] [stdout]    |
[INFO] [stdout] 68 |         let eq4 = bytes.simd_eq(needle16d);
[INFO] [stdout]    |                         ^^^^^^^ method not found in `Simd<u8, 16>`
[INFO] [stdout]   --> /rustc/0e09125c6c3c2fd70d7de961bcf0e51575235fad/library/core/src/../../portable-simd/crates/core_simd/src/simd/cmp/eq.rs:14:8
[INFO] [stdout]    |
[INFO] [stdout]    = note: the method is available for `std::simd::Simd<u8, 16>` here
[INFO] [stdout]    |
[INFO] [stdout]    = help: items from traits can only be used if the trait is in scope
[INFO] [stdout] help: the following trait is implemented but not in scope; perhaps add a `use` for it:
[INFO] [stdout]    |
[INFO] [stdout] 1  + use std::simd::cmp::SimdPartialEq;
[INFO] [stdout]    |
[INFO] [stdout] 
[INFO] [stdout] 
[INFO] [stdout] error[E0599]: no method named `simd_ge` found for struct `std::simd::Simd` in the current scope
[INFO] [stdout]    --> /opt/rustwide/cargo-home/registry/src/index.crates.io-6f17d22bba15001f/tl-0.7.7/src/simd/nightly.rs:111:29
[INFO] [stdout]     |
[INFO] [stdout] 111 |         let ge_zero = bytes.simd_ge(needle_zero);
[INFO] [stdout]     |                             ^^^^^^^ method not found in `Simd<u8, 16>`
[INFO] [stdout]    --> /rustc/0e09125c6c3c2fd70d7de961bcf0e51575235fad/library/core/src/../../portable-simd/crates/core_simd/src/simd/cmp/ord.rs:24:8
[INFO] [stdout]     |
[INFO] [stdout]     = note: the method is available for `std::simd::Simd<u8, 16>` here
[INFO] [stdout]     |
[INFO] [stdout]     = help: items from traits can only be used if the trait is in scope
[INFO] [stdout] help: the following trait is implemented but not in scope; perhaps add a `use` for it:
[INFO] [stdout]     |
[INFO] [stdout] 1   + use std::simd::cmp::SimdPartialOrd;
[INFO] [stdout]     |
[INFO] [stdout] 
[INFO] [stdout] 
[INFO] [stdout] error[E0599]: no method named `simd_le` found for struct `std::simd::Simd` in the current scope
[INFO] [stdout]    --> /opt/rustwide/cargo-home/registry/src/index.crates.io-6f17d22bba15001f/tl-0.7.7/src/simd/nightly.rs:112:29
[INFO] [stdout]     |
[INFO] [stdout] 112 |         let le_nine = bytes.simd_le(needle_nine);
[INFO] [stdout]     |                             ^^^^^^^ method not found in `Simd<u8, 16>`
[INFO] [stdout]    --> /rustc/0e09125c6c3c2fd70d7de961bcf0e51575235fad/library/core/src/../../portable-simd/crates/core_simd/src/simd/cmp/ord.rs:16:8
[INFO] [stdout]     |
[INFO] [stdout]     = note: the method is available for `std::simd::Simd<u8, 16>` here
[INFO] [stdout]     |
[INFO] [stdout]     = help: items from traits can only be used if the trait is in scope
[INFO] [stdout] help: the following trait is implemented but not in scope; perhaps add a `use` for it:
[INFO] [stdout]     |
[INFO] [stdout] 1   + use std::simd::cmp::SimdPartialOrd;
[INFO] [stdout]     |
[INFO] [stdout] 
[INFO] [stdout] 
[INFO] [stdout] error[E0599]: no method named `simd_ge` found for struct `std::simd::Simd` in the current scope
[INFO] [stdout]    --> /opt/rustwide/cargo-home/registry/src/index.crates.io-6f17d22bba15001f/tl-0.7.7/src/simd/nightly.rs:115:29
[INFO] [stdout]     |
[INFO] [stdout] 115 |         let ge_lc_a = bytes.simd_ge(needle_lc_a);
[INFO] [stdout]     |                             ^^^^^^^ method not found in `Simd<u8, 16>`
[INFO] [stdout]    --> /rustc/0e09125c6c3c2fd70d7de961bcf0e51575235fad/library/core/src/../../portable-simd/crates/core_simd/src/simd/cmp/ord.rs:24:8
[INFO] [stdout]     |
[INFO] [stdout]     = note: the method is available for `std::simd::Simd<u8, 16>` here
[INFO] [stdout]     |
[INFO] [stdout]     = help: items from traits can only be used if the trait is in scope
[INFO] [stdout] help: the following trait is implemented but not in scope; perhaps add a `use` for it:
[INFO] [stdout]     |
[INFO] [stdout] 1   + use std::simd::cmp::SimdPartialOrd;
[INFO] [stdout]     |
[INFO] [stdout] 
[INFO] [stdout] 
[INFO] [stdout] error[E0599]: no method named `simd_le` found for struct `std::simd::Simd` in the current scope
[INFO] [stdout]    --> /opt/rustwide/cargo-home/registry/src/index.crates.io-6f17d22bba15001f/tl-0.7.7/src/simd/nightly.rs:116:29
[INFO] [stdout]     |
[INFO] [stdout] 116 |         let le_lc_z = bytes.simd_le(needle_lc_z);
[INFO] [stdout]     |                             ^^^^^^^ method not found in `Simd<u8, 16>`
[INFO] [stdout]    --> /rustc/0e09125c6c3c2fd70d7de961bcf0e51575235fad/library/core/src/../../portable-simd/crates/core_simd/src/simd/cmp/ord.rs:16:8
[INFO] [stdout]     |
[INFO] [stdout]     = note: the method is available for `std::simd::Simd<u8, 16>` here
[INFO] [stdout]     |
[INFO] [stdout]     = help: items from traits can only be used if the trait is in scope
[INFO] [stdout] help: the following trait is implemented but not in scope; perhaps add a `use` for it:
[INFO] [stdout]     |
[INFO] [stdout] 1   + use std::simd::cmp::SimdPartialOrd;
[INFO] [stdout]     |
[INFO] [stdout] 
[INFO] [stdout] 
[INFO] [stdout] error[E0599]: no method named `simd_ge` found for struct `std::simd::Simd` in the current scope
[INFO] [stdout]    --> /opt/rustwide/cargo-home/registry/src/index.crates.io-6f17d22bba15001f/tl-0.7.7/src/simd/nightly.rs:119:29
[INFO] [stdout]     |
[INFO] [stdout] 119 |         let ge_uc_a = bytes.simd_ge(needle_uc_a);
[INFO] [stdout]     |                             ^^^^^^^ method not found in `Simd<u8, 16>`
[INFO] [stdout]    --> /rustc/0e09125c6c3c2fd70d7de961bcf0e51575235fad/library/core/src/../../portable-simd/crates/core_simd/src/simd/cmp/ord.rs:24:8
[INFO] [stdout]     |
[INFO] [stdout]     = note: the method is available for `std::simd::Simd<u8, 16>` here
[INFO] [stdout]     |
[INFO] [stdout]     = help: items from traits can only be used if the trait is in scope
[INFO] [stdout] help: the following trait is implemented but not in scope; perhaps add a `use` for it:
[INFO] [stdout]     |
[INFO] [stdout] 1   + use std::simd::cmp::SimdPartialOrd;
[INFO] [stdout]     |
[INFO] [stdout] 
[INFO] [stdout] 
[INFO] [stdout] error[E0599]: no method named `simd_le` found for struct `std::simd::Simd` in the current scope
[INFO] [stdout]    --> /opt/rustwide/cargo-home/registry/src/index.crates.io-6f17d22bba15001f/tl-0.7.7/src/simd/nightly.rs:120:29
[INFO] [stdout]     |
[INFO] [stdout] 120 |         let le_uc_z = bytes.simd_le(needle_uc_z);
[INFO] [stdout]     |                             ^^^^^^^ method not found in `Simd<u8, 16>`
[INFO] [stdout]    --> /rustc/0e09125c6c3c2fd70d7de961bcf0e51575235fad/library/core/src/../../portable-simd/crates/core_simd/src/simd/cmp/ord.rs:16:8
[INFO] [stdout]     |
[INFO] [stdout]     = note: the method is available for `std::simd::Simd<u8, 16>` here
[INFO] [stdout]     |
[INFO] [stdout]     = help: items from traits can only be used if the trait is in scope
[INFO] [stdout] help: the following trait is implemented but not in scope; perhaps add a `use` for it:
[INFO] [stdout]     |
[INFO] [stdout] 1   + use std::simd::cmp::SimdPartialOrd;
[INFO] [stdout]     |
[INFO] [stdout] 
[INFO] [stdout] 
[INFO] [stdout] error[E0599]: no method named `simd_eq` found for struct `std::simd::Simd` in the current scope
[INFO] [stdout]    --> /opt/rustwide/cargo-home/registry/src/index.crates.io-6f17d22bba15001f/tl-0.7.7/src/simd/nightly.rs:123:30
[INFO] [stdout]     |
[INFO] [stdout] 123 |         let eq_minus = bytes.simd_eq(needle_minus);
[INFO] [stdout]     |                              ^^^^^^^ method not found in `Simd<u8, 16>`
[INFO] [stdout]    --> /rustc/0e09125c6c3c2fd70d7de961bcf0e51575235fad/library/core/src/../../portable-simd/crates/core_simd/src/simd/cmp/eq.rs:14:8
[INFO] [stdout]     |
[INFO] [stdout]     = note: the method is available for `std::simd::Simd<u8, 16>` here
[INFO] [stdout]     |
[INFO] [stdout]     = help: items from traits can only be used if the trait is in scope
[INFO] [stdout] help: the following trait is implemented but not in scope; perhaps add a `use` for it:
[INFO] [stdout]     |
[INFO] [stdout] 1   + use std::simd::cmp::SimdPartialEq;
[INFO] [stdout]     |
[INFO] [stdout] 
[INFO] [stdout] 
[INFO] [stdout] error[E0599]: no method named `simd_eq` found for struct `std::simd::Simd` in the current scope
[INFO] [stdout]    --> /opt/rustwide/cargo-home/registry/src/index.crates.io-6f17d22bba15001f/tl-0.7.7/src/simd/nightly.rs:124:35
[INFO] [stdout]     |
[INFO] [stdout] 124 |         let eq_underscore = bytes.simd_eq(needle_underscore);
[INFO] [stdout]     |                                   ^^^^^^^ method not found in `Simd<u8, 16>`
[INFO] [stdout]    --> /rustc/0e09125c6c3c2fd70d7de961bcf0e51575235fad/library/core/src/../../portable-simd/crates/core_simd/src/simd/cmp/eq.rs:14:8
[INFO] [stdout]     |
[INFO] [stdout]     = note: the method is available for `std::simd::Simd<u8, 16>` here
[INFO] [stdout]     |
[INFO] [stdout]     = help: items from traits can only be used if the trait is in scope
[INFO] [stdout] help: the following trait is implemented but not in scope; perhaps add a `use` for it:
[INFO] [stdout]     |
[INFO] [stdout] 1   + use std::simd::cmp::SimdPartialEq;
[INFO] [stdout]     |
[INFO] [stdout] 
[INFO] [stdout] 
[INFO] [stdout] error: aborting due to 14 previous errors
[INFO] [stdout] 
[INFO] [stdout] 
[INFO] [stdout] Some errors have detailed explanations: E0554, E0599.
[INFO] [stdout] 
[INFO] [stdout] For more information about an error, try `rustc --explain E0554`.
[INFO] [stdout] 
[INFO] [stderr] error: could not compile `tl` (lib) due to 15 previous errors
[INFO] [stderr] warning: build failed, waiting for other jobs to finish...
[INFO] running `Command { std: "docker" "inspect" "811a3cc62c7dc2adec8bbd48c522ef9530bcffe71911a4c2f42701f21bab803d", kill_on_drop: false }`
[INFO] running `Command { std: "docker" "rm" "-f" "811a3cc62c7dc2adec8bbd48c522ef9530bcffe71911a4c2f42701f21bab803d", kill_on_drop: false }`
[INFO] [stdout] 811a3cc62c7dc2adec8bbd48c522ef9530bcffe71911a4c2f42701f21bab803d
