[INFO] fetching crate duckdb-queryscript 0.7.4...
[INFO] testing duckdb-queryscript-0.7.4 against 1.75.0 for beta-1.76-1
[INFO] extracting crate duckdb-queryscript 0.7.4 into /workspace/builds/worker-2-tc1/source
[INFO] validating manifest of crates.io crate duckdb-queryscript 0.7.4 on toolchain 1.75.0
[INFO] running `Command { std: CARGO_HOME="/workspace/cargo-home" RUSTUP_HOME="/workspace/rustup-home" "/workspace/cargo-home/bin/cargo" "+1.75.0" "metadata" "--manifest-path" "Cargo.toml" "--no-deps", kill_on_drop: false }`
[INFO] started tweaking crates.io crate duckdb-queryscript 0.7.4
[INFO] finished tweaking crates.io crate duckdb-queryscript 0.7.4
[INFO] tweaked toml for crates.io crate duckdb-queryscript 0.7.4 written to /workspace/builds/worker-2-tc1/source/Cargo.toml
[INFO] crate crates.io crate duckdb-queryscript 0.7.4 already has a lockfile, it will not be regenerated
[INFO] running `Command { std: CARGO_HOME="/workspace/cargo-home" RUSTUP_HOME="/workspace/rustup-home" "/workspace/cargo-home/bin/cargo" "+1.75.0" "fetch" "--manifest-path" "Cargo.toml", kill_on_drop: false }`
[INFO] [stderr]     Updating crates.io index
[INFO] [stderr]  Downloading crates ...
[INFO] [stderr]   Downloaded bytecheck_derive v0.6.10
[INFO] [stderr]   Downloaded borsh-derive v0.10.2
[INFO] [stderr]   Downloaded borsh-schema-derive-internal v0.10.2
[INFO] [stderr]   Downloaded borsh-derive-internal v0.10.2
[INFO] [stderr]   Downloaded arrow-schema v34.0.0
[INFO] [stderr]   Downloaded rkyv_derive v0.7.40
[INFO] [stderr]   Downloaded arrow-string v34.0.0
[INFO] [stderr]   Downloaded bytecheck v0.6.10
[INFO] [stderr]   Downloaded arrow-row v34.0.0
[INFO] [stderr]   Downloaded arrow-ord v34.0.0
[INFO] [stderr]   Downloaded arrow-cast v34.0.0
[INFO] [stderr]   Downloaded comfy-table v6.1.4
[INFO] [stderr]   Downloaded arrow-array v34.0.0
[INFO] [stderr]   Downloaded libm v0.2.6
[INFO] [stderr]   Downloaded rust_decimal v1.28.1
[INFO] [stderr]   Downloaded arrow v34.0.0
[INFO] [stderr]   Downloaded arrow-data v34.0.0
[INFO] [stderr]   Downloaded arrow-arith v34.0.0
[INFO] [stderr]   Downloaded borsh v0.10.2
[INFO] [stderr]   Downloaded arrow-select v34.0.0
[INFO] [stderr]   Downloaded rkyv v0.7.40
[INFO] [stderr]   Downloaded arrow-buffer v34.0.0
[INFO] [stderr]   Downloaded libduckdb-sys-queryscript v0.7.4
[INFO] running `Command { std: "docker" "create" "-v" "/var/lib/crater-agent-workspace/builds/worker-2-tc1/target:/opt/rustwide/target:rw,Z" "-v" "/var/lib/crater-agent-workspace/builds/worker-2-tc1/source:/opt/rustwide/workdir:ro,Z" "-v" "/var/lib/crater-agent-workspace/cargo-home:/opt/rustwide/cargo-home:ro,Z" "-v" "/var/lib/crater-agent-workspace/rustup-home:/opt/rustwide/rustup-home:ro,Z" "-e" "SOURCE_DIR=/opt/rustwide/workdir" "-e" "CARGO_TARGET_DIR=/opt/rustwide/target" "-e" "CARGO_HOME=/opt/rustwide/cargo-home" "-e" "RUSTUP_HOME=/opt/rustwide/rustup-home" "-w" "/opt/rustwide/workdir" "-m" "1610612736" "--user" "0:0" "--network" "none" "ghcr.io/rust-lang/crates-build-env/linux@sha256:2788e3201cd34a07e3172128adcd8b3090168a8e3bcc40d7c032b9dda1df7d1c" "/opt/rustwide/cargo-home/bin/cargo" "+1.75.0" "metadata" "--no-deps" "--format-version=1", kill_on_drop: false }`
[INFO] [stdout] 0eb9fc296ffd1392407fcdbb2a3dec2fd67158e8a6fdb6c3219183e50926f329
[INFO] running `Command { std: "docker" "start" "-a" "0eb9fc296ffd1392407fcdbb2a3dec2fd67158e8a6fdb6c3219183e50926f329", kill_on_drop: false }`
[INFO] running `Command { std: "docker" "inspect" "0eb9fc296ffd1392407fcdbb2a3dec2fd67158e8a6fdb6c3219183e50926f329", kill_on_drop: false }`
[INFO] running `Command { std: "docker" "rm" "-f" "0eb9fc296ffd1392407fcdbb2a3dec2fd67158e8a6fdb6c3219183e50926f329", kill_on_drop: false }`
[INFO] [stdout] 0eb9fc296ffd1392407fcdbb2a3dec2fd67158e8a6fdb6c3219183e50926f329
[INFO] running `Command { std: "docker" "create" "-v" "/var/lib/crater-agent-workspace/builds/worker-2-tc1/target:/opt/rustwide/target:rw,Z" "-v" "/var/lib/crater-agent-workspace/builds/worker-2-tc1/source:/opt/rustwide/workdir:ro,Z" "-v" "/var/lib/crater-agent-workspace/cargo-home:/opt/rustwide/cargo-home:ro,Z" "-v" "/var/lib/crater-agent-workspace/rustup-home:/opt/rustwide/rustup-home:ro,Z" "-e" "SOURCE_DIR=/opt/rustwide/workdir" "-e" "CARGO_TARGET_DIR=/opt/rustwide/target" "-e" "CARGO_INCREMENTAL=0" "-e" "RUST_BACKTRACE=full" "-e" "RUSTFLAGS=--cap-lints=warn" "-e" "RUSTDOCFLAGS=--cap-lints=warn" "-e" "CARGO_HOME=/opt/rustwide/cargo-home" "-e" "RUSTUP_HOME=/opt/rustwide/rustup-home" "-w" "/opt/rustwide/workdir" "-m" "1610612736" "--user" "0:0" "--network" "none" "ghcr.io/rust-lang/crates-build-env/linux@sha256:2788e3201cd34a07e3172128adcd8b3090168a8e3bcc40d7c032b9dda1df7d1c" "/opt/rustwide/cargo-home/bin/cargo" "+1.75.0" "build" "--frozen" "--message-format=json", kill_on_drop: false }`
[INFO] [stdout] dfef44675eb5c91a5779aefec167fbfadf39e12e6ea753860a594ea4fd8d7f45
[INFO] running `Command { std: "docker" "start" "-a" "dfef44675eb5c91a5779aefec167fbfadf39e12e6ea753860a594ea4fd8d7f45", kill_on_drop: false }`
[INFO] [stderr]    Compiling libm v0.2.6
[INFO] [stderr]    Compiling num-traits v0.2.15
[INFO] [stderr]    Compiling libc v0.2.139
[INFO] [stderr]    Compiling num-bigint v0.4.3
[INFO] [stderr]    Compiling proc-macro2 v1.0.51
[INFO] [stderr]    Compiling num-rational v0.4.1
[INFO] [stderr]    Compiling num-iter v0.1.43
[INFO] [stderr]    Compiling quote v1.0.23
[INFO] [stderr]    Compiling unicode-ident v1.0.8
[INFO] [stderr]    Compiling syn v1.0.109
[INFO] [stderr]    Compiling once_cell v1.17.1
[INFO] [stderr]    Compiling bitflags v1.3.2
[INFO] [stderr]    Compiling iana-time-zone v0.1.53
[INFO] [stderr]    Compiling ahash v0.8.3
[INFO] [stderr]    Compiling static_assertions v1.1.0
[INFO] [stderr]    Compiling arrow-schema v34.0.0
[INFO] [stderr]    Compiling hashbrown v0.13.2
[INFO] [stderr]    Compiling lexical-util v0.8.5
[INFO] [stderr]    Compiling serde_derive v1.0.152
[INFO] [stderr]    Compiling rustversion v1.0.12
[INFO] [stderr]    Compiling memchr v2.5.0
[INFO] [stderr]    Compiling serde v1.0.152
[INFO] [stderr]    Compiling crc32fast v1.3.2
[INFO] [stderr]    Compiling serde_json v1.0.94
[INFO] [stderr]    Compiling adler v1.0.2
[INFO] [stderr]    Compiling miniz_oxide v0.6.2
[INFO] [stderr]    Compiling ahash v0.7.6
[INFO] [stderr]    Compiling lexical-parse-integer v0.8.6
[INFO] [stderr]    Compiling lexical-write-integer v0.8.5
[INFO] [stderr]    Compiling itoa v1.0.6
[INFO] [stderr]    Compiling ryu v1.0.13
[INFO] [stderr]    Compiling regex-syntax v0.6.28
[INFO] [stderr]    Compiling pkg-config v0.3.26
[INFO] [stderr]    Compiling rust_decimal v1.28.1
[INFO] [stderr]    Compiling lexical-write-float v0.8.5
[INFO] [stderr]    Compiling lexical-parse-float v0.8.5
[INFO] [stderr]    Compiling flate2 v1.0.25
[INFO] [stderr]    Compiling xattr v0.2.3
[INFO] [stderr]    Compiling getrandom v0.2.8
[INFO] [stderr]    Compiling filetime v0.2.20
[INFO] [stderr]    Compiling aho-corasick v0.7.20
[INFO] [stderr]    Compiling lexical-core v0.8.5
[INFO] [stderr]    Compiling unicode-width v0.1.10
[INFO] [stderr]    Compiling tar v0.4.38
[INFO] [stderr]    Compiling num-integer v0.1.45
[INFO] [stderr]    Compiling num-complex v0.4.3
[INFO] [stderr]    Compiling half v2.2.1
[INFO] [stderr]    Compiling arrayvec v0.7.2
[INFO] [stderr]    Compiling fallible-iterator v0.2.0
[INFO] [stderr]    Compiling cast v0.3.0
[INFO] [stderr]    Compiling hashbrown v0.12.3
[INFO] [stderr]    Compiling fallible-streaming-iterator v0.1.9
[INFO] [stderr]    Compiling smallvec v1.10.0
[INFO] [stderr]    Compiling chrono v0.4.23
[INFO] [stderr]    Compiling hashlink v0.8.1
[INFO] [stderr]    Compiling regex v1.7.1
[INFO] [stderr]    Compiling num v0.4.0
[INFO] [stderr]    Compiling arrow-buffer v34.0.0
[INFO] [stderr]    Compiling arrow-data v34.0.0
[INFO] [stderr]    Compiling strum_macros v0.24.3
[INFO] [stderr]    Compiling arrow-array v34.0.0
[INFO] [stderr]    Compiling strum v0.24.1
[INFO] [stderr]    Compiling comfy-table v6.1.4
[INFO] [stderr]    Compiling arrow-select v34.0.0
[INFO] [stderr]    Compiling arrow-arith v34.0.0
[INFO] [stderr]    Compiling arrow-row v34.0.0
[INFO] [stderr]    Compiling arrow-string v34.0.0
[INFO] [stderr]    Compiling arrow-cast v34.0.0
[INFO] [stderr]    Compiling arrow-ord v34.0.0
[INFO] [stderr]    Compiling arrow v34.0.0
[INFO] [stderr]    Compiling libduckdb-sys-queryscript v0.7.4
[INFO] [stderr]    Compiling duckdb-queryscript v0.7.4 (/opt/rustwide/workdir)
[INFO] [stderr]     Finished dev [unoptimized + debuginfo] target(s) in 16.04s
[INFO] running `Command { std: "docker" "inspect" "dfef44675eb5c91a5779aefec167fbfadf39e12e6ea753860a594ea4fd8d7f45", kill_on_drop: false }`
[INFO] running `Command { std: "docker" "rm" "-f" "dfef44675eb5c91a5779aefec167fbfadf39e12e6ea753860a594ea4fd8d7f45", kill_on_drop: false }`
[INFO] [stdout] dfef44675eb5c91a5779aefec167fbfadf39e12e6ea753860a594ea4fd8d7f45
[INFO] running `Command { std: "docker" "create" "-v" "/var/lib/crater-agent-workspace/builds/worker-2-tc1/target:/opt/rustwide/target:rw,Z" "-v" "/var/lib/crater-agent-workspace/builds/worker-2-tc1/source:/opt/rustwide/workdir:ro,Z" "-v" "/var/lib/crater-agent-workspace/cargo-home:/opt/rustwide/cargo-home:ro,Z" "-v" "/var/lib/crater-agent-workspace/rustup-home:/opt/rustwide/rustup-home:ro,Z" "-e" "SOURCE_DIR=/opt/rustwide/workdir" "-e" "CARGO_TARGET_DIR=/opt/rustwide/target" "-e" "CARGO_INCREMENTAL=0" "-e" "RUST_BACKTRACE=full" "-e" "RUSTFLAGS=--cap-lints=warn" "-e" "RUSTDOCFLAGS=--cap-lints=warn" "-e" "CARGO_HOME=/opt/rustwide/cargo-home" "-e" "RUSTUP_HOME=/opt/rustwide/rustup-home" "-w" "/opt/rustwide/workdir" "-m" "1610612736" "--user" "0:0" "--network" "none" "ghcr.io/rust-lang/crates-build-env/linux@sha256:2788e3201cd34a07e3172128adcd8b3090168a8e3bcc40d7c032b9dda1df7d1c" "/opt/rustwide/cargo-home/bin/cargo" "+1.75.0" "test" "--frozen" "--no-run" "--message-format=json", kill_on_drop: false }`
[INFO] [stdout] d21129f08efdb917c5770bd329fdf2d373b42c702946554b564bd0b35b98cf16
[INFO] running `Command { std: "docker" "start" "-a" "d21129f08efdb917c5770bd329fdf2d373b42c702946554b564bd0b35b98cf16", kill_on_drop: false }`
[INFO] [stderr]    Compiling libc v0.2.139
[INFO] [stderr]    Compiling arrow-schema v34.0.0
[INFO] [stderr]    Compiling io-lifetimes v1.0.6
[INFO] [stderr]    Compiling regex-syntax v0.6.28
[INFO] [stderr]    Compiling rustix v0.36.9
[INFO] [stderr]    Compiling unicase v2.6.0
[INFO] [stderr]    Compiling linux-raw-sys v0.1.4
[INFO] [stderr]    Compiling doc-comment v0.3.3
[INFO] [stderr]    Compiling ppv-lite86 v0.2.17
[INFO] [stderr]    Compiling fastrand v1.9.0
[INFO] [stderr]    Compiling remove_dir_all v0.5.3
[INFO] [stderr]    Compiling arrow-data v34.0.0
[INFO] [stderr]    Compiling getrandom v0.2.8
[INFO] [stderr]    Compiling rand v0.4.6
[INFO] [stderr]    Compiling ahash v0.8.3
[INFO] [stderr]    Compiling ahash v0.7.6
[INFO] [stderr]    Compiling rand_core v0.6.4
[INFO] [stderr]    Compiling uuid v1.3.0
[INFO] [stderr]    Compiling regex v1.7.1
[INFO] [stderr]    Compiling rand_chacha v0.3.1
[INFO] [stderr]    Compiling hashbrown v0.12.3
[INFO] [stderr]    Compiling arrow-array v34.0.0
[INFO] [stderr]    Compiling rand v0.8.5
[INFO] [stderr]    Compiling tempdir v0.3.7
[INFO] [stderr]    Compiling hashlink v0.8.1
[INFO] [stderr]    Compiling arrow-select v34.0.0
[INFO] [stderr]    Compiling arrow-arith v34.0.0
[INFO] [stderr]    Compiling arrow-row v34.0.0
[INFO] [stderr]    Compiling tempfile v3.4.0
[INFO] [stderr]    Compiling arrow-string v34.0.0
[INFO] [stderr]    Compiling arrow-cast v34.0.0
[INFO] [stderr]    Compiling arrow-ord v34.0.0
[INFO] [stderr]    Compiling arrow v34.0.0
[INFO] [stderr]    Compiling duckdb-queryscript v0.7.4 (/opt/rustwide/workdir)
[INFO] [stdout] error: linking with `cc` failed: exit status: 1
[INFO] [stdout]   |
[INFO] [stdout]   = note: LC_ALL="C" PATH="/opt/rustwide/rustup-home/toolchains/1.75.0-x86_64-unknown-linux-gnu/lib/rustlib/x86_64-unknown-linux-gnu/bin:/opt/rustwide/cargo-home/bin:/usr/local/sbin:/usr/local/bin:/usr/sbin:/usr/bin:/sbin:/bin" VSLANG="1033" "cc" "-m64" "/tmp/rustcYXmVMs/symbols.o" "/opt/rustwide/target/debug/examples/appender-5be142e9c4d1c24a.appender.f6eb617a7653cb3e-cgu.0.rcgu.o" "/opt/rustwide/target/debug/examples/appender-5be142e9c4d1c24a.appender.f6eb617a7653cb3e-cgu.1.rcgu.o" "/opt/rustwide/target/debug/examples/appender-5be142e9c4d1c24a.qrdeclhzv0y6tqw.rcgu.o" "-Wl,--as-needed" "-L" "/opt/rustwide/target/debug/deps" "-L" "/opt/rustwide/rustup-home/toolchains/1.75.0-x86_64-unknown-linux-gnu/lib/rustlib/x86_64-unknown-linux-gnu/lib" "-Wl,-Bstatic" "/opt/rustwide/target/debug/deps/librand-567bc33c1d7f5a41.rlib" "/opt/rustwide/target/debug/deps/librand_chacha-79056d240bb8c033.rlib" "/opt/rustwide/target/debug/deps/libppv_lite86-9f808eb911999ef2.rlib" "/opt/rustwide/target/debug/deps/librand_core-a5f6c671438b0fd9.rlib" "/opt/rustwide/target/debug/deps/libduckdb-47dbe95449a72836.rlib" "/opt/rustwide/target/debug/deps/libsmallvec-75a5879a2c4c0c6c.rlib" "/opt/rustwide/target/debug/deps/librust_decimal-5d5e9890cfe695e2.rlib" "/opt/rustwide/target/debug/deps/libserde-cc90baea8aeff005.rlib" "/opt/rustwide/target/debug/deps/libarrayvec-2b3b6735447489d3.rlib" "/opt/rustwide/target/debug/deps/libfallible_streaming_iterator-42c11b1740ff42c6.rlib" "/opt/rustwide/target/debug/deps/libfallible_iterator-015511a54302f7cf.rlib" "/opt/rustwide/target/debug/deps/libhashlink-b3f26117c83d9545.rlib" "/opt/rustwide/target/debug/deps/libhashbrown-216af0e4b7c32e58.rlib" "/opt/rustwide/target/debug/deps/libahash-4c5dfd323f8dd48a.rlib" "/opt/rustwide/target/debug/deps/libarrow-14895327ab2e0eb8.rlib" "/opt/rustwide/target/debug/deps/libcomfy_table-0598af7d50e41aaa.rlib" "/opt/rustwide/target/debug/deps/libstrum-d5ca037679949910.rlib" "/opt/rustwide/target/debug/deps/libunicode_width-aeff842d70fe38c8.rlib" "/opt/rustwide/target/debug/deps/libarrow_row-530f0dd0e5b92adf.rlib" "/opt/rustwide/target/debug/deps/libarrow_string-55d374e8e8de4c48.rlib" "/opt/rustwide/target/debug/deps/libregex-8c926fe50e559bd0.rlib" "/opt/rustwide/target/debug/deps/libaho_corasick-fec14e281eb19588.rlib" "/opt/rustwide/target/debug/deps/libmemchr-4fdcfd9ddfba30cb.rlib" "/opt/rustwide/target/debug/deps/libregex_syntax-d3814c8360f64d09.rlib" "/opt/rustwide/target/debug/deps/libarrow_cast-e00c1c75d6a47a42.rlib" "/opt/rustwide/target/debug/deps/liblexical_core-b95b5b495ca5955a.rlib" "/opt/rustwide/target/debug/deps/liblexical_write_float-97a4d13bdc728a2e.rlib" "/opt/rustwide/target/debug/deps/liblexical_write_integer-c5622d8051a25bf8.rlib" "/opt/rustwide/target/debug/deps/liblexical_parse_float-95ccb3ebc17d3be8.rlib" "/opt/rustwide/target/debug/deps/liblexical_parse_integer-5022861c9403bec7.rlib" "/opt/rustwide/target/debug/deps/liblexical_util-b8ae3f621323f08d.rlib" "/opt/rustwide/target/debug/deps/libstatic_assertions-06b6572b5d394a0a.rlib" "/opt/rustwide/target/debug/deps/libarrow_arith-4a13d8a4b4c3a6bd.rlib" "/opt/rustwide/target/debug/deps/libarrow_ord-8797ba8315bacc02.rlib" "/opt/rustwide/target/debug/deps/libarrow_select-298baeb89463f363.rlib" "/opt/rustwide/target/debug/deps/libarrow_array-440e018d3e895585.rlib" "/opt/rustwide/target/debug/deps/libahash-e6e8d41052d740f7.rlib" "/opt/rustwide/target/debug/deps/libgetrandom-e9e4e2c927b4074f.rlib" "/opt/rustwide/target/debug/deps/liblibc-c96cefc0954ad71b.rlib" "/opt/rustwide/target/debug/deps/libonce_cell-25e8045482a61385.rlib" "/opt/rustwide/target/debug/deps/libcfg_if-61dc7a6799e72b18.rlib" "/opt/rustwide/target/debug/deps/libhashbrown-5f173d858db20ec6.rlib" "/opt/rustwide/target/debug/deps/libchrono-eef8ddb74a9cf6e9.rlib" "/opt/rustwide/target/debug/deps/libiana_time_zone-52186f3860fc37b6.rlib" "/opt/rustwide/target/debug/deps/libarrow_data-ea5bc0660b591f86.rlib" "/opt/rustwide/target/debug/deps/libarrow_schema-3338738431951b41.rlib" "/opt/rustwide/target/debug/deps/libbitflags-b7cee2ca4fb438d0.rlib" "/opt/rustwide/target/debug/deps/libarrow_buffer-4559f3ed7390d84c.rlib" "/opt/rustwide/target/debug/deps/libhalf-f7f256ab5add974f.rlib" "/opt/rustwide/target/debug/deps/libnum-5278ff1ae162f6df.rlib" "/opt/rustwide/target/debug/deps/libnum_iter-407b4467776d94e9.rlib" "/opt/rustwide/target/debug/deps/libnum_rational-ce90be3698cee70e.rlib" "/opt/rustwide/target/debug/deps/libnum_complex-b4909d06ca625ea9.rlib" "/opt/rustwide/target/debug/deps/libnum_bigint-48aa63ff0321042a.rlib" "/opt/rustwide/target/debug/deps/libnum_integer-3a2888f135d1efb7.rlib" "/opt/rustwide/target/debug/deps/libnum_traits-470d72f0132496ff.rlib" "/opt/rustwide/target/debug/deps/liblibduckdb_sys_queryscript-05be0b37831dd12c.rlib" "/opt/rustwide/target/debug/deps/libcast-719390ad94921f70.rlib" "/opt/rustwide/rustup-home/toolchains/1.75.0-x86_64-unknown-linux-gnu/lib/rustlib/x86_64-unknown-linux-gnu/lib/libstd-90f6ddbf82de36ec.rlib" "/opt/rustwide/rustup-home/toolchains/1.75.0-x86_64-unknown-linux-gnu/lib/rustlib/x86_64-unknown-linux-gnu/lib/libpanic_unwind-480c41e9d4e1f677.rlib" "/opt/rustwide/rustup-home/toolchains/1.75.0-x86_64-unknown-linux-gnu/lib/rustlib/x86_64-unknown-linux-gnu/lib/libobject-db744c0ca03eed1d.rlib" "/opt/rustwide/rustup-home/toolchains/1.75.0-x86_64-unknown-linux-gnu/lib/rustlib/x86_64-unknown-linux-gnu/lib/libmemchr-8ba652dc7d4b285a.rlib" "/opt/rustwide/rustup-home/toolchains/1.75.0-x86_64-unknown-linux-gnu/lib/rustlib/x86_64-unknown-linux-gnu/lib/libaddr2line-d5f4520a9ebc0d58.rlib" "/opt/rustwide/rustup-home/toolchains/1.75.0-x86_64-unknown-linux-gnu/lib/rustlib/x86_64-unknown-linux-gnu/lib/libgimli-4ad84de58f0cb463.rlib" "/opt/rustwide/rustup-home/toolchains/1.75.0-x86_64-unknown-linux-gnu/lib/rustlib/x86_64-unknown-linux-gnu/lib/librustc_demangle-0d10aae2e0f38735.rlib" "/opt/rustwide/rustup-home/toolchains/1.75.0-x86_64-unknown-linux-gnu/lib/rustlib/x86_64-unknown-linux-gnu/lib/libstd_detect-0c17cff739e6745b.rlib" "/opt/rustwide/rustup-home/toolchains/1.75.0-x86_64-unknown-linux-gnu/lib/rustlib/x86_64-unknown-linux-gnu/lib/libhashbrown-b29e17139dde1aa8.rlib" "/opt/rustwide/rustup-home/toolchains/1.75.0-x86_64-unknown-linux-gnu/lib/rustlib/x86_64-unknown-linux-gnu/lib/librustc_std_workspace_alloc-1f975299829cc7bd.rlib" "/opt/rustwide/rustup-home/toolchains/1.75.0-x86_64-unknown-linux-gnu/lib/rustlib/x86_64-unknown-linux-gnu/lib/libminiz_oxide-86bae3bc3079f89b.rlib" "/opt/rustwide/rustup-home/toolchains/1.75.0-x86_64-unknown-linux-gnu/lib/rustlib/x86_64-unknown-linux-gnu/lib/libadler-321b82c30dffdf5f.rlib" "/opt/rustwide/rustup-home/toolchains/1.75.0-x86_64-unknown-linux-gnu/lib/rustlib/x86_64-unknown-linux-gnu/lib/libunwind-3dd8a6810a0bdfef.rlib" "/opt/rustwide/rustup-home/toolchains/1.75.0-x86_64-unknown-linux-gnu/lib/rustlib/x86_64-unknown-linux-gnu/lib/libcfg_if-eb39a61c0c879984.rlib" "/opt/rustwide/rustup-home/toolchains/1.75.0-x86_64-unknown-linux-gnu/lib/rustlib/x86_64-unknown-linux-gnu/lib/liblibc-aa769569f91c3548.rlib" "/opt/rustwide/rustup-home/toolchains/1.75.0-x86_64-unknown-linux-gnu/lib/rustlib/x86_64-unknown-linux-gnu/lib/liballoc-510a192a50a983ed.rlib" "/opt/rustwide/rustup-home/toolchains/1.75.0-x86_64-unknown-linux-gnu/lib/rustlib/x86_64-unknown-linux-gnu/lib/librustc_std_workspace_core-0577018320f99037.rlib" "/opt/rustwide/rustup-home/toolchains/1.75.0-x86_64-unknown-linux-gnu/lib/rustlib/x86_64-unknown-linux-gnu/lib/libcore-193cf992125ccd4c.rlib" "/opt/rustwide/rustup-home/toolchains/1.75.0-x86_64-unknown-linux-gnu/lib/rustlib/x86_64-unknown-linux-gnu/lib/libcompiler_builtins-8e138eaf26ebb4a8.rlib" "-Wl,-Bdynamic" "-lduckdb" "-lgcc_s" "-lutil" "-lrt" "-lpthread" "-lm" "-ldl" "-lc" "-Wl,--eh-frame-hdr" "-Wl,-z,noexecstack" "-L" "/opt/rustwide/rustup-home/toolchains/1.75.0-x86_64-unknown-linux-gnu/lib/rustlib/x86_64-unknown-linux-gnu/lib" "-o" "/opt/rustwide/target/debug/examples/appender-5be142e9c4d1c24a" "-Wl,--gc-sections" "-pie" "-Wl,-z,relro,-z,now" "-nodefaultlibs"
[INFO] [stdout]   = note: /usr/bin/ld: cannot find -lduckdb: No such file or directory
[INFO] [stdout]           collect2: error: ld returned 1 exit status
[INFO] [stdout]           
[INFO] [stdout] 
[INFO] [stdout] 
[INFO] [stdout] error: aborting due to previous error
[INFO] [stdout] 
[INFO] [stdout] 
[INFO] [stderr] error: could not compile `duckdb-queryscript` (example "appender") due to 2 previous errors
[INFO] [stderr] warning: build failed, waiting for other jobs to finish...
[INFO] [stdout] error: linking with `cc` failed: exit status: 1
[INFO] [stdout]   |
[INFO] [stdout]   = note: LC_ALL="C" PATH="/opt/rustwide/rustup-home/toolchains/1.75.0-x86_64-unknown-linux-gnu/lib/rustlib/x86_64-unknown-linux-gnu/bin:/opt/rustwide/cargo-home/bin:/usr/local/sbin:/usr/local/bin:/usr/sbin:/usr/bin:/sbin:/bin" VSLANG="1033" "cc" "-m64" "/tmp/rustcx5HU7e/symbols.o" "/opt/rustwide/target/debug/examples/parquet-ced52f47dcfdd80c.parquet.82f4db34c7e77199-cgu.0.rcgu.o" "/opt/rustwide/target/debug/examples/parquet-ced52f47dcfdd80c.6hhi2woz8pbr39d.rcgu.o" "-Wl,--as-needed" "-L" "/opt/rustwide/target/debug/deps" "-L" "/opt/rustwide/rustup-home/toolchains/1.75.0-x86_64-unknown-linux-gnu/lib/rustlib/x86_64-unknown-linux-gnu/lib" "-Wl,-Bstatic" "/opt/rustwide/target/debug/deps/libduckdb-47dbe95449a72836.rlib" "/opt/rustwide/target/debug/deps/libsmallvec-75a5879a2c4c0c6c.rlib" "/opt/rustwide/target/debug/deps/librust_decimal-5d5e9890cfe695e2.rlib" "/opt/rustwide/target/debug/deps/libserde-cc90baea8aeff005.rlib" "/opt/rustwide/target/debug/deps/libarrayvec-2b3b6735447489d3.rlib" "/opt/rustwide/target/debug/deps/libfallible_streaming_iterator-42c11b1740ff42c6.rlib" "/opt/rustwide/target/debug/deps/libfallible_iterator-015511a54302f7cf.rlib" "/opt/rustwide/target/debug/deps/libhashlink-b3f26117c83d9545.rlib" "/opt/rustwide/target/debug/deps/libhashbrown-216af0e4b7c32e58.rlib" "/opt/rustwide/target/debug/deps/libahash-4c5dfd323f8dd48a.rlib" "/opt/rustwide/target/debug/deps/libarrow-14895327ab2e0eb8.rlib" "/opt/rustwide/target/debug/deps/libcomfy_table-0598af7d50e41aaa.rlib" "/opt/rustwide/target/debug/deps/libstrum-d5ca037679949910.rlib" "/opt/rustwide/target/debug/deps/libunicode_width-aeff842d70fe38c8.rlib" "/opt/rustwide/target/debug/deps/libarrow_row-530f0dd0e5b92adf.rlib" "/opt/rustwide/target/debug/deps/libarrow_string-55d374e8e8de4c48.rlib" "/opt/rustwide/target/debug/deps/libregex-8c926fe50e559bd0.rlib" "/opt/rustwide/target/debug/deps/libaho_corasick-fec14e281eb19588.rlib" "/opt/rustwide/target/debug/deps/libmemchr-4fdcfd9ddfba30cb.rlib" "/opt/rustwide/target/debug/deps/libregex_syntax-d3814c8360f64d09.rlib" "/opt/rustwide/target/debug/deps/libarrow_cast-e00c1c75d6a47a42.rlib" "/opt/rustwide/target/debug/deps/liblexical_core-b95b5b495ca5955a.rlib" "/opt/rustwide/target/debug/deps/liblexical_write_float-97a4d13bdc728a2e.rlib" "/opt/rustwide/target/debug/deps/liblexical_write_integer-c5622d8051a25bf8.rlib" "/opt/rustwide/target/debug/deps/liblexical_parse_float-95ccb3ebc17d3be8.rlib" "/opt/rustwide/target/debug/deps/liblexical_parse_integer-5022861c9403bec7.rlib" "/opt/rustwide/target/debug/deps/liblexical_util-b8ae3f621323f08d.rlib" "/opt/rustwide/target/debug/deps/libstatic_assertions-06b6572b5d394a0a.rlib" "/opt/rustwide/target/debug/deps/libarrow_arith-4a13d8a4b4c3a6bd.rlib" "/opt/rustwide/target/debug/deps/libarrow_ord-8797ba8315bacc02.rlib" "/opt/rustwide/target/debug/deps/libarrow_select-298baeb89463f363.rlib" "/opt/rustwide/target/debug/deps/libarrow_array-440e018d3e895585.rlib" "/opt/rustwide/target/debug/deps/libahash-e6e8d41052d740f7.rlib" "/opt/rustwide/target/debug/deps/libgetrandom-e9e4e2c927b4074f.rlib" "/opt/rustwide/target/debug/deps/liblibc-c96cefc0954ad71b.rlib" "/opt/rustwide/target/debug/deps/libonce_cell-25e8045482a61385.rlib" "/opt/rustwide/target/debug/deps/libcfg_if-61dc7a6799e72b18.rlib" "/opt/rustwide/target/debug/deps/libhashbrown-5f173d858db20ec6.rlib" "/opt/rustwide/target/debug/deps/libchrono-eef8ddb74a9cf6e9.rlib" "/opt/rustwide/target/debug/deps/libiana_time_zone-52186f3860fc37b6.rlib" "/opt/rustwide/target/debug/deps/libarrow_data-ea5bc0660b591f86.rlib" "/opt/rustwide/target/debug/deps/libarrow_schema-3338738431951b41.rlib" "/opt/rustwide/target/debug/deps/libbitflags-b7cee2ca4fb438d0.rlib" "/opt/rustwide/target/debug/deps/libarrow_buffer-4559f3ed7390d84c.rlib" "/opt/rustwide/target/debug/deps/libhalf-f7f256ab5add974f.rlib" "/opt/rustwide/target/debug/deps/libnum-5278ff1ae162f6df.rlib" "/opt/rustwide/target/debug/deps/libnum_iter-407b4467776d94e9.rlib" "/opt/rustwide/target/debug/deps/libnum_rational-ce90be3698cee70e.rlib" "/opt/rustwide/target/debug/deps/libnum_complex-b4909d06ca625ea9.rlib" "/opt/rustwide/target/debug/deps/libnum_bigint-48aa63ff0321042a.rlib" "/opt/rustwide/target/debug/deps/libnum_integer-3a2888f135d1efb7.rlib" "/opt/rustwide/target/debug/deps/libnum_traits-470d72f0132496ff.rlib" "/opt/rustwide/target/debug/deps/liblibduckdb_sys_queryscript-05be0b37831dd12c.rlib" "/opt/rustwide/target/debug/deps/libcast-719390ad94921f70.rlib" "/opt/rustwide/rustup-home/toolchains/1.75.0-x86_64-unknown-linux-gnu/lib/rustlib/x86_64-unknown-linux-gnu/lib/libstd-90f6ddbf82de36ec.rlib" "/opt/rustwide/rustup-home/toolchains/1.75.0-x86_64-unknown-linux-gnu/lib/rustlib/x86_64-unknown-linux-gnu/lib/libpanic_unwind-480c41e9d4e1f677.rlib" "/opt/rustwide/rustup-home/toolchains/1.75.0-x86_64-unknown-linux-gnu/lib/rustlib/x86_64-unknown-linux-gnu/lib/libobject-db744c0ca03eed1d.rlib" "/opt/rustwide/rustup-home/toolchains/1.75.0-x86_64-unknown-linux-gnu/lib/rustlib/x86_64-unknown-linux-gnu/lib/libmemchr-8ba652dc7d4b285a.rlib" "/opt/rustwide/rustup-home/toolchains/1.75.0-x86_64-unknown-linux-gnu/lib/rustlib/x86_64-unknown-linux-gnu/lib/libaddr2line-d5f4520a9ebc0d58.rlib" "/opt/rustwide/rustup-home/toolchains/1.75.0-x86_64-unknown-linux-gnu/lib/rustlib/x86_64-unknown-linux-gnu/lib/libgimli-4ad84de58f0cb463.rlib" "/opt/rustwide/rustup-home/toolchains/1.75.0-x86_64-unknown-linux-gnu/lib/rustlib/x86_64-unknown-linux-gnu/lib/librustc_demangle-0d10aae2e0f38735.rlib" "/opt/rustwide/rustup-home/toolchains/1.75.0-x86_64-unknown-linux-gnu/lib/rustlib/x86_64-unknown-linux-gnu/lib/libstd_detect-0c17cff739e6745b.rlib" "/opt/rustwide/rustup-home/toolchains/1.75.0-x86_64-unknown-linux-gnu/lib/rustlib/x86_64-unknown-linux-gnu/lib/libhashbrown-b29e17139dde1aa8.rlib" "/opt/rustwide/rustup-home/toolchains/1.75.0-x86_64-unknown-linux-gnu/lib/rustlib/x86_64-unknown-linux-gnu/lib/librustc_std_workspace_alloc-1f975299829cc7bd.rlib" "/opt/rustwide/rustup-home/toolchains/1.75.0-x86_64-unknown-linux-gnu/lib/rustlib/x86_64-unknown-linux-gnu/lib/libminiz_oxide-86bae3bc3079f89b.rlib" "/opt/rustwide/rustup-home/toolchains/1.75.0-x86_64-unknown-linux-gnu/lib/rustlib/x86_64-unknown-linux-gnu/lib/libadler-321b82c30dffdf5f.rlib" "/opt/rustwide/rustup-home/toolchains/1.75.0-x86_64-unknown-linux-gnu/lib/rustlib/x86_64-unknown-linux-gnu/lib/libunwind-3dd8a6810a0bdfef.rlib" "/opt/rustwide/rustup-home/toolchains/1.75.0-x86_64-unknown-linux-gnu/lib/rustlib/x86_64-unknown-linux-gnu/lib/libcfg_if-eb39a61c0c879984.rlib" "/opt/rustwide/rustup-home/toolchains/1.75.0-x86_64-unknown-linux-gnu/lib/rustlib/x86_64-unknown-linux-gnu/lib/liblibc-aa769569f91c3548.rlib" "/opt/rustwide/rustup-home/toolchains/1.75.0-x86_64-unknown-linux-gnu/lib/rustlib/x86_64-unknown-linux-gnu/lib/liballoc-510a192a50a983ed.rlib" "/opt/rustwide/rustup-home/toolchains/1.75.0-x86_64-unknown-linux-gnu/lib/rustlib/x86_64-unknown-linux-gnu/lib/librustc_std_workspace_core-0577018320f99037.rlib" "/opt/rustwide/rustup-home/toolchains/1.75.0-x86_64-unknown-linux-gnu/lib/rustlib/x86_64-unknown-linux-gnu/lib/libcore-193cf992125ccd4c.rlib" "/opt/rustwide/rustup-home/toolchains/1.75.0-x86_64-unknown-linux-gnu/lib/rustlib/x86_64-unknown-linux-gnu/lib/libcompiler_builtins-8e138eaf26ebb4a8.rlib" "-Wl,-Bdynamic" "-lduckdb" "-lgcc_s" "-lutil" "-lrt" "-lpthread" "-lm" "-ldl" "-lc" "-Wl,--eh-frame-hdr" "-Wl,-z,noexecstack" "-L" "/opt/rustwide/rustup-home/toolchains/1.75.0-x86_64-unknown-linux-gnu/lib/rustlib/x86_64-unknown-linux-gnu/lib" "-o" "/opt/rustwide/target/debug/examples/parquet-ced52f47dcfdd80c" "-Wl,--gc-sections" "-pie" "-Wl,-z,relro,-z,now" "-nodefaultlibs"
[INFO] [stdout]   = note: /usr/bin/ld: cannot find -lduckdb: No such file or directory
[INFO] [stdout]           collect2: error: ld returned 1 exit status
[INFO] [stdout]           
[INFO] [stdout] 
[INFO] [stdout] 
[INFO] [stdout] error: aborting due to previous error
[INFO] [stdout] 
[INFO] [stdout] 
[INFO] [stdout] error: linking with `cc` failed: exit status: 1
[INFO] [stdout]   |
[INFO] [stdout]   = note: LC_ALL="C" PATH="/opt/rustwide/rustup-home/toolchains/1.75.0-x86_64-unknown-linux-gnu/lib/rustlib/x86_64-unknown-linux-gnu/bin:/opt/rustwide/cargo-home/bin:/usr/local/sbin:/usr/local/bin:/usr/sbin:/usr/bin:/sbin:/bin" VSLANG="1033" "cc" "-m64" "/tmp/rustc79phTE/symbols.o" "/opt/rustwide/target/debug/examples/basic-eca156d7bd6f6599.basic.25298a21a68c24b3-cgu.0.rcgu.o" "/opt/rustwide/target/debug/examples/basic-eca156d7bd6f6599.basic.25298a21a68c24b3-cgu.1.rcgu.o" "/opt/rustwide/target/debug/examples/basic-eca156d7bd6f6599.4c2dz61qxgyz81jp.rcgu.o" "-Wl,--as-needed" "-L" "/opt/rustwide/target/debug/deps" "-L" "/opt/rustwide/rustup-home/toolchains/1.75.0-x86_64-unknown-linux-gnu/lib/rustlib/x86_64-unknown-linux-gnu/lib" "-Wl,-Bstatic" "/opt/rustwide/target/debug/deps/libduckdb-47dbe95449a72836.rlib" "/opt/rustwide/target/debug/deps/libsmallvec-75a5879a2c4c0c6c.rlib" "/opt/rustwide/target/debug/deps/librust_decimal-5d5e9890cfe695e2.rlib" "/opt/rustwide/target/debug/deps/libserde-cc90baea8aeff005.rlib" "/opt/rustwide/target/debug/deps/libarrayvec-2b3b6735447489d3.rlib" "/opt/rustwide/target/debug/deps/libfallible_streaming_iterator-42c11b1740ff42c6.rlib" "/opt/rustwide/target/debug/deps/libfallible_iterator-015511a54302f7cf.rlib" "/opt/rustwide/target/debug/deps/libhashlink-b3f26117c83d9545.rlib" "/opt/rustwide/target/debug/deps/libhashbrown-216af0e4b7c32e58.rlib" "/opt/rustwide/target/debug/deps/libahash-4c5dfd323f8dd48a.rlib" "/opt/rustwide/target/debug/deps/libarrow-14895327ab2e0eb8.rlib" "/opt/rustwide/target/debug/deps/libcomfy_table-0598af7d50e41aaa.rlib" "/opt/rustwide/target/debug/deps/libstrum-d5ca037679949910.rlib" "/opt/rustwide/target/debug/deps/libunicode_width-aeff842d70fe38c8.rlib" "/opt/rustwide/target/debug/deps/libarrow_row-530f0dd0e5b92adf.rlib" "/opt/rustwide/target/debug/deps/libarrow_string-55d374e8e8de4c48.rlib" "/opt/rustwide/target/debug/deps/libregex-8c926fe50e559bd0.rlib" "/opt/rustwide/target/debug/deps/libaho_corasick-fec14e281eb19588.rlib" "/opt/rustwide/target/debug/deps/libmemchr-4fdcfd9ddfba30cb.rlib" "/opt/rustwide/target/debug/deps/libregex_syntax-d3814c8360f64d09.rlib" "/opt/rustwide/target/debug/deps/libarrow_cast-e00c1c75d6a47a42.rlib" "/opt/rustwide/target/debug/deps/liblexical_core-b95b5b495ca5955a.rlib" "/opt/rustwide/target/debug/deps/liblexical_write_float-97a4d13bdc728a2e.rlib" "/opt/rustwide/target/debug/deps/liblexical_write_integer-c5622d8051a25bf8.rlib" "/opt/rustwide/target/debug/deps/liblexical_parse_float-95ccb3ebc17d3be8.rlib" "/opt/rustwide/target/debug/deps/liblexical_parse_integer-5022861c9403bec7.rlib" "/opt/rustwide/target/debug/deps/liblexical_util-b8ae3f621323f08d.rlib" "/opt/rustwide/target/debug/deps/libstatic_assertions-06b6572b5d394a0a.rlib" "/opt/rustwide/target/debug/deps/libarrow_arith-4a13d8a4b4c3a6bd.rlib" "/opt/rustwide/target/debug/deps/libarrow_ord-8797ba8315bacc02.rlib" "/opt/rustwide/target/debug/deps/libarrow_select-298baeb89463f363.rlib" "/opt/rustwide/target/debug/deps/libarrow_array-440e018d3e895585.rlib" "/opt/rustwide/target/debug/deps/libahash-e6e8d41052d740f7.rlib" "/opt/rustwide/target/debug/deps/libgetrandom-e9e4e2c927b4074f.rlib" "/opt/rustwide/target/debug/deps/liblibc-c96cefc0954ad71b.rlib" "/opt/rustwide/target/debug/deps/libonce_cell-25e8045482a61385.rlib" "/opt/rustwide/target/debug/deps/libcfg_if-61dc7a6799e72b18.rlib" "/opt/rustwide/target/debug/deps/libhashbrown-5f173d858db20ec6.rlib" "/opt/rustwide/target/debug/deps/libchrono-eef8ddb74a9cf6e9.rlib" "/opt/rustwide/target/debug/deps/libiana_time_zone-52186f3860fc37b6.rlib" "/opt/rustwide/target/debug/deps/libarrow_data-ea5bc0660b591f86.rlib" "/opt/rustwide/target/debug/deps/libarrow_schema-3338738431951b41.rlib" "/opt/rustwide/target/debug/deps/libbitflags-b7cee2ca4fb438d0.rlib" "/opt/rustwide/target/debug/deps/libarrow_buffer-4559f3ed7390d84c.rlib" "/opt/rustwide/target/debug/deps/libhalf-f7f256ab5add974f.rlib" "/opt/rustwide/target/debug/deps/libnum-5278ff1ae162f6df.rlib" "/opt/rustwide/target/debug/deps/libnum_iter-407b4467776d94e9.rlib" "/opt/rustwide/target/debug/deps/libnum_rational-ce90be3698cee70e.rlib" "/opt/rustwide/target/debug/deps/libnum_complex-b4909d06ca625ea9.rlib" "/opt/rustwide/target/debug/deps/libnum_bigint-48aa63ff0321042a.rlib" "/opt/rustwide/target/debug/deps/libnum_integer-3a2888f135d1efb7.rlib" "/opt/rustwide/target/debug/deps/libnum_traits-470d72f0132496ff.rlib" "/opt/rustwide/target/debug/deps/liblibduckdb_sys_queryscript-05be0b37831dd12c.rlib" "/opt/rustwide/target/debug/deps/libcast-719390ad94921f70.rlib" "/opt/rustwide/rustup-home/toolchains/1.75.0-x86_64-unknown-linux-gnu/lib/rustlib/x86_64-unknown-linux-gnu/lib/libstd-90f6ddbf82de36ec.rlib" "/opt/rustwide/rustup-home/toolchains/1.75.0-x86_64-unknown-linux-gnu/lib/rustlib/x86_64-unknown-linux-gnu/lib/libpanic_unwind-480c41e9d4e1f677.rlib" "/opt/rustwide/rustup-home/toolchains/1.75.0-x86_64-unknown-linux-gnu/lib/rustlib/x86_64-unknown-linux-gnu/lib/libobject-db744c0ca03eed1d.rlib" "/opt/rustwide/rustup-home/toolchains/1.75.0-x86_64-unknown-linux-gnu/lib/rustlib/x86_64-unknown-linux-gnu/lib/libmemchr-8ba652dc7d4b285a.rlib" "/opt/rustwide/rustup-home/toolchains/1.75.0-x86_64-unknown-linux-gnu/lib/rustlib/x86_64-unknown-linux-gnu/lib/libaddr2line-d5f4520a9ebc0d58.rlib" "/opt/rustwide/rustup-home/toolchains/1.75.0-x86_64-unknown-linux-gnu/lib/rustlib/x86_64-unknown-linux-gnu/lib/libgimli-4ad84de58f0cb463.rlib" "/opt/rustwide/rustup-home/toolchains/1.75.0-x86_64-unknown-linux-gnu/lib/rustlib/x86_64-unknown-linux-gnu/lib/librustc_demangle-0d10aae2e0f38735.rlib" "/opt/rustwide/rustup-home/toolchains/1.75.0-x86_64-unknown-linux-gnu/lib/rustlib/x86_64-unknown-linux-gnu/lib/libstd_detect-0c17cff739e6745b.rlib" "/opt/rustwide/rustup-home/toolchains/1.75.0-x86_64-unknown-linux-gnu/lib/rustlib/x86_64-unknown-linux-gnu/lib/libhashbrown-b29e17139dde1aa8.rlib" "/opt/rustwide/rustup-home/toolchains/1.75.0-x86_64-unknown-linux-gnu/lib/rustlib/x86_64-unknown-linux-gnu/lib/librustc_std_workspace_alloc-1f975299829cc7bd.rlib" "/opt/rustwide/rustup-home/toolchains/1.75.0-x86_64-unknown-linux-gnu/lib/rustlib/x86_64-unknown-linux-gnu/lib/libminiz_oxide-86bae3bc3079f89b.rlib" "/opt/rustwide/rustup-home/toolchains/1.75.0-x86_64-unknown-linux-gnu/lib/rustlib/x86_64-unknown-linux-gnu/lib/libadler-321b82c30dffdf5f.rlib" "/opt/rustwide/rustup-home/toolchains/1.75.0-x86_64-unknown-linux-gnu/lib/rustlib/x86_64-unknown-linux-gnu/lib/libunwind-3dd8a6810a0bdfef.rlib" "/opt/rustwide/rustup-home/toolchains/1.75.0-x86_64-unknown-linux-gnu/lib/rustlib/x86_64-unknown-linux-gnu/lib/libcfg_if-eb39a61c0c879984.rlib" "/opt/rustwide/rustup-home/toolchains/1.75.0-x86_64-unknown-linux-gnu/lib/rustlib/x86_64-unknown-linux-gnu/lib/liblibc-aa769569f91c3548.rlib" "/opt/rustwide/rustup-home/toolchains/1.75.0-x86_64-unknown-linux-gnu/lib/rustlib/x86_64-unknown-linux-gnu/lib/liballoc-510a192a50a983ed.rlib" "/opt/rustwide/rustup-home/toolchains/1.75.0-x86_64-unknown-linux-gnu/lib/rustlib/x86_64-unknown-linux-gnu/lib/librustc_std_workspace_core-0577018320f99037.rlib" "/opt/rustwide/rustup-home/toolchains/1.75.0-x86_64-unknown-linux-gnu/lib/rustlib/x86_64-unknown-linux-gnu/lib/libcore-193cf992125ccd4c.rlib" "/opt/rustwide/rustup-home/toolchains/1.75.0-x86_64-unknown-linux-gnu/lib/rustlib/x86_64-unknown-linux-gnu/lib/libcompiler_builtins-8e138eaf26ebb4a8.rlib" "-Wl,-Bdynamic" "-lduckdb" "-lgcc_s" "-lutil" "-lrt" "-lpthread" "-lm" "-ldl" "-lc" "-Wl,--eh-frame-hdr" "-Wl,-z,noexecstack" "-L" "/opt/rustwide/rustup-home/toolchains/1.75.0-x86_64-unknown-linux-gnu/lib/rustlib/x86_64-unknown-linux-gnu/lib" "-o" "/opt/rustwide/target/debug/examples/basic-eca156d7bd6f6599" "-Wl,--gc-sections" "-pie" "-Wl,-z,relro,-z,now" "-nodefaultlibs"
[INFO] [stdout]   = note: /usr/bin/ld: cannot find -lduckdb: No such file or directory
[INFO] [stdout]           collect2: error: ld returned 1 exit status
[INFO] [stdout]           
[INFO] [stdout] 
[INFO] [stdout] 
[INFO] [stdout] error: aborting due to previous error
[INFO] [stdout] 
[INFO] [stdout] 
[INFO] [stderr] error: could not compile `duckdb-queryscript` (example "parquet") due to 2 previous errors
[INFO] [stderr] error: could not compile `duckdb-queryscript` (example "basic") due to 2 previous errors
[INFO] [stdout] error: linking with `cc` failed: exit status: 1
[INFO] [stdout]   |
[INFO] [stdout]   = note: LC_ALL="C" PATH="/opt/rustwide/rustup-home/toolchains/1.75.0-x86_64-unknown-linux-gnu/lib/rustlib/x86_64-unknown-linux-gnu/bin:/opt/rustwide/cargo-home/bin:/usr/local/sbin:/usr/local/bin:/usr/sbin:/usr/bin:/sbin:/bin" VSLANG="1033" "cc" "-m64" "/tmp/rustcSKYDLp/symbols.o" "/opt/rustwide/target/debug/deps/duckdb-d06c31b9dbcd88a7.duckdb.10e6432ca317e16e-cgu.00.rcgu.o" "/opt/rustwide/target/debug/deps/duckdb-d06c31b9dbcd88a7.duckdb.10e6432ca317e16e-cgu.01.rcgu.o" "/opt/rustwide/target/debug/deps/duckdb-d06c31b9dbcd88a7.duckdb.10e6432ca317e16e-cgu.02.rcgu.o" "/opt/rustwide/target/debug/deps/duckdb-d06c31b9dbcd88a7.duckdb.10e6432ca317e16e-cgu.03.rcgu.o" "/opt/rustwide/target/debug/deps/duckdb-d06c31b9dbcd88a7.duckdb.10e6432ca317e16e-cgu.04.rcgu.o" "/opt/rustwide/target/debug/deps/duckdb-d06c31b9dbcd88a7.duckdb.10e6432ca317e16e-cgu.05.rcgu.o" "/opt/rustwide/target/debug/deps/duckdb-d06c31b9dbcd88a7.duckdb.10e6432ca317e16e-cgu.06.rcgu.o" "/opt/rustwide/target/debug/deps/duckdb-d06c31b9dbcd88a7.duckdb.10e6432ca317e16e-cgu.07.rcgu.o" "/opt/rustwide/target/debug/deps/duckdb-d06c31b9dbcd88a7.duckdb.10e6432ca317e16e-cgu.08.rcgu.o" "/opt/rustwide/target/debug/deps/duckdb-d06c31b9dbcd88a7.duckdb.10e6432ca317e16e-cgu.09.rcgu.o" "/opt/rustwide/target/debug/deps/duckdb-d06c31b9dbcd88a7.duckdb.10e6432ca317e16e-cgu.10.rcgu.o" "/opt/rustwide/target/debug/deps/duckdb-d06c31b9dbcd88a7.duckdb.10e6432ca317e16e-cgu.11.rcgu.o" "/opt/rustwide/target/debug/deps/duckdb-d06c31b9dbcd88a7.duckdb.10e6432ca317e16e-cgu.12.rcgu.o" "/opt/rustwide/target/debug/deps/duckdb-d06c31b9dbcd88a7.duckdb.10e6432ca317e16e-cgu.13.rcgu.o" "/opt/rustwide/target/debug/deps/duckdb-d06c31b9dbcd88a7.duckdb.10e6432ca317e16e-cgu.14.rcgu.o" "/opt/rustwide/target/debug/deps/duckdb-d06c31b9dbcd88a7.duckdb.10e6432ca317e16e-cgu.15.rcgu.o" "/opt/rustwide/target/debug/deps/duckdb-d06c31b9dbcd88a7.29ad38gfrsh5vw6w.rcgu.o" "-Wl,--as-needed" "-L" "/opt/rustwide/target/debug/deps" "-L" "/opt/rustwide/rustup-home/toolchains/1.75.0-x86_64-unknown-linux-gnu/lib/rustlib/x86_64-unknown-linux-gnu/lib" "-Wl,-Bstatic" "/opt/rustwide/target/debug/deps/libtempfile-bf000065aea91f73.rlib" "/opt/rustwide/target/debug/deps/libfastrand-b53203d729799780.rlib" "/opt/rustwide/target/debug/deps/librustix-8da4391dbeb5acdb.rlib" "/opt/rustwide/target/debug/deps/libio_lifetimes-15e84b3cab3e368e.rlib" "/opt/rustwide/target/debug/deps/liblinux_raw_sys-6c69fc13c9aacd1b.rlib" "/opt/rustwide/rustup-home/toolchains/1.75.0-x86_64-unknown-linux-gnu/lib/rustlib/x86_64-unknown-linux-gnu/lib/libtest-3df1bed8075ce1de.rlib" "/opt/rustwide/rustup-home/toolchains/1.75.0-x86_64-unknown-linux-gnu/lib/rustlib/x86_64-unknown-linux-gnu/lib/libgetopts-2076fd86b325cb5d.rlib" "/opt/rustwide/rustup-home/toolchains/1.75.0-x86_64-unknown-linux-gnu/lib/rustlib/x86_64-unknown-linux-gnu/lib/libunicode_width-caa7152ee70c190f.rlib" "/opt/rustwide/rustup-home/toolchains/1.75.0-x86_64-unknown-linux-gnu/lib/rustlib/x86_64-unknown-linux-gnu/lib/librustc_std_workspace_std-04e6425e07f02a3c.rlib" "/opt/rustwide/target/debug/deps/libsmallvec-75a5879a2c4c0c6c.rlib" "/opt/rustwide/target/debug/deps/librust_decimal-5d5e9890cfe695e2.rlib" "/opt/rustwide/target/debug/deps/libserde-cc90baea8aeff005.rlib" "/opt/rustwide/target/debug/deps/libarrayvec-2b3b6735447489d3.rlib" "/opt/rustwide/target/debug/deps/libfallible_streaming_iterator-42c11b1740ff42c6.rlib" "/opt/rustwide/target/debug/deps/libfallible_iterator-015511a54302f7cf.rlib" "/opt/rustwide/target/debug/deps/libhashlink-b3f26117c83d9545.rlib" "/opt/rustwide/target/debug/deps/libhashbrown-216af0e4b7c32e58.rlib" "/opt/rustwide/target/debug/deps/libahash-4c5dfd323f8dd48a.rlib" "/opt/rustwide/target/debug/deps/libarrow-14895327ab2e0eb8.rlib" "/opt/rustwide/target/debug/deps/libcomfy_table-0598af7d50e41aaa.rlib" "/opt/rustwide/target/debug/deps/libstrum-d5ca037679949910.rlib" "/opt/rustwide/target/debug/deps/libunicode_width-aeff842d70fe38c8.rlib" "/opt/rustwide/target/debug/deps/libarrow_row-530f0dd0e5b92adf.rlib" "/opt/rustwide/target/debug/deps/libarrow_string-55d374e8e8de4c48.rlib" "/opt/rustwide/target/debug/deps/libregex-8c926fe50e559bd0.rlib" "/opt/rustwide/target/debug/deps/libaho_corasick-fec14e281eb19588.rlib" "/opt/rustwide/target/debug/deps/libmemchr-4fdcfd9ddfba30cb.rlib" "/opt/rustwide/target/debug/deps/libregex_syntax-d3814c8360f64d09.rlib" "/opt/rustwide/target/debug/deps/libarrow_cast-e00c1c75d6a47a42.rlib" "/opt/rustwide/target/debug/deps/liblexical_core-b95b5b495ca5955a.rlib" "/opt/rustwide/target/debug/deps/liblexical_write_float-97a4d13bdc728a2e.rlib" "/opt/rustwide/target/debug/deps/liblexical_write_integer-c5622d8051a25bf8.rlib" "/opt/rustwide/target/debug/deps/liblexical_parse_float-95ccb3ebc17d3be8.rlib" "/opt/rustwide/target/debug/deps/liblexical_parse_integer-5022861c9403bec7.rlib" "/opt/rustwide/target/debug/deps/liblexical_util-b8ae3f621323f08d.rlib" "/opt/rustwide/target/debug/deps/libstatic_assertions-06b6572b5d394a0a.rlib" "/opt/rustwide/target/debug/deps/libarrow_arith-4a13d8a4b4c3a6bd.rlib" "/opt/rustwide/target/debug/deps/libarrow_ord-8797ba8315bacc02.rlib" "/opt/rustwide/target/debug/deps/libarrow_select-298baeb89463f363.rlib" "/opt/rustwide/target/debug/deps/libarrow_array-440e018d3e895585.rlib" "/opt/rustwide/target/debug/deps/libahash-e6e8d41052d740f7.rlib" "/opt/rustwide/target/debug/deps/libgetrandom-e9e4e2c927b4074f.rlib" "/opt/rustwide/target/debug/deps/liblibc-c96cefc0954ad71b.rlib" "/opt/rustwide/target/debug/deps/libonce_cell-25e8045482a61385.rlib" "/opt/rustwide/target/debug/deps/libcfg_if-61dc7a6799e72b18.rlib" "/opt/rustwide/target/debug/deps/libhashbrown-5f173d858db20ec6.rlib" "/opt/rustwide/target/debug/deps/libchrono-eef8ddb74a9cf6e9.rlib" "/opt/rustwide/target/debug/deps/libiana_time_zone-52186f3860fc37b6.rlib" "/opt/rustwide/target/debug/deps/libarrow_data-ea5bc0660b591f86.rlib" "/opt/rustwide/target/debug/deps/libarrow_schema-3338738431951b41.rlib" "/opt/rustwide/target/debug/deps/libbitflags-b7cee2ca4fb438d0.rlib" "/opt/rustwide/target/debug/deps/libarrow_buffer-4559f3ed7390d84c.rlib" "/opt/rustwide/target/debug/deps/libhalf-f7f256ab5add974f.rlib" "/opt/rustwide/target/debug/deps/libnum-5278ff1ae162f6df.rlib" "/opt/rustwide/target/debug/deps/libnum_iter-407b4467776d94e9.rlib" "/opt/rustwide/target/debug/deps/libnum_rational-ce90be3698cee70e.rlib" "/opt/rustwide/target/debug/deps/libnum_complex-b4909d06ca625ea9.rlib" "/opt/rustwide/target/debug/deps/libnum_bigint-48aa63ff0321042a.rlib" "/opt/rustwide/target/debug/deps/libnum_integer-3a2888f135d1efb7.rlib" "/opt/rustwide/target/debug/deps/libnum_traits-470d72f0132496ff.rlib" "/opt/rustwide/target/debug/deps/liblibduckdb_sys_queryscript-05be0b37831dd12c.rlib" "/opt/rustwide/target/debug/deps/libcast-719390ad94921f70.rlib" "/opt/rustwide/rustup-home/toolchains/1.75.0-x86_64-unknown-linux-gnu/lib/rustlib/x86_64-unknown-linux-gnu/lib/libstd-90f6ddbf82de36ec.rlib" "/opt/rustwide/rustup-home/toolchains/1.75.0-x86_64-unknown-linux-gnu/lib/rustlib/x86_64-unknown-linux-gnu/lib/libpanic_unwind-480c41e9d4e1f677.rlib" "/opt/rustwide/rustup-home/toolchains/1.75.0-x86_64-unknown-linux-gnu/lib/rustlib/x86_64-unknown-linux-gnu/lib/libobject-db744c0ca03eed1d.rlib" "/opt/rustwide/rustup-home/toolchains/1.75.0-x86_64-unknown-linux-gnu/lib/rustlib/x86_64-unknown-linux-gnu/lib/libmemchr-8ba652dc7d4b285a.rlib" "/opt/rustwide/rustup-home/toolchains/1.75.0-x86_64-unknown-linux-gnu/lib/rustlib/x86_64-unknown-linux-gnu/lib/libaddr2line-d5f4520a9ebc0d58.rlib" "/opt/rustwide/rustup-home/toolchains/1.75.0-x86_64-unknown-linux-gnu/lib/rustlib/x86_64-unknown-linux-gnu/lib/libgimli-4ad84de58f0cb463.rlib" "/opt/rustwide/rustup-home/toolchains/1.75.0-x86_64-unknown-linux-gnu/lib/rustlib/x86_64-unknown-linux-gnu/lib/librustc_demangle-0d10aae2e0f38735.rlib" "/opt/rustwide/rustup-home/toolchains/1.75.0-x86_64-unknown-linux-gnu/lib/rustlib/x86_64-unknown-linux-gnu/lib/libstd_detect-0c17cff739e6745b.rlib" "/opt/rustwide/rustup-home/toolchains/1.75.0-x86_64-unknown-linux-gnu/lib/rustlib/x86_64-unknown-linux-gnu/lib/libhashbrown-b29e17139dde1aa8.rlib" "/opt/rustwide/rustup-home/toolchains/1.75.0-x86_64-unknown-linux-gnu/lib/rustlib/x86_64-unknown-linux-gnu/lib/librustc_std_workspace_alloc-1f975299829cc7bd.rlib" "/opt/rustwide/rustup-home/toolchains/1.75.0-x86_64-unknown-linux-gnu/lib/rustlib/x86_64-unknown-linux-gnu/lib/libminiz_oxide-86bae3bc3079f89b.rlib" "/opt/rustwide/rustup-home/toolchains/1.75.0-x86_64-unknown-linux-gnu/lib/rustlib/x86_64-unknown-linux-gnu/lib/libadler-321b82c30dffdf5f.rlib" "/opt/rustwide/rustup-home/toolchains/1.75.0-x86_64-unknown-linux-gnu/lib/rustlib/x86_64-unknown-linux-gnu/lib/libunwind-3dd8a6810a0bdfef.rlib" "/opt/rustwide/rustup-home/toolchains/1.75.0-x86_64-unknown-linux-gnu/lib/rustlib/x86_64-unknown-linux-gnu/lib/libcfg_if-eb39a61c0c879984.rlib" "/opt/rustwide/rustup-home/toolchains/1.75.0-x86_64-unknown-linux-gnu/lib/rustlib/x86_64-unknown-linux-gnu/lib/liblibc-aa769569f91c3548.rlib" "/opt/rustwide/rustup-home/toolchains/1.75.0-x86_64-unknown-linux-gnu/lib/rustlib/x86_64-unknown-linux-gnu/lib/liballoc-510a192a50a983ed.rlib" "/opt/rustwide/rustup-home/toolchains/1.75.0-x86_64-unknown-linux-gnu/lib/rustlib/x86_64-unknown-linux-gnu/lib/librustc_std_workspace_core-0577018320f99037.rlib" "/opt/rustwide/rustup-home/toolchains/1.75.0-x86_64-unknown-linux-gnu/lib/rustlib/x86_64-unknown-linux-gnu/lib/libcore-193cf992125ccd4c.rlib" "/opt/rustwide/rustup-home/toolchains/1.75.0-x86_64-unknown-linux-gnu/lib/rustlib/x86_64-unknown-linux-gnu/lib/libcompiler_builtins-8e138eaf26ebb4a8.rlib" "-Wl,-Bdynamic" "-lduckdb" "-lgcc_s" "-lutil" "-lrt" "-lpthread" "-lm" "-ldl" "-lc" "-Wl,--eh-frame-hdr" "-Wl,-z,noexecstack" "-L" "/opt/rustwide/rustup-home/toolchains/1.75.0-x86_64-unknown-linux-gnu/lib/rustlib/x86_64-unknown-linux-gnu/lib" "-o" "/opt/rustwide/target/debug/deps/duckdb-d06c31b9dbcd88a7" "-Wl,--gc-sections" "-pie" "-Wl,-z,relro,-z,now" "-nodefaultlibs"
[INFO] [stdout]   = note: /usr/bin/ld: cannot find -lduckdb: No such file or directory
[INFO] [stdout]           collect2: error: ld returned 1 exit status
[INFO] [stdout]           
[INFO] [stdout] 
[INFO] [stdout] 
[INFO] [stdout] error: aborting due to previous error
[INFO] [stdout] 
[INFO] [stdout] 
[INFO] [stderr] error: could not compile `duckdb-queryscript` (lib test) due to 2 previous errors
[INFO] running `Command { std: "docker" "inspect" "d21129f08efdb917c5770bd329fdf2d373b42c702946554b564bd0b35b98cf16", kill_on_drop: false }`
[INFO] running `Command { std: "docker" "rm" "-f" "d21129f08efdb917c5770bd329fdf2d373b42c702946554b564bd0b35b98cf16", kill_on_drop: false }`
[INFO] [stdout] d21129f08efdb917c5770bd329fdf2d373b42c702946554b564bd0b35b98cf16
