[INFO] fetching crate drv2605 0.1.0...
[INFO] testing drv2605-0.1.0 against 1.75.0 for beta-1.76-1
[INFO] extracting crate drv2605 0.1.0 into /workspace/builds/worker-3-tc1/source
[INFO] validating manifest of crates.io crate drv2605 0.1.0 on toolchain 1.75.0
[INFO] running `Command { std: CARGO_HOME="/workspace/cargo-home" RUSTUP_HOME="/workspace/rustup-home" "/workspace/cargo-home/bin/cargo" "+1.75.0" "metadata" "--manifest-path" "Cargo.toml" "--no-deps", kill_on_drop: false }`
[INFO] started tweaking crates.io crate drv2605 0.1.0
[INFO] finished tweaking crates.io crate drv2605 0.1.0
[INFO] tweaked toml for crates.io crate drv2605 0.1.0 written to /workspace/builds/worker-3-tc1/source/Cargo.toml
[INFO] running `Command { std: CARGO_HOME="/workspace/cargo-home" RUSTUP_HOME="/workspace/rustup-home" "/workspace/cargo-home/bin/cargo" "+1.75.0" "generate-lockfile" "--manifest-path" "Cargo.toml", kill_on_drop: false }`
[INFO] [stderr]     Updating crates.io index
[INFO] running `Command { std: CARGO_HOME="/workspace/cargo-home" RUSTUP_HOME="/workspace/rustup-home" "/workspace/cargo-home/bin/cargo" "+1.75.0" "fetch" "--manifest-path" "Cargo.toml", kill_on_drop: false }`
[INFO] [stderr]     Blocking waiting for file lock on package cache
[INFO] [stderr]  Downloading crates ...
[INFO] [stderr]   Downloaded bare-metal v0.1.3
[INFO] [stderr]   Downloaded cortex-m v0.5.11
[INFO] [stderr]   Downloaded aligned v0.2.0
[INFO] [stderr]   Downloaded as-slice v0.1.5
[INFO] [stderr]   Downloaded cortex-m-rt v0.5.7
[INFO] [stderr]   Downloaded cortex-m v0.4.3
[INFO] [stderr]   Downloaded generic-array v0.13.3
[INFO] [stderr]   Downloaded aligned v0.3.5
[INFO] [stderr]   Downloaded cortex-m-rt-macros v0.6.15
[INFO] [stderr]   Downloaded panic_rtt v0.1.0
[INFO] [stderr]   Downloaded cortex-m-rt v0.6.15
[INFO] [stderr]   Downloaded aligned v0.1.2
[INFO] [stderr]   Downloaded metro_m0 v0.1.0
[INFO] [stderr]   Downloaded jlink_rtt v0.1.0
[INFO] [stderr]   Downloaded cortex-m-rt v0.4.0
[INFO] [stderr]   Downloaded untagged-option v0.1.1
[INFO] [stderr]   Downloaded atsamd21-hal v0.1.0
[INFO] [stderr]   Downloaded cortex-m v0.3.1
[INFO] [stderr]   Downloaded atsamd21g18a v0.2.1
[INFO] [stderr]   Downloaded atsamd21e18a v0.2.0
[INFO] running `Command { std: "docker" "create" "-v" "/var/lib/crater-agent-workspace/builds/worker-3-tc1/target:/opt/rustwide/target:rw,Z" "-v" "/var/lib/crater-agent-workspace/builds/worker-3-tc1/source:/opt/rustwide/workdir:ro,Z" "-v" "/var/lib/crater-agent-workspace/cargo-home:/opt/rustwide/cargo-home:ro,Z" "-v" "/var/lib/crater-agent-workspace/rustup-home:/opt/rustwide/rustup-home:ro,Z" "-e" "SOURCE_DIR=/opt/rustwide/workdir" "-e" "CARGO_TARGET_DIR=/opt/rustwide/target" "-e" "CARGO_HOME=/opt/rustwide/cargo-home" "-e" "RUSTUP_HOME=/opt/rustwide/rustup-home" "-w" "/opt/rustwide/workdir" "-m" "1610612736" "--user" "0:0" "--network" "none" "ghcr.io/rust-lang/crates-build-env/linux@sha256:2788e3201cd34a07e3172128adcd8b3090168a8e3bcc40d7c032b9dda1df7d1c" "/opt/rustwide/cargo-home/bin/cargo" "+1.75.0" "metadata" "--no-deps" "--format-version=1", kill_on_drop: false }`
[INFO] [stdout] f0cbeb3cfff19423031d590c3f202db1c4ae6b15295c4abbd947fdd9256bedbd
[INFO] running `Command { std: "docker" "start" "-a" "f0cbeb3cfff19423031d590c3f202db1c4ae6b15295c4abbd947fdd9256bedbd", kill_on_drop: false }`
[INFO] running `Command { std: "docker" "inspect" "f0cbeb3cfff19423031d590c3f202db1c4ae6b15295c4abbd947fdd9256bedbd", kill_on_drop: false }`
[INFO] running `Command { std: "docker" "rm" "-f" "f0cbeb3cfff19423031d590c3f202db1c4ae6b15295c4abbd947fdd9256bedbd", kill_on_drop: false }`
[INFO] [stdout] f0cbeb3cfff19423031d590c3f202db1c4ae6b15295c4abbd947fdd9256bedbd
[INFO] running `Command { std: "docker" "create" "-v" "/var/lib/crater-agent-workspace/builds/worker-3-tc1/target:/opt/rustwide/target:rw,Z" "-v" "/var/lib/crater-agent-workspace/builds/worker-3-tc1/source:/opt/rustwide/workdir:ro,Z" "-v" "/var/lib/crater-agent-workspace/cargo-home:/opt/rustwide/cargo-home:ro,Z" "-v" "/var/lib/crater-agent-workspace/rustup-home:/opt/rustwide/rustup-home:ro,Z" "-e" "SOURCE_DIR=/opt/rustwide/workdir" "-e" "CARGO_TARGET_DIR=/opt/rustwide/target" "-e" "CARGO_INCREMENTAL=0" "-e" "RUST_BACKTRACE=full" "-e" "RUSTFLAGS=--cap-lints=warn" "-e" "RUSTDOCFLAGS=--cap-lints=warn" "-e" "CARGO_HOME=/opt/rustwide/cargo-home" "-e" "RUSTUP_HOME=/opt/rustwide/rustup-home" "-w" "/opt/rustwide/workdir" "-m" "1610612736" "--user" "0:0" "--network" "none" "ghcr.io/rust-lang/crates-build-env/linux@sha256:2788e3201cd34a07e3172128adcd8b3090168a8e3bcc40d7c032b9dda1df7d1c" "/opt/rustwide/cargo-home/bin/cargo" "+1.75.0" "build" "--frozen" "--message-format=json", kill_on_drop: false }`
[INFO] [stdout] c73f1f1fdbf8a1f9af07d9b9ebd376590d203e17161991e2a9da03a4c4e3193b
[INFO] running `Command { std: "docker" "start" "-a" "c73f1f1fdbf8a1f9af07d9b9ebd376590d203e17161991e2a9da03a4c4e3193b", kill_on_drop: false }`
[INFO] [stderr]    Compiling nb v1.1.0
[INFO] [stderr]    Compiling void v1.0.2
[INFO] [stderr]    Compiling bitfield v0.13.2
[INFO] [stderr]    Compiling nb v0.1.3
[INFO] [stderr]    Compiling embedded-hal v0.2.7
[INFO] [stderr]    Compiling drv2605 v0.1.0 (/opt/rustwide/workdir)
[INFO] [stderr]     Finished dev [unoptimized + debuginfo] target(s) in 0.25s
[INFO] running `Command { std: "docker" "inspect" "c73f1f1fdbf8a1f9af07d9b9ebd376590d203e17161991e2a9da03a4c4e3193b", kill_on_drop: false }`
[INFO] running `Command { std: "docker" "rm" "-f" "c73f1f1fdbf8a1f9af07d9b9ebd376590d203e17161991e2a9da03a4c4e3193b", kill_on_drop: false }`
[INFO] [stdout] c73f1f1fdbf8a1f9af07d9b9ebd376590d203e17161991e2a9da03a4c4e3193b
[INFO] running `Command { std: "docker" "create" "-v" "/var/lib/crater-agent-workspace/builds/worker-3-tc1/target:/opt/rustwide/target:rw,Z" "-v" "/var/lib/crater-agent-workspace/builds/worker-3-tc1/source:/opt/rustwide/workdir:ro,Z" "-v" "/var/lib/crater-agent-workspace/cargo-home:/opt/rustwide/cargo-home:ro,Z" "-v" "/var/lib/crater-agent-workspace/rustup-home:/opt/rustwide/rustup-home:ro,Z" "-e" "SOURCE_DIR=/opt/rustwide/workdir" "-e" "CARGO_TARGET_DIR=/opt/rustwide/target" "-e" "CARGO_INCREMENTAL=0" "-e" "RUST_BACKTRACE=full" "-e" "RUSTFLAGS=--cap-lints=warn" "-e" "RUSTDOCFLAGS=--cap-lints=warn" "-e" "CARGO_HOME=/opt/rustwide/cargo-home" "-e" "RUSTUP_HOME=/opt/rustwide/rustup-home" "-w" "/opt/rustwide/workdir" "-m" "1610612736" "--user" "0:0" "--network" "none" "ghcr.io/rust-lang/crates-build-env/linux@sha256:2788e3201cd34a07e3172128adcd8b3090168a8e3bcc40d7c032b9dda1df7d1c" "/opt/rustwide/cargo-home/bin/cargo" "+1.75.0" "test" "--frozen" "--no-run" "--message-format=json", kill_on_drop: false }`
[INFO] [stdout] 512e6cfbac4d24484821857c3ff9fc3ce196bf4e30a98bed0d837b5651733835
[INFO] running `Command { std: "docker" "start" "-a" "512e6cfbac4d24484821857c3ff9fc3ce196bf4e30a98bed0d837b5651733835", kill_on_drop: false }`
[INFO] [stderr]    Compiling vcell v0.1.3
[INFO] [stderr]    Compiling semver-parser v0.7.0
[INFO] [stderr]    Compiling r0 v0.2.2
[INFO] [stderr]    Compiling bare-metal v0.1.3
[INFO] [stderr]    Compiling aligned v0.1.2
[INFO] [stderr]    Compiling cortex-m v0.3.1
[INFO] [stderr]    Compiling cortex-m v0.4.3
[INFO] [stderr]    Compiling cortex-m-rt v0.4.0
[INFO] [stderr]    Compiling cortex-m v0.7.7
[INFO] [stderr]    Compiling stable_deref_trait v1.2.0
[INFO] [stderr]    Compiling untagged-option v0.1.1
[INFO] [stderr]    Compiling generic-array v0.13.3
[INFO] [stderr]    Compiling generic-array v0.12.4
[INFO] [stderr]    Compiling cortex-m v0.6.7
[INFO] [stderr]    Compiling cortex-m-rt v0.6.15
[INFO] [stderr]    Compiling cortex-m v0.5.11
[INFO] [stdout] error[E0557]: feature has been removed
[INFO] [stdout]   --> /opt/rustwide/cargo-home/registry/src/index.crates.io-6f17d22bba15001f/aligned-0.1.2/src/lib.rs:32:43
[INFO] [stdout]    |
[INFO] [stdout] 32 | #![cfg_attr(feature = "const-fn", feature(const_fn))]
[INFO] [stdout]    |                                           ^^^^^^^^ feature has been removed
[INFO] [stdout]    |
[INFO] [stdout]    = note: split into finer-grained feature gates
[INFO] [stdout] 
[INFO] [stdout] 
[INFO] [stdout] error[E0557]: feature has been removed
[INFO] [stdout]  --> /opt/rustwide/cargo-home/registry/src/index.crates.io-6f17d22bba15001f/bare-metal-0.1.3/src/lib.rs:5:43
[INFO] [stdout]   |
[INFO] [stdout] 5 | #![cfg_attr(feature = "const-fn", feature(const_fn))]
[INFO] [stdout]   |                                           ^^^^^^^^ feature has been removed
[INFO] [stdout]   |
[INFO] [stdout]   = note: split into finer-grained feature gates
[INFO] [stdout] 
[INFO] [stdout] 
[INFO] [stderr]    Compiling volatile-register v0.2.2
[INFO] [stdout] error: aborting due to previous error
[INFO] [stdout] 
[INFO] [stdout] 
[INFO] [stdout] For more information about this error, try `rustc --explain E0557`.
[INFO] [stdout] 
[INFO] [stdout] error[E0557]: feature has been removed
[INFO] [stdout]  --> /opt/rustwide/cargo-home/registry/src/index.crates.io-6f17d22bba15001f/untagged-option-0.1.1/src/lib.rs:5:12
[INFO] [stdout]   |
[INFO] [stdout] 5 | #![feature(untagged_unions, const_fn)]
[INFO] [stdout]   |            ^^^^^^^^^^^^^^^ feature has been removed
[INFO] [stdout]   |
[INFO] [stdout]   = note: unions with `Copy` and `ManuallyDrop` fields are stable; there is no intent to stabilize more
[INFO] [stdout] 
[INFO] [stdout] 
[INFO] [stdout] error[E0557]: feature has been removed
[INFO] [stdout]  --> /opt/rustwide/cargo-home/registry/src/index.crates.io-6f17d22bba15001f/untagged-option-0.1.1/src/lib.rs:5:29
[INFO] [stdout]   |
[INFO] [stdout] 5 | #![feature(untagged_unions, const_fn)]
[INFO] [stdout]   |                             ^^^^^^^^ feature has been removed
[INFO] [stdout]   |
[INFO] [stdout]   = note: split into finer-grained feature gates
[INFO] [stdout] 
[INFO] [stdout] 
[INFO] [stderr] error: could not compile `bare-metal` (lib) due to 2 previous errors
[INFO] [stderr] warning: build failed, waiting for other jobs to finish...
[INFO] [stdout] error[E0740]: field must implement `Copy` or be wrapped in `ManuallyDrop<...>` to be used in a union
[INFO] [stdout]   --> /opt/rustwide/cargo-home/registry/src/index.crates.io-6f17d22bba15001f/untagged-option-0.1.1/src/lib.rs:53:5
[INFO] [stdout]    |
[INFO] [stdout] 53 |     pub some: T,
[INFO] [stdout]    |     ^^^^^^^^^^^
[INFO] [stdout]    |
[INFO] [stdout]    = note: union fields must not have drop side-effects, which is currently enforced via either `Copy` or `ManuallyDrop<...>`
[INFO] [stdout] help: wrap the field type in `ManuallyDrop<...>`
[INFO] [stdout]    |
[INFO] [stdout] 53 |     pub some: std::mem::ManuallyDrop<T>,
[INFO] [stdout]    |               +++++++++++++++++++++++ +
[INFO] [stdout] 
[INFO] [stdout] 
[INFO] [stdout] error: aborting due to 3 previous errors
[INFO] [stdout] 
[INFO] [stdout] 
[INFO] [stdout] Some errors have detailed explanations: E0557, E0740.
[INFO] [stdout] 
[INFO] [stdout] For more information about an error, try `rustc --explain E0557`.
[INFO] [stdout] 
[INFO] [stderr] error: could not compile `untagged-option` (lib) due to 4 previous errors
[INFO] [stdout] error: aborting due to previous error
[INFO] [stdout] 
[INFO] [stdout] 
[INFO] [stdout] For more information about this error, try `rustc --explain E0557`.
[INFO] [stdout] 
[INFO] [stderr] error: could not compile `aligned` (lib) due to 2 previous errors
[INFO] running `Command { std: "docker" "inspect" "512e6cfbac4d24484821857c3ff9fc3ce196bf4e30a98bed0d837b5651733835", kill_on_drop: false }`
[INFO] running `Command { std: "docker" "rm" "-f" "512e6cfbac4d24484821857c3ff9fc3ce196bf4e30a98bed0d837b5651733835", kill_on_drop: false }`
[INFO] [stdout] 512e6cfbac4d24484821857c3ff9fc3ce196bf4e30a98bed0d837b5651733835
