[INFO] fetching crate dropzone 0.1.3...
[INFO] testing dropzone-0.1.3 against 1.75.0 for beta-1.76-1
[INFO] extracting crate dropzone 0.1.3 into /workspace/builds/worker-1-tc1/source
[INFO] validating manifest of crates.io crate dropzone 0.1.3 on toolchain 1.75.0
[INFO] running `Command { std: CARGO_HOME="/workspace/cargo-home" RUSTUP_HOME="/workspace/rustup-home" "/workspace/cargo-home/bin/cargo" "+1.75.0" "metadata" "--manifest-path" "Cargo.toml" "--no-deps", kill_on_drop: false }`
[INFO] started tweaking crates.io crate dropzone 0.1.3
[INFO] finished tweaking crates.io crate dropzone 0.1.3
[INFO] tweaked toml for crates.io crate dropzone 0.1.3 written to /workspace/builds/worker-1-tc1/source/Cargo.toml
[INFO] crate crates.io crate dropzone 0.1.3 already has a lockfile, it will not be regenerated
[INFO] running `Command { std: CARGO_HOME="/workspace/cargo-home" RUSTUP_HOME="/workspace/rustup-home" "/workspace/cargo-home/bin/cargo" "+1.75.0" "fetch" "--manifest-path" "Cargo.toml", kill_on_drop: false }`
[INFO] [stderr]     Updating crates.io index
[INFO] [stderr]  Downloading crates ...
[INFO] [stderr]   Downloaded newline-converter v0.2.2
[INFO] [stderr]   Downloaded clipboard v0.5.0
[INFO] [stderr]   Downloaded pest_meta v2.7.1
[INFO] [stderr]   Downloaded x11-clipboard v0.3.3
[INFO] [stderr]   Downloaded dyn-clone v1.0.12
[INFO] [stderr]   Downloaded pest_generator v2.7.1
[INFO] [stderr]   Downloaded pest_derive v2.7.1
[INFO] [stderr]   Downloaded inquire v0.6.2
[INFO] [stderr]   Downloaded redis v0.23.1
[INFO] [stderr]   Downloaded serde_derive v1.0.177
[INFO] [stderr]   Downloaded pest v2.7.1
[INFO] [stderr]   Downloaded winnow v0.5.1
[INFO] [stderr]   Downloaded config v0.13.3
[INFO] running `Command { std: "docker" "create" "-v" "/var/lib/crater-agent-workspace/builds/worker-1-tc1/target:/opt/rustwide/target:rw,Z" "-v" "/var/lib/crater-agent-workspace/builds/worker-1-tc1/source:/opt/rustwide/workdir:ro,Z" "-v" "/var/lib/crater-agent-workspace/cargo-home:/opt/rustwide/cargo-home:ro,Z" "-v" "/var/lib/crater-agent-workspace/rustup-home:/opt/rustwide/rustup-home:ro,Z" "-e" "SOURCE_DIR=/opt/rustwide/workdir" "-e" "CARGO_TARGET_DIR=/opt/rustwide/target" "-e" "CARGO_HOME=/opt/rustwide/cargo-home" "-e" "RUSTUP_HOME=/opt/rustwide/rustup-home" "-w" "/opt/rustwide/workdir" "-m" "1610612736" "--user" "0:0" "--network" "none" "ghcr.io/rust-lang/crates-build-env/linux@sha256:2788e3201cd34a07e3172128adcd8b3090168a8e3bcc40d7c032b9dda1df7d1c" "/opt/rustwide/cargo-home/bin/cargo" "+1.75.0" "metadata" "--no-deps" "--format-version=1", kill_on_drop: false }`
[INFO] [stdout] 57ffe5ff26f8564e2f99cf0bfe50d5783063c1a6d68d0dbee974426dbef84916
[INFO] running `Command { std: "docker" "start" "-a" "57ffe5ff26f8564e2f99cf0bfe50d5783063c1a6d68d0dbee974426dbef84916", kill_on_drop: false }`
[INFO] running `Command { std: "docker" "inspect" "57ffe5ff26f8564e2f99cf0bfe50d5783063c1a6d68d0dbee974426dbef84916", kill_on_drop: false }`
[INFO] running `Command { std: "docker" "rm" "-f" "57ffe5ff26f8564e2f99cf0bfe50d5783063c1a6d68d0dbee974426dbef84916", kill_on_drop: false }`
[INFO] [stdout] 57ffe5ff26f8564e2f99cf0bfe50d5783063c1a6d68d0dbee974426dbef84916
[INFO] running `Command { std: "docker" "create" "-v" "/var/lib/crater-agent-workspace/builds/worker-1-tc1/target:/opt/rustwide/target:rw,Z" "-v" "/var/lib/crater-agent-workspace/builds/worker-1-tc1/source:/opt/rustwide/workdir:ro,Z" "-v" "/var/lib/crater-agent-workspace/cargo-home:/opt/rustwide/cargo-home:ro,Z" "-v" "/var/lib/crater-agent-workspace/rustup-home:/opt/rustwide/rustup-home:ro,Z" "-e" "SOURCE_DIR=/opt/rustwide/workdir" "-e" "CARGO_TARGET_DIR=/opt/rustwide/target" "-e" "CARGO_INCREMENTAL=0" "-e" "RUST_BACKTRACE=full" "-e" "RUSTFLAGS=--cap-lints=warn" "-e" "RUSTDOCFLAGS=--cap-lints=warn" "-e" "CARGO_HOME=/opt/rustwide/cargo-home" "-e" "RUSTUP_HOME=/opt/rustwide/rustup-home" "-w" "/opt/rustwide/workdir" "-m" "1610612736" "--user" "0:0" "--network" "none" "ghcr.io/rust-lang/crates-build-env/linux@sha256:2788e3201cd34a07e3172128adcd8b3090168a8e3bcc40d7c032b9dda1df7d1c" "/opt/rustwide/cargo-home/bin/cargo" "+1.75.0" "build" "--frozen" "--message-format=json", kill_on_drop: false }`
[INFO] [stdout] 0b958f7e63420405e22ffe1107ff95d67edcf46b07d7cd9bd9c4683c2a6aae58
[INFO] running `Command { std: "docker" "start" "-a" "0b958f7e63420405e22ffe1107ff95d67edcf46b07d7cd9bd9c4683c2a6aae58", kill_on_drop: false }`
[INFO] [stderr]    Compiling libc v0.2.147
[INFO] [stderr]    Compiling proc-macro2 v1.0.66
[INFO] [stderr]    Compiling unicode-ident v1.0.8
[INFO] [stderr]    Compiling serde v1.0.177
[INFO] [stderr]    Compiling once_cell v1.18.0
[INFO] [stderr]    Compiling serde_derive v1.0.177
[INFO] [stderr]    Compiling thiserror v1.0.40
[INFO] [stderr]    Compiling log v0.4.19
[INFO] [stderr]    Compiling ucd-trie v0.1.6
[INFO] [stderr]    Compiling memchr v2.5.0
[INFO] [stderr]    Compiling rustix v0.38.4
[INFO] [stderr]    Compiling tinyvec_macros v0.1.1
[INFO] [stderr]    Compiling linux-raw-sys v0.4.3
[INFO] [stderr]    Compiling ahash v0.7.6
[INFO] [stderr]    Compiling lock_api v0.4.10
[INFO] [stderr]    Compiling signal-hook v0.3.17
[INFO] [stderr]    Compiling bitflags v2.3.3
[INFO] [stderr]    Compiling parking_lot_core v0.9.8
[INFO] [stderr]    Compiling tinyvec v1.6.0
[INFO] [stderr]    Compiling smallvec v1.11.0
[INFO] [stderr]    Compiling utf8parse v0.2.1
[INFO] [stderr]    Compiling unicode-bidi v0.3.13
[INFO] [stderr]    Compiling anstyle-parse v0.2.1
[INFO] [stderr]    Compiling async-trait v0.1.72
[INFO] [stderr]    Compiling itoa v1.0.9
[INFO] [stderr]    Compiling anstyle v1.0.1
[INFO] [stderr]    Compiling colorchoice v1.0.0
[INFO] [stderr]    Compiling anstyle-query v1.0.0
[INFO] [stderr]    Compiling ryu v1.0.15
[INFO] [stderr]    Compiling equivalent v1.0.1
[INFO] [stderr]    Compiling hashbrown v0.14.0
[INFO] [stderr]    Compiling serde_json v1.0.104
[INFO] [stderr]    Compiling dlv-list v0.3.0
[INFO] [stderr]    Compiling percent-encoding v2.3.0
[INFO] [stderr]    Compiling strsim v0.10.0
[INFO] [stderr]    Compiling clap_lex v0.5.0
[INFO] [stderr]    Compiling linked-hash-map v0.5.6
[INFO] [stderr]    Compiling form_urlencoded v1.2.0
[INFO] [stderr]    Compiling anyhow v1.0.72
[INFO] [stderr]    Compiling minimal-lexical v0.2.1
[INFO] [stderr]    Compiling unicode-segmentation v1.10.1
[INFO] [stderr]    Compiling bytes v1.4.0
[INFO] [stderr]    Compiling heck v0.4.1
[INFO] [stderr]    Compiling winnow v0.5.1
[INFO] [stderr]    Compiling quote v1.0.32
[INFO] [stderr]    Compiling option-ext v0.2.0
[INFO] [stderr]    Compiling syn v2.0.27
[INFO] [stderr]    Compiling nom v7.1.3
[INFO] [stderr]    Compiling getrandom v0.2.9
[INFO] [stderr]    Compiling signal-hook-registry v1.4.1
[INFO] [stderr]    Compiling unicode-normalization v0.1.22
[INFO] [stderr]    Compiling is-terminal v0.4.9
[INFO] [stderr]    Compiling xcb v0.8.2
[INFO] [stderr]    Compiling mio v0.8.8
[INFO] [stderr]    Compiling anstream v0.3.2
[INFO] [stderr]    Compiling indexmap v2.0.0
[INFO] [stderr]    Compiling combine v4.6.6
[INFO] [stderr]    Compiling hashbrown v0.12.3
[INFO] [stderr]    Compiling parking_lot v0.12.1
[INFO] [stderr]    Compiling clap_builder v4.3.19
[INFO] [stderr]    Compiling newline-converter v0.2.2
[INFO] [stderr]    Compiling socket2 v0.4.9
[INFO] [stderr]    Compiling signal-hook-mio v0.2.3
[INFO] [stderr]    Compiling idna v0.4.0
[INFO] [stderr]    Compiling crossterm v0.25.0
[INFO] [stderr] error: failed to run custom build command for `xcb v0.8.2`
[INFO] [stderr] note: To improve backtraces for build dependencies, set the CARGO_PROFILE_DEV_BUILD_OVERRIDE_DEBUG=true environment variable to enable debug information generation.
[INFO] [stderr] 
[INFO] [stderr] Caused by:
[INFO] [stderr]   process didn't exit successfully: `/opt/rustwide/target/debug/build/xcb-31d79ba79eae5fbf/build-script-build` (exit status: 101)
[INFO] [stderr]   --- stderr
[INFO] [stderr]   error occured in handler:  ('request: ', ('xcb', 'SELinux', 'GetClientContext'))
[INFO] [stderr]   Traceback (most recent call last):
[INFO] [stderr]     File "/opt/rustwide/cargo-home/registry/src/index.crates.io-6f17d22bba15001f/xcb-0.8.2/rs_client.py", line 2448, in <module>
[INFO] [stderr]       module.generate()
[INFO] [stderr]     File "/opt/rustwide/cargo-home/registry/src/index.crates.io-6f17d22bba15001f/xcb-0.8.2/xcbgen/state.py", line 108, in generate
[INFO] [stderr]       self.close()
[INFO] [stderr]     File "/opt/rustwide/cargo-home/registry/src/index.crates.io-6f17d22bba15001f/xcb-0.8.2/rs_client.py", line 296, in rs_close
[INFO] [stderr]       _f.writeout(os.path.join(module.rs_srcdir, "ffi", "%s.rs" % _module_name(_ns.ext_name)))
[INFO] [stderr]     File "/opt/rustwide/cargo-home/registry/src/index.crates.io-6f17d22bba15001f/xcb-0.8.2/rs_client.py", line 114, in writeout
[INFO] [stderr]       with open(path, 'w') as f:
[INFO] [stderr]   OSError: [Errno 30] Read-only file system: '/opt/rustwide/cargo-home/registry/src/index.crates.io-6f17d22bba15001f/xcb-0.8.2/src/ffi/selinux.rs'
[INFO] [stderr]   thread 'main' panicked at /opt/rustwide/cargo-home/registry/src/index.crates.io-6f17d22bba15001f/xcb-0.8.2/build.rs:75:17:
[INFO] [stderr]   processing of /opt/rustwide/cargo-home/registry/src/index.crates.io-6f17d22bba15001f/xcb-0.8.2/xml/xselinux.xml returned non-zero (1)
[INFO] [stderr]   stack backtrace:
[INFO] [stderr]      0:     0x562457ed62cc - std::backtrace_rs::backtrace::libunwind::trace::ha637c64ce894333a
[INFO] [stderr]                                  at /rustc/82e1608dfa6e0b5569232559e3d385fea5a93112/library/std/src/../../backtrace/src/backtrace/libunwind.rs:104:5
[INFO] [stderr]      1:     0x562457ed62cc - std::backtrace_rs::backtrace::trace_unsynchronized::h47f62dea28e0c88d
[INFO] [stderr]                                  at /rustc/82e1608dfa6e0b5569232559e3d385fea5a93112/library/std/src/../../backtrace/src/backtrace/mod.rs:66:5
[INFO] [stderr]      2:     0x562457ed62cc - std::sys_common::backtrace::_print_fmt::h9eef0abe20ede486
[INFO] [stderr]                                  at /rustc/82e1608dfa6e0b5569232559e3d385fea5a93112/library/std/src/sys_common/backtrace.rs:67:5
[INFO] [stderr]      3:     0x562457ed62cc - <std::sys_common::backtrace::_print::DisplayBacktrace as core::fmt::Display>::fmt::hed7f999df88cc644
[INFO] [stderr]                                  at /rustc/82e1608dfa6e0b5569232559e3d385fea5a93112/library/std/src/sys_common/backtrace.rs:44:22
[INFO] [stderr]      4:     0x562457ef96c0 - core::fmt::rt::Argument::fmt::h1539a9308b8d058d
[INFO] [stderr]                                  at /rustc/82e1608dfa6e0b5569232559e3d385fea5a93112/library/core/src/fmt/rt.rs:142:9
[INFO] [stderr]      5:     0x562457ef96c0 - core::fmt::write::h3a39390d8560d9c9
[INFO] [stderr]                                  at /rustc/82e1608dfa6e0b5569232559e3d385fea5a93112/library/core/src/fmt/mod.rs:1120:17
[INFO] [stderr]      6:     0x562457ed429f - std::io::Write::write_fmt::h5fc9997dfe05f882
[INFO] [stderr]                                  at /rustc/82e1608dfa6e0b5569232559e3d385fea5a93112/library/std/src/io/mod.rs:1762:15
[INFO] [stderr]      7:     0x562457ed60b4 - std::sys_common::backtrace::_print::h894006fb5c6f3d45
[INFO] [stderr]                                  at /rustc/82e1608dfa6e0b5569232559e3d385fea5a93112/library/std/src/sys_common/backtrace.rs:47:5
[INFO] [stderr]      8:     0x562457ed60b4 - std::sys_common::backtrace::print::h23a2d212c6fff936
[INFO] [stderr]                                  at /rustc/82e1608dfa6e0b5569232559e3d385fea5a93112/library/std/src/sys_common/backtrace.rs:34:9
[INFO] [stderr]      9:     0x562457ed7757 - std::panicking::default_hook::{{closure}}::h8a1d2ee00185001a
[INFO] [stderr]     10:     0x562457ed74bf - std::panicking::default_hook::h6038f2eba384e475
[INFO] [stderr]                                  at /rustc/82e1608dfa6e0b5569232559e3d385fea5a93112/library/std/src/panicking.rs:292:9
[INFO] [stderr]     11:     0x562457ed7bd8 - std::panicking::rust_panic_with_hook::h2b5517d590cab22e
[INFO] [stderr]                                  at /rustc/82e1608dfa6e0b5569232559e3d385fea5a93112/library/std/src/panicking.rs:779:13
[INFO] [stderr]     12:     0x562457ed7abe - std::panicking::begin_panic_handler::{{closure}}::h233112c06e0ef43e
[INFO] [stderr]                                  at /rustc/82e1608dfa6e0b5569232559e3d385fea5a93112/library/std/src/panicking.rs:657:13
[INFO] [stderr]     13:     0x562457ed6796 - std::sys_common::backtrace::__rust_end_short_backtrace::h6e893f24d7ebbff8
[INFO] [stderr]                                  at /rustc/82e1608dfa6e0b5569232559e3d385fea5a93112/library/std/src/sys_common/backtrace.rs:170:18
[INFO] [stderr]     14:     0x562457ed7822 - rust_begin_unwind
[INFO] [stderr]                                  at /rustc/82e1608dfa6e0b5569232559e3d385fea5a93112/library/std/src/panicking.rs:645:5
[INFO] [stderr]     15:     0x562457eb0285 - core::panicking::panic_fmt::hbf0e066aabfa482c
[INFO] [stderr]                                  at /rustc/82e1608dfa6e0b5569232559e3d385fea5a93112/library/core/src/panicking.rs:72:14
[INFO] [stderr]     16:     0x562457eb61e1 - build_script_build::main::{{closure}}::h3605274cb1090835
[INFO] [stderr]     17:     0x562457eb50d5 - build_script_build::visit_xml::h1efa70e6076c7dc1
[INFO] [stderr]     18:     0x562457eb5773 - build_script_build::main::h5ab8e37894171520
[INFO] [stderr]     19:     0x562457eb1d53 - core::ops::function::FnOnce::call_once::h42ff3817cc6b15da
[INFO] [stderr]     20:     0x562457eb0dc6 - std::sys_common::backtrace::__rust_begin_short_backtrace::h74a784c1cb8d106d
[INFO] [stderr]     21:     0x562457eb1509 - std::rt::lang_start::{{closure}}::h96917dfde69c9143
[INFO] [stderr]     22:     0x562457ed0fa7 - core::ops::function::impls::<impl core::ops::function::FnOnce<A> for &F>::call_once::hd95060ecd5e1ca24
[INFO] [stderr]                                  at /rustc/82e1608dfa6e0b5569232559e3d385fea5a93112/library/core/src/ops/function.rs:284:13
[INFO] [stderr]     23:     0x562457ed0fa7 - std::panicking::try::do_call::h6e8cf51db32a6e4b
[INFO] [stderr]                                  at /rustc/82e1608dfa6e0b5569232559e3d385fea5a93112/library/std/src/panicking.rs:552:40
[INFO] [stderr]     24:     0x562457ed0fa7 - std::panicking::try::h3a52eefe24fe3c29
[INFO] [stderr]                                  at /rustc/82e1608dfa6e0b5569232559e3d385fea5a93112/library/std/src/panicking.rs:516:19
[INFO] [stderr]     25:     0x562457ed0fa7 - std::panic::catch_unwind::h24c28c23c02c3841
[INFO] [stderr]                                  at /rustc/82e1608dfa6e0b5569232559e3d385fea5a93112/library/std/src/panic.rs:142:14
[INFO] [stderr]     26:     0x562457ed0fa7 - std::rt::lang_start_internal::{{closure}}::h705d3c9cbc06ef47
[INFO] [stderr]                                  at /rustc/82e1608dfa6e0b5569232559e3d385fea5a93112/library/std/src/rt.rs:148:48
[INFO] [stderr]     27:     0x562457ed0fa7 - std::panicking::try::do_call::ha21f52ba13158470
[INFO] [stderr]                                  at /rustc/82e1608dfa6e0b5569232559e3d385fea5a93112/library/std/src/panicking.rs:552:40
[INFO] [stderr]     28:     0x562457ed0fa7 - std::panicking::try::h5581346bf6aeb1f8
[INFO] [stderr]                                  at /rustc/82e1608dfa6e0b5569232559e3d385fea5a93112/library/std/src/panicking.rs:516:19
[INFO] [stderr]     29:     0x562457ed0fa7 - std::panic::catch_unwind::h7919645a6b72e25b
[INFO] [stderr]                                  at /rustc/82e1608dfa6e0b5569232559e3d385fea5a93112/library/std/src/panic.rs:142:14
[INFO] [stderr]     30:     0x562457ed0fa7 - std::rt::lang_start_internal::h12de51168669836e
[INFO] [stderr]                                  at /rustc/82e1608dfa6e0b5569232559e3d385fea5a93112/library/std/src/rt.rs:148:20
[INFO] [stderr]     31:     0x562457eb14e7 - std::rt::lang_start::he8a08c82f37c1483
[INFO] [stderr]     32:     0x562457eb6265 - main
[INFO] [stderr]     33:     0x7fec9e44fd90 - <unknown>
[INFO] [stderr]     34:     0x7fec9e44fe40 - __libc_start_main
[INFO] [stderr]     35:     0x562457eb09a5 - _start
[INFO] [stderr]     36:                0x0 - <unknown>
[INFO] [stderr] warning: build failed, waiting for other jobs to finish...
[INFO] running `Command { std: "docker" "inspect" "0b958f7e63420405e22ffe1107ff95d67edcf46b07d7cd9bd9c4683c2a6aae58", kill_on_drop: false }`
[INFO] running `Command { std: "docker" "rm" "-f" "0b958f7e63420405e22ffe1107ff95d67edcf46b07d7cd9bd9c4683c2a6aae58", kill_on_drop: false }`
[INFO] [stdout] 0b958f7e63420405e22ffe1107ff95d67edcf46b07d7cd9bd9c4683c2a6aae58
[INFO] testing dropzone-0.1.3 against beta-2023-12-22 for beta-1.76-1
[INFO] extracting crate dropzone 0.1.3 into /workspace/builds/worker-1-tc2/source
[INFO] validating manifest of crates.io crate dropzone 0.1.3 on toolchain beta-2023-12-22
[INFO] running `Command { std: CARGO_HOME="/workspace/cargo-home" RUSTUP_HOME="/workspace/rustup-home" "/workspace/cargo-home/bin/cargo" "+beta-2023-12-22" "metadata" "--manifest-path" "Cargo.toml" "--no-deps", kill_on_drop: false }`
[INFO] started tweaking crates.io crate dropzone 0.1.3
[INFO] finished tweaking crates.io crate dropzone 0.1.3
[INFO] tweaked toml for crates.io crate dropzone 0.1.3 written to /workspace/builds/worker-1-tc2/source/Cargo.toml
[INFO] crate crates.io crate dropzone 0.1.3 already has a lockfile, it will not be regenerated
[INFO] running `Command { std: CARGO_HOME="/workspace/cargo-home" RUSTUP_HOME="/workspace/rustup-home" "/workspace/cargo-home/bin/cargo" "+beta-2023-12-22" "fetch" "--manifest-path" "Cargo.toml", kill_on_drop: false }`
[INFO] running `Command { std: "docker" "create" "-v" "/var/lib/crater-agent-workspace/builds/worker-1-tc2/target:/opt/rustwide/target:rw,Z" "-v" "/var/lib/crater-agent-workspace/builds/worker-1-tc2/source:/opt/rustwide/workdir:ro,Z" "-v" "/var/lib/crater-agent-workspace/cargo-home:/opt/rustwide/cargo-home:ro,Z" "-v" "/var/lib/crater-agent-workspace/rustup-home:/opt/rustwide/rustup-home:ro,Z" "-e" "SOURCE_DIR=/opt/rustwide/workdir" "-e" "CARGO_TARGET_DIR=/opt/rustwide/target" "-e" "CARGO_HOME=/opt/rustwide/cargo-home" "-e" "RUSTUP_HOME=/opt/rustwide/rustup-home" "-w" "/opt/rustwide/workdir" "-m" "1610612736" "--user" "0:0" "--network" "none" "ghcr.io/rust-lang/crates-build-env/linux@sha256:2788e3201cd34a07e3172128adcd8b3090168a8e3bcc40d7c032b9dda1df7d1c" "/opt/rustwide/cargo-home/bin/cargo" "+beta-2023-12-22" "metadata" "--no-deps" "--format-version=1", kill_on_drop: false }`
[INFO] [stdout] 079c921f554872eed426caefeaaf2457d37b670c599c7309c68fcbebc7b3161d
[INFO] running `Command { std: "docker" "start" "-a" "079c921f554872eed426caefeaaf2457d37b670c599c7309c68fcbebc7b3161d", kill_on_drop: false }`
[INFO] running `Command { std: "docker" "inspect" "079c921f554872eed426caefeaaf2457d37b670c599c7309c68fcbebc7b3161d", kill_on_drop: false }`
[INFO] running `Command { std: "docker" "rm" "-f" "079c921f554872eed426caefeaaf2457d37b670c599c7309c68fcbebc7b3161d", kill_on_drop: false }`
[INFO] [stdout] 079c921f554872eed426caefeaaf2457d37b670c599c7309c68fcbebc7b3161d
[INFO] running `Command { std: "docker" "create" "-v" "/var/lib/crater-agent-workspace/builds/worker-1-tc2/target:/opt/rustwide/target:rw,Z" "-v" "/var/lib/crater-agent-workspace/builds/worker-1-tc2/source:/opt/rustwide/workdir:ro,Z" "-v" "/var/lib/crater-agent-workspace/cargo-home:/opt/rustwide/cargo-home:ro,Z" "-v" "/var/lib/crater-agent-workspace/rustup-home:/opt/rustwide/rustup-home:ro,Z" "-e" "SOURCE_DIR=/opt/rustwide/workdir" "-e" "CARGO_TARGET_DIR=/opt/rustwide/target" "-e" "CARGO_INCREMENTAL=0" "-e" "RUST_BACKTRACE=full" "-e" "RUSTFLAGS=--cap-lints=warn" "-e" "RUSTDOCFLAGS=--cap-lints=warn" "-e" "CARGO_HOME=/opt/rustwide/cargo-home" "-e" "RUSTUP_HOME=/opt/rustwide/rustup-home" "-w" "/opt/rustwide/workdir" "-m" "1610612736" "--user" "0:0" "--network" "none" "ghcr.io/rust-lang/crates-build-env/linux@sha256:2788e3201cd34a07e3172128adcd8b3090168a8e3bcc40d7c032b9dda1df7d1c" "/opt/rustwide/cargo-home/bin/cargo" "+beta-2023-12-22" "build" "--frozen" "--message-format=json", kill_on_drop: false }`
[INFO] [stdout] 84ec473c1cfcf4d6c1ab57c14d7a54671c5cc13280d8262d5c570ac860e14ace
[INFO] running `Command { std: "docker" "start" "-a" "84ec473c1cfcf4d6c1ab57c14d7a54671c5cc13280d8262d5c570ac860e14ace", kill_on_drop: false }`
[INFO] [stderr]    Compiling libc v0.2.147
[INFO] [stderr]    Compiling proc-macro2 v1.0.66
[INFO] [stderr]    Compiling unicode-ident v1.0.8
[INFO] [stderr]    Compiling serde v1.0.177
[INFO] [stderr]    Compiling serde_derive v1.0.177
[INFO] [stderr]    Compiling once_cell v1.18.0
[INFO] [stderr]    Compiling thiserror v1.0.40
[INFO] [stderr]    Compiling log v0.4.19
[INFO] [stderr]    Compiling memchr v2.5.0
[INFO] [stderr]    Compiling ucd-trie v0.1.6
[INFO] [stderr]    Compiling ahash v0.7.6
[INFO] [stderr]    Compiling rustix v0.38.4
[INFO] [stderr]    Compiling lock_api v0.4.10
[INFO] [stderr]    Compiling tinyvec_macros v0.1.1
[INFO] [stderr]    Compiling linux-raw-sys v0.4.3
[INFO] [stderr]    Compiling signal-hook v0.3.17
[INFO] [stderr]    Compiling bitflags v2.3.3
[INFO] [stderr]    Compiling parking_lot_core v0.9.8
[INFO] [stderr]    Compiling tinyvec v1.6.0
[INFO] [stderr]    Compiling smallvec v1.11.0
[INFO] [stderr]    Compiling utf8parse v0.2.1
[INFO] [stderr]    Compiling ryu v1.0.15
[INFO] [stderr]    Compiling anstyle-parse v0.2.1
[INFO] [stderr]    Compiling hashbrown v0.14.0
[INFO] [stderr]    Compiling percent-encoding v2.3.0
[INFO] [stderr]    Compiling itoa v1.0.9
[INFO] [stderr]    Compiling dlv-list v0.3.0
[INFO] [stderr]    Compiling anstyle v1.0.1
[INFO] [stderr]    Compiling colorchoice v1.0.0
[INFO] [stderr]    Compiling anstyle-query v1.0.0
[INFO] [stderr]    Compiling equivalent v1.0.1
[INFO] [stderr]    Compiling async-trait v0.1.72
[INFO] [stderr]    Compiling unicode-bidi v0.3.13
[INFO] [stderr]    Compiling serde_json v1.0.104
[INFO] [stderr]    Compiling form_urlencoded v1.2.0
[INFO] [stderr]    Compiling linked-hash-map v0.5.6
[INFO] [stderr]    Compiling bytes v1.4.0
[INFO] [stderr]    Compiling heck v0.4.1
[INFO] [stderr]    Compiling option-ext v0.2.0
[INFO] [stderr]    Compiling anyhow v1.0.72
[INFO] [stderr]    Compiling unicode-segmentation v1.10.1
[INFO] [stderr]    Compiling minimal-lexical v0.2.1
[INFO] [stderr]    Compiling clap_lex v0.5.0
[INFO] [stderr]    Compiling strsim v0.10.0
[INFO] [stderr]    Compiling winnow v0.5.1
[INFO] [stderr]    Compiling quote v1.0.32
[INFO] [stderr]    Compiling indexmap v2.0.0
[INFO] [stderr]    Compiling combine v4.6.6
[INFO] [stderr]    Compiling nom v7.1.3
[INFO] [stderr]    Compiling syn v2.0.27
[INFO] [stderr]    Compiling getrandom v0.2.9
[INFO] [stderr]    Compiling signal-hook-registry v1.4.1
[INFO] [stderr]    Compiling mio v0.8.8
[INFO] [stderr]    Compiling is-terminal v0.4.9
[INFO] [stderr]    Compiling xcb v0.8.2
[INFO] [stderr]    Compiling unicode-normalization v0.1.22
[INFO] [stderr]    Compiling anstream v0.3.2
[INFO] [stderr]    Compiling hashbrown v0.12.3
[INFO] [stderr]    Compiling parking_lot v0.12.1
[INFO] [stderr]    Compiling socket2 v0.4.9
[INFO] [stderr]    Compiling signal-hook-mio v0.2.3
[INFO] [stderr]    Compiling clap_builder v4.3.19
[INFO] [stderr]    Compiling dirs-sys v0.4.1
[INFO] [stderr]    Compiling newline-converter v0.2.2
[INFO] [stderr]    Compiling crossterm v0.25.0
[INFO] [stderr] error: failed to run custom build command for `xcb v0.8.2`
[INFO] [stderr] note: To improve backtraces for build dependencies, set the CARGO_PROFILE_DEV_BUILD_OVERRIDE_DEBUG=true environment variable to enable debug information generation.
[INFO] [stderr] 
[INFO] [stderr] Caused by:
[INFO] [stderr]   process didn't exit successfully: `/opt/rustwide/target/debug/build/xcb-88b41eba93b7ad89/build-script-build` (exit status: 101)
[INFO] [stderr]   --- stderr
[INFO] [stderr]   error occured in handler:  ('request: ', ('xcb', 'SELinux', 'GetClientContext'))
[INFO] [stderr]   Traceback (most recent call last):
[INFO] [stderr]     File "/opt/rustwide/cargo-home/registry/src/index.crates.io-6f17d22bba15001f/xcb-0.8.2/rs_client.py", line 2448, in <module>
[INFO] [stderr]       module.generate()
[INFO] [stderr]     File "/opt/rustwide/cargo-home/registry/src/index.crates.io-6f17d22bba15001f/xcb-0.8.2/xcbgen/state.py", line 108, in generate
[INFO] [stderr]       self.close()
[INFO] [stderr]     File "/opt/rustwide/cargo-home/registry/src/index.crates.io-6f17d22bba15001f/xcb-0.8.2/rs_client.py", line 296, in rs_close
[INFO] [stderr]       _f.writeout(os.path.join(module.rs_srcdir, "ffi", "%s.rs" % _module_name(_ns.ext_name)))
[INFO] [stderr]     File "/opt/rustwide/cargo-home/registry/src/index.crates.io-6f17d22bba15001f/xcb-0.8.2/rs_client.py", line 114, in writeout
[INFO] [stderr]       with open(path, 'w') as f:
[INFO] [stderr]   OSError: [Errno 30] Read-only file system: '/opt/rustwide/cargo-home/registry/src/index.crates.io-6f17d22bba15001f/xcb-0.8.2/src/ffi/selinux.rs'
[INFO] [stderr]   thread 'main' panicked at /opt/rustwide/cargo-home/registry/src/index.crates.io-6f17d22bba15001f/xcb-0.8.2/build.rs:75:17:
[INFO] [stderr]   processing of /opt/rustwide/cargo-home/registry/src/index.crates.io-6f17d22bba15001f/xcb-0.8.2/xml/xselinux.xml returned non-zero (1)
[INFO] [stderr]   stack backtrace:
[INFO] [stderr]      0:     0x560fe8fc3376 - std::backtrace_rs::backtrace::libunwind::trace::h261606ad26a499c1
[INFO] [stderr]                                  at /rustc/0e09125c6c3c2fd70d7de961bcf0e51575235fad/library/std/src/../../backtrace/src/backtrace/libunwind.rs:104:5
[INFO] [stderr]      1:     0x560fe8fc3376 - std::backtrace_rs::backtrace::trace_unsynchronized::hd183f0625477fb28
[INFO] [stderr]                                  at /rustc/0e09125c6c3c2fd70d7de961bcf0e51575235fad/library/std/src/../../backtrace/src/backtrace/mod.rs:66:5
[INFO] [stderr]      2:     0x560fe8fc3376 - std::sys_common::backtrace::_print_fmt::hd7f8fef21b4eda67
[INFO] [stderr]                                  at /rustc/0e09125c6c3c2fd70d7de961bcf0e51575235fad/library/std/src/sys_common/backtrace.rs:68:5
[INFO] [stderr]      3:     0x560fe8fc3376 - <std::sys_common::backtrace::_print::DisplayBacktrace as core::fmt::Display>::fmt::h623d9b51f2f453f1
[INFO] [stderr]                                  at /rustc/0e09125c6c3c2fd70d7de961bcf0e51575235fad/library/std/src/sys_common/backtrace.rs:44:22
[INFO] [stderr]      4:     0x560fe8fe5aa0 - core::fmt::rt::Argument::fmt::h9f417ac76a86f368
[INFO] [stderr]                                  at /rustc/0e09125c6c3c2fd70d7de961bcf0e51575235fad/library/core/src/fmt/rt.rs:142:9
[INFO] [stderr]      5:     0x560fe8fe5aa0 - core::fmt::write::hc9b6faf4ac2aeff7
[INFO] [stderr]                                  at /rustc/0e09125c6c3c2fd70d7de961bcf0e51575235fad/library/core/src/fmt/mod.rs:1120:17
[INFO] [stderr]      6:     0x560fe8fc13ef - std::io::Write::write_fmt::hfead1eee52c2e65e
[INFO] [stderr]                                  at /rustc/0e09125c6c3c2fd70d7de961bcf0e51575235fad/library/std/src/io/mod.rs:1810:15
[INFO] [stderr]      7:     0x560fe8fc3154 - std::sys_common::backtrace::_print::hd5d66399c7df88a2
[INFO] [stderr]                                  at /rustc/0e09125c6c3c2fd70d7de961bcf0e51575235fad/library/std/src/sys_common/backtrace.rs:47:5
[INFO] [stderr]      8:     0x560fe8fc3154 - std::sys_common::backtrace::print::he81ed2da642d37e5
[INFO] [stderr]                                  at /rustc/0e09125c6c3c2fd70d7de961bcf0e51575235fad/library/std/src/sys_common/backtrace.rs:34:9
[INFO] [stderr]      9:     0x560fe8fc4847 - std::panicking::default_hook::{{closure}}::h85773f4fa117163d
[INFO] [stderr]     10:     0x560fe8fc45a9 - std::panicking::default_hook::h6a1694a91d09b278
[INFO] [stderr]                                  at /rustc/0e09125c6c3c2fd70d7de961bcf0e51575235fad/library/std/src/panicking.rs:292:9
[INFO] [stderr]     11:     0x560fe8fc4cd8 - std::panicking::rust_panic_with_hook::h0a7ad96e90f7145b
[INFO] [stderr]                                  at /rustc/0e09125c6c3c2fd70d7de961bcf0e51575235fad/library/std/src/panicking.rs:779:13
[INFO] [stderr]     12:     0x560fe8fc4bb2 - std::panicking::begin_panic_handler::{{closure}}::h7919090525c6485e
[INFO] [stderr]                                  at /rustc/0e09125c6c3c2fd70d7de961bcf0e51575235fad/library/std/src/panicking.rs:657:13
[INFO] [stderr]     13:     0x560fe8fc3876 - std::sys_common::backtrace::__rust_end_short_backtrace::hf3289479464f7dfe
[INFO] [stderr]                                  at /rustc/0e09125c6c3c2fd70d7de961bcf0e51575235fad/library/std/src/sys_common/backtrace.rs:171:18
[INFO] [stderr]     14:     0x560fe8fc4910 - rust_begin_unwind
[INFO] [stderr]                                  at /rustc/0e09125c6c3c2fd70d7de961bcf0e51575235fad/library/std/src/panicking.rs:645:5
[INFO] [stderr]     15:     0x560fe8f9d285 - core::panicking::panic_fmt::hcc9f77c5c132af55
[INFO] [stderr]                                  at /rustc/0e09125c6c3c2fd70d7de961bcf0e51575235fad/library/core/src/panicking.rs:72:14
[INFO] [stderr]     16:     0x560fe8fa31b1 - build_script_build::main::{{closure}}::h3c14b485675c695f
[INFO] [stderr]     17:     0x560fe8fa20a3 - build_script_build::visit_xml::hd845e3f6fec3d732
[INFO] [stderr]     18:     0x560fe8fa2743 - build_script_build::main::had445a8aafbc8a93
[INFO] [stderr]     19:     0x560fe8f9edf3 - core::ops::function::FnOnce::call_once::ha4ce2dc50df8abcc
[INFO] [stderr]     20:     0x560fe8f9ddd6 - std::sys_common::backtrace::__rust_begin_short_backtrace::h5709da2047bb50db
[INFO] [stderr]     21:     0x560fe8f9e509 - std::rt::lang_start::{{closure}}::hd809b3a02f82a148
[INFO] [stderr]     22:     0x560fe8fbdfd1 - core::ops::function::impls::<impl core::ops::function::FnOnce<A> for &F>::call_once::h4eb4c5e1620f29b0
[INFO] [stderr]                                  at /rustc/0e09125c6c3c2fd70d7de961bcf0e51575235fad/library/core/src/ops/function.rs:284:13
[INFO] [stderr]     23:     0x560fe8fbdfd1 - std::panicking::try::do_call::h73fd26535faffcdf
[INFO] [stderr]                                  at /rustc/0e09125c6c3c2fd70d7de961bcf0e51575235fad/library/std/src/panicking.rs:552:40
[INFO] [stderr]     24:     0x560fe8fbdfd1 - std::panicking::try::h77ff1d98f0fb9f39
[INFO] [stderr]                                  at /rustc/0e09125c6c3c2fd70d7de961bcf0e51575235fad/library/std/src/panicking.rs:516:19
[INFO] [stderr]     25:     0x560fe8fbdfd1 - std::panic::catch_unwind::hab3caf2448b95e37
[INFO] [stderr]                                  at /rustc/0e09125c6c3c2fd70d7de961bcf0e51575235fad/library/std/src/panic.rs:142:14
[INFO] [stderr]     26:     0x560fe8fbdfd1 - std::rt::lang_start_internal::{{closure}}::h8086711f9c783f78
[INFO] [stderr]                                  at /rustc/0e09125c6c3c2fd70d7de961bcf0e51575235fad/library/std/src/rt.rs:148:48
[INFO] [stderr]     27:     0x560fe8fbdfd1 - std::panicking::try::do_call::hf920d4dc291cd6ca
[INFO] [stderr]                                  at /rustc/0e09125c6c3c2fd70d7de961bcf0e51575235fad/library/std/src/panicking.rs:552:40
[INFO] [stderr]     28:     0x560fe8fbdfd1 - std::panicking::try::h2b806ccc0a85db74
[INFO] [stderr]                                  at /rustc/0e09125c6c3c2fd70d7de961bcf0e51575235fad/library/std/src/panicking.rs:516:19
[INFO] [stderr]     29:     0x560fe8fbdfd1 - std::panic::catch_unwind::h038489539c507df2
[INFO] [stderr]                                  at /rustc/0e09125c6c3c2fd70d7de961bcf0e51575235fad/library/std/src/panic.rs:142:14
[INFO] [stderr]     30:     0x560fe8fbdfd1 - std::rt::lang_start_internal::h28503b88912e8a5c
[INFO] [stderr]                                  at /rustc/0e09125c6c3c2fd70d7de961bcf0e51575235fad/library/std/src/rt.rs:148:20
[INFO] [stderr]     31:     0x560fe8f9e4e7 - std::rt::lang_start::haa89573a59291099
[INFO] [stderr]     32:     0x560fe8fa3235 - main
[INFO] [stderr]     33:     0x7fbbb311cd90 - <unknown>
[INFO] [stderr]     34:     0x7fbbb311ce40 - __libc_start_main
[INFO] [stderr]     35:     0x560fe8f9d9b5 - _start
[INFO] [stderr]     36:                0x0 - <unknown>
[INFO] [stderr] warning: build failed, waiting for other jobs to finish...
[INFO] running `Command { std: "docker" "inspect" "84ec473c1cfcf4d6c1ab57c14d7a54671c5cc13280d8262d5c570ac860e14ace", kill_on_drop: false }`
[INFO] running `Command { std: "docker" "rm" "-f" "84ec473c1cfcf4d6c1ab57c14d7a54671c5cc13280d8262d5c570ac860e14ace", kill_on_drop: false }`
[INFO] [stdout] 84ec473c1cfcf4d6c1ab57c14d7a54671c5cc13280d8262d5c570ac860e14ace
