[INFO] fetching crate driver-pal 0.8.0-alpha.6...
[INFO] testing driver-pal-0.8.0-alpha.6 against 1.75.0 for beta-1.76-1
[INFO] extracting crate driver-pal 0.8.0-alpha.6 into /workspace/builds/worker-2-tc1/source
[INFO] validating manifest of crates.io crate driver-pal 0.8.0-alpha.6 on toolchain 1.75.0
[INFO] running `Command { std: CARGO_HOME="/workspace/cargo-home" RUSTUP_HOME="/workspace/rustup-home" "/workspace/cargo-home/bin/cargo" "+1.75.0" "metadata" "--manifest-path" "Cargo.toml" "--no-deps", kill_on_drop: false }`
[INFO] started tweaking crates.io crate driver-pal 0.8.0-alpha.6
[INFO] finished tweaking crates.io crate driver-pal 0.8.0-alpha.6
[INFO] tweaked toml for crates.io crate driver-pal 0.8.0-alpha.6 written to /workspace/builds/worker-2-tc1/source/Cargo.toml
[INFO] running `Command { std: CARGO_HOME="/workspace/cargo-home" RUSTUP_HOME="/workspace/rustup-home" "/workspace/cargo-home/bin/cargo" "+1.75.0" "generate-lockfile" "--manifest-path" "Cargo.toml", kill_on_drop: false }`
[INFO] [stderr]     Updating crates.io index
[INFO] running `Command { std: CARGO_HOME="/workspace/cargo-home" RUSTUP_HOME="/workspace/rustup-home" "/workspace/cargo-home/bin/cargo" "+1.75.0" "fetch" "--manifest-path" "Cargo.toml", kill_on_drop: false }`
[INFO] [stderr]  Downloading crates ...
[INFO] [stderr]   Downloaded embedded-hal-nb v1.0.0-rc.3
[INFO] [stderr]   Downloaded sysfs_gpio v0.6.1
[INFO] [stderr]   Downloaded driver-cp2130 v1.0.0-alpha.5
[INFO] [stderr]   Downloaded linux-embedded-hal v0.4.0-alpha.4
[INFO] [stderr]   Downloaded i2cdev v0.6.0
[INFO] [stderr]   Downloaded simplelog v0.9.0
[INFO] [stderr]   Downloaded simplelog v0.8.0
[INFO] [stderr]   Downloaded embedded-hal v1.0.0-rc.3
[INFO] [stderr]   Downloaded spidev v0.6.0
[INFO] [stderr]   Downloaded gpio-cdev v0.6.0
[INFO] running `Command { std: "docker" "create" "-v" "/var/lib/crater-agent-workspace/builds/worker-2-tc1/target:/opt/rustwide/target:rw,Z" "-v" "/var/lib/crater-agent-workspace/builds/worker-2-tc1/source:/opt/rustwide/workdir:ro,Z" "-v" "/var/lib/crater-agent-workspace/cargo-home:/opt/rustwide/cargo-home:ro,Z" "-v" "/var/lib/crater-agent-workspace/rustup-home:/opt/rustwide/rustup-home:ro,Z" "-e" "SOURCE_DIR=/opt/rustwide/workdir" "-e" "CARGO_TARGET_DIR=/opt/rustwide/target" "-e" "CARGO_HOME=/opt/rustwide/cargo-home" "-e" "RUSTUP_HOME=/opt/rustwide/rustup-home" "-w" "/opt/rustwide/workdir" "-m" "1610612736" "--user" "0:0" "--network" "none" "ghcr.io/rust-lang/crates-build-env/linux@sha256:2788e3201cd34a07e3172128adcd8b3090168a8e3bcc40d7c032b9dda1df7d1c" "/opt/rustwide/cargo-home/bin/cargo" "+1.75.0" "metadata" "--no-deps" "--format-version=1", kill_on_drop: false }`
[INFO] [stdout] c7022c393d9ee621c368595e7e692e9642cf379051d697c7c2dd34ad2af11568
[INFO] running `Command { std: "docker" "start" "-a" "c7022c393d9ee621c368595e7e692e9642cf379051d697c7c2dd34ad2af11568", kill_on_drop: false }`
[INFO] running `Command { std: "docker" "inspect" "c7022c393d9ee621c368595e7e692e9642cf379051d697c7c2dd34ad2af11568", kill_on_drop: false }`
[INFO] running `Command { std: "docker" "rm" "-f" "c7022c393d9ee621c368595e7e692e9642cf379051d697c7c2dd34ad2af11568", kill_on_drop: false }`
[INFO] [stdout] c7022c393d9ee621c368595e7e692e9642cf379051d697c7c2dd34ad2af11568
[INFO] running `Command { std: "docker" "create" "-v" "/var/lib/crater-agent-workspace/builds/worker-2-tc1/target:/opt/rustwide/target:rw,Z" "-v" "/var/lib/crater-agent-workspace/builds/worker-2-tc1/source:/opt/rustwide/workdir:ro,Z" "-v" "/var/lib/crater-agent-workspace/cargo-home:/opt/rustwide/cargo-home:ro,Z" "-v" "/var/lib/crater-agent-workspace/rustup-home:/opt/rustwide/rustup-home:ro,Z" "-e" "SOURCE_DIR=/opt/rustwide/workdir" "-e" "CARGO_TARGET_DIR=/opt/rustwide/target" "-e" "CARGO_INCREMENTAL=0" "-e" "RUST_BACKTRACE=full" "-e" "RUSTFLAGS=--cap-lints=warn" "-e" "RUSTDOCFLAGS=--cap-lints=warn" "-e" "CARGO_HOME=/opt/rustwide/cargo-home" "-e" "RUSTUP_HOME=/opt/rustwide/rustup-home" "-w" "/opt/rustwide/workdir" "-m" "1610612736" "--user" "0:0" "--network" "none" "ghcr.io/rust-lang/crates-build-env/linux@sha256:2788e3201cd34a07e3172128adcd8b3090168a8e3bcc40d7c032b9dda1df7d1c" "/opt/rustwide/cargo-home/bin/cargo" "+1.75.0" "build" "--frozen" "--message-format=json", kill_on_drop: false }`
[INFO] [stdout] b4e3d746dfe9d77180ff5f9b7220b74e4e7c4a6cdc5d24aa9a07b54ad1e6af88
[INFO] running `Command { std: "docker" "start" "-a" "b4e3d746dfe9d77180ff5f9b7220b74e4e7c4a6cdc5d24aa9a07b54ad1e6af88", kill_on_drop: false }`
[INFO] [stderr]    Compiling unicode-segmentation v1.10.1
[INFO] [stderr]    Compiling strsim v0.8.0
[INFO] [stderr]    Compiling vec_map v0.8.2
[INFO] [stderr]    Compiling ansi_term v0.12.1
[INFO] [stderr]    Compiling num-traits v0.2.17
[INFO] [stderr]    Compiling textwrap v0.11.0
[INFO] [stderr]    Compiling embedded-hal v1.0.0-rc.3
[INFO] [stderr]    Compiling syn v2.0.48
[INFO] [stderr]    Compiling atty v0.2.14
[INFO] [stderr]    Compiling proc-macro-error v1.0.4
[INFO] [stderr]    Compiling clap v2.34.0
[INFO] [stderr]    Compiling heck v0.3.3
[INFO] [stderr]    Compiling structopt-derive v0.4.18
[INFO] [stderr]    Compiling chrono v0.4.31
[INFO] [stderr]    Compiling structopt v0.3.26
[INFO] [stderr]    Compiling simplelog v0.8.0
[INFO] [stderr]    Compiling serde_derive v1.0.194
[INFO] [stderr]    Compiling serde v1.0.194
[INFO] [stderr]    Compiling toml v0.5.11
[INFO] [stderr]    Compiling driver-pal v0.8.0-alpha.6 (/opt/rustwide/workdir)
[INFO] [stdout] error[E0432]: unresolved import `embedded_hal::spi::blocking`
[INFO] [stdout]  --> src/mock.rs:7:24
[INFO] [stdout]   |
[INFO] [stdout] 7 | use embedded_hal::spi::blocking::Operation as SpiOperation;
[INFO] [stdout]   |                        ^^^^^^^^ could not find `blocking` in `spi`
[INFO] [stdout] 
[INFO] [stdout] 
[INFO] [stdout] error[E0432]: unresolved import `embedded_hal::spi::blocking`
[INFO] [stdout]    --> src/hal/mod.rs:202:24
[INFO] [stdout]     |
[INFO] [stdout] 202 | use embedded_hal::spi::blocking::Operation;
[INFO] [stdout]     |                        ^^^^^^^^ could not find `blocking` in `spi`
[INFO] [stdout] 
[INFO] [stdout] 
[INFO] [stdout] error[E0432]: unresolved import `embedded_hal::delay::blocking`
[INFO] [stdout]  --> src/wrapper.rs:5:26
[INFO] [stdout]   |
[INFO] [stdout] 5 | use embedded_hal::delay::blocking::DelayUs;
[INFO] [stdout]   |                          ^^^^^^^^ could not find `blocking` in `delay`
[INFO] [stdout] 
[INFO] [stdout] 
[INFO] [stdout] error[E0432]: unresolved import `embedded_hal::digital::blocking`
[INFO] [stdout]  --> src/wrapper.rs:6:28
[INFO] [stdout]   |
[INFO] [stdout] 6 | use embedded_hal::digital::blocking::{InputPin, OutputPin};
[INFO] [stdout]   |                            ^^^^^^^^ could not find `blocking` in `digital`
[INFO] [stdout] 
[INFO] [stdout] 
[INFO] [stdout] error[E0432]: unresolved imports `embedded_hal::spi::blocking`, `embedded_hal::spi::blocking`
[INFO] [stdout]  --> src/wrapper.rs:7:24
[INFO] [stdout]   |
[INFO] [stdout] 7 | use embedded_hal::spi::blocking::{self as spi, Operation, Transfer, TransferInplace, Write};
[INFO] [stdout]   |                        ^^^^^^^^   ^^^^^^^^^^^ no `blocking` in `spi`
[INFO] [stdout]   |                        |
[INFO] [stdout]   |                        could not find `blocking` in `spi`
[INFO] [stdout] 
[INFO] [stdout] 
[INFO] [stdout] error[E0432]: unresolved import `embedded_hal::spi::blocking`
[INFO] [stdout]    --> src/lib.rs:153:24
[INFO] [stdout]     |
[INFO] [stdout] 153 | use embedded_hal::spi::blocking::{Transactional, Operation};
[INFO] [stdout]     |                        ^^^^^^^^ could not find `blocking` in `spi`
[INFO] [stdout] 
[INFO] [stdout] 
[INFO] [stdout] error[E0433]: failed to resolve: could not find `blocking` in `delay`
[INFO] [stdout]    --> src/mock.rs:310:27
[INFO] [stdout]     |
[INFO] [stdout] 310 | impl embedded_hal::delay::blocking::DelayUs for Spi {
[INFO] [stdout]     |                           ^^^^^^^^ could not find `blocking` in `delay`
[INFO] [stdout] 
[INFO] [stdout] 
[INFO] [stdout] error[E0433]: failed to resolve: could not find `blocking` in `spi`
[INFO] [stdout]    --> src/mock.rs:326:25
[INFO] [stdout]     |
[INFO] [stdout] 326 | impl embedded_hal::spi::blocking::TransferInplace<u8> for Spi {
[INFO] [stdout]     |                         ^^^^^^^^ could not find `blocking` in `spi`
[INFO] [stdout] 
[INFO] [stdout] 
[INFO] [stdout] error[E0433]: failed to resolve: could not find `blocking` in `spi`
[INFO] [stdout]    --> src/mock.rs:355:25
[INFO] [stdout]     |
[INFO] [stdout] 355 | impl embedded_hal::spi::blocking::Write<u8> for Spi {
[INFO] [stdout]     |                         ^^^^^^^^ could not find `blocking` in `spi`
[INFO] [stdout] 
[INFO] [stdout] 
[INFO] [stdout] error[E0433]: failed to resolve: could not find `blocking` in `spi`
[INFO] [stdout]    --> src/mock.rs:370:25
[INFO] [stdout]     |
[INFO] [stdout] 370 | impl embedded_hal::spi::blocking::Transactional<u8> for Spi {
[INFO] [stdout]     |                         ^^^^^^^^ could not find `blocking` in `spi`
[INFO] [stdout] 
[INFO] [stdout] 
[INFO] [stdout] error[E0433]: failed to resolve: could not find `blocking` in `digital`
[INFO] [stdout]    --> src/mock.rs:416:29
[INFO] [stdout]     |
[INFO] [stdout] 416 | impl embedded_hal::digital::blocking::InputPin for Pin {
[INFO] [stdout]     |                             ^^^^^^^^ could not find `blocking` in `digital`
[INFO] [stdout] 
[INFO] [stdout] 
[INFO] [stdout] error[E0433]: failed to resolve: could not find `blocking` in `digital`
[INFO] [stdout]    --> src/mock.rs:457:29
[INFO] [stdout]     |
[INFO] [stdout] 457 | impl embedded_hal::digital::blocking::OutputPin for Pin {
[INFO] [stdout]     |                             ^^^^^^^^ could not find `blocking` in `digital`
[INFO] [stdout] 
[INFO] [stdout] 
[INFO] [stdout] error[E0433]: failed to resolve: could not find `blocking` in `delay`
[INFO] [stdout]    --> src/mock.rs:489:27
[INFO] [stdout]     |
[INFO] [stdout] 489 | impl embedded_hal::delay::blocking::DelayUs for Delay {
[INFO] [stdout]     |                           ^^^^^^^^ could not find `blocking` in `delay`
[INFO] [stdout] 
[INFO] [stdout] 
[INFO] [stdout] error[E0433]: failed to resolve: could not find `blocking` in `spi`
[INFO] [stdout]    --> src/hal/mod.rs:156:25
[INFO] [stdout]     |
[INFO] [stdout] 156 | impl embedded_hal::spi::blocking::TransferInplace<u8> for HalSpi {
[INFO] [stdout]     |                         ^^^^^^^^ could not find `blocking` in `spi`
[INFO] [stdout] 
[INFO] [stdout] 
[INFO] [stdout] error[E0433]: failed to resolve: could not find `blocking` in `spi`
[INFO] [stdout]    --> src/hal/mod.rs:170:25
[INFO] [stdout]     |
[INFO] [stdout] 170 | impl embedded_hal::spi::blocking::Transfer<u8> for HalSpi {
[INFO] [stdout]     |                         ^^^^^^^^ could not find `blocking` in `spi`
[INFO] [stdout] 
[INFO] [stdout] 
[INFO] [stdout] error[E0433]: failed to resolve: could not find `blocking` in `spi`
[INFO] [stdout]    --> src/hal/mod.rs:184:25
[INFO] [stdout]     |
[INFO] [stdout] 184 | impl embedded_hal::spi::blocking::Write<u8> for HalSpi {
[INFO] [stdout]     |                         ^^^^^^^^ could not find `blocking` in `spi`
[INFO] [stdout] 
[INFO] [stdout] 
[INFO] [stdout] error[E0433]: failed to resolve: could not find `blocking` in `spi`
[INFO] [stdout]    --> src/hal/mod.rs:204:25
[INFO] [stdout]     |
[INFO] [stdout] 204 | impl embedded_hal::spi::blocking::Transactional<u8> for HalSpi {
[INFO] [stdout]     |                         ^^^^^^^^ could not find `blocking` in `spi`
[INFO] [stdout] 
[INFO] [stdout] 
[INFO] [stdout] error[E0433]: failed to resolve: could not find `blocking` in `digital`
[INFO] [stdout]    --> src/hal/mod.rs:228:29
[INFO] [stdout]     |
[INFO] [stdout] 228 | impl embedded_hal::digital::blocking::InputPin for HalInputPin {
[INFO] [stdout]     |                             ^^^^^^^^ could not find `blocking` in `digital`
[INFO] [stdout] 
[INFO] [stdout] 
[INFO] [stdout] error[E0433]: failed to resolve: could not find `blocking` in `digital`
[INFO] [stdout]    --> src/hal/mod.rs:263:29
[INFO] [stdout]     |
[INFO] [stdout] 263 | impl embedded_hal::digital::blocking::OutputPin for HalOutputPin {
[INFO] [stdout]     |                             ^^^^^^^^ could not find `blocking` in `digital`
[INFO] [stdout] 
[INFO] [stdout] 
[INFO] [stdout] error[E0433]: failed to resolve: could not find `blocking` in `delay`
[INFO] [stdout]    --> src/hal/mod.rs:318:27
[INFO] [stdout]     |
[INFO] [stdout] 318 | impl embedded_hal::delay::blocking::DelayUs for HalDelay {
[INFO] [stdout]     |                           ^^^^^^^^ could not find `blocking` in `delay`
[INFO] [stdout] 
[INFO] [stdout] 
[INFO] [stdout] error[E0433]: failed to resolve: could not find `blocking` in `spi`
[INFO] [stdout]   --> src/lib.rs:55:26
[INFO] [stdout]    |
[INFO] [stdout] 55 |     + embedded_hal::spi::blocking::Transactional<u8, Error = E>
[INFO] [stdout]    |                          ^^^^^^^^ could not find `blocking` in `spi`
[INFO] [stdout] 
[INFO] [stdout] 
[INFO] [stdout] error[E0433]: failed to resolve: could not find `blocking` in `delay`
[INFO] [stdout]   --> src/lib.rs:59:28
[INFO] [stdout]    |
[INFO] [stdout] 59 |     + embedded_hal::delay::blocking::DelayUs
[INFO] [stdout]    |                            ^^^^^^^^ could not find `blocking` in `delay`
[INFO] [stdout] 
[INFO] [stdout] 
[INFO] [stdout] error[E0433]: failed to resolve: could not find `blocking` in `spi`
[INFO] [stdout]   --> src/lib.rs:67:30
[INFO] [stdout]    |
[INFO] [stdout] 67 |         + embedded_hal::spi::blocking::Transactional<u8, Error = E>
[INFO] [stdout]    |                              ^^^^^^^^ could not find `blocking` in `spi`
[INFO] [stdout] 
[INFO] [stdout] 
[INFO] [stdout] error[E0433]: failed to resolve: could not find `blocking` in `delay`
[INFO] [stdout]   --> src/lib.rs:71:32
[INFO] [stdout]    |
[INFO] [stdout] 71 |         + embedded_hal::delay::blocking::DelayUs
[INFO] [stdout]    |                                ^^^^^^^^ could not find `blocking` in `delay`
[INFO] [stdout] 
[INFO] [stdout] 
[INFO] [stdout] error[E0433]: failed to resolve: could not find `blocking` in `spi`
[INFO] [stdout]   --> src/lib.rs:94:47
[INFO] [stdout]    |
[INFO] [stdout] 94 | pub type Transaction<'a> = embedded_hal::spi::blocking::Operation<'a, u8>;
[INFO] [stdout]    |                                               ^^^^^^^^ could not find `blocking` in `spi`
[INFO] [stdout] 
[INFO] [stdout] 
[INFO] [stdout] warning: unused import: `Error`
[INFO] [stdout]  --> src/mock.rs:5:19
[INFO] [stdout]   |
[INFO] [stdout] 5 | use crate::{Busy, Error, PinState, Ready, Reset};
[INFO] [stdout]   |                   ^^^^^
[INFO] [stdout]   |
[INFO] [stdout]   = note: `#[warn(unused_imports)]` on by default
[INFO] [stdout] 
[INFO] [stdout] 
[INFO] [stdout] error: aborting due to 25 previous errors; 1 warning emitted
[INFO] [stdout] 
[INFO] [stdout] 
[INFO] [stdout] Some errors have detailed explanations: E0432, E0433.
[INFO] [stdout] 
[INFO] [stdout] For more information about an error, try `rustc --explain E0432`.
[INFO] [stdout] 
[INFO] [stderr] error: could not compile `driver-pal` (lib) due to 26 previous errors; 1 warning emitted
[INFO] [stderr] warning: build failed, waiting for other jobs to finish...
[INFO] running `Command { std: "docker" "inspect" "b4e3d746dfe9d77180ff5f9b7220b74e4e7c4a6cdc5d24aa9a07b54ad1e6af88", kill_on_drop: false }`
[INFO] running `Command { std: "docker" "rm" "-f" "b4e3d746dfe9d77180ff5f9b7220b74e4e7c4a6cdc5d24aa9a07b54ad1e6af88", kill_on_drop: false }`
[INFO] [stdout] b4e3d746dfe9d77180ff5f9b7220b74e4e7c4a6cdc5d24aa9a07b54ad1e6af88
