[INFO] fetching crate drink-cli 0.8.4...
[INFO] testing drink-cli-0.8.4 against 1.75.0 for beta-1.76-1
[INFO] extracting crate drink-cli 0.8.4 into /workspace/builds/worker-2-tc1/source
[INFO] validating manifest of crates.io crate drink-cli 0.8.4 on toolchain 1.75.0
[INFO] running `Command { std: CARGO_HOME="/workspace/cargo-home" RUSTUP_HOME="/workspace/rustup-home" "/workspace/cargo-home/bin/cargo" "+1.75.0" "metadata" "--manifest-path" "Cargo.toml" "--no-deps", kill_on_drop: false }`
[INFO] started tweaking crates.io crate drink-cli 0.8.4
[INFO] finished tweaking crates.io crate drink-cli 0.8.4
[INFO] tweaked toml for crates.io crate drink-cli 0.8.4 written to /workspace/builds/worker-2-tc1/source/Cargo.toml
[INFO] crate crates.io crate drink-cli 0.8.4 already has a lockfile, it will not be regenerated
[INFO] running `Command { std: CARGO_HOME="/workspace/cargo-home" RUSTUP_HOME="/workspace/rustup-home" "/workspace/cargo-home/bin/cargo" "+1.75.0" "fetch" "--manifest-path" "Cargo.toml", kill_on_drop: false }`
[INFO] [stderr]     Updating crates.io index
[INFO] [stderr]  Downloading crates ...
[INFO] [stderr]   Downloaded parity-scale-codec-derive v3.6.5
[INFO] [stderr]   Downloaded sp-storage v15.0.0
[INFO] [stderr]   Downloaded scratch v1.0.5
[INFO] [stderr]   Downloaded sp-staking v21.0.0
[INFO] [stderr]   Downloaded sp-externalities v0.21.0
[INFO] [stderr]   Downloaded sp-runtime-interface-proc-macro v13.0.0
[INFO] [stderr]   Downloaded substrate-bip39 v0.4.4
[INFO] [stderr]   Downloaded nom-supreme v0.7.0
[INFO] [stderr]   Downloaded ed25519 v2.2.2
[INFO] [stderr]   Downloaded colored v2.0.1
[INFO] [stderr]   Downloaded wasm-opt-cxx-sys v0.112.0
[INFO] [stderr]   Downloaded sp-runtime v26.0.0
[INFO] [stderr]   Downloaded ink_engine v4.2.1
[INFO] [stderr]   Downloaded sp-inherents v21.0.0
[INFO] [stderr]   Downloaded ink_primitives v4.2.1
[INFO] [stderr]   Downloaded ink_allocator v4.2.1
[INFO] [stderr]   Downloaded scale-info-derive v2.6.0
[INFO] [stderr]   Downloaded ref-cast-impl v1.0.16
[INFO] [stderr]   Downloaded wat v1.0.71
[INFO] [stderr]   Downloaded drink v0.8.4
[INFO] [stderr]   Downloaded ink_prelude v4.2.1
[INFO] [stderr]   Downloaded frame-benchmarking v23.0.0
[INFO] [stderr]   Downloaded indexmap-nostd v0.4.0
[INFO] [stderr]   Downloaded indent_write v2.2.0
[INFO] [stderr]   Downloaded sp-metadata-ir v0.2.0
[INFO] [stderr]   Downloaded drink-test-macro v0.8.4
[INFO] [stderr]   Downloaded sp-genesis-builder v0.2.0
[INFO] [stderr]   Downloaded macro_magic v0.4.2
[INFO] [stderr]   Downloaded fs-err v2.9.0
[INFO] [stderr]   Downloaded sp-std v10.0.0
[INFO] [stderr]   Downloaded macro_magic_core_macros v0.4.2
[INFO] [stderr]   Downloaded cxx v1.0.97
[INFO] [stderr]   Downloaded wasm-opt v0.112.0
[INFO] [stderr]   Downloaded cxx-build v1.0.97
[INFO] [stderr]   Downloaded aquamarine v0.3.2
[INFO] [stderr]   Downloaded wasm-opt-sys v0.112.0
[INFO] [stderr]   Downloaded contract-build v3.0.1
[INFO] [stderr]   Downloaded scale-decode v0.5.0
[INFO] [stderr]   Downloaded sp-runtime-interface v19.0.0
[INFO] [stderr]   Downloaded nalgebra v0.32.2
[INFO] [stderr]   Downloaded sp-core v23.0.0
[INFO] [stderr]   Downloaded sp-core-hashing-proc-macro v11.0.0
[INFO] [stderr]   Downloaded sp-api-proc-macro v10.0.0
[INFO] [stderr]   Downloaded ink_storage_traits v4.2.1
[INFO] [stderr]   Downloaded brownstone v1.1.0
[INFO] [stderr]   Downloaded wasmi_core v0.13.0
[INFO] [stderr]   Downloaded macro_magic_core v0.4.2
[INFO] [stderr]   Downloaded pallet-contracts-for-drink v22.0.1
[INFO] [stderr]   Downloaded ref-cast v1.0.16
[INFO] [stderr]   Downloaded wasmi v0.31.0
[INFO] [stderr]   Downloaded sp-state-machine v0.30.0
[INFO] [stderr]   Downloaded matrixmultiply v0.3.7
[INFO] [stderr]   Downloaded trie-db v0.27.1
[INFO] [stderr]   Downloaded ink_metadata v4.2.1
[INFO] [stderr]   Downloaded rustix v0.36.14
[INFO] [stderr]   Downloaded ink_env v4.2.1
[INFO] [stderr]   Downloaded docify_macros v0.2.4
[INFO] [stderr]   Downloaded safe_arch v0.7.0
[INFO] [stderr]   Downloaded sp-arithmetic v18.0.0
[INFO] [stderr]   Downloaded frame-support-procedural v18.0.0
[INFO] [stderr]   Downloaded toml_edit v0.19.11
[INFO] [stderr]   Downloaded frame-support-procedural-tools-derive v8.0.0
[INFO] [stderr]   Downloaded frame-support-procedural-tools v7.0.0
[INFO] [stderr]   Downloaded sp-debug-derive v10.0.0
[INFO] [stderr]   Downloaded simba v0.8.1
[INFO] [stderr]   Downloaded linregress v0.5.1
[INFO] [stderr]   Downloaded bounded-collections v0.1.8
[INFO] [stderr]   Downloaded wasm-encoder v0.32.0
[INFO] [stderr]   Downloaded winnow v0.4.7
[INFO] [stderr]   Downloaded scale-encode-derive v0.1.2
[INFO] [stderr]   Downloaded scale-encode v0.1.2
[INFO] [stderr]   Downloaded contract-metadata v3.2.0
[INFO] [stderr]   Downloaded wasm-instrument v0.4.0
[INFO] [stderr]   Downloaded sp-timestamp v21.0.0
[INFO] [stderr]   Downloaded ed25519-dalek v2.0.0
[INFO] [stderr]   Downloaded sp-trie v24.0.0
[INFO] [stderr]   Downloaded wasmparser-nostd v0.100.1
[INFO] [stderr]   Downloaded target-lexicon v0.12.7
[INFO] [stderr]   Downloaded wasmi_arena v0.4.0
[INFO] [stderr]   Downloaded scale-info v2.7.0
[INFO] [stderr]   Downloaded der v0.7.6
[INFO] [stderr]   Downloaded sp-api v21.0.0
[INFO] [stderr]   Downloaded frame-support v23.0.0
[INFO] [stderr]   Downloaded cxxbridge-flags v1.0.97
[INFO] [stderr]   Downloaded pallet-balances v23.0.0
[INFO] [stderr]   Downloaded pallet-contracts-proc-macro v14.0.0
[INFO] [stderr]   Downloaded xxhash-rust v0.8.6
[INFO] [stderr]   Downloaded crypto-bigint v0.5.2
[INFO] [stderr]   Downloaded escape8259 v0.5.2
[INFO] [stderr]   Downloaded scale-decode-derive v0.5.0
[INFO] [stderr]   Downloaded pallet-contracts-primitives v26.0.0
[INFO] [stderr]   Downloaded sp-application-crypto v25.0.0
[INFO] [stderr]   Downloaded proc-macro-warning v0.4.2
[INFO] [stderr]   Downloaded wide v0.7.10
[INFO] [stderr]   Downloaded toml v0.7.5
[INFO] [stderr]   Downloaded nalgebra-macros v0.2.0
[INFO] [stderr]   Downloaded parity-scale-codec v3.6.5
[INFO] [stderr]   Downloaded sp-version v24.0.0
[INFO] [stderr]   Downloaded sp-panic-handler v10.0.0
[INFO] [stderr]   Downloaded contract-transcode v3.2.0
[INFO] [stderr]   Downloaded cfg-expr v0.15.4
[INFO] [stderr]   Downloaded sp-core-hashing v11.0.0
[INFO] [stderr]   Downloaded frame-system v23.0.0
[INFO] [stderr]   Downloaded wast v64.0.0
[INFO] [stderr]   Downloaded sp-version-proc-macro v10.0.0
[INFO] [stderr]   Downloaded ss58-registry v1.40.0
[INFO] [stderr]   Downloaded macro_magic_macros v0.4.2
[INFO] [stderr]   Downloaded ecdsa v0.16.7
[INFO] [stderr]   Downloaded curve25519-dalek-derive v0.1.0
[INFO] [stderr]   Downloaded joinery v2.1.0
[INFO] [stderr]   Downloaded array-bytes v6.1.0
[INFO] [stderr]   Downloaded rlibc v1.0.0
[INFO] [stderr]   Downloaded memfd v0.6.3
[INFO] [stderr]   Downloaded sp-tracing v12.0.0
[INFO] [stderr]   Downloaded scale-bits v0.3.0
[INFO] [stderr]   Downloaded docify v0.2.4
[INFO] [stderr]   Downloaded cxxbridge-macro v1.0.97
[INFO] [stderr]   Downloaded sp-wasm-interface v16.0.0
[INFO] [stderr]   Downloaded platforms v3.1.2
[INFO] [stderr]   Downloaded sp-keystore v0.29.0
[INFO] [stderr]   Downloaded sp-weights v22.0.0
[INFO] [stderr]   Downloaded sec1 v0.7.2
[INFO] [stderr]   Downloaded sp-io v25.0.0
[INFO] [stderr]   Downloaded pallet-timestamp v22.0.0
[INFO] running `Command { std: "docker" "create" "-v" "/var/lib/crater-agent-workspace/builds/worker-2-tc1/target:/opt/rustwide/target:rw,Z" "-v" "/var/lib/crater-agent-workspace/builds/worker-2-tc1/source:/opt/rustwide/workdir:ro,Z" "-v" "/var/lib/crater-agent-workspace/cargo-home:/opt/rustwide/cargo-home:ro,Z" "-v" "/var/lib/crater-agent-workspace/rustup-home:/opt/rustwide/rustup-home:ro,Z" "-e" "SOURCE_DIR=/opt/rustwide/workdir" "-e" "CARGO_TARGET_DIR=/opt/rustwide/target" "-e" "CARGO_HOME=/opt/rustwide/cargo-home" "-e" "RUSTUP_HOME=/opt/rustwide/rustup-home" "-w" "/opt/rustwide/workdir" "-m" "1610612736" "--user" "0:0" "--network" "none" "ghcr.io/rust-lang/crates-build-env/linux@sha256:2788e3201cd34a07e3172128adcd8b3090168a8e3bcc40d7c032b9dda1df7d1c" "/opt/rustwide/cargo-home/bin/cargo" "+1.75.0" "metadata" "--no-deps" "--format-version=1", kill_on_drop: false }`
[INFO] [stdout] bbcb36f313ebbf142b861ce54be609cc72183121cf3b351de688923fd475a8a4
[INFO] running `Command { std: "docker" "start" "-a" "bbcb36f313ebbf142b861ce54be609cc72183121cf3b351de688923fd475a8a4", kill_on_drop: false }`
[INFO] running `Command { std: "docker" "inspect" "bbcb36f313ebbf142b861ce54be609cc72183121cf3b351de688923fd475a8a4", kill_on_drop: false }`
[INFO] running `Command { std: "docker" "rm" "-f" "bbcb36f313ebbf142b861ce54be609cc72183121cf3b351de688923fd475a8a4", kill_on_drop: false }`
[INFO] [stdout] bbcb36f313ebbf142b861ce54be609cc72183121cf3b351de688923fd475a8a4
[INFO] running `Command { std: "docker" "create" "-v" "/var/lib/crater-agent-workspace/builds/worker-2-tc1/target:/opt/rustwide/target:rw,Z" "-v" "/var/lib/crater-agent-workspace/builds/worker-2-tc1/source:/opt/rustwide/workdir:ro,Z" "-v" "/var/lib/crater-agent-workspace/cargo-home:/opt/rustwide/cargo-home:ro,Z" "-v" "/var/lib/crater-agent-workspace/rustup-home:/opt/rustwide/rustup-home:ro,Z" "-e" "SOURCE_DIR=/opt/rustwide/workdir" "-e" "CARGO_TARGET_DIR=/opt/rustwide/target" "-e" "CARGO_INCREMENTAL=0" "-e" "RUST_BACKTRACE=full" "-e" "RUSTFLAGS=--cap-lints=warn" "-e" "RUSTDOCFLAGS=--cap-lints=warn" "-e" "CARGO_HOME=/opt/rustwide/cargo-home" "-e" "RUSTUP_HOME=/opt/rustwide/rustup-home" "-w" "/opt/rustwide/workdir" "-m" "1610612736" "--user" "0:0" "--network" "none" "ghcr.io/rust-lang/crates-build-env/linux@sha256:2788e3201cd34a07e3172128adcd8b3090168a8e3bcc40d7c032b9dda1df7d1c" "/opt/rustwide/cargo-home/bin/cargo" "+1.75.0" "build" "--frozen" "--message-format=json", kill_on_drop: false }`
[INFO] [stdout] 2618ffb8e914e7b63ec2c1dce6cbd0b1ba279fcac1c2d2da01fd73ef43e00ca9
[INFO] running `Command { std: "docker" "start" "-a" "2618ffb8e914e7b63ec2c1dce6cbd0b1ba279fcac1c2d2da01fd73ef43e00ca9", kill_on_drop: false }`
[INFO] [stderr]    Compiling proc-macro2 v1.0.66
[INFO] [stderr]    Compiling unicode-ident v1.0.9
[INFO] [stderr]    Compiling libc v0.2.146
[INFO] [stderr]    Compiling version_check v0.9.4
[INFO] [stderr]    Compiling serde v1.0.188
[INFO] [stderr]    Compiling typenum v1.16.0
[INFO] [stderr]    Compiling once_cell v1.18.0
[INFO] [stderr]    Compiling syn v1.0.109
[INFO] [stderr]    Compiling autocfg v1.1.0
[INFO] [stderr]    Compiling equivalent v1.0.0
[INFO] [stderr]    Compiling hashbrown v0.14.0
[INFO] [stderr]    Compiling winnow v0.4.7
[INFO] [stderr]    Compiling subtle v2.4.1
[INFO] [stderr]    Compiling memchr v2.5.0
[INFO] [stderr]    Compiling arrayvec v0.7.3
[INFO] [stderr]    Compiling byte-slice-cast v1.2.2
[INFO] [stderr]    Compiling thiserror v1.0.49
[INFO] [stderr]    Compiling const-oid v0.9.2
[INFO] [stderr]    Compiling anyhow v1.0.71
[INFO] [stderr]    Compiling bytes v1.4.0
[INFO] [stderr]    Compiling tinyvec_macros v0.1.1
[INFO] [stderr]    Compiling tinyvec v1.6.0
[INFO] [stderr]    Compiling bitflags v1.3.2
[INFO] [stderr]    Compiling generic-array v0.14.7
[INFO] [stderr]    Compiling io-lifetimes v1.0.11
[INFO] [stderr]    Compiling ahash v0.7.6
[INFO] [stderr]    Compiling radium v0.7.0
[INFO] [stderr]    Compiling unicode-bidi v0.3.13
[INFO] [stderr]    Compiling rustix v0.37.20
[INFO] [stderr]    Compiling tap v1.0.1
[INFO] [stderr]    Compiling crc32fast v1.3.2
[INFO] [stderr]    Compiling indexmap v2.0.0
[INFO] [stderr]    Compiling itoa v1.0.6
[INFO] [stderr]    Compiling wyz v0.5.1
[INFO] [stderr]    Compiling ryu v1.0.13
[INFO] [stderr]    Compiling linux-raw-sys v0.3.8
[INFO] [stderr]    Compiling quote v1.0.33
[INFO] [stderr]    Compiling lazy_static v1.4.0
[INFO] [stderr]    Compiling funty v2.0.0
[INFO] [stderr]    Compiling percent-encoding v2.3.0
[INFO] [stderr]    Compiling indexmap v1.9.3
[INFO] [stderr]    Compiling syn v2.0.32
[INFO] [stderr]    Compiling form_urlencoded v1.2.0
[INFO] [stderr]    Compiling byteorder v1.4.3
[INFO] [stderr]    Compiling crunchy v0.2.2
[INFO] [stderr]    Compiling cpufeatures v0.2.8
[INFO] [stderr]    Compiling log v0.4.19
[INFO] [stderr]    Compiling unicode-normalization v0.1.22
[INFO] [stderr]    Compiling aho-corasick v1.0.2
[INFO] [stderr]    Compiling ahash v0.8.3
[INFO] [stderr]    Compiling regex-syntax v0.7.2
[INFO] [stderr]    Compiling num-traits v0.2.15
[INFO] [stderr]    Compiling pin-project-lite v0.2.9
[INFO] [stderr]    Compiling static_assertions v1.1.0
[INFO] [stderr]    Compiling semver v1.0.17
[INFO] [stderr]    Compiling keccak v0.1.4
[INFO] [stderr]    Compiling paste v1.0.12
[INFO] [stderr]    Compiling bitvec v1.0.1
[INFO] [stderr]    Compiling getrandom v0.1.16
[INFO] [stderr]    Compiling serde_json v1.0.107
[INFO] [stderr]    Compiling idna v0.4.0
[INFO] [stderr]    Compiling jobserver v0.1.26
[INFO] [stderr]    Compiling getrandom v0.2.10
[INFO] [stderr]    Compiling fallible-iterator v0.2.0
[INFO] [stderr]    Compiling arrayref v0.3.7
[INFO] [stderr]    Compiling rand_core v0.6.4
[INFO] [stderr]    Compiling cc v1.0.79
[INFO] [stderr]    Compiling stable_deref_trait v1.2.0
[INFO] [stderr]    Compiling rand_chacha v0.3.1
[INFO] [stderr]    Compiling hashbrown v0.12.3
[INFO] [stderr]    Compiling hashbrown v0.13.2
[INFO] [stderr]    Compiling rand v0.8.5
[INFO] [stderr]    Compiling smallvec v1.11.0
[INFO] [stderr]    Compiling rand_core v0.5.1
[INFO] [stderr]    Compiling tracing-core v0.1.31
[INFO] [stderr]    Compiling hex v0.4.3
[INFO] [stderr]    Compiling target-lexicon v0.12.7
[INFO] [stderr]    Compiling memoffset v0.8.0
[INFO] [stderr]    Compiling rustversion v1.0.12
[INFO] [stderr]    Compiling rustix v0.36.14
[INFO] [stderr]    Compiling sp-std v10.0.0
[INFO] [stderr]    Compiling digest v0.9.0
[INFO] [stderr]    Compiling generic-array v0.12.4
[INFO] [stderr]    Compiling linux-raw-sys v0.1.4
[INFO] [stderr]    Compiling futures-core v0.3.28
[INFO] [stderr]    Compiling rustc-demangle v0.1.23
[INFO] [stderr]    Compiling cpp_demangle v0.3.5
[INFO] [stderr]    Compiling libsecp256k1-core v0.3.0
[INFO] [stderr]    Compiling slab v0.4.8
[INFO] [stderr]    Compiling wasmtime-runtime v8.0.1
[INFO] [stderr]    Compiling psm v0.1.21
[INFO] [stderr]    Compiling regex v1.8.4
[INFO] [stderr]    Compiling lock_api v0.4.10
[INFO] [stderr]    Compiling wasmtime-jit-debug v8.0.1
[INFO] [stderr]    Compiling wasmtime-asm-macros v8.0.1
[INFO] [stderr]    Compiling parking_lot_core v0.9.8
[INFO] [stderr]    Compiling ref-cast v1.0.16
[INFO] [stderr]    Compiling futures-channel v0.3.28
[INFO] [stderr]    Compiling constant_time_eq v0.2.6
[INFO] [stderr]    Compiling regex-syntax v0.6.29
[INFO] [stderr]    Compiling rustc-hex v2.1.0
[INFO] [stderr]    Compiling futures-task v0.3.28
[INFO] [stderr]    Compiling byte-tools v0.3.1
[INFO] [stderr]    Compiling memfd v0.6.3
[INFO] [stderr]    Compiling block-padding v0.1.5
[INFO] [stderr]    Compiling digest v0.8.1
[INFO] [stderr]    Compiling wasmtime-jit-icache-coherence v8.0.1
[INFO] [stderr]    Compiling futures-sink v0.3.28
[INFO] [stderr]    Compiling futures-util v0.3.28
[INFO] [stderr]    Compiling wasmtime v8.0.1
[INFO] [stderr]    Compiling scopeguard v1.1.0
[INFO] [stderr]    Compiling opaque-debug v0.3.0
[INFO] [stderr]    Compiling iana-time-zone v0.1.57
[INFO] [stderr]    Compiling Inflector v0.11.4
[INFO] [stderr]    Compiling chrono v0.4.26
[INFO] [stderr]    Compiling block-buffer v0.7.3
[INFO] [stderr]    Compiling libsecp256k1-gen-genmult v0.3.0
[INFO] [stderr]    Compiling libsecp256k1-gen-ecmult v0.3.0
[INFO] [stderr]    Compiling fixed-hash v0.8.0
[INFO] [stderr]    Compiling secp256k1-sys v0.6.1
[INFO] [stderr]    Compiling tracing-log v0.1.3
[INFO] [stderr]    Compiling uint v0.9.5
[INFO] [stderr]    Compiling rand_chacha v0.2.2
[INFO] [stderr]    Compiling sharded-slab v0.1.4
[INFO] [stderr]    Compiling thread_local v1.1.7
[INFO] [stderr]    Compiling ansi_term v0.12.1
[INFO] [stderr]    Compiling pin-utils v0.1.0
[INFO] [stderr]    Compiling hash-db v0.16.0
[INFO] [stderr]    Compiling opaque-debug v0.2.3
[INFO] [stderr]    Compiling unicode-xid v0.2.4
[INFO] [stderr]    Compiling futures-io v0.3.28
[INFO] [stderr]    Compiling fake-simd v0.1.2
[INFO] [stderr]    Compiling rand v0.7.3
[INFO] [stderr]    Compiling parking_lot v0.12.1
[INFO] [stderr]    Compiling sha2 v0.8.2
[INFO] [stderr]    Compiling libsecp256k1 v0.7.1
[INFO] [stderr]    Compiling num_cpus v1.15.0
[INFO] [stderr]    Compiling environmental v1.1.4
[INFO] [stderr]    Compiling arrayvec v0.5.2
[INFO] [stderr]    Compiling blake2b_simd v1.0.1
[INFO] [stderr]    Compiling num-format v0.4.4
[INFO] [stderr]    Compiling base64 v0.13.1
[INFO] [stderr]    Compiling either v1.8.1
[INFO] [stderr]    Compiling dyn-clone v1.0.11
[INFO] [stderr]    Compiling rustc-hash v1.1.0
[INFO] [stderr]    Compiling regex-automata v0.1.10
[INFO] [stderr]    Compiling hash256-std-hasher v0.15.2
[INFO] [stderr]    Compiling block-buffer v0.10.4
[INFO] [stderr]    Compiling crypto-common v0.1.6
[INFO] [stderr]    Compiling array-bytes v6.1.0
[INFO] [stderr]    Compiling bs58 v0.5.0
[INFO] [stderr]    Compiling backtrace v0.3.67
[INFO] [stderr]    Compiling digest v0.10.7
[INFO] [stderr]    Compiling platforms v3.1.2
[INFO] [stderr]    Compiling termcolor v1.2.0
[INFO] [stderr]    Compiling adler v1.0.2
[INFO] [stderr]    Compiling trie-db v0.27.1
[INFO] [stderr]    Compiling miniz_oxide v0.6.2
[INFO] [stderr]    Compiling trie-root v0.18.0
[INFO] [stderr]    Compiling memory-db v0.32.0
[INFO] [stderr]    Compiling schnellru v0.2.1
[INFO] [stderr]    Compiling nohash-hasher v0.2.0
[INFO] [stderr]    Compiling sp-io v25.0.0
[INFO] [stderr]    Compiling integer-sqrt v0.1.5
[INFO] [stderr]    Compiling unicode-width v0.1.10
[INFO] [stderr]    Compiling matchers v0.0.1
[INFO] [stderr]    Compiling proc-macro-hack v0.5.20+deprecated
[INFO] [stderr]    Compiling tiny-keccak v2.0.2
[INFO] [stderr]    Compiling fnv v1.0.7
[INFO] [stderr]    Compiling scratch v1.0.5
[INFO] [stderr]    Compiling same-file v1.0.6
[INFO] [stderr]    Compiling ident_case v1.0.1
[INFO] [stderr]    Compiling blake2 v0.10.6
[INFO] [stderr]    Compiling walkdir v2.3.3
[INFO] [stderr]    Compiling darling_core v0.14.4
[INFO] [stderr]    Compiling link-cplusplus v1.0.9
[INFO] [stderr]    Compiling parity-wasm v0.45.0
[INFO] [stderr]    Compiling codespan-reporting v0.11.1
[INFO] [stderr]    Compiling cxxbridge-flags v1.0.97
[INFO] [stderr]    Compiling expander v2.0.0
[INFO] [stderr]    Compiling cxx v1.0.97
[INFO] [stderr]    Compiling twox-hash v1.6.3
[INFO] [stderr]    Compiling sha2 v0.10.7
[INFO] [stderr]    Compiling cxx-build v1.0.97
[INFO] [stderr]    Compiling sha3 v0.10.8
[INFO] [stderr]    Compiling fs-err v2.9.0
[INFO] [stderr]    Compiling ff v0.13.0
[INFO] [stderr]    Compiling proc-macro-error-attr v1.0.4
[INFO] [stderr]    Compiling base16ct v0.2.0
[INFO] [stderr]    Compiling heck v0.4.1
[INFO] [stderr]    Compiling async-trait v0.1.68
[INFO] [stderr]    Compiling group v0.13.0
[INFO] [stderr]    Compiling itertools v0.10.5
[INFO] [stderr]    Compiling sp-core-hashing v11.0.0
[INFO] [stderr]    Compiling proc-macro-error v1.0.4
[INFO] [stderr]    Compiling camino v1.1.4
[INFO] [stderr]    Compiling proc-macro-warning v0.4.2
[INFO] [stderr]    Compiling anstyle-parse v0.2.0
[INFO] [stderr]    Compiling const-random-macro v0.1.15
[INFO] [stderr]    Compiling is-terminal v0.4.7
[INFO] [stderr]    Compiling include_dir_macros v0.7.3
[INFO] [stderr]    Compiling anstyle v1.0.0
[INFO] [stderr]    Compiling common-path v1.0.0
[INFO] [stderr]    Compiling secp256k1-sys v0.8.1
[INFO] [stderr]    Compiling tempfile v3.6.0
[INFO] [stderr]    Compiling serde_derive v1.0.188
[INFO] [stderr]    Compiling zeroize_derive v1.4.2
[INFO] [stderr]    Compiling thiserror-impl v1.0.49
[INFO] [stderr]    Compiling tracing-attributes v0.1.24
[INFO] [stderr]    Compiling ref-cast-impl v1.0.16
[INFO] [stderr]    Compiling futures-macro v0.3.28
[INFO] [stderr]    Compiling sp-debug-derive v10.0.0
[INFO] [stderr]    Compiling curve25519-dalek-derive v0.1.0
[INFO] [stderr]    Compiling const-random v0.1.15
[INFO] [stderr]    Compiling macro_magic_core_macros v0.4.2
[INFO] [stderr]    Compiling sp-core-hashing-proc-macro v11.0.0
[INFO] [stderr]    Compiling impl-trait-for-tuples v0.2.2
[INFO] [stderr]    Compiling derive_more v0.99.17
[INFO] [stderr]    Compiling dyn-clonable-impl v0.9.0
[INFO] [stderr]    Compiling derive-syn-parse v0.1.5
[INFO] [stderr]    Compiling cxxbridge-macro v1.0.97
[INFO] [stderr]    Compiling frame-support-procedural-tools-derive v8.0.0
[INFO] [stderr]    Compiling zeroize v1.6.0
[INFO] [stderr]    Compiling curve25519-dalek v2.1.3
[INFO] [stderr]    Compiling merlin v2.0.1
[INFO] [stderr]    Compiling secrecy v0.8.0
[INFO] [stderr]    Compiling darling_macro v0.14.4
[INFO] [stderr]    Compiling dyn-clonable v0.9.0
[INFO] [stderr]    Compiling der v0.7.6
[INFO] [stderr]    Compiling include_dir v0.7.3
[INFO] [stderr]    Compiling schnorrkel v0.9.1
[INFO] [stderr]    Compiling tracing v0.1.37
[INFO] [stderr]    Compiling block-buffer v0.9.0
[INFO] [stderr]    Compiling crypto-mac v0.11.1
[INFO] [stderr]    Compiling sha2 v0.9.9
[INFO] [stderr]    Compiling crypto-mac v0.8.0
[INFO] [stderr]    Compiling pbkdf2 v0.8.0
[INFO] [stderr]    Compiling hmac v0.11.0
[INFO] [stderr]    Compiling hmac v0.12.1
[INFO] [stderr]    Compiling hmac v0.8.1
[INFO] [stderr]    Compiling hmac-drbg v0.3.0
[INFO] [stderr]    Compiling pbkdf2 v0.11.0
[INFO] [stderr]    Compiling curve25519-dalek v3.2.0
[INFO] [stderr]    Compiling tiny-bip39 v1.0.0
[INFO] [stderr]    Compiling substrate-bip39 v0.4.4
[INFO] [stderr]    Compiling signature v2.1.0
[INFO] [stderr]    Compiling darling v0.14.4
[INFO] [stderr]    Compiling macro_magic_core v0.4.2
[INFO] [stderr]    Compiling ed25519 v2.2.2
[INFO] [stderr]    Compiling sec1 v0.7.2
[INFO] [stderr]    Compiling crypto-bigint v0.5.2
[INFO] [stderr]    Compiling spki v0.7.2
[INFO] [stderr]    Compiling wasm-opt-sys v0.112.0
[INFO] [stderr]    Compiling ed25519-zebra v3.1.0
[INFO] [stderr]    Compiling macro_magic_macros v0.4.2
[INFO] [stderr]    Compiling rfc6979 v0.4.0
[INFO] [stderr]    Compiling wasm-opt-cxx-sys v0.112.0
[INFO] [stderr]    Compiling anstream v0.3.2
[INFO] [stderr]    Compiling cfg-expr v0.15.4
[INFO] [stderr]    Compiling ink_prelude v4.2.1
[INFO] [stderr]    Compiling xxhash-rust v0.8.6
[INFO] [stderr]    Compiling clap_builder v4.3.4
[INFO] [stderr]    Compiling aquamarine v0.3.2
[INFO] [stderr]    Compiling strum_macros v0.24.3
[INFO] [stderr]    Compiling clap_derive v4.3.2
[INFO] [stderr]    Compiling zip v0.6.6
[INFO] [stderr]    Compiling os_pipe v1.1.4
[INFO] [stderr]    Compiling elliptic-curve v0.13.5
[INFO] [stderr]    Compiling shared_child v1.0.0
[INFO] [stderr]    Compiling ecdsa v0.16.7
[INFO] [stderr]    Compiling macro_magic v0.4.2
[INFO] [stderr]    Compiling tt-call v1.0.9
[INFO] [stderr]    Compiling fastrand v1.9.0
[INFO] [stderr]    Compiling libm v0.2.7
[INFO] [stderr]    Compiling atty v0.2.14
[INFO] [stderr]    Compiling signal-hook v0.3.15
[INFO] [stderr]    Compiling colored v2.0.1
[INFO] [stderr]    Compiling futures-executor v0.3.28
[INFO] [stderr]    Compiling k256 v0.13.1
[INFO] [stderr]    Compiling contract-build v3.0.1
[INFO] [stderr]    Compiling futures v0.3.28
[INFO] [stderr]    Compiling which v4.4.0
[INFO] [stderr]    Compiling term_size v0.3.2
[INFO] [stderr]    Compiling signal-hook-registry v1.4.1
[INFO] [stderr]    Compiling downcast-rs v1.2.0
[INFO] [stderr]    Compiling minimal-lexical v0.2.1
[INFO] [stderr]    Compiling leb128 v0.2.5
[INFO] [stderr]    Compiling indexmap-nostd v0.4.0
[INFO] [stderr]    Compiling unicode-segmentation v1.10.1
[INFO] [stderr]    Compiling wasmparser-nostd v0.100.1
[INFO] [stderr]    Compiling nom v7.1.3
[INFO] [stderr]    Compiling wasm-encoder v0.32.0
[INFO] [stderr]    Compiling wasmi_core v0.13.0
[INFO] [stderr]    Compiling duct v0.13.6
[INFO] [stderr]    Compiling mio v0.8.8
[INFO] [stderr]    Compiling brownstone v1.1.0
[INFO] [stderr]    Compiling ink_allocator v4.2.1
[INFO] [stderr]    Compiling spin v0.9.8
[INFO] [stderr]    Compiling wasmi_arena v0.4.0
[INFO] [stderr]    Compiling joinery v2.1.0
[INFO] [stderr]    Compiling strum v0.24.1
[INFO] [stderr]    Compiling pallet-contracts-for-drink v22.0.1
[INFO] [stderr]    Compiling indent_write v2.2.0
[INFO] [stderr]    Compiling signal-hook-mio v0.2.3
[INFO] [stderr]    Compiling convert_case v0.6.0
[INFO] [stderr]    Compiling pallet-contracts-proc-macro v14.0.0
[INFO] [stderr]    Compiling wasm-instrument v0.4.0
[INFO] [stderr]    Compiling escape8259 v0.5.2
[INFO] [stderr]    Compiling time-core v0.1.1
[INFO] [stderr]    Compiling base58 v0.2.0
[INFO] [stderr]    Compiling num_threads v0.1.6
[INFO] [stderr]    Compiling wast v64.0.0
[INFO] [stderr]    Compiling time v0.3.22
[INFO] [stderr]    Compiling crossterm v0.26.1
[INFO] [stderr]    Compiling cassowary v0.3.0
[INFO] [stderr]    Compiling clap v4.3.4
[INFO] [stderr]    Compiling nom-supreme v0.7.0
[INFO] [stderr]    Compiling ratatui v0.21.0
[INFO] [stderr]    Compiling toml_datetime v0.6.3
[INFO] [stderr]    Compiling serde_spanned v0.6.3
[INFO] [stderr]    Compiling toml_edit v0.19.11
[INFO] [stderr]    Compiling impl-serde v0.4.0
[INFO] [stderr]    Compiling url v2.4.0
[INFO] [stderr]    Compiling gimli v0.27.3
[INFO] [stderr] error: could not compile `wasmparser-nostd` (lib)
[INFO] [stderr] 
[INFO] [stderr] Caused by:
[INFO] [stderr]   process didn't exit successfully: `/opt/rustwide/rustup-home/toolchains/1.75.0-x86_64-unknown-linux-gnu/bin/rustc --crate-name wasmparser_nostd --edition=2021 /opt/rustwide/cargo-home/registry/src/index.crates.io-6f17d22bba15001f/wasmparser-nostd-0.100.1/src/lib.rs --error-format=json --json=diagnostic-rendered-ansi,artifacts,future-incompat --crate-type lib --emit=dep-info,metadata,link -C embed-bitcode=no -C debuginfo=2 --cfg 'feature="std"' -C metadata=bb9b0c5fd725bfb2 -C extra-filename=-bb9b0c5fd725bfb2 --out-dir /opt/rustwide/target/debug/deps -L dependency=/opt/rustwide/target/debug/deps --extern indexmap=/opt/rustwide/target/debug/deps/libindexmap_nostd-b2ada97da9a10266.rmeta --cap-lints allow --cap-lints=warn` (signal: 9, SIGKILL: kill)
[INFO] [stderr] warning: build failed, waiting for other jobs to finish...
[INFO] [stderr] error: could not compile `wast` (lib)
[INFO] [stderr] 
[INFO] [stderr] Caused by:
[INFO] [stderr]   process didn't exit successfully: `/opt/rustwide/rustup-home/toolchains/1.75.0-x86_64-unknown-linux-gnu/bin/rustc --crate-name wast --edition=2021 /opt/rustwide/cargo-home/registry/src/index.crates.io-6f17d22bba15001f/wast-64.0.0/src/lib.rs --error-format=json --json=diagnostic-rendered-ansi,artifacts,future-incompat --crate-type lib --emit=dep-info,metadata,link -C embed-bitcode=no -C debuginfo=2 --cfg 'feature="default"' --cfg 'feature="wasm-module"' -C metadata=51b3183381edc30c -C extra-filename=-51b3183381edc30c --out-dir /opt/rustwide/target/debug/deps -L dependency=/opt/rustwide/target/debug/deps --extern leb128=/opt/rustwide/target/debug/deps/libleb128-fa96e8afb3197617.rmeta --extern memchr=/opt/rustwide/target/debug/deps/libmemchr-4fdcfd9ddfba30cb.rmeta --extern unicode_width=/opt/rustwide/target/debug/deps/libunicode_width-aeff842d70fe38c8.rmeta --extern wasm_encoder=/opt/rustwide/target/debug/deps/libwasm_encoder-542af0cd768fff5b.rmeta --cap-lints allow --cap-lints=warn` (signal: 9, SIGKILL: kill)
[INFO] [stderr] The following warnings were emitted during compilation:
[INFO] [stderr] 
[INFO] [stderr] warning: wasm-opt-sys@0.112.0: c++: fatal error: Killed signal terminated program cc1plus
[INFO] [stderr] warning: wasm-opt-sys@0.112.0: compilation terminated.
[INFO] [stderr] warning: wasm-opt-sys@0.112.0: c++: fatal error: Killed signal terminated program cc1plus
[INFO] [stderr] warning: wasm-opt-sys@0.112.0: compilation terminated.
[INFO] [stderr] warning: wasm-opt-sys@0.112.0: c++: fatal error: Killed signal terminated program cc1plus
[INFO] [stderr] warning: wasm-opt-sys@0.112.0: compilation terminated.
[INFO] [stderr] warning: wasm-opt-sys@0.112.0: c++: fatal error: Killed signal terminated program cc1plus
[INFO] [stderr] warning: wasm-opt-sys@0.112.0: compilation terminated.
[INFO] [stderr] warning: wasm-opt-sys@0.112.0: c++: fatal error: Killed signal terminated program cc1plus
[INFO] [stderr] warning: wasm-opt-sys@0.112.0: compilation terminated.
[INFO] [stderr] warning: wasm-opt-sys@0.112.0: c++: fatal error: Killed signal terminated program cc1plus
[INFO] [stderr] warning: wasm-opt-sys@0.112.0: compilation terminated.
[INFO] [stderr] warning: wasm-opt-sys@0.112.0: c++: fatal error: Killed signal terminated program cc1plus
[INFO] [stderr] warning: wasm-opt-sys@0.112.0: compilation terminated.
[INFO] [stderr] warning: wasm-opt-sys@0.112.0: c++: fatal error: Killed signal terminated program cc1plus
[INFO] [stderr] warning: wasm-opt-sys@0.112.0: compilation terminated.
[INFO] [stderr] warning: wasm-opt-sys@0.112.0: c++: fatal error: Killed signal terminated program cc1plus
[INFO] [stderr] warning: wasm-opt-sys@0.112.0: compilation terminated.
[INFO] [stderr] 
[INFO] [stderr] error: failed to run custom build command for `wasm-opt-sys v0.112.0`
[INFO] [stderr] note: To improve backtraces for build dependencies, set the CARGO_PROFILE_DEV_BUILD_OVERRIDE_DEBUG=true environment variable to enable debug information generation.
[INFO] [stderr] 
[INFO] [stderr] Caused by:
[INFO] [stderr]   process didn't exit successfully: `/opt/rustwide/target/debug/build/wasm-opt-sys-8e266ac85ed1fd29/build-script-build` (exit status: 1)
[INFO] [stderr]   --- stdout
[INFO] [stderr]   TARGET = Some("x86_64-unknown-linux-gnu")
[INFO] [stderr]   HOST = Some("x86_64-unknown-linux-gnu")
[INFO] [stderr]   cargo:rerun-if-env-changed=CXX_x86_64-unknown-linux-gnu
[INFO] [stderr]   CXX_x86_64-unknown-linux-gnu = None
[INFO] [stderr]   cargo:rerun-if-env-changed=CXX_x86_64_unknown_linux_gnu
[INFO] [stderr]   CXX_x86_64_unknown_linux_gnu = None
[INFO] [stderr]   cargo:rerun-if-env-changed=HOST_CXX
[INFO] [stderr]   HOST_CXX = None
[INFO] [stderr]   cargo:rerun-if-env-changed=CXX
[INFO] [stderr]   CXX = None
[INFO] [stderr]   cargo:rerun-if-env-changed=CXXFLAGS_x86_64-unknown-linux-gnu
[INFO] [stderr]   CXXFLAGS_x86_64-unknown-linux-gnu = None
[INFO] [stderr]   cargo:rerun-if-env-changed=CXXFLAGS_x86_64_unknown_linux_gnu
[INFO] [stderr]   CXXFLAGS_x86_64_unknown_linux_gnu = None
[INFO] [stderr]   cargo:rerun-if-env-changed=HOST_CXXFLAGS
[INFO] [stderr]   HOST_CXXFLAGS = None
[INFO] [stderr]   cargo:rerun-if-env-changed=CXXFLAGS
[INFO] [stderr]   CXXFLAGS = None
[INFO] [stderr]   cargo:rerun-if-env-changed=CRATE_CC_NO_DEFAULTS
[INFO] [stderr]   CRATE_CC_NO_DEFAULTS = None
[INFO] [stderr]   CARGO_CFG_TARGET_FEATURE = Some("fxsr,sse,sse2")
[INFO] [stderr]   cargo:CXXBRIDGE_PREFIX=wasm-opt-sys
[INFO] [stderr]   cargo:CXXBRIDGE_LINKS=binaryen
[INFO] [stderr]   cargo:CXXBRIDGE_DIR0=/opt/rustwide/target/debug/build/wasm-opt-sys-6386eee6250c74bc/out/cxxbridge/include
[INFO] [stderr]   cargo:CXXBRIDGE_DIR1=/opt/rustwide/target/debug/build/wasm-opt-sys-6386eee6250c74bc/out/cxxbridge/crate
[INFO] [stderr]   cargo:CXXBRIDGE_DIR2=/opt/rustwide/cargo-home/registry/src/index.crates.io-6f17d22bba15001f/wasm-opt-sys-0.112.0/binaryen/src
[INFO] [stderr]   cargo:CXXBRIDGE_DIR3=/opt/rustwide/cargo-home/registry/src/index.crates.io-6f17d22bba15001f/wasm-opt-sys-0.112.0/binaryen/src/tools
[INFO] [stderr]   cargo:CXXBRIDGE_DIR4=/opt/rustwide/target/debug/build/wasm-opt-sys-6386eee6250c74bc/out
[INFO] [stderr]   TARGET = Some("x86_64-unknown-linux-gnu")
[INFO] [stderr]   OPT_LEVEL = Some("0")
[INFO] [stderr]   HOST = Some("x86_64-unknown-linux-gnu")
[INFO] [stderr]   cargo:rerun-if-env-changed=CXX_x86_64-unknown-linux-gnu
[INFO] [stderr]   CXX_x86_64-unknown-linux-gnu = None
[INFO] [stderr]   cargo:rerun-if-env-changed=CXX_x86_64_unknown_linux_gnu
[INFO] [stderr]   CXX_x86_64_unknown_linux_gnu = None
[INFO] [stderr]   cargo:rerun-if-env-changed=HOST_CXX
[INFO] [stderr]   HOST_CXX = None
[INFO] [stderr]   cargo:rerun-if-env-changed=CXX
[INFO] [stderr]   CXX = None
[INFO] [stderr]   cargo:rerun-if-env-changed=CXXFLAGS_x86_64-unknown-linux-gnu
[INFO] [stderr]   CXXFLAGS_x86_64-unknown-linux-gnu = None
[INFO] [stderr]   cargo:rerun-if-env-changed=CXXFLAGS_x86_64_unknown_linux_gnu
[INFO] [stderr]   CXXFLAGS_x86_64_unknown_linux_gnu = None
[INFO] [stderr]   cargo:rerun-if-env-changed=HOST_CXXFLAGS
[INFO] [stderr]   HOST_CXXFLAGS = None
[INFO] [stderr]   cargo:rerun-if-env-changed=CXXFLAGS
[INFO] [stderr]   CXXFLAGS = None
[INFO] [stderr]   cargo:rerun-if-env-changed=CRATE_CC_NO_DEFAULTS
[INFO] [stderr]   CRATE_CC_NO_DEFAULTS = None
[INFO] [stderr]   DEBUG = Some("true")
[INFO] [stderr]   CARGO_CFG_TARGET_FEATURE = Some("fxsr,sse,sse2")
[INFO] [stderr]   running: "c++" "-O0" "-ffunction-sections" "-fdata-sections" "-fPIC" "-gdwarf-4" "-fno-omit-frame-pointer" "-m64" "-I" "/opt/rustwide/target/debug/build/wasm-opt-sys-6386eee6250c74bc/out/cxxbridge/include" "-I" "/opt/rustwide/target/debug/build/wasm-opt-sys-6386eee6250c74bc/out/cxxbridge/crate" "-I" "/opt/rustwide/cargo-home/registry/src/index.crates.io-6f17d22bba15001f/wasm-opt-sys-0.112.0/binaryen/src" "-I" "/opt/rustwide/cargo-home/registry/src/index.crates.io-6f17d22bba15001f/wasm-opt-sys-0.112.0/binaryen/src/tools" "-I" "/opt/rustwide/target/debug/build/wasm-opt-sys-6386eee6250c74bc/out" "-Wall" "-Wextra" "-std=c++17" "-Wno-unused-parameter" "-DTHROW_ON_FATAL" "-o" "/opt/rustwide/target/debug/build/wasm-opt-sys-6386eee6250c74bc/out/f2da4d9c1607549f-lib.rs.o" "-c" "/opt/rustwide/target/debug/build/wasm-opt-sys-6386eee6250c74bc/out/cxxbridge/sources/wasm-opt-sys/src/lib.rs.cc"
[INFO] [stderr]   exit status: 0
[INFO] [stderr]   running: "c++" "-O0" "-ffunction-sections" "-fdata-sections" "-fPIC" "-gdwarf-4" "-fno-omit-frame-pointer" "-m64" "-I" "/opt/rustwide/target/debug/build/wasm-opt-sys-6386eee6250c74bc/out/cxxbridge/include" "-I" "/opt/rustwide/target/debug/build/wasm-opt-sys-6386eee6250c74bc/out/cxxbridge/crate" "-I" "/opt/rustwide/cargo-home/registry/src/index.crates.io-6f17d22bba15001f/wasm-opt-sys-0.112.0/binaryen/src" "-I" "/opt/rustwide/cargo-home/registry/src/index.crates.io-6f17d22bba15001f/wasm-opt-sys-0.112.0/binaryen/src/tools" "-I" "/opt/rustwide/target/debug/build/wasm-opt-sys-6386eee6250c74bc/out" "-Wall" "-Wextra" "-std=c++17" "-Wno-unused-parameter" "-DTHROW_ON_FATAL" "-o" "/opt/rustwide/target/debug/build/wasm-opt-sys-6386eee6250c74bc/out/85ae773ca7471357-wasm-opt-main-shim.o" "-c" "/opt/rustwide/cargo-home/registry/src/index.crates.io-6f17d22bba15001f/wasm-opt-sys-0.112.0/src/wasm-opt-main-shim.cpp"
[INFO] [stderr]   running: "c++" "-O0" "-ffunction-sections" "-fdata-sections" "-fPIC" "-gdwarf-4" "-fno-omit-frame-pointer" "-m64" "-I" "/opt/rustwide/target/debug/build/wasm-opt-sys-6386eee6250c74bc/out/cxxbridge/include" "-I" "/opt/rustwide/target/debug/build/wasm-opt-sys-6386eee6250c74bc/out/cxxbridge/crate" "-I" "/opt/rustwide/cargo-home/registry/src/index.crates.io-6f17d22bba15001f/wasm-opt-sys-0.112.0/binaryen/src" "-I" "/opt/rustwide/cargo-home/registry/src/index.crates.io-6f17d22bba15001f/wasm-opt-sys-0.112.0/binaryen/src/tools" "-I" "/opt/rustwide/target/debug/build/wasm-opt-sys-6386eee6250c74bc/out" "-Wall" "-Wextra" "-std=c++17" "-Wno-unused-parameter" "-DTHROW_ON_FATAL" "-o" "/opt/rustwide/target/debug/build/wasm-opt-sys-6386eee6250c74bc/out/5f53056bd17aea21-literal.o" "-c" "/opt/rustwide/cargo-home/registry/src/index.crates.io-6f17d22bba15001f/wasm-opt-sys-0.112.0/binaryen/src/wasm/literal.cpp"
[INFO] [stderr]   running: "c++" "-O0" "-ffunction-sections" "-fdata-sections" "-fPIC" "-gdwarf-4" "-fno-omit-frame-pointer" "-m64" "-I" "/opt/rustwide/target/debug/build/wasm-opt-sys-6386eee6250c74bc/out/cxxbridge/include" "-I" "/opt/rustwide/target/debug/build/wasm-opt-sys-6386eee6250c74bc/out/cxxbridge/crate" "-I" "/opt/rustwide/cargo-home/registry/src/index.crates.io-6f17d22bba15001f/wasm-opt-sys-0.112.0/binaryen/src" "-I" "/opt/rustwide/cargo-home/registry/src/index.crates.io-6f17d22bba15001f/wasm-opt-sys-0.112.0/binaryen/src/tools" "-I" "/opt/rustwide/target/debug/build/wasm-opt-sys-6386eee6250c74bc/out" "-Wall" "-Wextra" "-std=c++17" "-Wno-unused-parameter" "-DTHROW_ON_FATAL" "-o" "/opt/rustwide/target/debug/build/wasm-opt-sys-6386eee6250c74bc/out/5f53056bd17aea21-parsing.o" "-c" "/opt/rustwide/cargo-home/registry/src/index.crates.io-6f17d22bba15001f/wasm-opt-sys-0.112.0/binaryen/src/wasm/parsing.cpp"
[INFO] [stderr]   running: "c++" "-O0" "-ffunction-sections" "-fdata-sections" "-fPIC" "-gdwarf-4" "-fno-omit-frame-pointer" "-m64" "-I" "/opt/rustwide/target/debug/build/wasm-opt-sys-6386eee6250c74bc/out/cxxbridge/include" "-I" "/opt/rustwide/target/debug/build/wasm-opt-sys-6386eee6250c74bc/out/cxxbridge/crate" "-I" "/opt/rustwide/cargo-home/registry/src/index.crates.io-6f17d22bba15001f/wasm-opt-sys-0.112.0/binaryen/src" "-I" "/opt/rustwide/cargo-home/registry/src/index.crates.io-6f17d22bba15001f/wasm-opt-sys-0.112.0/binaryen/src/tools" "-I" "/opt/rustwide/target/debug/build/wasm-opt-sys-6386eee6250c74bc/out" "-Wall" "-Wextra" "-std=c++17" "-Wno-unused-parameter" "-DTHROW_ON_FATAL" "-o" "/opt/rustwide/target/debug/build/wasm-opt-sys-6386eee6250c74bc/out/5f53056bd17aea21-wasm-binary.o" "-c" "/opt/rustwide/cargo-home/registry/src/index.crates.io-6f17d22bba15001f/wasm-opt-sys-0.112.0/binaryen/src/wasm/wasm-binary.cpp"
[INFO] [stderr]   running: "c++" "-O0" "-ffunction-sections" "-fdata-sections" "-fPIC" "-gdwarf-4" "-fno-omit-frame-pointer" "-m64" "-I" "/opt/rustwide/target/debug/build/wasm-opt-sys-6386eee6250c74bc/out/cxxbridge/include" "-I" "/opt/rustwide/target/debug/build/wasm-opt-sys-6386eee6250c74bc/out/cxxbridge/crate" "-I" "/opt/rustwide/cargo-home/registry/src/index.crates.io-6f17d22bba15001f/wasm-opt-sys-0.112.0/binaryen/src" "-I" "/opt/rustwide/cargo-home/registry/src/index.crates.io-6f17d22bba15001f/wasm-opt-sys-0.112.0/binaryen/src/tools" "-I" "/opt/rustwide/target/debug/build/wasm-opt-sys-6386eee6250c74bc/out" "-Wall" "-Wextra" "-std=c++17" "-Wno-unused-parameter" "-DTHROW_ON_FATAL" "-o" "/opt/rustwide/target/debug/build/wasm-opt-sys-6386eee6250c74bc/out/5f53056bd17aea21-wasm-debug.o" "-c" "/opt/rustwide/cargo-home/registry/src/index.crates.io-6f17d22bba15001f/wasm-opt-sys-0.112.0/binaryen/src/wasm/wasm-debug.cpp"
[INFO] [stderr]   exit status: 0
[INFO] [stderr]   running: "c++" "-O0" "-ffunction-sections" "-fdata-sections" "-fPIC" "-gdwarf-4" "-fno-omit-frame-pointer" "-m64" "-I" "/opt/rustwide/target/debug/build/wasm-opt-sys-6386eee6250c74bc/out/cxxbridge/include" "-I" "/opt/rustwide/target/debug/build/wasm-opt-sys-6386eee6250c74bc/out/cxxbridge/crate" "-I" "/opt/rustwide/cargo-home/registry/src/index.crates.io-6f17d22bba15001f/wasm-opt-sys-0.112.0/binaryen/src" "-I" "/opt/rustwide/cargo-home/registry/src/index.crates.io-6f17d22bba15001f/wasm-opt-sys-0.112.0/binaryen/src/tools" "-I" "/opt/rustwide/target/debug/build/wasm-opt-sys-6386eee6250c74bc/out" "-Wall" "-Wextra" "-std=c++17" "-Wno-unused-parameter" "-DTHROW_ON_FATAL" "-o" "/opt/rustwide/target/debug/build/wasm-opt-sys-6386eee6250c74bc/out/5f53056bd17aea21-wasm-emscripten.o" "-c" "/opt/rustwide/cargo-home/registry/src/index.crates.io-6f17d22bba15001f/wasm-opt-sys-0.112.0/binaryen/src/wasm/wasm-emscripten.cpp"
[INFO] [stderr]   running: "c++" "-O0" "-ffunction-sections" "-fdata-sections" "-fPIC" "-gdwarf-4" "-fno-omit-frame-pointer" "-m64" "-I" "/opt/rustwide/target/debug/build/wasm-opt-sys-6386eee6250c74bc/out/cxxbridge/include" "-I" "/opt/rustwide/target/debug/build/wasm-opt-sys-6386eee6250c74bc/out/cxxbridge/crate" "-I" "/opt/rustwide/cargo-home/registry/src/index.crates.io-6f17d22bba15001f/wasm-opt-sys-0.112.0/binaryen/src" "-I" "/opt/rustwide/cargo-home/registry/src/index.crates.io-6f17d22bba15001f/wasm-opt-sys-0.112.0/binaryen/src/tools" "-I" "/opt/rustwide/target/debug/build/wasm-opt-sys-6386eee6250c74bc/out" "-Wall" "-Wextra" "-std=c++17" "-Wno-unused-parameter" "-DTHROW_ON_FATAL" "-o" "/opt/rustwide/target/debug/build/wasm-opt-sys-6386eee6250c74bc/out/5f53056bd17aea21-wasm-interpreter.o" "-c" "/opt/rustwide/cargo-home/registry/src/index.crates.io-6f17d22bba15001f/wasm-opt-sys-0.112.0/binaryen/src/wasm/wasm-interpreter.cpp"
[INFO] [stderr]   running: "c++" "-O0" "-ffunction-sections" "-fdata-sections" "-fPIC" "-gdwarf-4" "-fno-omit-frame-pointer" "-m64" "-I" "/opt/rustwide/target/debug/build/wasm-opt-sys-6386eee6250c74bc/out/cxxbridge/include" "-I" "/opt/rustwide/target/debug/build/wasm-opt-sys-6386eee6250c74bc/out/cxxbridge/crate" "-I" "/opt/rustwide/cargo-home/registry/src/index.crates.io-6f17d22bba15001f/wasm-opt-sys-0.112.0/binaryen/src" "-I" "/opt/rustwide/cargo-home/registry/src/index.crates.io-6f17d22bba15001f/wasm-opt-sys-0.112.0/binaryen/src/tools" "-I" "/opt/rustwide/target/debug/build/wasm-opt-sys-6386eee6250c74bc/out" "-Wall" "-Wextra" "-std=c++17" "-Wno-unused-parameter" "-DTHROW_ON_FATAL" "-o" "/opt/rustwide/target/debug/build/wasm-opt-sys-6386eee6250c74bc/out/5f53056bd17aea21-wasm-io.o" "-c" "/opt/rustwide/cargo-home/registry/src/index.crates.io-6f17d22bba15001f/wasm-opt-sys-0.112.0/binaryen/src/wasm/wasm-io.cpp"
[INFO] [stderr]   running: "c++" "-O0" "-ffunction-sections" "-fdata-sections" "-fPIC" "-gdwarf-4" "-fno-omit-frame-pointer" "-m64" "-I" "/opt/rustwide/target/debug/build/wasm-opt-sys-6386eee6250c74bc/out/cxxbridge/include" "-I" "/opt/rustwide/target/debug/build/wasm-opt-sys-6386eee6250c74bc/out/cxxbridge/crate" "-I" "/opt/rustwide/cargo-home/registry/src/index.crates.io-6f17d22bba15001f/wasm-opt-sys-0.112.0/binaryen/src" "-I" "/opt/rustwide/cargo-home/registry/src/index.crates.io-6f17d22bba15001f/wasm-opt-sys-0.112.0/binaryen/src/tools" "-I" "/opt/rustwide/target/debug/build/wasm-opt-sys-6386eee6250c74bc/out" "-Wall" "-Wextra" "-std=c++17" "-Wno-unused-parameter" "-DTHROW_ON_FATAL" "-o" "/opt/rustwide/target/debug/build/wasm-opt-sys-6386eee6250c74bc/out/5f53056bd17aea21-wasm-stack.o" "-c" "/opt/rustwide/cargo-home/registry/src/index.crates.io-6f17d22bba15001f/wasm-opt-sys-0.112.0/binaryen/src/wasm/wasm-stack.cpp"
[INFO] [stderr]   running: "c++" "-O0" "-ffunction-sections" "-fdata-sections" "-fPIC" "-gdwarf-4" "-fno-omit-frame-pointer" "-m64" "-I" "/opt/rustwide/target/debug/build/wasm-opt-sys-6386eee6250c74bc/out/cxxbridge/include" "-I" "/opt/rustwide/target/debug/build/wasm-opt-sys-6386eee6250c74bc/out/cxxbridge/crate" "-I" "/opt/rustwide/cargo-home/registry/src/index.crates.io-6f17d22bba15001f/wasm-opt-sys-0.112.0/binaryen/src" "-I" "/opt/rustwide/cargo-home/registry/src/index.crates.io-6f17d22bba15001f/wasm-opt-sys-0.112.0/binaryen/src/tools" "-I" "/opt/rustwide/target/debug/build/wasm-opt-sys-6386eee6250c74bc/out" "-Wall" "-Wextra" "-std=c++17" "-Wno-unused-parameter" "-DTHROW_ON_FATAL" "-o" "/opt/rustwide/target/debug/build/wasm-opt-sys-6386eee6250c74bc/out/5f53056bd17aea21-wasm-s-parser.o" "-c" "/opt/rustwide/cargo-home/registry/src/index.crates.io-6f17d22bba15001f/wasm-opt-sys-0.112.0/binaryen/src/wasm/wasm-s-parser.cpp"
[INFO] [stderr]   running: "c++" "-O0" "-ffunction-sections" "-fdata-sections" "-fPIC" "-gdwarf-4" "-fno-omit-frame-pointer" "-m64" "-I" "/opt/rustwide/target/debug/build/wasm-opt-sys-6386eee6250c74bc/out/cxxbridge/include" "-I" "/opt/rustwide/target/debug/build/wasm-opt-sys-6386eee6250c74bc/out/cxxbridge/crate" "-I" "/opt/rustwide/cargo-home/registry/src/index.crates.io-6f17d22bba15001f/wasm-opt-sys-0.112.0/binaryen/src" "-I" "/opt/rustwide/cargo-home/registry/src/index.crates.io-6f17d22bba15001f/wasm-opt-sys-0.112.0/binaryen/src/tools" "-I" "/opt/rustwide/target/debug/build/wasm-opt-sys-6386eee6250c74bc/out" "-Wall" "-Wextra" "-std=c++17" "-Wno-unused-parameter" "-DTHROW_ON_FATAL" "-o" "/opt/rustwide/target/debug/build/wasm-opt-sys-6386eee6250c74bc/out/5f53056bd17aea21-wasm-type.o" "-c" "/opt/rustwide/cargo-home/registry/src/index.crates.io-6f17d22bba15001f/wasm-opt-sys-0.112.0/binaryen/src/wasm/wasm-type.cpp"
[INFO] [stderr]   running: "c++" "-O0" "-ffunction-sections" "-fdata-sections" "-fPIC" "-gdwarf-4" "-fno-omit-frame-pointer" "-m64" "-I" "/opt/rustwide/target/debug/build/wasm-opt-sys-6386eee6250c74bc/out/cxxbridge/include" "-I" "/opt/rustwide/target/debug/build/wasm-opt-sys-6386eee6250c74bc/out/cxxbridge/crate" "-I" "/opt/rustwide/cargo-home/registry/src/index.crates.io-6f17d22bba15001f/wasm-opt-sys-0.112.0/binaryen/src" "-I" "/opt/rustwide/cargo-home/registry/src/index.crates.io-6f17d22bba15001f/wasm-opt-sys-0.112.0/binaryen/src/tools" "-I" "/opt/rustwide/target/debug/build/wasm-opt-sys-6386eee6250c74bc/out" "-Wall" "-Wextra" "-std=c++17" "-Wno-unused-parameter" "-DTHROW_ON_FATAL" "-o" "/opt/rustwide/target/debug/build/wasm-opt-sys-6386eee6250c74bc/out/5f53056bd17aea21-wasm-validator.o" "-c" "/opt/rustwide/cargo-home/registry/src/index.crates.io-6f17d22bba15001f/wasm-opt-sys-0.112.0/binaryen/src/wasm/wasm-validator.cpp"
[INFO] [stderr]   cargo:warning=c++: fatal error: Killed signal terminated program cc1plus
[INFO] [stderr]   cargo:warning=compilation terminated.
[INFO] [stderr]   exit status: 1
[INFO] [stderr]   running: "c++" "-O0" "-ffunction-sections" "-fdata-sections" "-fPIC" "-gdwarf-4" "-fno-omit-frame-pointer" "-m64" "-I" "/opt/rustwide/target/debug/build/wasm-opt-sys-6386eee6250c74bc/out/cxxbridge/include" "-I" "/opt/rustwide/target/debug/build/wasm-opt-sys-6386eee6250c74bc/out/cxxbridge/crate" "-I" "/opt/rustwide/cargo-home/registry/src/index.crates.io-6f17d22bba15001f/wasm-opt-sys-0.112.0/binaryen/src" "-I" "/opt/rustwide/cargo-home/registry/src/index.crates.io-6f17d22bba15001f/wasm-opt-sys-0.112.0/binaryen/src/tools" "-I" "/opt/rustwide/target/debug/build/wasm-opt-sys-6386eee6250c74bc/out" "-Wall" "-Wextra" "-std=c++17" "-Wno-unused-parameter" "-DTHROW_ON_FATAL" "-o" "/opt/rustwide/target/debug/build/wasm-opt-sys-6386eee6250c74bc/out/5f53056bd17aea21-wasm.o" "-c" "/opt/rustwide/cargo-home/registry/src/index.crates.io-6f17d22bba15001f/wasm-opt-sys-0.112.0/binaryen/src/wasm/wasm.cpp"
[INFO] [stderr]   cargo:warning=c++: fatal error: Killed signal terminated program cc1plus
[INFO] [stderr]   cargo:warning=compilation terminated.
[INFO] [stderr]   exit status: 1
[INFO] [stderr]   cargo:warning=c++: fatal error: Killed signal terminated program cc1plus
[INFO] [stderr]   cargo:warning=compilation terminated.
[INFO] [stderr]   exit status: 1
[INFO] [stderr]   cargo:warning=c++: fatal error: Killed signal terminated program cc1plus
[INFO] [stderr]   cargo:warning=compilation terminated.
[INFO] [stderr]   exit status: 1
[INFO] [stderr]   cargo:warning=c++: fatal error: Killed signal terminated program cc1plus
[INFO] [stderr]   cargo:warning=compilation terminated.
[INFO] [stderr]   exit status: 1
[INFO] [stderr]   cargo:warning=c++: fatal error: Killed signal terminated program cc1plus
[INFO] [stderr]   cargo:warning=compilation terminated.
[INFO] [stderr]   exit status: 1
[INFO] [stderr]   cargo:warning=c++: fatal error: Killed signal terminated program cc1plus
[INFO] [stderr]   cargo:warning=compilation terminated.
[INFO] [stderr]   exit status: 1
[INFO] [stderr]   cargo:warning=c++: fatal error: Killed signal terminated program cc1plus
[INFO] [stderr]   cargo:warning=compilation terminated.
[INFO] [stderr]   exit status: 1
[INFO] [stderr]   cargo:warning=c++: fatal error: Killed signal terminated program cc1plus
[INFO] [stderr]   cargo:warning=compilation terminated.
[INFO] [stderr]   exit status: 1
[INFO] [stderr]   exit status: 0
[INFO] [stderr]   exit status: 0
[INFO] [stderr]   exit status: 0
[INFO] [stderr] 
[INFO] [stderr]   --- stderr
[INFO] [stderr] 
[INFO] [stderr]   CXX include path:
[INFO] [stderr]     /opt/rustwide/target/debug/build/wasm-opt-sys-6386eee6250c74bc/out/cxxbridge/include
[INFO] [stderr]     /opt/rustwide/target/debug/build/wasm-opt-sys-6386eee6250c74bc/out/cxxbridge/crate
[INFO] [stderr]     /opt/rustwide/cargo-home/registry/src/index.crates.io-6f17d22bba15001f/wasm-opt-sys-0.112.0/binaryen/src
[INFO] [stderr]     /opt/rustwide/cargo-home/registry/src/index.crates.io-6f17d22bba15001f/wasm-opt-sys-0.112.0/binaryen/src/tools
[INFO] [stderr]     /opt/rustwide/target/debug/build/wasm-opt-sys-6386eee6250c74bc/out
[INFO] [stderr] 
[INFO] [stderr] 
[INFO] [stderr]   error occurred: Command "c++" "-O0" "-ffunction-sections" "-fdata-sections" "-fPIC" "-gdwarf-4" "-fno-omit-frame-pointer" "-m64" "-I" "/opt/rustwide/target/debug/build/wasm-opt-sys-6386eee6250c74bc/out/cxxbridge/include" "-I" "/opt/rustwide/target/debug/build/wasm-opt-sys-6386eee6250c74bc/out/cxxbridge/crate" "-I" "/opt/rustwide/cargo-home/registry/src/index.crates.io-6f17d22bba15001f/wasm-opt-sys-0.112.0/binaryen/src" "-I" "/opt/rustwide/cargo-home/registry/src/index.crates.io-6f17d22bba15001f/wasm-opt-sys-0.112.0/binaryen/src/tools" "-I" "/opt/rustwide/target/debug/build/wasm-opt-sys-6386eee6250c74bc/out" "-Wall" "-Wextra" "-std=c++17" "-Wno-unused-parameter" "-DTHROW_ON_FATAL" "-o" "/opt/rustwide/target/debug/build/wasm-opt-sys-6386eee6250c74bc/out/5f53056bd17aea21-literal.o" "-c" "/opt/rustwide/cargo-home/registry/src/index.crates.io-6f17d22bba15001f/wasm-opt-sys-0.112.0/binaryen/src/wasm/literal.cpp" with args "c++" did not execute successfully (status code exit status: 1).
[INFO] [stderr] 
[INFO] [stderr] 
[INFO] running `Command { std: "docker" "inspect" "2618ffb8e914e7b63ec2c1dce6cbd0b1ba279fcac1c2d2da01fd73ef43e00ca9", kill_on_drop: false }`
[INFO] running `Command { std: "docker" "rm" "-f" "2618ffb8e914e7b63ec2c1dce6cbd0b1ba279fcac1c2d2da01fd73ef43e00ca9", kill_on_drop: false }`
[INFO] [stdout] 2618ffb8e914e7b63ec2c1dce6cbd0b1ba279fcac1c2d2da01fd73ef43e00ca9
[INFO] testing drink-cli-0.8.4 against beta-2023-12-22 for beta-1.76-1
[INFO] extracting crate drink-cli 0.8.4 into /workspace/builds/worker-2-tc2/source
[INFO] validating manifest of crates.io crate drink-cli 0.8.4 on toolchain beta-2023-12-22
[INFO] running `Command { std: CARGO_HOME="/workspace/cargo-home" RUSTUP_HOME="/workspace/rustup-home" "/workspace/cargo-home/bin/cargo" "+beta-2023-12-22" "metadata" "--manifest-path" "Cargo.toml" "--no-deps", kill_on_drop: false }`
[INFO] started tweaking crates.io crate drink-cli 0.8.4
[INFO] finished tweaking crates.io crate drink-cli 0.8.4
[INFO] tweaked toml for crates.io crate drink-cli 0.8.4 written to /workspace/builds/worker-2-tc2/source/Cargo.toml
[INFO] crate crates.io crate drink-cli 0.8.4 already has a lockfile, it will not be regenerated
[INFO] running `Command { std: CARGO_HOME="/workspace/cargo-home" RUSTUP_HOME="/workspace/rustup-home" "/workspace/cargo-home/bin/cargo" "+beta-2023-12-22" "fetch" "--manifest-path" "Cargo.toml", kill_on_drop: false }`
[INFO] running `Command { std: "docker" "create" "-v" "/var/lib/crater-agent-workspace/builds/worker-2-tc2/target:/opt/rustwide/target:rw,Z" "-v" "/var/lib/crater-agent-workspace/builds/worker-2-tc2/source:/opt/rustwide/workdir:ro,Z" "-v" "/var/lib/crater-agent-workspace/cargo-home:/opt/rustwide/cargo-home:ro,Z" "-v" "/var/lib/crater-agent-workspace/rustup-home:/opt/rustwide/rustup-home:ro,Z" "-e" "SOURCE_DIR=/opt/rustwide/workdir" "-e" "CARGO_TARGET_DIR=/opt/rustwide/target" "-e" "CARGO_HOME=/opt/rustwide/cargo-home" "-e" "RUSTUP_HOME=/opt/rustwide/rustup-home" "-w" "/opt/rustwide/workdir" "-m" "1610612736" "--user" "0:0" "--network" "none" "ghcr.io/rust-lang/crates-build-env/linux@sha256:2788e3201cd34a07e3172128adcd8b3090168a8e3bcc40d7c032b9dda1df7d1c" "/opt/rustwide/cargo-home/bin/cargo" "+beta-2023-12-22" "metadata" "--no-deps" "--format-version=1", kill_on_drop: false }`
[INFO] [stdout] 995374b0fb44dbe30c641a1dac2dfe1dd6697b0d8dfa91f0f1ae87853320a203
[INFO] running `Command { std: "docker" "start" "-a" "995374b0fb44dbe30c641a1dac2dfe1dd6697b0d8dfa91f0f1ae87853320a203", kill_on_drop: false }`
[INFO] running `Command { std: "docker" "inspect" "995374b0fb44dbe30c641a1dac2dfe1dd6697b0d8dfa91f0f1ae87853320a203", kill_on_drop: false }`
[INFO] running `Command { std: "docker" "rm" "-f" "995374b0fb44dbe30c641a1dac2dfe1dd6697b0d8dfa91f0f1ae87853320a203", kill_on_drop: false }`
[INFO] [stdout] 995374b0fb44dbe30c641a1dac2dfe1dd6697b0d8dfa91f0f1ae87853320a203
[INFO] running `Command { std: "docker" "create" "-v" "/var/lib/crater-agent-workspace/builds/worker-2-tc2/target:/opt/rustwide/target:rw,Z" "-v" "/var/lib/crater-agent-workspace/builds/worker-2-tc2/source:/opt/rustwide/workdir:ro,Z" "-v" "/var/lib/crater-agent-workspace/cargo-home:/opt/rustwide/cargo-home:ro,Z" "-v" "/var/lib/crater-agent-workspace/rustup-home:/opt/rustwide/rustup-home:ro,Z" "-e" "SOURCE_DIR=/opt/rustwide/workdir" "-e" "CARGO_TARGET_DIR=/opt/rustwide/target" "-e" "CARGO_INCREMENTAL=0" "-e" "RUST_BACKTRACE=full" "-e" "RUSTFLAGS=--cap-lints=warn" "-e" "RUSTDOCFLAGS=--cap-lints=warn" "-e" "CARGO_HOME=/opt/rustwide/cargo-home" "-e" "RUSTUP_HOME=/opt/rustwide/rustup-home" "-w" "/opt/rustwide/workdir" "-m" "1610612736" "--user" "0:0" "--network" "none" "ghcr.io/rust-lang/crates-build-env/linux@sha256:2788e3201cd34a07e3172128adcd8b3090168a8e3bcc40d7c032b9dda1df7d1c" "/opt/rustwide/cargo-home/bin/cargo" "+beta-2023-12-22" "build" "--frozen" "--message-format=json", kill_on_drop: false }`
[INFO] [stdout] 8f38f37a40c2347489313c62927a61d565c46e29ebf740c782e71aec4b63fb84
[INFO] running `Command { std: "docker" "start" "-a" "8f38f37a40c2347489313c62927a61d565c46e29ebf740c782e71aec4b63fb84", kill_on_drop: false }`
[INFO] [stderr]    Compiling proc-macro2 v1.0.66
[INFO] [stderr]    Compiling unicode-ident v1.0.9
[INFO] [stderr]    Compiling libc v0.2.146
[INFO] [stderr]    Compiling version_check v0.9.4
[INFO] [stderr]    Compiling serde v1.0.188
[INFO] [stderr]    Compiling typenum v1.16.0
[INFO] [stderr]    Compiling once_cell v1.18.0
[INFO] [stderr]    Compiling syn v1.0.109
[INFO] [stderr]    Compiling autocfg v1.1.0
[INFO] [stderr]    Compiling equivalent v1.0.0
[INFO] [stderr]    Compiling hashbrown v0.14.0
[INFO] [stderr]    Compiling winnow v0.4.7
[INFO] [stderr]    Compiling subtle v2.4.1
[INFO] [stderr]    Compiling memchr v2.5.0
[INFO] [stderr]    Compiling arrayvec v0.7.3
[INFO] [stderr]    Compiling byte-slice-cast v1.2.2
[INFO] [stderr]    Compiling thiserror v1.0.49
[INFO] [stderr]    Compiling const-oid v0.9.2
[INFO] [stderr]    Compiling anyhow v1.0.71
[INFO] [stderr]    Compiling bytes v1.4.0
[INFO] [stderr]    Compiling tinyvec_macros v0.1.1
[INFO] [stderr]    Compiling tinyvec v1.6.0
[INFO] [stderr]    Compiling io-lifetimes v1.0.11
[INFO] [stderr]    Compiling bitflags v1.3.2
[INFO] [stderr]    Compiling radium v0.7.0
[INFO] [stderr]    Compiling generic-array v0.14.7
[INFO] [stderr]    Compiling ahash v0.7.6
[INFO] [stderr]    Compiling unicode-bidi v0.3.13
[INFO] [stderr]    Compiling crc32fast v1.3.2
[INFO] [stderr]    Compiling itoa v1.0.6
[INFO] [stderr]    Compiling indexmap v2.0.0
[INFO] [stderr]    Compiling tap v1.0.1
[INFO] [stderr]    Compiling rustix v0.37.20
[INFO] [stderr]    Compiling wyz v0.5.1
[INFO] [stderr]    Compiling linux-raw-sys v0.3.8
[INFO] [stderr]    Compiling ryu v1.0.13
[INFO] [stderr]    Compiling quote v1.0.33
[INFO] [stderr]    Compiling lazy_static v1.4.0
[INFO] [stderr]    Compiling funty v2.0.0
[INFO] [stderr]    Compiling percent-encoding v2.3.0
[INFO] [stderr]    Compiling indexmap v1.9.3
[INFO] [stderr]    Compiling cpufeatures v0.2.8
[INFO] [stderr]    Compiling syn v2.0.32
[INFO] [stderr]    Compiling form_urlencoded v1.2.0
[INFO] [stderr]    Compiling byteorder v1.4.3
[INFO] [stderr]    Compiling crunchy v0.2.2
[INFO] [stderr]    Compiling log v0.4.19
[INFO] [stderr]    Compiling unicode-normalization v0.1.22
[INFO] [stderr]    Compiling aho-corasick v1.0.2
[INFO] [stderr]    Compiling ahash v0.8.3
[INFO] [stderr]    Compiling regex-syntax v0.7.2
[INFO] [stderr]    Compiling num-traits v0.2.15
[INFO] [stderr]    Compiling static_assertions v1.1.0
[INFO] [stderr]    Compiling bitvec v1.0.1
[INFO] [stderr]    Compiling pin-project-lite v0.2.9
[INFO] [stderr]    Compiling getrandom v0.1.16
[INFO] [stderr]    Compiling semver v1.0.17
[INFO] [stderr]    Compiling keccak v0.1.4
[INFO] [stderr]    Compiling paste v1.0.12
[INFO] [stderr]    Compiling serde_json v1.0.107
[INFO] [stderr]    Compiling idna v0.4.0
[INFO] [stderr]    Compiling jobserver v0.1.26
[INFO] [stderr]    Compiling getrandom v0.2.10
[INFO] [stderr]    Compiling arrayref v0.3.7
[INFO] [stderr]    Compiling stable_deref_trait v1.2.0
[INFO] [stderr]    Compiling fallible-iterator v0.2.0
[INFO] [stderr]    Compiling rand_core v0.6.4
[INFO] [stderr]    Compiling cc v1.0.79
[INFO] [stderr]    Compiling hashbrown v0.12.3
[INFO] [stderr]    Compiling rand_chacha v0.3.1
[INFO] [stderr]    Compiling hashbrown v0.13.2
[INFO] [stderr]    Compiling smallvec v1.11.0
[INFO] [stderr]    Compiling rand v0.8.5
[INFO] [stderr]    Compiling rand_core v0.5.1
[INFO] [stderr]    Compiling tracing-core v0.1.31
[INFO] [stderr]    Compiling target-lexicon v0.12.7
[INFO] [stderr]    Compiling hex v0.4.3
[INFO] [stderr]    Compiling memoffset v0.8.0
[INFO] [stderr]    Compiling rustversion v1.0.12
[INFO] [stderr]    Compiling rustix v0.36.14
[INFO] [stderr]    Compiling sp-std v10.0.0
[INFO] [stderr]    Compiling digest v0.9.0
[INFO] [stderr]    Compiling generic-array v0.12.4
[INFO] [stderr]    Compiling futures-core v0.3.28
[INFO] [stderr]    Compiling linux-raw-sys v0.1.4
[INFO] [stderr]    Compiling cpp_demangle v0.3.5
[INFO] [stderr]    Compiling rustc-demangle v0.1.23
[INFO] [stderr]    Compiling wasmtime-runtime v8.0.1
[INFO] [stderr]    Compiling psm v0.1.21
[INFO] [stderr]    Compiling regex v1.8.4
[INFO] [stderr]    Compiling libsecp256k1-core v0.3.0
[INFO] [stderr]    Compiling slab v0.4.8
[INFO] [stderr]    Compiling lock_api v0.4.10
[INFO] [stderr]    Compiling wasmtime-jit-debug v8.0.1
[INFO] [stderr]    Compiling wasmtime-asm-macros v8.0.1
[INFO] [stderr]    Compiling parking_lot_core v0.9.8
[INFO] [stderr]    Compiling regex-syntax v0.6.29
[INFO] [stderr]    Compiling ref-cast v1.0.16
[INFO] [stderr]    Compiling futures-channel v0.3.28
[INFO] [stderr]    Compiling rustc-hex v2.1.0
[INFO] [stderr]    Compiling futures-task v0.3.28
[INFO] [stderr]    Compiling byte-tools v0.3.1
[INFO] [stderr]    Compiling constant_time_eq v0.2.6
[INFO] [stderr]    Compiling block-padding v0.1.5
[INFO] [stderr]    Compiling digest v0.8.1
[INFO] [stderr]    Compiling wasmtime-jit-icache-coherence v8.0.1
[INFO] [stderr]    Compiling futures-util v0.3.28
[INFO] [stderr]    Compiling wasmtime v8.0.1
[INFO] [stderr]    Compiling futures-sink v0.3.28
[INFO] [stderr]    Compiling iana-time-zone v0.1.57
[INFO] [stderr]    Compiling opaque-debug v0.3.0
[INFO] [stderr]    Compiling memfd v0.6.3
[INFO] [stderr]    Compiling scopeguard v1.1.0
[INFO] [stderr]    Compiling Inflector v0.11.4
[INFO] [stderr]    Compiling chrono v0.4.26
[INFO] [stderr]    Compiling libsecp256k1-gen-genmult v0.3.0
[INFO] [stderr]    Compiling libsecp256k1-gen-ecmult v0.3.0
[INFO] [stderr]    Compiling block-buffer v0.7.3
[INFO] [stderr]    Compiling fixed-hash v0.8.0
[INFO] [stderr]    Compiling secp256k1-sys v0.6.1
[INFO] [stderr]    Compiling uint v0.9.5
[INFO] [stderr]    Compiling tracing-log v0.1.3
[INFO] [stderr]    Compiling rand_chacha v0.2.2
[INFO] [stderr]    Compiling sharded-slab v0.1.4
[INFO] [stderr]    Compiling thread_local v1.1.7
[INFO] [stderr]    Compiling futures-io v0.3.28
[INFO] [stderr]    Compiling fake-simd v0.1.2
[INFO] [stderr]    Compiling opaque-debug v0.2.3
[INFO] [stderr]    Compiling hash-db v0.16.0
[INFO] [stderr]    Compiling ansi_term v0.12.1
[INFO] [stderr]    Compiling unicode-xid v0.2.4
[INFO] [stderr]    Compiling pin-utils v0.1.0
[INFO] [stderr]    Compiling sha2 v0.8.2
[INFO] [stderr]    Compiling rand v0.7.3
[INFO] [stderr]    Compiling parking_lot v0.12.1
[INFO] [stderr]    Compiling libsecp256k1 v0.7.1
[INFO] [stderr]    Compiling num_cpus v1.15.0
[INFO] [stderr]    Compiling arrayvec v0.5.2
[INFO] [stderr]    Compiling environmental v1.1.4
[INFO] [stderr]    Compiling blake2b_simd v1.0.1
[INFO] [stderr]    Compiling num-format v0.4.4
[INFO] [stderr]    Compiling either v1.8.1
[INFO] [stderr]    Compiling rustc-hash v1.1.0
[INFO] [stderr]    Compiling dyn-clone v1.0.11
[INFO] [stderr]    Compiling base64 v0.13.1
[INFO] [stderr]    Compiling hash256-std-hasher v0.15.2
[INFO] [stderr]    Compiling regex-automata v0.1.10
[INFO] [stderr]    Compiling crypto-common v0.1.6
[INFO] [stderr]    Compiling block-buffer v0.10.4
[INFO] [stderr]    Compiling bs58 v0.5.0
[INFO] [stderr]    Compiling array-bytes v6.1.0
[INFO] [stderr]    Compiling backtrace v0.3.67
[INFO] [stderr]    Compiling digest v0.10.7
[INFO] [stderr]    Compiling termcolor v1.2.0
[INFO] [stderr]    Compiling platforms v3.1.2
[INFO] [stderr]    Compiling adler v1.0.2
[INFO] [stderr]    Compiling miniz_oxide v0.6.2
[INFO] [stderr]    Compiling trie-root v0.18.0
[INFO] [stderr]    Compiling memory-db v0.32.0
[INFO] [stderr]    Compiling trie-db v0.27.1
[INFO] [stderr]    Compiling schnellru v0.2.1
[INFO] [stderr]    Compiling nohash-hasher v0.2.0
[INFO] [stderr]    Compiling sp-io v25.0.0
[INFO] [stderr]    Compiling matchers v0.0.1
[INFO] [stderr]    Compiling integer-sqrt v0.1.5
[INFO] [stderr]    Compiling unicode-width v0.1.10
[INFO] [stderr]    Compiling tiny-keccak v2.0.2
[INFO] [stderr]    Compiling proc-macro-hack v0.5.20+deprecated
[INFO] [stderr]    Compiling scratch v1.0.5
[INFO] [stderr]    Compiling fnv v1.0.7
[INFO] [stderr]    Compiling ident_case v1.0.1
[INFO] [stderr]    Compiling same-file v1.0.6
[INFO] [stderr]    Compiling blake2 v0.10.6
[INFO] [stderr]    Compiling darling_core v0.14.4
[INFO] [stderr]    Compiling link-cplusplus v1.0.9
[INFO] [stderr]    Compiling walkdir v2.3.3
[INFO] [stderr]    Compiling parity-wasm v0.45.0
[INFO] [stderr]    Compiling codespan-reporting v0.11.1
[INFO] [stderr]    Compiling expander v2.0.0
[INFO] [stderr]    Compiling cxxbridge-flags v1.0.97
[INFO] [stderr]    Compiling cxx v1.0.97
[INFO] [stderr]    Compiling sha2 v0.10.7
[INFO] [stderr]    Compiling twox-hash v1.6.3
[INFO] [stderr]    Compiling sha3 v0.10.8
[INFO] [stderr]    Compiling fs-err v2.9.0
[INFO] [stderr]    Compiling ff v0.13.0
[INFO] [stderr]    Compiling proc-macro-error-attr v1.0.4
[INFO] [stderr]    Compiling cxx-build v1.0.97
[INFO] [stderr]    Compiling sp-core-hashing v11.0.0
[INFO] [stderr]    Compiling heck v0.4.1
[INFO] [stderr]    Compiling base16ct v0.2.0
[INFO] [stderr]    Compiling async-trait v0.1.68
[INFO] [stderr]    Compiling group v0.13.0
[INFO] [stderr]    Compiling itertools v0.10.5
[INFO] [stderr]    Compiling proc-macro-error v1.0.4
[INFO] [stderr]    Compiling proc-macro-warning v0.4.2
[INFO] [stderr]    Compiling camino v1.1.4
[INFO] [stderr]    Compiling anstyle-parse v0.2.0
[INFO] [stderr]    Compiling const-random-macro v0.1.15
[INFO] [stderr]    Compiling is-terminal v0.4.7
[INFO] [stderr]    Compiling include_dir_macros v0.7.3
[INFO] [stderr]    Compiling common-path v1.0.0
[INFO] [stderr]    Compiling anstyle v1.0.0
[INFO] [stderr]    Compiling secp256k1-sys v0.8.1
[INFO] [stderr]    Compiling tempfile v3.6.0
[INFO] [stderr]    Compiling cfg-expr v0.15.4
[INFO] [stderr]    Compiling anstream v0.3.2
[INFO] [stderr]    Compiling ink_prelude v4.2.1
[INFO] [stderr]    Compiling xxhash-rust v0.8.6
[INFO] [stderr]    Compiling zip v0.6.6
[INFO] [stderr]    Compiling shared_child v1.0.0
[INFO] [stderr]    Compiling serde_derive v1.0.188
[INFO] [stderr]    Compiling zeroize_derive v1.4.2
[INFO] [stderr]    Compiling thiserror-impl v1.0.49
[INFO] [stderr]    Compiling tracing-attributes v0.1.24
[INFO] [stderr]    Compiling ref-cast-impl v1.0.16
[INFO] [stderr]    Compiling futures-macro v0.3.28
[INFO] [stderr]    Compiling sp-debug-derive v10.0.0
[INFO] [stderr]    Compiling curve25519-dalek-derive v0.1.0
[INFO] [stderr]    Compiling impl-trait-for-tuples v0.2.2
[INFO] [stderr]    Compiling derive_more v0.99.17
[INFO] [stderr]    Compiling dyn-clonable-impl v0.9.0
[INFO] [stderr]    Compiling derive-syn-parse v0.1.5
[INFO] [stderr]    Compiling const-random v0.1.15
[INFO] [stderr]    Compiling macro_magic_core_macros v0.4.2
[INFO] [stderr]    Compiling sp-core-hashing-proc-macro v11.0.0
[INFO] [stderr]    Compiling darling_macro v0.14.4
[INFO] [stderr]    Compiling dyn-clonable v0.9.0
[INFO] [stderr]    Compiling frame-support-procedural-tools-derive v8.0.0
[INFO] [stderr]    Compiling cxxbridge-macro v1.0.97
[INFO] [stderr]    Compiling zeroize v1.6.0
[INFO] [stderr]    Compiling merlin v2.0.1
[INFO] [stderr]    Compiling curve25519-dalek v2.1.3
[INFO] [stderr]    Compiling secrecy v0.8.0
[INFO] [stderr]    Compiling der v0.7.6
[INFO] [stderr]    Compiling include_dir v0.7.3
[INFO] [stderr]    Compiling block-buffer v0.9.0
[INFO] [stderr]    Compiling sha2 v0.9.9
[INFO] [stderr]    Compiling crypto-mac v0.8.0
[INFO] [stderr]    Compiling crypto-mac v0.11.1
[INFO] [stderr]    Compiling curve25519-dalek v3.2.0
[INFO] [stderr]    Compiling hmac v0.8.1
[INFO] [stderr]    Compiling tracing v0.1.37
[INFO] [stderr]    Compiling hmac v0.12.1
[INFO] [stderr]    Compiling pbkdf2 v0.11.0
[INFO] [stderr]    Compiling hmac-drbg v0.3.0
[INFO] [stderr]    Compiling hmac v0.11.0
[INFO] [stderr]    Compiling pbkdf2 v0.8.0
[INFO] [stderr]    Compiling schnorrkel v0.9.1
[INFO] [stderr]    Compiling tiny-bip39 v1.0.0
[INFO] [stderr]    Compiling signature v2.1.0
[INFO] [stderr]    Compiling darling v0.14.4
[INFO] [stderr]    Compiling macro_magic_core v0.4.2
[INFO] [stderr]    Compiling ed25519-zebra v3.1.0
[INFO] [stderr]    Compiling sec1 v0.7.2
[INFO] [stderr]    Compiling ed25519 v2.2.2
[INFO] [stderr]    Compiling wasm-opt-sys v0.112.0
[INFO] [stderr]    Compiling crypto-bigint v0.5.2
[INFO] [stderr]    Compiling macro_magic_macros v0.4.2
[INFO] [stderr]    Compiling spki v0.7.2
[INFO] [stderr]    Compiling rfc6979 v0.4.0
[INFO] [stderr]    Compiling wasm-opt-cxx-sys v0.112.0
[INFO] [stderr]    Compiling substrate-bip39 v0.4.4
[INFO] [stderr]    Compiling aquamarine v0.3.2
[INFO] [stderr]    Compiling strum_macros v0.24.3
[INFO] [stderr]    Compiling clap_builder v4.3.4
[INFO] [stderr]    Compiling clap_derive v4.3.2
[INFO] [stderr]    Compiling os_pipe v1.1.4
[INFO] [stderr]    Compiling libm v0.2.7
[INFO] [stderr]    Compiling fastrand v1.9.0
[INFO] [stderr]    Compiling tt-call v1.0.9
[INFO] [stderr]    Compiling elliptic-curve v0.13.5
[INFO] [stderr]    Compiling contract-build v3.0.1
[INFO] [stderr]    Compiling ecdsa v0.16.7
[INFO] [stderr]    Compiling macro_magic v0.4.2
[INFO] [stderr]    Compiling atty v0.2.14
[INFO] [stderr]    Compiling signal-hook v0.3.15
[INFO] [stderr]    Compiling colored v2.0.1
[INFO] [stderr]    Compiling which v4.4.0
[INFO] [stderr]    Compiling signal-hook-registry v1.4.1
[INFO] [stderr]    Compiling k256 v0.13.1
[INFO] [stderr]    Compiling futures-executor v0.3.28
[INFO] [stderr]    Compiling term_size v0.3.2
[INFO] [stderr]    Compiling futures v0.3.28
[INFO] [stderr]    Compiling downcast-rs v1.2.0
[INFO] [stderr]    Compiling unicode-segmentation v1.10.1
[INFO] [stderr]    Compiling minimal-lexical v0.2.1
[INFO] [stderr]    Compiling leb128 v0.2.5
[INFO] [stderr]    Compiling indexmap-nostd v0.4.0
[INFO] [stderr]    Compiling wasm-encoder v0.32.0
[INFO] [stderr]    Compiling wasmi_core v0.13.0
[INFO] [stderr]    Compiling wasmparser-nostd v0.100.1
[INFO] [stderr]    Compiling nom v7.1.3
[INFO] [stderr]    Compiling duct v0.13.6
[INFO] [stderr]    Compiling mio v0.8.8
[INFO] [stderr]    Compiling brownstone v1.1.0
[INFO] [stderr]    Compiling ink_allocator v4.2.1
[INFO] [stderr]    Compiling joinery v2.1.0
[INFO] [stderr]    Compiling strum v0.24.1
[INFO] [stderr]    Compiling wasmi_arena v0.4.0
[INFO] [stderr]    Compiling spin v0.9.8
[INFO] [stderr]    Compiling indent_write v2.2.0
[INFO] [stderr]    Compiling pallet-contracts-for-drink v22.0.1
[INFO] [stderr]    Compiling convert_case v0.6.0
[INFO] [stderr]    Compiling pallet-contracts-proc-macro v14.0.0
[INFO] [stderr]    Compiling wasm-instrument v0.4.0
[INFO] [stderr]    Compiling escape8259 v0.5.2
[INFO] [stderr]    Compiling time-core v0.1.1
[INFO] [stderr]    Compiling base58 v0.2.0
[INFO] [stderr]    Compiling signal-hook-mio v0.2.3
[INFO] [stderr]    Compiling wast v64.0.0
[INFO] [stderr]    Compiling num_threads v0.1.6
[INFO] [stderr]    Compiling crossterm v0.26.1
[INFO] [stderr]    Compiling time v0.3.22
[INFO] [stderr]    Compiling cassowary v0.3.0
[INFO] [stderr]    Compiling clap v4.3.4
[INFO] [stderr]    Compiling ratatui v0.21.0
[INFO] [stderr]    Compiling nom-supreme v0.7.0
[INFO] [stderr]    Compiling serde_spanned v0.6.3
[INFO] [stderr]    Compiling toml_datetime v0.6.3
[INFO] [stderr]    Compiling impl-serde v0.4.0
[INFO] [stderr]    Compiling url v2.4.0
[INFO] [stderr]    Compiling cranelift-entity v0.95.1
[INFO] [stderr]    Compiling toml_edit v0.19.11
[INFO] [stderr]    Compiling bincode v1.3.3
[INFO] [stderr]    Compiling tracing-serde v0.1.3
[INFO] [stderr]    Compiling rustc_version v0.4.0
[INFO] [stderr]    Compiling gimli v0.27.3
[INFO] [stderr]    Compiling object v0.30.4
[INFO] [stderr]    Compiling cargo-platform v0.1.2
[INFO] [stderr]    Compiling wasmparser v0.102.0
[INFO] [stderr]    Compiling curve25519-dalek v4.1.1
[INFO] [stderr]    Compiling tracing-subscriber v0.2.25
[INFO] [stderr]    Compiling ss58-registry v1.40.0
[INFO] [stderr]    Compiling secp256k1 v0.27.0
[INFO] [stderr]    Compiling cargo_metadata v0.15.4
[INFO] [stderr]    Compiling contract-metadata v3.2.0
[INFO] [stderr]    Compiling cargo_metadata v0.18.1
[INFO] [stderr]    Compiling ed25519-dalek v2.0.0
[INFO] [stderr]    Compiling proc-macro-crate v1.3.1
[INFO] [stderr] error: could not compile `wasmparser-nostd` (lib)
[INFO] [stderr] 
[INFO] [stderr] Caused by:
[INFO] [stderr]   process didn't exit successfully: `/opt/rustwide/rustup-home/toolchains/beta-2023-12-22-x86_64-unknown-linux-gnu/bin/rustc --crate-name wasmparser_nostd --edition=2021 /opt/rustwide/cargo-home/registry/src/index.crates.io-6f17d22bba15001f/wasmparser-nostd-0.100.1/src/lib.rs --error-format=json --json=diagnostic-rendered-ansi,artifacts,future-incompat --crate-type lib --emit=dep-info,metadata,link -C embed-bitcode=no -C debuginfo=2 --cfg 'feature="std"' -C metadata=adc587bc0c12ce5f -C extra-filename=-adc587bc0c12ce5f --out-dir /opt/rustwide/target/debug/deps -L dependency=/opt/rustwide/target/debug/deps --extern indexmap=/opt/rustwide/target/debug/deps/libindexmap_nostd-75ebfa93269045f1.rmeta --cap-lints allow --cap-lints=warn` (signal: 9, SIGKILL: kill)
[INFO] [stderr] warning: build failed, waiting for other jobs to finish...
[INFO] [stderr] error: could not compile `wast` (lib)
[INFO] [stderr] 
[INFO] [stderr] Caused by:
[INFO] [stderr]   process didn't exit successfully: `/opt/rustwide/rustup-home/toolchains/beta-2023-12-22-x86_64-unknown-linux-gnu/bin/rustc --crate-name wast --edition=2021 /opt/rustwide/cargo-home/registry/src/index.crates.io-6f17d22bba15001f/wast-64.0.0/src/lib.rs --error-format=json --json=diagnostic-rendered-ansi,artifacts,future-incompat --crate-type lib --emit=dep-info,metadata,link -C embed-bitcode=no -C debuginfo=2 --cfg 'feature="default"' --cfg 'feature="wasm-module"' -C metadata=58ee6beca9198ad4 -C extra-filename=-58ee6beca9198ad4 --out-dir /opt/rustwide/target/debug/deps -L dependency=/opt/rustwide/target/debug/deps --extern leb128=/opt/rustwide/target/debug/deps/libleb128-1f8a1131065c9baf.rmeta --extern memchr=/opt/rustwide/target/debug/deps/libmemchr-33d05ae5bba76030.rmeta --extern unicode_width=/opt/rustwide/target/debug/deps/libunicode_width-8c89bf6e02b90910.rmeta --extern wasm_encoder=/opt/rustwide/target/debug/deps/libwasm_encoder-86155183927daedb.rmeta --cap-lints allow --cap-lints=warn` (signal: 9, SIGKILL: kill)
[INFO] [stderr] error: could not compile `libsecp256k1` (lib)
[INFO] [stderr] 
[INFO] [stderr] Caused by:
[INFO] [stderr]   process didn't exit successfully: `/opt/rustwide/rustup-home/toolchains/beta-2023-12-22-x86_64-unknown-linux-gnu/bin/rustc --crate-name libsecp256k1 --edition=2018 /opt/rustwide/cargo-home/registry/src/index.crates.io-6f17d22bba15001f/libsecp256k1-0.7.1/src/lib.rs --error-format=json --json=diagnostic-rendered-ansi,artifacts,future-incompat --crate-type lib --emit=dep-info,metadata,link -C embed-bitcode=no -C debuginfo=2 --cfg 'feature="default"' --cfg 'feature="hmac"' --cfg 'feature="hmac-drbg"' --cfg 'feature="sha2"' --cfg 'feature="static-context"' --cfg 'feature="std"' --cfg 'feature="typenum"' -C metadata=e3920d849b63db99 -C extra-filename=-e3920d849b63db99 --out-dir /opt/rustwide/target/debug/deps -L dependency=/opt/rustwide/target/debug/deps --extern arrayref=/opt/rustwide/target/debug/deps/libarrayref-8957ff1d73700ff2.rmeta --extern base64=/opt/rustwide/target/debug/deps/libbase64-5ebb068af87a342d.rmeta --extern digest=/opt/rustwide/target/debug/deps/libdigest-85c45ef4df170a73.rmeta --extern hmac_drbg=/opt/rustwide/target/debug/deps/libhmac_drbg-f3a037e7a3b80281.rmeta --extern libsecp256k1_core=/opt/rustwide/target/debug/deps/liblibsecp256k1_core-2fba41788bf6e5cf.rmeta --extern rand=/opt/rustwide/target/debug/deps/librand-0d470cff89e5ffe3.rmeta --extern serde=/opt/rustwide/target/debug/deps/libserde-f3c246e8fc946aa7.rmeta --extern sha2=/opt/rustwide/target/debug/deps/libsha2-a034828a4cb374e1.rmeta --extern typenum=/opt/rustwide/target/debug/deps/libtypenum-486446c5d1f61c48.rmeta --cap-lints allow --cap-lints=warn` (signal: 9, SIGKILL: kill)
[INFO] [stderr] error: could not compile `gimli` (lib)
[INFO] [stderr] 
[INFO] [stderr] Caused by:
[INFO] [stderr]   process didn't exit successfully: `/opt/rustwide/rustup-home/toolchains/beta-2023-12-22-x86_64-unknown-linux-gnu/bin/rustc --crate-name gimli --edition=2018 /opt/rustwide/cargo-home/registry/src/index.crates.io-6f17d22bba15001f/gimli-0.27.3/src/lib.rs --error-format=json --json=diagnostic-rendered-ansi,artifacts,future-incompat --crate-type lib --emit=dep-info,metadata,link -C embed-bitcode=no -C debuginfo=2 --cfg 'feature="fallible-iterator"' --cfg 'feature="indexmap"' --cfg 'feature="read"' --cfg 'feature="read-core"' --cfg 'feature="stable_deref_trait"' --cfg 'feature="std"' --cfg 'feature="write"' -C metadata=c33ded9e5b569afa -C extra-filename=-c33ded9e5b569afa --out-dir /opt/rustwide/target/debug/deps -L dependency=/opt/rustwide/target/debug/deps --extern fallible_iterator=/opt/rustwide/target/debug/deps/libfallible_iterator-d4ed002c546fbc05.rmeta --extern indexmap=/opt/rustwide/target/debug/deps/libindexmap-46abed8c4115d44d.rmeta --extern stable_deref_trait=/opt/rustwide/target/debug/deps/libstable_deref_trait-ba4b93f2cfd9230a.rmeta --cap-lints allow --cap-lints=warn` (signal: 9, SIGKILL: kill)
[INFO] [stderr] error: could not compile `object` (lib)
[INFO] [stderr] 
[INFO] [stderr] Caused by:
[INFO] [stderr]   process didn't exit successfully: `/opt/rustwide/rustup-home/toolchains/beta-2023-12-22-x86_64-unknown-linux-gnu/bin/rustc --crate-name object --edition=2018 /opt/rustwide/cargo-home/registry/src/index.crates.io-6f17d22bba15001f/object-0.30.4/src/lib.rs --error-format=json --json=diagnostic-rendered-ansi,artifacts,future-incompat --crate-type lib --emit=dep-info,metadata,link -C embed-bitcode=no -C debuginfo=2 --cfg 'feature="archive"' --cfg 'feature="coff"' --cfg 'feature="crc32fast"' --cfg 'feature="elf"' --cfg 'feature="hashbrown"' --cfg 'feature="indexmap"' --cfg 'feature="macho"' --cfg 'feature="pe"' --cfg 'feature="read_core"' --cfg 'feature="std"' --cfg 'feature="unaligned"' --cfg 'feature="write_core"' -C metadata=d72f53b37f3f8b85 -C extra-filename=-d72f53b37f3f8b85 --out-dir /opt/rustwide/target/debug/deps -L dependency=/opt/rustwide/target/debug/deps --extern crc32fast=/opt/rustwide/target/debug/deps/libcrc32fast-dbea8ee6fb11ce73.rmeta --extern hashbrown=/opt/rustwide/target/debug/deps/libhashbrown-dcf49399a166c3d1.rmeta --extern indexmap=/opt/rustwide/target/debug/deps/libindexmap-46abed8c4115d44d.rmeta --extern memchr=/opt/rustwide/target/debug/deps/libmemchr-33d05ae5bba76030.rmeta --cap-lints allow --cap-lints=warn` (signal: 9, SIGKILL: kill)
[INFO] [stderr] error: could not compile `wasmparser` (lib)
[INFO] [stderr] 
[INFO] [stderr] Caused by:
[INFO] [stderr]   process didn't exit successfully: `/opt/rustwide/rustup-home/toolchains/beta-2023-12-22-x86_64-unknown-linux-gnu/bin/rustc --crate-name wasmparser --edition=2021 /opt/rustwide/cargo-home/registry/src/index.crates.io-6f17d22bba15001f/wasmparser-0.102.0/src/lib.rs --error-format=json --json=diagnostic-rendered-ansi,artifacts,future-incompat --crate-type lib --emit=dep-info,metadata,link -C embed-bitcode=no -C debuginfo=2 -C metadata=273d96e602acb8bb -C extra-filename=-273d96e602acb8bb --out-dir /opt/rustwide/target/debug/deps -L dependency=/opt/rustwide/target/debug/deps --extern indexmap=/opt/rustwide/target/debug/deps/libindexmap-46abed8c4115d44d.rmeta --extern url=/opt/rustwide/target/debug/deps/liburl-d93ef3a30057d801.rmeta --cap-lints allow --cap-lints=warn` (signal: 9, SIGKILL: kill)
[INFO] [stderr] error: could not compile `toml_edit` (lib)
[INFO] [stderr] 
[INFO] [stderr] Caused by:
[INFO] [stderr]   process didn't exit successfully: `/opt/rustwide/rustup-home/toolchains/beta-2023-12-22-x86_64-unknown-linux-gnu/bin/rustc --crate-name toml_edit --edition=2021 /opt/rustwide/cargo-home/registry/src/index.crates.io-6f17d22bba15001f/toml_edit-0.19.11/src/lib.rs --error-format=json --json=diagnostic-rendered-ansi,artifacts,future-incompat --crate-type lib --emit=dep-info,metadata,link -C embed-bitcode=no -C debuginfo=2 --cfg 'feature="default"' --cfg 'feature="serde"' -C metadata=c94cbdc917fd4176 -C extra-filename=-c94cbdc917fd4176 --out-dir /opt/rustwide/target/debug/deps -L dependency=/opt/rustwide/target/debug/deps --extern indexmap=/opt/rustwide/target/debug/deps/libindexmap-2060647a1812f7ea.rmeta --extern serde=/opt/rustwide/target/debug/deps/libserde-f3c246e8fc946aa7.rmeta --extern serde_spanned=/opt/rustwide/target/debug/deps/libserde_spanned-35bf1fe78e0001fe.rmeta --extern toml_datetime=/opt/rustwide/target/debug/deps/libtoml_datetime-2b92cc4a1778535b.rmeta --extern winnow=/opt/rustwide/target/debug/deps/libwinnow-150ec146bd6cdc3b.rmeta --cap-lints allow --cap-lints=warn` (signal: 9, SIGKILL: kill)
[INFO] [stderr] error: could not compile `tracing-subscriber` (lib)
[INFO] [stderr] 
[INFO] [stderr] Caused by:
[INFO] [stderr]   process didn't exit successfully: `/opt/rustwide/rustup-home/toolchains/beta-2023-12-22-x86_64-unknown-linux-gnu/bin/rustc --crate-name tracing_subscriber --edition=2018 /opt/rustwide/cargo-home/registry/src/index.crates.io-6f17d22bba15001f/tracing-subscriber-0.2.25/src/lib.rs --error-format=json --json=diagnostic-rendered-ansi,artifacts,future-incompat --crate-type lib --emit=dep-info,metadata,link -C embed-bitcode=no -C debuginfo=2 --cfg 'feature="ansi"' --cfg 'feature="ansi_term"' --cfg 'feature="chrono"' --cfg 'feature="default"' --cfg 'feature="env-filter"' --cfg 'feature="fmt"' --cfg 'feature="json"' --cfg 'feature="lazy_static"' --cfg 'feature="matchers"' --cfg 'feature="regex"' --cfg 'feature="registry"' --cfg 'feature="serde"' --cfg 'feature="serde_json"' --cfg 'feature="sharded-slab"' --cfg 'feature="smallvec"' --cfg 'feature="thread_local"' --cfg 'feature="tracing"' --cfg 'feature="tracing-log"' --cfg 'feature="tracing-serde"' -C metadata=0b1787120744d50f -C extra-filename=-0b1787120744d50f --out-dir /opt/rustwide/target/debug/deps -L dependency=/opt/rustwide/target/debug/deps --extern ansi_term=/opt/rustwide/target/debug/deps/libansi_term-f435e404af61098a.rmeta --extern chrono=/opt/rustwide/target/debug/deps/libchrono-d6e30e9f495c4bef.rmeta --extern lazy_static=/opt/rustwide/target/debug/deps/liblazy_static-efa3519517df6cf0.rmeta --extern matchers=/opt/rustwide/target/debug/deps/libmatchers-dca13a0a9dd63aa9.rmeta --extern regex=/opt/rustwide/target/debug/deps/libregex-b44fd9d166d0c4c5.rmeta --extern serde=/opt/rustwide/target/debug/deps/libserde-f3c246e8fc946aa7.rmeta --extern serde_json=/opt/rustwide/target/debug/deps/libserde_json-2301a1f454e5dcec.rmeta --extern sharded_slab=/opt/rustwide/target/debug/deps/libsharded_slab-bb331dccd6fe0513.rmeta --extern smallvec=/opt/rustwide/target/debug/deps/libsmallvec-46c99328f6489e55.rmeta --extern thread_local=/opt/rustwide/target/debug/deps/libthread_local-8c2816eef0cc0cfa.rmeta --extern tracing=/opt/rustwide/target/debug/deps/libtracing-69a2016af088d69e.rmeta --extern tracing_core=/opt/rustwide/target/debug/deps/libtracing_core-de4103d37353a762.rmeta --extern tracing_log=/opt/rustwide/target/debug/deps/libtracing_log-17b909967883e245.rmeta --extern tracing_serde=/opt/rustwide/target/debug/deps/libtracing_serde-01c5a68ab29830b8.rmeta --cap-lints allow --cap-lints=warn` (signal: 9, SIGKILL: kill)
[INFO] [stderr] The following warnings were emitted during compilation:
[INFO] [stderr] 
[INFO] [stderr] warning: wasm-opt-sys@0.112.0: c++: fatal error: Killed signal terminated program cc1plus
[INFO] [stderr] warning: wasm-opt-sys@0.112.0: compilation terminated.
[INFO] [stderr] warning: wasm-opt-sys@0.112.0: c++: fatal error: Killed signal terminated program cc1plus
[INFO] [stderr] warning: wasm-opt-sys@0.112.0: compilation terminated.
[INFO] [stderr] warning: wasm-opt-sys@0.112.0: c++: fatal error: Killed signal terminated program cc1plus
[INFO] [stderr] warning: wasm-opt-sys@0.112.0: compilation terminated.
[INFO] [stderr] warning: wasm-opt-sys@0.112.0: c++: fatal error: Killed signal terminated program cc1plus
[INFO] [stderr] warning: wasm-opt-sys@0.112.0: compilation terminated.
[INFO] [stderr] warning: wasm-opt-sys@0.112.0: c++: fatal error: Killed signal terminated program cc1plus
[INFO] [stderr] warning: wasm-opt-sys@0.112.0: compilation terminated.
[INFO] [stderr] warning: wasm-opt-sys@0.112.0: c++: fatal error: Killed signal terminated program cc1plus
[INFO] [stderr] warning: wasm-opt-sys@0.112.0: compilation terminated.
[INFO] [stderr] warning: wasm-opt-sys@0.112.0: c++: fatal error: Killed signal terminated program cc1plus
[INFO] [stderr] warning: wasm-opt-sys@0.112.0: compilation terminated.
[INFO] [stderr] warning: wasm-opt-sys@0.112.0: c++: fatal error: Killed signal terminated program cc1plus
[INFO] [stderr] warning: wasm-opt-sys@0.112.0: compilation terminated.
[INFO] [stderr] warning: wasm-opt-sys@0.112.0: c++: fatal error: Killed signal terminated program cc1plus
[INFO] [stderr] warning: wasm-opt-sys@0.112.0: compilation terminated.
[INFO] [stderr] warning: wasm-opt-sys@0.112.0: c++: fatal error: Killed signal terminated program cc1plus
[INFO] [stderr] warning: wasm-opt-sys@0.112.0: compilation terminated.
[INFO] [stderr] 
[INFO] [stderr] error: failed to run custom build command for `wasm-opt-sys v0.112.0`
[INFO] [stderr] note: To improve backtraces for build dependencies, set the CARGO_PROFILE_DEV_BUILD_OVERRIDE_DEBUG=true environment variable to enable debug information generation.
[INFO] [stderr] 
[INFO] [stderr] Caused by:
[INFO] [stderr]   process didn't exit successfully: `/opt/rustwide/target/debug/build/wasm-opt-sys-7b9d75fa4d722c00/build-script-build` (exit status: 1)
[INFO] [stderr]   --- stdout
[INFO] [stderr]   TARGET = Some("x86_64-unknown-linux-gnu")
[INFO] [stderr]   HOST = Some("x86_64-unknown-linux-gnu")
[INFO] [stderr]   cargo:rerun-if-env-changed=CXX_x86_64-unknown-linux-gnu
[INFO] [stderr]   CXX_x86_64-unknown-linux-gnu = None
[INFO] [stderr]   cargo:rerun-if-env-changed=CXX_x86_64_unknown_linux_gnu
[INFO] [stderr]   CXX_x86_64_unknown_linux_gnu = None
[INFO] [stderr]   cargo:rerun-if-env-changed=HOST_CXX
[INFO] [stderr]   HOST_CXX = None
[INFO] [stderr]   cargo:rerun-if-env-changed=CXX
[INFO] [stderr]   CXX = None
[INFO] [stderr]   cargo:rerun-if-env-changed=CXXFLAGS_x86_64-unknown-linux-gnu
[INFO] [stderr]   CXXFLAGS_x86_64-unknown-linux-gnu = None
[INFO] [stderr]   cargo:rerun-if-env-changed=CXXFLAGS_x86_64_unknown_linux_gnu
[INFO] [stderr]   CXXFLAGS_x86_64_unknown_linux_gnu = None
[INFO] [stderr]   cargo:rerun-if-env-changed=HOST_CXXFLAGS
[INFO] [stderr]   HOST_CXXFLAGS = None
[INFO] [stderr]   cargo:rerun-if-env-changed=CXXFLAGS
[INFO] [stderr]   CXXFLAGS = None
[INFO] [stderr]   cargo:rerun-if-env-changed=CRATE_CC_NO_DEFAULTS
[INFO] [stderr]   CRATE_CC_NO_DEFAULTS = None
[INFO] [stderr]   CARGO_CFG_TARGET_FEATURE = Some("fxsr,sse,sse2")
[INFO] [stderr]   cargo:CXXBRIDGE_PREFIX=wasm-opt-sys
[INFO] [stderr]   cargo:CXXBRIDGE_LINKS=binaryen
[INFO] [stderr]   cargo:CXXBRIDGE_DIR0=/opt/rustwide/target/debug/build/wasm-opt-sys-0796cd7c388645f7/out/cxxbridge/include
[INFO] [stderr]   cargo:CXXBRIDGE_DIR1=/opt/rustwide/target/debug/build/wasm-opt-sys-0796cd7c388645f7/out/cxxbridge/crate
[INFO] [stderr]   cargo:CXXBRIDGE_DIR2=/opt/rustwide/cargo-home/registry/src/index.crates.io-6f17d22bba15001f/wasm-opt-sys-0.112.0/binaryen/src
[INFO] [stderr]   cargo:CXXBRIDGE_DIR3=/opt/rustwide/cargo-home/registry/src/index.crates.io-6f17d22bba15001f/wasm-opt-sys-0.112.0/binaryen/src/tools
[INFO] [stderr]   cargo:CXXBRIDGE_DIR4=/opt/rustwide/target/debug/build/wasm-opt-sys-0796cd7c388645f7/out
[INFO] [stderr]   TARGET = Some("x86_64-unknown-linux-gnu")
[INFO] [stderr]   OPT_LEVEL = Some("0")
[INFO] [stderr]   HOST = Some("x86_64-unknown-linux-gnu")
[INFO] [stderr]   cargo:rerun-if-env-changed=CXX_x86_64-unknown-linux-gnu
[INFO] [stderr]   CXX_x86_64-unknown-linux-gnu = None
[INFO] [stderr]   cargo:rerun-if-env-changed=CXX_x86_64_unknown_linux_gnu
[INFO] [stderr]   CXX_x86_64_unknown_linux_gnu = None
[INFO] [stderr]   cargo:rerun-if-env-changed=HOST_CXX
[INFO] [stderr]   HOST_CXX = None
[INFO] [stderr]   cargo:rerun-if-env-changed=CXX
[INFO] [stderr]   CXX = None
[INFO] [stderr]   cargo:rerun-if-env-changed=CXXFLAGS_x86_64-unknown-linux-gnu
[INFO] [stderr]   CXXFLAGS_x86_64-unknown-linux-gnu = None
[INFO] [stderr]   cargo:rerun-if-env-changed=CXXFLAGS_x86_64_unknown_linux_gnu
[INFO] [stderr]   CXXFLAGS_x86_64_unknown_linux_gnu = None
[INFO] [stderr]   cargo:rerun-if-env-changed=HOST_CXXFLAGS
[INFO] [stderr]   HOST_CXXFLAGS = None
[INFO] [stderr]   cargo:rerun-if-env-changed=CXXFLAGS
[INFO] [stderr]   CXXFLAGS = None
[INFO] [stderr]   cargo:rerun-if-env-changed=CRATE_CC_NO_DEFAULTS
[INFO] [stderr]   CRATE_CC_NO_DEFAULTS = None
[INFO] [stderr]   DEBUG = Some("true")
[INFO] [stderr]   CARGO_CFG_TARGET_FEATURE = Some("fxsr,sse,sse2")
[INFO] [stderr]   running: "c++" "-O0" "-ffunction-sections" "-fdata-sections" "-fPIC" "-gdwarf-4" "-fno-omit-frame-pointer" "-m64" "-I" "/opt/rustwide/target/debug/build/wasm-opt-sys-0796cd7c388645f7/out/cxxbridge/include" "-I" "/opt/rustwide/target/debug/build/wasm-opt-sys-0796cd7c388645f7/out/cxxbridge/crate" "-I" "/opt/rustwide/cargo-home/registry/src/index.crates.io-6f17d22bba15001f/wasm-opt-sys-0.112.0/binaryen/src" "-I" "/opt/rustwide/cargo-home/registry/src/index.crates.io-6f17d22bba15001f/wasm-opt-sys-0.112.0/binaryen/src/tools" "-I" "/opt/rustwide/target/debug/build/wasm-opt-sys-0796cd7c388645f7/out" "-Wall" "-Wextra" "-std=c++17" "-Wno-unused-parameter" "-DTHROW_ON_FATAL" "-o" "/opt/rustwide/target/debug/build/wasm-opt-sys-0796cd7c388645f7/out/9ea854f3636415c2-lib.rs.o" "-c" "/opt/rustwide/target/debug/build/wasm-opt-sys-0796cd7c388645f7/out/cxxbridge/sources/wasm-opt-sys/src/lib.rs.cc"
[INFO] [stderr]   running: "c++" "-O0" "-ffunction-sections" "-fdata-sections" "-fPIC" "-gdwarf-4" "-fno-omit-frame-pointer" "-m64" "-I" "/opt/rustwide/target/debug/build/wasm-opt-sys-0796cd7c388645f7/out/cxxbridge/include" "-I" "/opt/rustwide/target/debug/build/wasm-opt-sys-0796cd7c388645f7/out/cxxbridge/crate" "-I" "/opt/rustwide/cargo-home/registry/src/index.crates.io-6f17d22bba15001f/wasm-opt-sys-0.112.0/binaryen/src" "-I" "/opt/rustwide/cargo-home/registry/src/index.crates.io-6f17d22bba15001f/wasm-opt-sys-0.112.0/binaryen/src/tools" "-I" "/opt/rustwide/target/debug/build/wasm-opt-sys-0796cd7c388645f7/out" "-Wall" "-Wextra" "-std=c++17" "-Wno-unused-parameter" "-DTHROW_ON_FATAL" "-o" "/opt/rustwide/target/debug/build/wasm-opt-sys-0796cd7c388645f7/out/85ae773ca7471357-wasm-opt-main-shim.o" "-c" "/opt/rustwide/cargo-home/registry/src/index.crates.io-6f17d22bba15001f/wasm-opt-sys-0.112.0/src/wasm-opt-main-shim.cpp"
[INFO] [stderr]   exit status: 0
[INFO] [stderr]   running: "c++" "-O0" "-ffunction-sections" "-fdata-sections" "-fPIC" "-gdwarf-4" "-fno-omit-frame-pointer" "-m64" "-I" "/opt/rustwide/target/debug/build/wasm-opt-sys-0796cd7c388645f7/out/cxxbridge/include" "-I" "/opt/rustwide/target/debug/build/wasm-opt-sys-0796cd7c388645f7/out/cxxbridge/crate" "-I" "/opt/rustwide/cargo-home/registry/src/index.crates.io-6f17d22bba15001f/wasm-opt-sys-0.112.0/binaryen/src" "-I" "/opt/rustwide/cargo-home/registry/src/index.crates.io-6f17d22bba15001f/wasm-opt-sys-0.112.0/binaryen/src/tools" "-I" "/opt/rustwide/target/debug/build/wasm-opt-sys-0796cd7c388645f7/out" "-Wall" "-Wextra" "-std=c++17" "-Wno-unused-parameter" "-DTHROW_ON_FATAL" "-o" "/opt/rustwide/target/debug/build/wasm-opt-sys-0796cd7c388645f7/out/5f53056bd17aea21-literal.o" "-c" "/opt/rustwide/cargo-home/registry/src/index.crates.io-6f17d22bba15001f/wasm-opt-sys-0.112.0/binaryen/src/wasm/literal.cpp"
[INFO] [stderr]   running: "c++" "-O0" "-ffunction-sections" "-fdata-sections" "-fPIC" "-gdwarf-4" "-fno-omit-frame-pointer" "-m64" "-I" "/opt/rustwide/target/debug/build/wasm-opt-sys-0796cd7c388645f7/out/cxxbridge/include" "-I" "/opt/rustwide/target/debug/build/wasm-opt-sys-0796cd7c388645f7/out/cxxbridge/crate" "-I" "/opt/rustwide/cargo-home/registry/src/index.crates.io-6f17d22bba15001f/wasm-opt-sys-0.112.0/binaryen/src" "-I" "/opt/rustwide/cargo-home/registry/src/index.crates.io-6f17d22bba15001f/wasm-opt-sys-0.112.0/binaryen/src/tools" "-I" "/opt/rustwide/target/debug/build/wasm-opt-sys-0796cd7c388645f7/out" "-Wall" "-Wextra" "-std=c++17" "-Wno-unused-parameter" "-DTHROW_ON_FATAL" "-o" "/opt/rustwide/target/debug/build/wasm-opt-sys-0796cd7c388645f7/out/5f53056bd17aea21-parsing.o" "-c" "/opt/rustwide/cargo-home/registry/src/index.crates.io-6f17d22bba15001f/wasm-opt-sys-0.112.0/binaryen/src/wasm/parsing.cpp"
[INFO] [stderr]   running: "c++" "-O0" "-ffunction-sections" "-fdata-sections" "-fPIC" "-gdwarf-4" "-fno-omit-frame-pointer" "-m64" "-I" "/opt/rustwide/target/debug/build/wasm-opt-sys-0796cd7c388645f7/out/cxxbridge/include" "-I" "/opt/rustwide/target/debug/build/wasm-opt-sys-0796cd7c388645f7/out/cxxbridge/crate" "-I" "/opt/rustwide/cargo-home/registry/src/index.crates.io-6f17d22bba15001f/wasm-opt-sys-0.112.0/binaryen/src" "-I" "/opt/rustwide/cargo-home/registry/src/index.crates.io-6f17d22bba15001f/wasm-opt-sys-0.112.0/binaryen/src/tools" "-I" "/opt/rustwide/target/debug/build/wasm-opt-sys-0796cd7c388645f7/out" "-Wall" "-Wextra" "-std=c++17" "-Wno-unused-parameter" "-DTHROW_ON_FATAL" "-o" "/opt/rustwide/target/debug/build/wasm-opt-sys-0796cd7c388645f7/out/5f53056bd17aea21-wasm-binary.o" "-c" "/opt/rustwide/cargo-home/registry/src/index.crates.io-6f17d22bba15001f/wasm-opt-sys-0.112.0/binaryen/src/wasm/wasm-binary.cpp"
[INFO] [stderr]   running: "c++" "-O0" "-ffunction-sections" "-fdata-sections" "-fPIC" "-gdwarf-4" "-fno-omit-frame-pointer" "-m64" "-I" "/opt/rustwide/target/debug/build/wasm-opt-sys-0796cd7c388645f7/out/cxxbridge/include" "-I" "/opt/rustwide/target/debug/build/wasm-opt-sys-0796cd7c388645f7/out/cxxbridge/crate" "-I" "/opt/rustwide/cargo-home/registry/src/index.crates.io-6f17d22bba15001f/wasm-opt-sys-0.112.0/binaryen/src" "-I" "/opt/rustwide/cargo-home/registry/src/index.crates.io-6f17d22bba15001f/wasm-opt-sys-0.112.0/binaryen/src/tools" "-I" "/opt/rustwide/target/debug/build/wasm-opt-sys-0796cd7c388645f7/out" "-Wall" "-Wextra" "-std=c++17" "-Wno-unused-parameter" "-DTHROW_ON_FATAL" "-o" "/opt/rustwide/target/debug/build/wasm-opt-sys-0796cd7c388645f7/out/5f53056bd17aea21-wasm-debug.o" "-c" "/opt/rustwide/cargo-home/registry/src/index.crates.io-6f17d22bba15001f/wasm-opt-sys-0.112.0/binaryen/src/wasm/wasm-debug.cpp"
[INFO] [stderr]   running: "c++" "-O0" "-ffunction-sections" "-fdata-sections" "-fPIC" "-gdwarf-4" "-fno-omit-frame-pointer" "-m64" "-I" "/opt/rustwide/target/debug/build/wasm-opt-sys-0796cd7c388645f7/out/cxxbridge/include" "-I" "/opt/rustwide/target/debug/build/wasm-opt-sys-0796cd7c388645f7/out/cxxbridge/crate" "-I" "/opt/rustwide/cargo-home/registry/src/index.crates.io-6f17d22bba15001f/wasm-opt-sys-0.112.0/binaryen/src" "-I" "/opt/rustwide/cargo-home/registry/src/index.crates.io-6f17d22bba15001f/wasm-opt-sys-0.112.0/binaryen/src/tools" "-I" "/opt/rustwide/target/debug/build/wasm-opt-sys-0796cd7c388645f7/out" "-Wall" "-Wextra" "-std=c++17" "-Wno-unused-parameter" "-DTHROW_ON_FATAL" "-o" "/opt/rustwide/target/debug/build/wasm-opt-sys-0796cd7c388645f7/out/5f53056bd17aea21-wasm-emscripten.o" "-c" "/opt/rustwide/cargo-home/registry/src/index.crates.io-6f17d22bba15001f/wasm-opt-sys-0.112.0/binaryen/src/wasm/wasm-emscripten.cpp"
[INFO] [stderr]   exit status: 0
[INFO] [stderr]   running: "c++" "-O0" "-ffunction-sections" "-fdata-sections" "-fPIC" "-gdwarf-4" "-fno-omit-frame-pointer" "-m64" "-I" "/opt/rustwide/target/debug/build/wasm-opt-sys-0796cd7c388645f7/out/cxxbridge/include" "-I" "/opt/rustwide/target/debug/build/wasm-opt-sys-0796cd7c388645f7/out/cxxbridge/crate" "-I" "/opt/rustwide/cargo-home/registry/src/index.crates.io-6f17d22bba15001f/wasm-opt-sys-0.112.0/binaryen/src" "-I" "/opt/rustwide/cargo-home/registry/src/index.crates.io-6f17d22bba15001f/wasm-opt-sys-0.112.0/binaryen/src/tools" "-I" "/opt/rustwide/target/debug/build/wasm-opt-sys-0796cd7c388645f7/out" "-Wall" "-Wextra" "-std=c++17" "-Wno-unused-parameter" "-DTHROW_ON_FATAL" "-o" "/opt/rustwide/target/debug/build/wasm-opt-sys-0796cd7c388645f7/out/5f53056bd17aea21-wasm-interpreter.o" "-c" "/opt/rustwide/cargo-home/registry/src/index.crates.io-6f17d22bba15001f/wasm-opt-sys-0.112.0/binaryen/src/wasm/wasm-interpreter.cpp"
[INFO] [stderr]   running: "c++" "-O0" "-ffunction-sections" "-fdata-sections" "-fPIC" "-gdwarf-4" "-fno-omit-frame-pointer" "-m64" "-I" "/opt/rustwide/target/debug/build/wasm-opt-sys-0796cd7c388645f7/out/cxxbridge/include" "-I" "/opt/rustwide/target/debug/build/wasm-opt-sys-0796cd7c388645f7/out/cxxbridge/crate" "-I" "/opt/rustwide/cargo-home/registry/src/index.crates.io-6f17d22bba15001f/wasm-opt-sys-0.112.0/binaryen/src" "-I" "/opt/rustwide/cargo-home/registry/src/index.crates.io-6f17d22bba15001f/wasm-opt-sys-0.112.0/binaryen/src/tools" "-I" "/opt/rustwide/target/debug/build/wasm-opt-sys-0796cd7c388645f7/out" "-Wall" "-Wextra" "-std=c++17" "-Wno-unused-parameter" "-DTHROW_ON_FATAL" "-o" "/opt/rustwide/target/debug/build/wasm-opt-sys-0796cd7c388645f7/out/5f53056bd17aea21-wasm-io.o" "-c" "/opt/rustwide/cargo-home/registry/src/index.crates.io-6f17d22bba15001f/wasm-opt-sys-0.112.0/binaryen/src/wasm/wasm-io.cpp"
[INFO] [stderr]   running: "c++" "-O0" "-ffunction-sections" "-fdata-sections" "-fPIC" "-gdwarf-4" "-fno-omit-frame-pointer" "-m64" "-I" "/opt/rustwide/target/debug/build/wasm-opt-sys-0796cd7c388645f7/out/cxxbridge/include" "-I" "/opt/rustwide/target/debug/build/wasm-opt-sys-0796cd7c388645f7/out/cxxbridge/crate" "-I" "/opt/rustwide/cargo-home/registry/src/index.crates.io-6f17d22bba15001f/wasm-opt-sys-0.112.0/binaryen/src" "-I" "/opt/rustwide/cargo-home/registry/src/index.crates.io-6f17d22bba15001f/wasm-opt-sys-0.112.0/binaryen/src/tools" "-I" "/opt/rustwide/target/debug/build/wasm-opt-sys-0796cd7c388645f7/out" "-Wall" "-Wextra" "-std=c++17" "-Wno-unused-parameter" "-DTHROW_ON_FATAL" "-o" "/opt/rustwide/target/debug/build/wasm-opt-sys-0796cd7c388645f7/out/5f53056bd17aea21-wasm-stack.o" "-c" "/opt/rustwide/cargo-home/registry/src/index.crates.io-6f17d22bba15001f/wasm-opt-sys-0.112.0/binaryen/src/wasm/wasm-stack.cpp"
[INFO] [stderr]   running: "c++" "-O0" "-ffunction-sections" "-fdata-sections" "-fPIC" "-gdwarf-4" "-fno-omit-frame-pointer" "-m64" "-I" "/opt/rustwide/target/debug/build/wasm-opt-sys-0796cd7c388645f7/out/cxxbridge/include" "-I" "/opt/rustwide/target/debug/build/wasm-opt-sys-0796cd7c388645f7/out/cxxbridge/crate" "-I" "/opt/rustwide/cargo-home/registry/src/index.crates.io-6f17d22bba15001f/wasm-opt-sys-0.112.0/binaryen/src" "-I" "/opt/rustwide/cargo-home/registry/src/index.crates.io-6f17d22bba15001f/wasm-opt-sys-0.112.0/binaryen/src/tools" "-I" "/opt/rustwide/target/debug/build/wasm-opt-sys-0796cd7c388645f7/out" "-Wall" "-Wextra" "-std=c++17" "-Wno-unused-parameter" "-DTHROW_ON_FATAL" "-o" "/opt/rustwide/target/debug/build/wasm-opt-sys-0796cd7c388645f7/out/5f53056bd17aea21-wasm-s-parser.o" "-c" "/opt/rustwide/cargo-home/registry/src/index.crates.io-6f17d22bba15001f/wasm-opt-sys-0.112.0/binaryen/src/wasm/wasm-s-parser.cpp"
[INFO] [stderr]   running: "c++" "-O0" "-ffunction-sections" "-fdata-sections" "-fPIC" "-gdwarf-4" "-fno-omit-frame-pointer" "-m64" "-I" "/opt/rustwide/target/debug/build/wasm-opt-sys-0796cd7c388645f7/out/cxxbridge/include" "-I" "/opt/rustwide/target/debug/build/wasm-opt-sys-0796cd7c388645f7/out/cxxbridge/crate" "-I" "/opt/rustwide/cargo-home/registry/src/index.crates.io-6f17d22bba15001f/wasm-opt-sys-0.112.0/binaryen/src" "-I" "/opt/rustwide/cargo-home/registry/src/index.crates.io-6f17d22bba15001f/wasm-opt-sys-0.112.0/binaryen/src/tools" "-I" "/opt/rustwide/target/debug/build/wasm-opt-sys-0796cd7c388645f7/out" "-Wall" "-Wextra" "-std=c++17" "-Wno-unused-parameter" "-DTHROW_ON_FATAL" "-o" "/opt/rustwide/target/debug/build/wasm-opt-sys-0796cd7c388645f7/out/5f53056bd17aea21-wasm-type.o" "-c" "/opt/rustwide/cargo-home/registry/src/index.crates.io-6f17d22bba15001f/wasm-opt-sys-0.112.0/binaryen/src/wasm/wasm-type.cpp"
[INFO] [stderr]   running: "c++" "-O0" "-ffunction-sections" "-fdata-sections" "-fPIC" "-gdwarf-4" "-fno-omit-frame-pointer" "-m64" "-I" "/opt/rustwide/target/debug/build/wasm-opt-sys-0796cd7c388645f7/out/cxxbridge/include" "-I" "/opt/rustwide/target/debug/build/wasm-opt-sys-0796cd7c388645f7/out/cxxbridge/crate" "-I" "/opt/rustwide/cargo-home/registry/src/index.crates.io-6f17d22bba15001f/wasm-opt-sys-0.112.0/binaryen/src" "-I" "/opt/rustwide/cargo-home/registry/src/index.crates.io-6f17d22bba15001f/wasm-opt-sys-0.112.0/binaryen/src/tools" "-I" "/opt/rustwide/target/debug/build/wasm-opt-sys-0796cd7c388645f7/out" "-Wall" "-Wextra" "-std=c++17" "-Wno-unused-parameter" "-DTHROW_ON_FATAL" "-o" "/opt/rustwide/target/debug/build/wasm-opt-sys-0796cd7c388645f7/out/5f53056bd17aea21-wasm-validator.o" "-c" "/opt/rustwide/cargo-home/registry/src/index.crates.io-6f17d22bba15001f/wasm-opt-sys-0.112.0/binaryen/src/wasm/wasm-validator.cpp"
[INFO] [stderr]   running: "c++" "-O0" "-ffunction-sections" "-fdata-sections" "-fPIC" "-gdwarf-4" "-fno-omit-frame-pointer" "-m64" "-I" "/opt/rustwide/target/debug/build/wasm-opt-sys-0796cd7c388645f7/out/cxxbridge/include" "-I" "/opt/rustwide/target/debug/build/wasm-opt-sys-0796cd7c388645f7/out/cxxbridge/crate" "-I" "/opt/rustwide/cargo-home/registry/src/index.crates.io-6f17d22bba15001f/wasm-opt-sys-0.112.0/binaryen/src" "-I" "/opt/rustwide/cargo-home/registry/src/index.crates.io-6f17d22bba15001f/wasm-opt-sys-0.112.0/binaryen/src/tools" "-I" "/opt/rustwide/target/debug/build/wasm-opt-sys-0796cd7c388645f7/out" "-Wall" "-Wextra" "-std=c++17" "-Wno-unused-parameter" "-DTHROW_ON_FATAL" "-o" "/opt/rustwide/target/debug/build/wasm-opt-sys-0796cd7c388645f7/out/5f53056bd17aea21-wasm.o" "-c" "/opt/rustwide/cargo-home/registry/src/index.crates.io-6f17d22bba15001f/wasm-opt-sys-0.112.0/binaryen/src/wasm/wasm.cpp"
[INFO] [stderr]   running: "c++" "-O0" "-ffunction-sections" "-fdata-sections" "-fPIC" "-gdwarf-4" "-fno-omit-frame-pointer" "-m64" "-I" "/opt/rustwide/target/debug/build/wasm-opt-sys-0796cd7c388645f7/out/cxxbridge/include" "-I" "/opt/rustwide/target/debug/build/wasm-opt-sys-0796cd7c388645f7/out/cxxbridge/crate" "-I" "/opt/rustwide/cargo-home/registry/src/index.crates.io-6f17d22bba15001f/wasm-opt-sys-0.112.0/binaryen/src" "-I" "/opt/rustwide/cargo-home/registry/src/index.crates.io-6f17d22bba15001f/wasm-opt-sys-0.112.0/binaryen/src/tools" "-I" "/opt/rustwide/target/debug/build/wasm-opt-sys-0796cd7c388645f7/out" "-Wall" "-Wextra" "-std=c++17" "-Wno-unused-parameter" "-DTHROW_ON_FATAL" "-o" "/opt/rustwide/target/debug/build/wasm-opt-sys-0796cd7c388645f7/out/5f53056bd17aea21-wat-lexer.o" "-c" "/opt/rustwide/cargo-home/registry/src/index.crates.io-6f17d22bba15001f/wasm-opt-sys-0.112.0/binaryen/src/wasm/wat-lexer.cpp"
[INFO] [stderr]   running: "c++" "-O0" "-ffunction-sections" "-fdata-sections" "-fPIC" "-gdwarf-4" "-fno-omit-frame-pointer" "-m64" "-I" "/opt/rustwide/target/debug/build/wasm-opt-sys-0796cd7c388645f7/out/cxxbridge/include" "-I" "/opt/rustwide/target/debug/build/wasm-opt-sys-0796cd7c388645f7/out/cxxbridge/crate" "-I" "/opt/rustwide/cargo-home/registry/src/index.crates.io-6f17d22bba15001f/wasm-opt-sys-0.112.0/binaryen/src" "-I" "/opt/rustwide/cargo-home/registry/src/index.crates.io-6f17d22bba15001f/wasm-opt-sys-0.112.0/binaryen/src/tools" "-I" "/opt/rustwide/target/debug/build/wasm-opt-sys-0796cd7c388645f7/out" "-Wall" "-Wextra" "-std=c++17" "-Wno-unused-parameter" "-DTHROW_ON_FATAL" "-o" "/opt/rustwide/target/debug/build/wasm-opt-sys-0796cd7c388645f7/out/5f53056bd17aea21-wat-parser.o" "-c" "/opt/rustwide/cargo-home/registry/src/index.crates.io-6f17d22bba15001f/wasm-opt-sys-0.112.0/binaryen/src/wasm/wat-parser.cpp"
[INFO] [stderr]   running: "c++" "-O0" "-ffunction-sections" "-fdata-sections" "-fPIC" "-gdwarf-4" "-fno-omit-frame-pointer" "-m64" "-I" "/opt/rustwide/target/debug/build/wasm-opt-sys-0796cd7c388645f7/out/cxxbridge/include" "-I" "/opt/rustwide/target/debug/build/wasm-opt-sys-0796cd7c388645f7/out/cxxbridge/crate" "-I" "/opt/rustwide/cargo-home/registry/src/index.crates.io-6f17d22bba15001f/wasm-opt-sys-0.112.0/binaryen/src" "-I" "/opt/rustwide/cargo-home/registry/src/index.crates.io-6f17d22bba15001f/wasm-opt-sys-0.112.0/binaryen/src/tools" "-I" "/opt/rustwide/target/debug/build/wasm-opt-sys-0796cd7c388645f7/out" "-Wall" "-Wextra" "-std=c++17" "-Wno-unused-parameter" "-DTHROW_ON_FATAL" "-o" "/opt/rustwide/target/debug/build/wasm-opt-sys-0796cd7c388645f7/out/0930277a1e545085-bits.o" "-c" "/opt/rustwide/cargo-home/registry/src/index.crates.io-6f17d22bba15001f/wasm-opt-sys-0.112.0/binaryen/src/support/bits.cpp"
[INFO] [stderr]   cargo:warning=c++: fatal error: Killed signal terminated program cc1plus
[INFO] [stderr]   cargo:warning=compilation terminated.
[INFO] [stderr]   exit status: 1
[INFO] [stderr]   running: "c++" "-O0" "-ffunction-sections" "-fdata-sections" "-fPIC" "-gdwarf-4" "-fno-omit-frame-pointer" "-m64" "-I" "/opt/rustwide/target/debug/build/wasm-opt-sys-0796cd7c388645f7/out/cxxbridge/include" "-I" "/opt/rustwide/target/debug/build/wasm-opt-sys-0796cd7c388645f7/out/cxxbridge/crate" "-I" "/opt/rustwide/cargo-home/registry/src/index.crates.io-6f17d22bba15001f/wasm-opt-sys-0.112.0/binaryen/src" "-I" "/opt/rustwide/cargo-home/registry/src/index.crates.io-6f17d22bba15001f/wasm-opt-sys-0.112.0/binaryen/src/tools" "-I" "/opt/rustwide/target/debug/build/wasm-opt-sys-0796cd7c388645f7/out" "-Wall" "-Wextra" "-std=c++17" "-Wno-unused-parameter" "-DTHROW_ON_FATAL" "-o" "/opt/rustwide/target/debug/build/wasm-opt-sys-0796cd7c388645f7/out/0930277a1e545085-colors.o" "-c" "/opt/rustwide/cargo-home/registry/src/index.crates.io-6f17d22bba15001f/wasm-opt-sys-0.112.0/binaryen/src/support/colors.cpp"
[INFO] [stderr]   cargo:warning=c++: fatal error: Killed signal terminated program cc1plus
[INFO] [stderr]   cargo:warning=compilation terminated.
[INFO] [stderr]   exit status: 1
[INFO] [stderr]   cargo:warning=c++: fatal error: Killed signal terminated program cc1plus
[INFO] [stderr]   cargo:warning=compilation terminated.
[INFO] [stderr]   exit status: 1
[INFO] [stderr]   exit status: 0
[INFO] [stderr]   cargo:warning=c++: fatal error: Killed signal terminated program cc1plus
[INFO] [stderr]   cargo:warning=compilation terminated.
[INFO] [stderr]   exit status: 1
[INFO] [stderr]   exit status: 0
[INFO] [stderr]   cargo:warning=c++: fatal error: Killed signal terminated program cc1plus
[INFO] [stderr]   cargo:warning=compilation terminated.
[INFO] [stderr]   exit status: 1
[INFO] [stderr]   cargo:warning=c++: fatal error: Killed signal terminated program cc1plus
[INFO] [stderr]   cargo:warning=compilation terminated.
[INFO] [stderr]   exit status: 1
[INFO] [stderr]   cargo:warning=c++: fatal error: Killed signal terminated program cc1plus
[INFO] [stderr]   cargo:warning=compilation terminated.
[INFO] [stderr]   exit status: 1
[INFO] [stderr]   cargo:warning=c++: fatal error: Killed signal terminated program cc1plus
[INFO] [stderr]   cargo:warning=compilation terminated.
[INFO] [stderr]   exit status: 1
[INFO] [stderr]   exit status: 0
[INFO] [stderr]   cargo:warning=c++: fatal error: Killed signal terminated program cc1plus
[INFO] [stderr]   cargo:warning=compilation terminated.
[INFO] [stderr]   exit status: 1
[INFO] [stderr]   cargo:warning=c++: fatal error: Killed signal terminated program cc1plus
[INFO] [stderr]   cargo:warning=compilation terminated.
[INFO] [stderr]   exit status: 1
[INFO] [stderr]   exit status: 0
[INFO] [stderr]   exit status: 0
[INFO] [stderr]   exit status: 0
[INFO] [stderr] 
[INFO] [stderr]   --- stderr
[INFO] [stderr] 
[INFO] [stderr]   CXX include path:
[INFO] [stderr]     /opt/rustwide/target/debug/build/wasm-opt-sys-0796cd7c388645f7/out/cxxbridge/include
[INFO] [stderr]     /opt/rustwide/target/debug/build/wasm-opt-sys-0796cd7c388645f7/out/cxxbridge/crate
[INFO] [stderr]     /opt/rustwide/cargo-home/registry/src/index.crates.io-6f17d22bba15001f/wasm-opt-sys-0.112.0/binaryen/src
[INFO] [stderr]     /opt/rustwide/cargo-home/registry/src/index.crates.io-6f17d22bba15001f/wasm-opt-sys-0.112.0/binaryen/src/tools
[INFO] [stderr]     /opt/rustwide/target/debug/build/wasm-opt-sys-0796cd7c388645f7/out
[INFO] [stderr] 
[INFO] [stderr] 
[INFO] [stderr]   error occurred: Command "c++" "-O0" "-ffunction-sections" "-fdata-sections" "-fPIC" "-gdwarf-4" "-fno-omit-frame-pointer" "-m64" "-I" "/opt/rustwide/target/debug/build/wasm-opt-sys-0796cd7c388645f7/out/cxxbridge/include" "-I" "/opt/rustwide/target/debug/build/wasm-opt-sys-0796cd7c388645f7/out/cxxbridge/crate" "-I" "/opt/rustwide/cargo-home/registry/src/index.crates.io-6f17d22bba15001f/wasm-opt-sys-0.112.0/binaryen/src" "-I" "/opt/rustwide/cargo-home/registry/src/index.crates.io-6f17d22bba15001f/wasm-opt-sys-0.112.0/binaryen/src/tools" "-I" "/opt/rustwide/target/debug/build/wasm-opt-sys-0796cd7c388645f7/out" "-Wall" "-Wextra" "-std=c++17" "-Wno-unused-parameter" "-DTHROW_ON_FATAL" "-o" "/opt/rustwide/target/debug/build/wasm-opt-sys-0796cd7c388645f7/out/5f53056bd17aea21-literal.o" "-c" "/opt/rustwide/cargo-home/registry/src/index.crates.io-6f17d22bba15001f/wasm-opt-sys-0.112.0/binaryen/src/wasm/literal.cpp" with args "c++" did not execute successfully (status code exit status: 1).
[INFO] [stderr] 
[INFO] [stderr] 
[INFO] running `Command { std: "docker" "inspect" "8f38f37a40c2347489313c62927a61d565c46e29ebf740c782e71aec4b63fb84", kill_on_drop: false }`
[INFO] running `Command { std: "docker" "rm" "-f" "8f38f37a40c2347489313c62927a61d565c46e29ebf740c782e71aec4b63fb84", kill_on_drop: false }`
[INFO] [stdout] 8f38f37a40c2347489313c62927a61d565c46e29ebf740c782e71aec4b63fb84
