[INFO] fetching crate drawbridge 0.4.1...
[INFO] testing drawbridge-0.4.1 against 1.75.0 for beta-1.76-1
[INFO] extracting crate drawbridge 0.4.1 into /workspace/builds/worker-5-tc1/source
[INFO] validating manifest of crates.io crate drawbridge 0.4.1 on toolchain 1.75.0
[INFO] running `Command { std: CARGO_HOME="/workspace/cargo-home" RUSTUP_HOME="/workspace/rustup-home" "/workspace/cargo-home/bin/cargo" "+1.75.0" "metadata" "--manifest-path" "Cargo.toml" "--no-deps", kill_on_drop: false }`
[INFO] removed /workspace/builds/worker-5-tc1/source/rust-toolchain.toml
[INFO] started tweaking crates.io crate drawbridge 0.4.1
[INFO] finished tweaking crates.io crate drawbridge 0.4.1
[INFO] tweaked toml for crates.io crate drawbridge 0.4.1 written to /workspace/builds/worker-5-tc1/source/Cargo.toml
[INFO] crate crates.io crate drawbridge 0.4.1 already has a lockfile, it will not be regenerated
[INFO] running `Command { std: CARGO_HOME="/workspace/cargo-home" RUSTUP_HOME="/workspace/rustup-home" "/workspace/cargo-home/bin/cargo" "+1.75.0" "fetch" "--manifest-path" "Cargo.toml", kill_on_drop: false }`
[INFO] [stderr]     Updating crates.io index
[INFO] [stderr]  Downloading crates ...
[INFO] [stderr]   Downloaded cxxbridge-flags v1.0.79
[INFO] [stderr]   Downloaded drawbridge-jose v0.4.0
[INFO] [stderr]   Downloaded gloo-timers v0.2.4
[INFO] [stderr]   Downloaded os_str_bytes v6.3.0
[INFO] [stderr]   Downloaded iana-time-zone v0.1.51
[INFO] [stderr]   Downloaded io-lifetimes v0.7.5
[INFO] [stderr]   Downloaded oauth2 v4.2.3
[INFO] [stderr]   Downloaded cxx-build v1.0.79
[INFO] [stderr]   Downloaded drawbridge-server v0.4.0
[INFO] [stderr]   Downloaded der v0.6.0
[INFO] [stderr]   Downloaded linux-raw-sys v0.0.46
[INFO] [stderr]   Downloaded serde_path_to_error v0.1.8
[INFO] [stderr]   Downloaded openidconnect v2.5.0
[INFO] [stderr]   Downloaded drawbridge-byte v0.4.0
[INFO] [stderr]   Downloaded serde_with v1.14.0
[INFO] [stderr]   Downloaded cap-primitives v0.24.4
[INFO] [stderr]   Downloaded syn v1.0.104
[INFO] [stderr]   Downloaded async-global-executor v2.3.0
[INFO] [stderr]   Downloaded atomic-waker v1.0.0
[INFO] [stderr]   Downloaded rustix v0.35.13
[INFO] [stderr]   Downloaded async-process v1.5.0
[INFO] [stderr]   Downloaded rustix v0.33.7
[INFO] [stderr]   Downloaded io-extras v0.13.2
[INFO] [stderr]   Downloaded cap-async-std v0.24.4
[INFO] [stderr]   Downloaded ambient-authority v0.0.1
[INFO] [stderr]   Downloaded async-io v1.9.0
[INFO] [stderr]   Downloaded async-trait v0.1.58
[INFO] [stderr]   Downloaded io-lifetimes v0.5.3
[INFO] [stderr]   Downloaded mediatype v0.19.11
[INFO] [stderr]   Downloaded confargs v0.1.3
[INFO] [stderr]   Downloaded linux-raw-sys v0.0.42
[INFO] [stderr]   Downloaded digest v0.10.5
[INFO] [stderr]   Downloaded const-oid v0.9.0
[INFO] [stderr]   Downloaded fs-set-times v0.15.0
[INFO] [stderr]   Downloaded serde_plain v1.0.1
[INFO] [stderr]   Downloaded drawbridge-client v0.4.1
[INFO] [stderr]   Downloaded polling v2.3.0
[INFO] [stderr]   Downloaded async-lock v2.5.0
[INFO] [stderr]   Downloaded crossbeam-utils v0.8.12
[INFO] [stderr]   Downloaded blocking v1.2.0
[INFO] [stderr]   Downloaded cxx v1.0.79
[INFO] [stderr]   Downloaded terminal_size v0.2.2
[INFO] [stderr]   Downloaded camino v1.1.2
[INFO] [stderr]   Downloaded ordered-float v2.10.0
[INFO] [stderr]   Downloaded winx v0.31.0
[INFO] [stderr]   Downloaded futures-rustls v0.22.2
[INFO] [stderr]   Downloaded num-bigint-dig v0.8.1
[INFO] [stderr]   Downloaded sync_wrapper v0.1.1
[INFO] [stderr]   Downloaded headers v0.3.8
[INFO] [stderr]   Downloaded jsonwebtoken v8.2.0
[INFO] [stderr]   Downloaded http-range-header v0.3.0
[INFO] [stderr]   Downloaded cxxbridge-macro v1.0.79
[INFO] [stderr]   Downloaded drawbridge-type v0.4.1
[INFO] running `Command { std: "docker" "create" "-v" "/var/lib/crater-agent-workspace/builds/worker-5-tc1/target:/opt/rustwide/target:rw,Z" "-v" "/var/lib/crater-agent-workspace/builds/worker-5-tc1/source:/opt/rustwide/workdir:ro,Z" "-v" "/var/lib/crater-agent-workspace/cargo-home:/opt/rustwide/cargo-home:ro,Z" "-v" "/var/lib/crater-agent-workspace/rustup-home:/opt/rustwide/rustup-home:ro,Z" "-e" "SOURCE_DIR=/opt/rustwide/workdir" "-e" "CARGO_TARGET_DIR=/opt/rustwide/target" "-e" "CARGO_HOME=/opt/rustwide/cargo-home" "-e" "RUSTUP_HOME=/opt/rustwide/rustup-home" "-w" "/opt/rustwide/workdir" "-m" "1610612736" "--user" "0:0" "--network" "none" "ghcr.io/rust-lang/crates-build-env/linux@sha256:2788e3201cd34a07e3172128adcd8b3090168a8e3bcc40d7c032b9dda1df7d1c" "/opt/rustwide/cargo-home/bin/cargo" "+1.75.0" "metadata" "--no-deps" "--format-version=1", kill_on_drop: false }`
[INFO] [stdout] 9795831a3a50d2b3b9a6d880cfba118e464665f5a1d20a57272b97cb1038724e
[INFO] running `Command { std: "docker" "start" "-a" "9795831a3a50d2b3b9a6d880cfba118e464665f5a1d20a57272b97cb1038724e", kill_on_drop: false }`
[INFO] running `Command { std: "docker" "inspect" "9795831a3a50d2b3b9a6d880cfba118e464665f5a1d20a57272b97cb1038724e", kill_on_drop: false }`
[INFO] running `Command { std: "docker" "rm" "-f" "9795831a3a50d2b3b9a6d880cfba118e464665f5a1d20a57272b97cb1038724e", kill_on_drop: false }`
[INFO] [stdout] 9795831a3a50d2b3b9a6d880cfba118e464665f5a1d20a57272b97cb1038724e
[INFO] running `Command { std: "docker" "create" "-v" "/var/lib/crater-agent-workspace/builds/worker-5-tc1/target:/opt/rustwide/target:rw,Z" "-v" "/var/lib/crater-agent-workspace/builds/worker-5-tc1/source:/opt/rustwide/workdir:ro,Z" "-v" "/var/lib/crater-agent-workspace/cargo-home:/opt/rustwide/cargo-home:ro,Z" "-v" "/var/lib/crater-agent-workspace/rustup-home:/opt/rustwide/rustup-home:ro,Z" "-e" "SOURCE_DIR=/opt/rustwide/workdir" "-e" "CARGO_TARGET_DIR=/opt/rustwide/target" "-e" "CARGO_INCREMENTAL=0" "-e" "RUST_BACKTRACE=full" "-e" "RUSTFLAGS=--cap-lints=warn" "-e" "RUSTDOCFLAGS=--cap-lints=warn" "-e" "CARGO_HOME=/opt/rustwide/cargo-home" "-e" "RUSTUP_HOME=/opt/rustwide/rustup-home" "-w" "/opt/rustwide/workdir" "-m" "1610612736" "--user" "0:0" "--network" "none" "ghcr.io/rust-lang/crates-build-env/linux@sha256:2788e3201cd34a07e3172128adcd8b3090168a8e3bcc40d7c032b9dda1df7d1c" "/opt/rustwide/cargo-home/bin/cargo" "+1.75.0" "build" "--frozen" "--message-format=json", kill_on_drop: false }`
[INFO] [stdout] ac5658cb5b11880e413d92711080acf148bf09413307e4f2d80e10d58e2947d4
[INFO] running `Command { std: "docker" "start" "-a" "ac5658cb5b11880e413d92711080acf148bf09413307e4f2d80e10d58e2947d4", kill_on_drop: false }`
[INFO] [stderr]    Compiling proc-macro2 v1.0.47
[INFO] [stderr]    Compiling quote v1.0.21
[INFO] [stderr]    Compiling unicode-ident v1.0.5
[INFO] [stderr]    Compiling syn v1.0.104
[INFO] [stderr]    Compiling libc v0.2.135
[INFO] [stderr]    Compiling once_cell v1.17.0
[INFO] [stderr]    Compiling log v0.4.17
[INFO] [stderr]    Compiling futures-core v0.3.25
[INFO] [stderr]    Compiling futures-io v0.3.25
[INFO] [stderr]    Compiling value-bag v1.0.0-alpha.9
[INFO] [stderr]    Compiling serde v1.0.152
[INFO] [stderr]    Compiling itoa v1.0.4
[INFO] [stderr]    Compiling cache-padded v1.2.0
[INFO] [stderr]    Compiling parking v2.0.0
[INFO] [stderr]    Compiling typenum v1.15.0
[INFO] [stderr]    Compiling fastrand v1.8.0
[INFO] [stderr]    Compiling concurrent-queue v1.2.4
[INFO] [stderr]    Compiling cc v1.0.73
[INFO] [stderr]    Compiling waker-fn v1.1.0
[INFO] [stderr]    Compiling polling v2.3.0
[INFO] [stderr]    Compiling event-listener v2.5.3
[INFO] [stderr]    Compiling async-io v1.9.0
[INFO] [stderr]    Compiling http v0.2.8
[INFO] [stderr]    Compiling async-task v4.3.0
[INFO] [stderr]    Compiling futures-sink v0.3.25
[INFO] [stderr]    Compiling futures-channel v0.3.25
[INFO] [stderr]    Compiling signal-hook v0.3.14
[INFO] [stderr]    Compiling futures-task v0.3.25
[INFO] [stderr]    Compiling tracing-core v0.1.30
[INFO] [stderr]    Compiling async-process v1.5.0
[INFO] [stderr]    Compiling num-traits v0.2.15
[INFO] [stderr]    Compiling futures-util v0.3.25
[INFO] [stderr]    Compiling futures-lite v1.12.0
[INFO] [stderr]    Compiling async-channel v1.7.1
[INFO] [stderr]    Compiling atomic-waker v1.0.0
[INFO] [stderr]    Compiling crossbeam-utils v0.8.12
[INFO] [stderr]    Compiling tinyvec_macros v0.1.0
[INFO] [stderr]    Compiling base64 v0.13.1
[INFO] [stderr]    Compiling serde_json v1.0.91
[INFO] [stderr]    Compiling tinyvec v1.6.0
[INFO] [stderr]    Compiling async-lock v2.5.0
[INFO] [stderr]    Compiling tokio v1.21.2
[INFO] [stderr]    Compiling ryu v1.0.11
[INFO] [stderr]    Compiling io-lifetimes v0.5.3
[INFO] [stderr]    Compiling unicode-bidi v0.3.8
[INFO] [stderr]    Compiling rustls v0.20.8
[INFO] [stderr]    Compiling strsim v0.10.0
[INFO] [stderr]    Compiling http-body v0.4.5
[INFO] [stderr]    Compiling tower-layer v0.3.2
[INFO] [stderr]    Compiling rustix v0.33.7
[INFO] [stderr]    Compiling async-trait v0.1.58
[INFO] [stderr]    Compiling blocking v1.2.0
[INFO] [stderr]    Compiling ring v0.16.20
[INFO] [stderr]    Compiling async-executor v1.4.1
[INFO] [stderr]    Compiling httpdate v1.0.2
[INFO] [stderr]    Compiling io-extras v0.13.2
[INFO] [stderr]    Compiling unicode-normalization v0.1.22
[INFO] [stderr]    Compiling generic-array v0.14.6
[INFO] [stderr]    Compiling socket2 v0.4.7
[INFO] [stderr]    Compiling signal-hook-registry v1.4.0
[INFO] [stderr]    Compiling getrandom v0.2.7
[INFO] [stderr]    Compiling mime v0.3.16
[INFO] [stderr]    Compiling ppv-lite86 v0.2.16
[INFO] [stderr]    Compiling anyhow v1.0.68
[INFO] [stderr]    Compiling thiserror v1.0.37
[INFO] [stderr]    Compiling io-lifetimes v0.7.5
[INFO] [stderr]    Compiling rand_core v0.6.4
[INFO] [stderr]    Compiling try-lock v0.2.3
[INFO] [stderr]    Compiling linux-raw-sys v0.0.42
[INFO] [stderr]    Compiling mediatype v0.19.11
[INFO] [stderr]    Compiling idna v0.3.0
[INFO] [stderr]    Compiling rand_chacha v0.3.1
[INFO] [stderr]    Compiling headers-core v0.2.0
[INFO] [stderr]    Compiling block-buffer v0.10.3
[INFO] [stderr]    Compiling crypto-common v0.1.6
[INFO] [stderr]    Compiling num-integer v0.1.45
[INFO] [stderr]    Compiling num-bigint v0.4.3
[INFO] [stderr]    Compiling http-range-header v0.3.0
[INFO] [stderr]    Compiling camino v1.1.2
[INFO] [stderr]    Compiling regex-syntax v0.6.27
[INFO] [stderr]    Compiling digest v0.10.5
[INFO] [stderr]    Compiling semver v1.0.16
[INFO] [stderr]    Compiling cap-primitives v0.24.4
[INFO] [stderr]    Compiling iana-time-zone v0.1.51
[INFO] [stderr]    Compiling sha1 v0.10.5
[INFO] [stderr]    Compiling sha2 v0.10.6
[INFO] [stderr]    Compiling rustix v0.35.13
[INFO] [stderr]    Compiling rand v0.8.5
[INFO] [stderr]    Compiling headers v0.3.8
[INFO] [stderr]    Compiling ordered-float v2.10.0
[INFO] [stderr]    Compiling proc-macro-error-attr v1.0.4
[INFO] [stderr]    Compiling either v1.8.0
[INFO] [stderr]    Compiling ambient-authority v0.0.1
[INFO] [stderr]    Compiling matchit v0.5.0
[INFO] [stderr]    Compiling ipnet v2.5.0
[INFO] [stderr]    Compiling zeroize v1.5.7
[INFO] [stderr]    Compiling linux-raw-sys v0.0.46
[INFO] [stderr]    Compiling sync_wrapper v0.1.1
[INFO] [stderr]    Compiling maybe-owned v0.3.4
[INFO] [stderr]    Compiling itertools v0.10.5
[INFO] [stderr]    Compiling subtle v2.4.1
[INFO] [stderr]    Compiling heck v0.4.0
[INFO] [stderr]    Compiling base64 v0.21.0
[INFO] [stderr]    Compiling os_str_bytes v6.3.0
[INFO] [stderr]    Compiling sharded-slab v0.1.4
[INFO] [stderr]    Compiling uuid v1.2.2
[INFO] [stderr]    Compiling thread_local v1.1.4
[INFO] [stderr]    Compiling clap_lex v0.3.0
[INFO] [stderr]    Compiling rustls-pemfile v1.0.2
[INFO] [stderr]    Compiling regex-automata v0.1.10
[INFO] [stderr]    Compiling regex v1.6.0
[INFO] [stderr]    Compiling darling_core v0.13.4
[INFO] [stderr]    Compiling proc-macro-error v1.0.4
[INFO] [stderr]    Compiling terminal_size v0.2.2
[INFO] [stderr]    Compiling matchers v0.1.0
[INFO] [stderr]    Compiling ctor v0.1.26
[INFO] [stderr]    Compiling serde_derive v1.0.152
[INFO] [stderr]    Compiling futures-macro v0.3.25
[INFO] [stderr]    Compiling async-attributes v1.1.2
[INFO] [stderr]    Compiling pin-project-internal v1.0.12
[INFO] [stderr]    Compiling thiserror-impl v1.0.37
[INFO] [stderr]    Compiling clap_derive v4.1.0
[INFO] [stderr]    Compiling webpki v0.22.0
[INFO] [stderr]    Compiling sct v0.7.0
[INFO] [stderr]    Compiling webpki-roots v0.22.6
[INFO] [stderr]    Compiling mio v0.8.4
[INFO] [stderr]    Compiling kv-log-macro v1.0.7
[INFO] [stderr]    Compiling tracing v0.1.37
[INFO] [stderr]    Compiling darling_macro v0.13.4
[INFO] [stderr]    Compiling pin-project v1.0.12
[INFO] [stderr]    Compiling want v0.3.0
[INFO] [stderr]    Compiling tracing-log v0.1.3
[INFO] [stderr]    Compiling async-global-executor v2.3.0
[INFO] [stderr]    Compiling clap v4.1.1
[INFO] [stderr]    Compiling async-std v1.12.0
[INFO] [stderr]    Compiling darling v0.13.4
[INFO] [stderr]    Compiling serde_with_macros v1.5.2
[INFO] [stderr]    Compiling futures-rustls v0.22.2
[INFO] [stderr]    Compiling tokio-util v0.7.4
[INFO] [stderr]    Compiling tower v0.4.13
[INFO] [stderr]    Compiling axum-core v0.2.9
[INFO] [stderr]    Compiling hyper v0.14.23
[INFO] [stderr]    Compiling futures v0.3.25
[INFO] [stderr]    Compiling tower-http v0.3.5
[INFO] [stderr]    Compiling fs-set-times v0.15.0
[INFO] [stdout] error[E0061]: this method takes 1 argument but 2 arguments were supplied
[INFO] [stdout]   --> /opt/rustwide/cargo-home/registry/src/index.crates.io-6f17d22bba15001f/cap-primitives-0.24.4/src/rustix/linux/fs/set_times_impl.rs:20:25
[INFO] [stdout]    |
[INFO] [stdout] 20 |             return file.set_times(
[INFO] [stdout]    |                         ^^^^^^^^^
[INFO] [stdout] 21 |                 atime.map(SystemTimeSpec::into_std),
[INFO] [stdout] 22 |                 mtime.map(SystemTimeSpec::into_std),
[INFO] [stdout]    |                 ----------------------------------- unexpected argument of type `Option<fs_set_times::SystemTimeSpec>`
[INFO] [stdout]    |
[INFO] [stdout] note: expected `FileTimes`, found `Option<SystemTimeSpec>`
[INFO] [stdout]   --> /opt/rustwide/cargo-home/registry/src/index.crates.io-6f17d22bba15001f/cap-primitives-0.24.4/src/rustix/linux/fs/set_times_impl.rs:21:17
[INFO] [stdout]    |
[INFO] [stdout] 21 |                 atime.map(SystemTimeSpec::into_std),
[INFO] [stdout]    |                 ^^^^^^^^^^^^^^^^^^^^^^^^^^^^^^^^^^^
[INFO] [stdout]    = note: expected struct `FileTimes`
[INFO] [stdout]                 found enum `Option<fs_set_times::SystemTimeSpec>`
[INFO] [stdout] note: method defined here
[INFO] [stdout]   --> /rustc/82e1608dfa6e0b5569232559e3d385fea5a93112/library/std/src/fs.rs:695:12
[INFO] [stdout] help: remove the extra argument
[INFO] [stdout]    |
[INFO] [stdout] 21 -                 atime.map(SystemTimeSpec::into_std),
[INFO] [stdout] 21 +                 /* FileTimes */,
[INFO] [stdout]    |
[INFO] [stdout] 
[INFO] [stdout] 
[INFO] [stdout] error[E0061]: this method takes 1 argument but 2 arguments were supplied
[INFO] [stdout]   --> /opt/rustwide/cargo-home/registry/src/index.crates.io-6f17d22bba15001f/cap-primitives-0.24.4/src/rustix/linux/fs/set_times_impl.rs:34:25
[INFO] [stdout]    |
[INFO] [stdout] 34 |             return file.set_times(
[INFO] [stdout]    |                         ^^^^^^^^^
[INFO] [stdout] 35 |                 atime.map(SystemTimeSpec::into_std),
[INFO] [stdout] 36 |                 mtime.map(SystemTimeSpec::into_std),
[INFO] [stdout]    |                 ----------------------------------- unexpected argument of type `Option<fs_set_times::SystemTimeSpec>`
[INFO] [stdout]    |
[INFO] [stdout] note: expected `FileTimes`, found `Option<SystemTimeSpec>`
[INFO] [stdout]   --> /opt/rustwide/cargo-home/registry/src/index.crates.io-6f17d22bba15001f/cap-primitives-0.24.4/src/rustix/linux/fs/set_times_impl.rs:35:17
[INFO] [stdout]    |
[INFO] [stdout] 35 |                 atime.map(SystemTimeSpec::into_std),
[INFO] [stdout]    |                 ^^^^^^^^^^^^^^^^^^^^^^^^^^^^^^^^^^^
[INFO] [stdout]    = note: expected struct `FileTimes`
[INFO] [stdout]                 found enum `Option<fs_set_times::SystemTimeSpec>`
[INFO] [stdout] note: method defined here
[INFO] [stdout]   --> /rustc/82e1608dfa6e0b5569232559e3d385fea5a93112/library/std/src/fs.rs:695:12
[INFO] [stdout] help: remove the extra argument
[INFO] [stdout]    |
[INFO] [stdout] 35 -                 atime.map(SystemTimeSpec::into_std),
[INFO] [stdout] 35 +                 /* FileTimes */,
[INFO] [stdout]    |
[INFO] [stdout] 
[INFO] [stdout] 
[INFO] [stdout] error: aborting due to 2 previous errors
[INFO] [stdout] 
[INFO] [stdout] 
[INFO] [stdout] For more information about this error, try `rustc --explain E0061`.
[INFO] [stdout] 
[INFO] [stderr] error: could not compile `cap-primitives` (lib) due to 3 previous errors
[INFO] [stderr] warning: build failed, waiting for other jobs to finish...
[INFO] running `Command { std: "docker" "inspect" "ac5658cb5b11880e413d92711080acf148bf09413307e4f2d80e10d58e2947d4", kill_on_drop: false }`
[INFO] running `Command { std: "docker" "rm" "-f" "ac5658cb5b11880e413d92711080acf148bf09413307e4f2d80e10d58e2947d4", kill_on_drop: false }`
[INFO] [stdout] ac5658cb5b11880e413d92711080acf148bf09413307e4f2d80e10d58e2947d4
[INFO] testing drawbridge-0.4.1 against beta-2023-12-22 for beta-1.76-1
[INFO] extracting crate drawbridge 0.4.1 into /workspace/builds/worker-5-tc2/source
[INFO] validating manifest of crates.io crate drawbridge 0.4.1 on toolchain beta-2023-12-22
[INFO] running `Command { std: CARGO_HOME="/workspace/cargo-home" RUSTUP_HOME="/workspace/rustup-home" "/workspace/cargo-home/bin/cargo" "+beta-2023-12-22" "metadata" "--manifest-path" "Cargo.toml" "--no-deps", kill_on_drop: false }`
[INFO] removed /workspace/builds/worker-5-tc2/source/rust-toolchain.toml
[INFO] started tweaking crates.io crate drawbridge 0.4.1
[INFO] finished tweaking crates.io crate drawbridge 0.4.1
[INFO] tweaked toml for crates.io crate drawbridge 0.4.1 written to /workspace/builds/worker-5-tc2/source/Cargo.toml
[INFO] crate crates.io crate drawbridge 0.4.1 already has a lockfile, it will not be regenerated
[INFO] running `Command { std: CARGO_HOME="/workspace/cargo-home" RUSTUP_HOME="/workspace/rustup-home" "/workspace/cargo-home/bin/cargo" "+beta-2023-12-22" "fetch" "--manifest-path" "Cargo.toml", kill_on_drop: false }`
[INFO] [stderr]     Blocking waiting for file lock on package cache
[INFO] running `Command { std: "docker" "create" "-v" "/var/lib/crater-agent-workspace/builds/worker-5-tc2/target:/opt/rustwide/target:rw,Z" "-v" "/var/lib/crater-agent-workspace/builds/worker-5-tc2/source:/opt/rustwide/workdir:ro,Z" "-v" "/var/lib/crater-agent-workspace/cargo-home:/opt/rustwide/cargo-home:ro,Z" "-v" "/var/lib/crater-agent-workspace/rustup-home:/opt/rustwide/rustup-home:ro,Z" "-e" "SOURCE_DIR=/opt/rustwide/workdir" "-e" "CARGO_TARGET_DIR=/opt/rustwide/target" "-e" "CARGO_HOME=/opt/rustwide/cargo-home" "-e" "RUSTUP_HOME=/opt/rustwide/rustup-home" "-w" "/opt/rustwide/workdir" "-m" "1610612736" "--user" "0:0" "--network" "none" "ghcr.io/rust-lang/crates-build-env/linux@sha256:2788e3201cd34a07e3172128adcd8b3090168a8e3bcc40d7c032b9dda1df7d1c" "/opt/rustwide/cargo-home/bin/cargo" "+beta-2023-12-22" "metadata" "--no-deps" "--format-version=1", kill_on_drop: false }`
[INFO] [stdout] 1f87463136fef350c06a31f230f9479e306f844a32eac645fa9d8703d172b04c
[INFO] running `Command { std: "docker" "start" "-a" "1f87463136fef350c06a31f230f9479e306f844a32eac645fa9d8703d172b04c", kill_on_drop: false }`
[INFO] running `Command { std: "docker" "inspect" "1f87463136fef350c06a31f230f9479e306f844a32eac645fa9d8703d172b04c", kill_on_drop: false }`
[INFO] running `Command { std: "docker" "rm" "-f" "1f87463136fef350c06a31f230f9479e306f844a32eac645fa9d8703d172b04c", kill_on_drop: false }`
[INFO] [stdout] 1f87463136fef350c06a31f230f9479e306f844a32eac645fa9d8703d172b04c
[INFO] running `Command { std: "docker" "create" "-v" "/var/lib/crater-agent-workspace/builds/worker-5-tc2/target:/opt/rustwide/target:rw,Z" "-v" "/var/lib/crater-agent-workspace/builds/worker-5-tc2/source:/opt/rustwide/workdir:ro,Z" "-v" "/var/lib/crater-agent-workspace/cargo-home:/opt/rustwide/cargo-home:ro,Z" "-v" "/var/lib/crater-agent-workspace/rustup-home:/opt/rustwide/rustup-home:ro,Z" "-e" "SOURCE_DIR=/opt/rustwide/workdir" "-e" "CARGO_TARGET_DIR=/opt/rustwide/target" "-e" "CARGO_INCREMENTAL=0" "-e" "RUST_BACKTRACE=full" "-e" "RUSTFLAGS=--cap-lints=warn" "-e" "RUSTDOCFLAGS=--cap-lints=warn" "-e" "CARGO_HOME=/opt/rustwide/cargo-home" "-e" "RUSTUP_HOME=/opt/rustwide/rustup-home" "-w" "/opt/rustwide/workdir" "-m" "1610612736" "--user" "0:0" "--network" "none" "ghcr.io/rust-lang/crates-build-env/linux@sha256:2788e3201cd34a07e3172128adcd8b3090168a8e3bcc40d7c032b9dda1df7d1c" "/opt/rustwide/cargo-home/bin/cargo" "+beta-2023-12-22" "build" "--frozen" "--message-format=json", kill_on_drop: false }`
[INFO] [stdout] 197cadf0d6a0be00d462485c329a6c72c833b70167711ebe5d50289b28769992
[INFO] running `Command { std: "docker" "start" "-a" "197cadf0d6a0be00d462485c329a6c72c833b70167711ebe5d50289b28769992", kill_on_drop: false }`
[INFO] [stderr]    Compiling proc-macro2 v1.0.47
[INFO] [stderr]    Compiling unicode-ident v1.0.5
[INFO] [stderr]    Compiling quote v1.0.21
[INFO] [stderr]    Compiling syn v1.0.104
[INFO] [stderr]    Compiling libc v0.2.135
[INFO] [stderr]    Compiling once_cell v1.17.0
[INFO] [stderr]    Compiling log v0.4.17
[INFO] [stderr]    Compiling futures-core v0.3.25
[INFO] [stderr]    Compiling futures-io v0.3.25
[INFO] [stderr]    Compiling value-bag v1.0.0-alpha.9
[INFO] [stderr]    Compiling serde v1.0.152
[INFO] [stderr]    Compiling itoa v1.0.4
[INFO] [stderr]    Compiling cache-padded v1.2.0
[INFO] [stderr]    Compiling fastrand v1.8.0
[INFO] [stderr]    Compiling typenum v1.15.0
[INFO] [stderr]    Compiling waker-fn v1.1.0
[INFO] [stderr]    Compiling cc v1.0.73
[INFO] [stderr]    Compiling parking v2.0.0
[INFO] [stderr]    Compiling concurrent-queue v1.2.4
[INFO] [stderr]    Compiling polling v2.3.0
[INFO] [stderr]    Compiling event-listener v2.5.3
[INFO] [stderr]    Compiling async-io v1.9.0
[INFO] [stderr]    Compiling http v0.2.8
[INFO] [stderr]    Compiling async-task v4.3.0
[INFO] [stderr]    Compiling futures-channel v0.3.25
[INFO] [stderr]    Compiling futures-sink v0.3.25
[INFO] [stderr]    Compiling signal-hook v0.3.14
[INFO] [stderr]    Compiling futures-task v0.3.25
[INFO] [stderr]    Compiling tracing-core v0.1.30
[INFO] [stderr]    Compiling async-process v1.5.0
[INFO] [stderr]    Compiling num-traits v0.2.15
[INFO] [stderr]    Compiling futures-lite v1.12.0
[INFO] [stderr]    Compiling async-channel v1.7.1
[INFO] [stderr]    Compiling atomic-waker v1.0.0
[INFO] [stderr]    Compiling futures-util v0.3.25
[INFO] [stderr]    Compiling base64 v0.13.1
[INFO] [stderr]    Compiling serde_json v1.0.91
[INFO] [stderr]    Compiling crossbeam-utils v0.8.12
[INFO] [stderr]    Compiling tinyvec_macros v0.1.0
[INFO] [stderr]    Compiling tinyvec v1.6.0
[INFO] [stderr]    Compiling async-lock v2.5.0
[INFO] [stderr]    Compiling tokio v1.21.2
[INFO] [stderr]    Compiling ryu v1.0.11
[INFO] [stderr]    Compiling unicode-bidi v0.3.8
[INFO] [stderr]    Compiling io-lifetimes v0.5.3
[INFO] [stderr]    Compiling rustls v0.20.8
[INFO] [stderr]    Compiling strsim v0.10.0
[INFO] [stderr]    Compiling http-body v0.4.5
[INFO] [stderr]    Compiling tower-layer v0.3.2
[INFO] [stderr]    Compiling ring v0.16.20
[INFO] [stderr]    Compiling blocking v1.2.0
[INFO] [stderr]    Compiling async-executor v1.4.1
[INFO] [stderr]    Compiling async-trait v0.1.58
[INFO] [stderr]    Compiling unicode-normalization v0.1.22
[INFO] [stderr]    Compiling rustix v0.33.7
[INFO] [stderr]    Compiling generic-array v0.14.6
[INFO] [stderr]    Compiling linux-raw-sys v0.0.42
[INFO] [stderr]    Compiling thiserror v1.0.37
[INFO] [stderr]    Compiling anyhow v1.0.68
[INFO] [stderr]    Compiling mediatype v0.19.11
[INFO] [stderr]    Compiling mime v0.3.16
[INFO] [stderr]    Compiling ppv-lite86 v0.2.16
[INFO] [stderr]    Compiling try-lock v0.2.3
[INFO] [stderr]    Compiling httpdate v1.0.2
[INFO] [stderr]    Compiling io-lifetimes v0.7.5
[INFO] [stderr]    Compiling idna v0.3.0
[INFO] [stderr]    Compiling io-extras v0.13.2
[INFO] [stderr]    Compiling num-integer v0.1.45
[INFO] [stderr]    Compiling flate2 v1.0.24
[INFO] [stderr]    Compiling headers-core v0.2.0
[INFO] [stderr]    Compiling num-bigint v0.4.3
[INFO] [stderr]    Compiling regex-syntax v0.6.27
[INFO] [stderr]    Compiling rustix v0.35.13
[INFO] [stderr]    Compiling semver v1.0.16
[INFO] [stderr]    Compiling iana-time-zone v0.1.51
[INFO] [stderr]    Compiling block-buffer v0.10.3
[INFO] [stderr]    Compiling crypto-common v0.1.6
[INFO] [stderr]    Compiling http-range-header v0.3.0
[INFO] [stderr]    Compiling digest v0.10.5
[INFO] [stderr]    Compiling camino v1.1.2
[INFO] [stderr]    Compiling cap-primitives v0.24.4
[INFO] [stderr]    Compiling socket2 v0.4.7
[INFO] [stderr]    Compiling signal-hook-registry v1.4.0
[INFO] [stderr]    Compiling getrandom v0.2.7
[INFO] [stderr]    Compiling sha2 v0.10.6
[INFO] [stderr]    Compiling sha1 v0.10.5
[INFO] [stderr]    Compiling proc-macro-error-attr v1.0.4
[INFO] [stderr]    Compiling rand_core v0.6.4
[INFO] [stderr]    Compiling headers v0.3.8
[INFO] [stderr]    Compiling ordered-float v2.10.0
[INFO] [stderr]    Compiling matchit v0.5.0
[INFO] [stderr]    Compiling sync_wrapper v0.1.1
[INFO] [stderr]    Compiling zeroize v1.5.7
[INFO] [stderr]    Compiling rand_chacha v0.3.1
[INFO] [stderr]    Compiling ambient-authority v0.0.1
[INFO] [stderr]    Compiling ipnet v2.5.0
[INFO] [stderr]    Compiling maybe-owned v0.3.4
[INFO] [stderr]    Compiling either v1.8.0
[INFO] [stderr]    Compiling linux-raw-sys v0.0.46
[INFO] [stderr]    Compiling rand v0.8.5
[INFO] [stderr]    Compiling itertools v0.10.5
[INFO] [stderr]    Compiling subtle v2.4.1
[INFO] [stderr]    Compiling heck v0.4.0
[INFO] [stderr]    Compiling os_str_bytes v6.3.0
[INFO] [stderr]    Compiling base64 v0.21.0
[INFO] [stderr]    Compiling sharded-slab v0.1.4
[INFO] [stderr]    Compiling uuid v1.2.2
[INFO] [stderr]    Compiling thread_local v1.1.4
[INFO] [stderr]    Compiling clap_lex v0.3.0
[INFO] [stderr]    Compiling rustls-pemfile v1.0.2
[INFO] [stderr]    Compiling regex-automata v0.1.10
[INFO] [stderr]    Compiling regex v1.6.0
[INFO] [stderr]    Compiling darling_core v0.13.4
[INFO] [stderr]    Compiling proc-macro-error v1.0.4
[INFO] [stderr]    Compiling matchers v0.1.0
[INFO] [stderr]    Compiling terminal_size v0.2.2
[INFO] [stderr]    Compiling webpki v0.22.0
[INFO] [stderr]    Compiling sct v0.7.0
[INFO] [stderr]    Compiling webpki-roots v0.22.6
[INFO] [stderr]    Compiling ctor v0.1.26
[INFO] [stderr]    Compiling serde_derive v1.0.152
[INFO] [stderr]    Compiling futures-macro v0.3.25
[INFO] [stderr]    Compiling async-attributes v1.1.2
[INFO] [stderr]    Compiling pin-project-internal v1.0.12
[INFO] [stderr]    Compiling thiserror-impl v1.0.37
[INFO] [stderr]    Compiling clap_derive v4.1.0
[INFO] [stderr]    Compiling darling_macro v0.13.4
[INFO] [stderr]    Compiling kv-log-macro v1.0.7
[INFO] [stderr]    Compiling mio v0.8.4
[INFO] [stderr]    Compiling tracing v0.1.37
[INFO] [stderr]    Compiling want v0.3.0
[INFO] [stderr]    Compiling tracing-log v0.1.3
[INFO] [stderr]    Compiling pin-project v1.0.12
[INFO] [stderr]    Compiling darling v0.13.4
[INFO] [stderr]    Compiling serde_with_macros v1.5.2
[INFO] [stderr]    Compiling async-global-executor v2.3.0
[INFO] [stderr]    Compiling clap v4.1.1
[INFO] [stderr]    Compiling async-std v1.12.0
[INFO] [stderr]    Compiling futures-rustls v0.22.2
[INFO] [stderr]    Compiling tokio-util v0.7.4
[INFO] [stderr]    Compiling tower v0.4.13
[INFO] [stderr]    Compiling axum-core v0.2.9
[INFO] [stderr]    Compiling hyper v0.14.23
[INFO] [stderr]    Compiling futures v0.3.25
[INFO] [stderr]    Compiling tower-http v0.3.5
[INFO] [stderr]    Compiling url v2.3.1
[INFO] [stderr]    Compiling fs-set-times v0.15.0
[INFO] [stderr]    Compiling serde_path_to_error v0.1.8
[INFO] [stderr]    Compiling drawbridge-byte v0.4.0
[INFO] [stderr]    Compiling chrono v0.4.22
[INFO] [stderr]    Compiling serde_with v1.14.0
[INFO] [stderr]    Compiling serde_plain v1.0.1
[INFO] [stderr]    Compiling serde-value v0.7.0
[INFO] [stderr]    Compiling tracing-serde v0.1.3
[INFO] [stderr]    Compiling toml v0.5.9
[INFO] [stdout] error[E0061]: this method takes 1 argument but 2 arguments were supplied
[INFO] [stdout]   --> /opt/rustwide/cargo-home/registry/src/index.crates.io-6f17d22bba15001f/cap-primitives-0.24.4/src/rustix/linux/fs/set_times_impl.rs:20:25
[INFO] [stdout]    |
[INFO] [stdout] 20 |             return file.set_times(
[INFO] [stdout]    |                         ^^^^^^^^^
[INFO] [stdout] 21 |                 atime.map(SystemTimeSpec::into_std),
[INFO] [stdout] 22 |                 mtime.map(SystemTimeSpec::into_std),
[INFO] [stdout]    |                 ----------------------------------- unexpected argument of type `Option<fs_set_times::SystemTimeSpec>`
[INFO] [stdout]    |
[INFO] [stdout] note: expected `FileTimes`, found `Option<SystemTimeSpec>`
[INFO] [stdout]   --> /opt/rustwide/cargo-home/registry/src/index.crates.io-6f17d22bba15001f/cap-primitives-0.24.4/src/rustix/linux/fs/set_times_impl.rs:21:17
[INFO] [stdout]    |
[INFO] [stdout] 21 |                 atime.map(SystemTimeSpec::into_std),
[INFO] [stdout]    |                 ^^^^^^^^^^^^^^^^^^^^^^^^^^^^^^^^^^^
[INFO] [stdout]    = note: expected struct `FileTimes`
[INFO] [stdout]                 found enum `Option<fs_set_times::SystemTimeSpec>`
[INFO] [stdout] note: method defined here
[INFO] [stdout]   --> /rustc/0e09125c6c3c2fd70d7de961bcf0e51575235fad/library/std/src/fs.rs:695:12
[INFO] [stdout] help: remove the extra argument
[INFO] [stdout]    |
[INFO] [stdout] 21 -                 atime.map(SystemTimeSpec::into_std),
[INFO] [stdout] 21 +                 /* FileTimes */,
[INFO] [stdout]    |
[INFO] [stdout] 
[INFO] [stdout] 
[INFO] [stdout] error[E0061]: this method takes 1 argument but 2 arguments were supplied
[INFO] [stdout]   --> /opt/rustwide/cargo-home/registry/src/index.crates.io-6f17d22bba15001f/cap-primitives-0.24.4/src/rustix/linux/fs/set_times_impl.rs:34:25
[INFO] [stdout]    |
[INFO] [stdout] 34 |             return file.set_times(
[INFO] [stdout]    |                         ^^^^^^^^^
[INFO] [stdout] 35 |                 atime.map(SystemTimeSpec::into_std),
[INFO] [stdout] 36 |                 mtime.map(SystemTimeSpec::into_std),
[INFO] [stdout]    |                 ----------------------------------- unexpected argument of type `Option<fs_set_times::SystemTimeSpec>`
[INFO] [stdout]    |
[INFO] [stdout] note: expected `FileTimes`, found `Option<SystemTimeSpec>`
[INFO] [stdout]   --> /opt/rustwide/cargo-home/registry/src/index.crates.io-6f17d22bba15001f/cap-primitives-0.24.4/src/rustix/linux/fs/set_times_impl.rs:35:17
[INFO] [stdout]    |
[INFO] [stdout] 35 |                 atime.map(SystemTimeSpec::into_std),
[INFO] [stdout]    |                 ^^^^^^^^^^^^^^^^^^^^^^^^^^^^^^^^^^^
[INFO] [stdout]    = note: expected struct `FileTimes`
[INFO] [stdout]                 found enum `Option<fs_set_times::SystemTimeSpec>`
[INFO] [stdout] note: method defined here
[INFO] [stdout]   --> /rustc/0e09125c6c3c2fd70d7de961bcf0e51575235fad/library/std/src/fs.rs:695:12
[INFO] [stdout] help: remove the extra argument
[INFO] [stdout]    |
[INFO] [stdout] 35 -                 atime.map(SystemTimeSpec::into_std),
[INFO] [stdout] 35 +                 /* FileTimes */,
[INFO] [stdout]    |
[INFO] [stdout] 
[INFO] [stdout] 
[INFO] [stdout] error: aborting due to 2 previous errors
[INFO] [stdout] 
[INFO] [stdout] 
[INFO] [stdout] For more information about this error, try `rustc --explain E0061`.
[INFO] [stdout] 
[INFO] [stderr] error: could not compile `cap-primitives` (lib) due to 3 previous errors
[INFO] [stderr] warning: build failed, waiting for other jobs to finish...
[INFO] running `Command { std: "docker" "inspect" "197cadf0d6a0be00d462485c329a6c72c833b70167711ebe5d50289b28769992", kill_on_drop: false }`
[INFO] running `Command { std: "docker" "rm" "-f" "197cadf0d6a0be00d462485c329a6c72c833b70167711ebe5d50289b28769992", kill_on_drop: false }`
[INFO] [stdout] 197cadf0d6a0be00d462485c329a6c72c833b70167711ebe5d50289b28769992
