[INFO] fetching crate dpdk-flow 0.1.0...
[INFO] testing dpdk-flow-0.1.0 against 1.75.0 for beta-1.76-1
[INFO] extracting crate dpdk-flow 0.1.0 into /workspace/builds/worker-6-tc1/source
[INFO] validating manifest of crates.io crate dpdk-flow 0.1.0 on toolchain 1.75.0
[INFO] running `Command { std: CARGO_HOME="/workspace/cargo-home" RUSTUP_HOME="/workspace/rustup-home" "/workspace/cargo-home/bin/cargo" "+1.75.0" "metadata" "--manifest-path" "Cargo.toml" "--no-deps", kill_on_drop: false }`
[INFO] started tweaking crates.io crate dpdk-flow 0.1.0
[INFO] finished tweaking crates.io crate dpdk-flow 0.1.0
[INFO] tweaked toml for crates.io crate dpdk-flow 0.1.0 written to /workspace/builds/worker-6-tc1/source/Cargo.toml
[INFO] running `Command { std: CARGO_HOME="/workspace/cargo-home" RUSTUP_HOME="/workspace/rustup-home" "/workspace/cargo-home/bin/cargo" "+1.75.0" "generate-lockfile" "--manifest-path" "Cargo.toml", kill_on_drop: false }`
[INFO] [stderr]     Updating crates.io index
[INFO] running `Command { std: CARGO_HOME="/workspace/cargo-home" RUSTUP_HOME="/workspace/rustup-home" "/workspace/cargo-home/bin/cargo" "+1.75.0" "fetch" "--manifest-path" "Cargo.toml", kill_on_drop: false }`
[INFO] [stderr]  Downloading crates ...
[INFO] [stderr]   Downloaded libc-extra v0.3.2
[INFO] [stderr]   Downloaded rust-extra v0.0.13
[INFO] [stderr]   Downloaded generic-array v0.9.1
[INFO] [stderr]   Downloaded syscall-alt v0.0.14
[INFO] [stderr]   Downloaded network-time v0.1.1
[INFO] [stderr]   Downloaded dpdk-bus v0.1.5
[INFO] [stderr]   Downloaded rdma-core-sys v0.1.10
[INFO] [stderr]   Downloaded hyper-thread-random v0.4.2
[INFO] [stderr]   Downloaded const-cstr-fork v0.2.2
[INFO] [stderr]   Downloaded dpdk-sys v0.1.5
[INFO] [stderr]   Downloaded network-endian v0.1.5
[INFO] [stderr]   Downloaded network-ethernet v0.1.9
[INFO] [stderr]   Downloaded network-internet-protocol v0.1.10
[INFO] [stderr]   Downloaded dpdk-virtual-devices v0.1.5
[INFO] [stderr]   Downloaded dpdk-ethernet v0.1.10
[INFO] [stderr]   Downloaded network-address-resolution-protocol v0.1.2
[INFO] [stderr]   Downloaded network-internet-control-message-protocol v0.1.15
[INFO] [stderr]   Downloaded network-check-sum v0.1.4
[INFO] [stderr]   Downloaded network-collections v0.1.9
[INFO] [stderr]   Downloaded libnuma-sys v0.0.9
[INFO] [stderr]   Downloaded network-packet v0.1.1
[INFO] [stderr]   Downloaded likely v0.1.0
[INFO] [stderr]   Downloaded digest v0.7.6
[INFO] [stderr]   Downloaded dpdk-unix v0.1.1
[INFO] [stderr]   Downloaded dpdk-core v0.1.5
[INFO] [stderr]   Downloaded errno v0.1.8
[INFO] running `Command { std: "docker" "create" "-v" "/var/lib/crater-agent-workspace/builds/worker-6-tc1/target:/opt/rustwide/target:rw,Z" "-v" "/var/lib/crater-agent-workspace/builds/worker-6-tc1/source:/opt/rustwide/workdir:ro,Z" "-v" "/var/lib/crater-agent-workspace/cargo-home:/opt/rustwide/cargo-home:ro,Z" "-v" "/var/lib/crater-agent-workspace/rustup-home:/opt/rustwide/rustup-home:ro,Z" "-e" "SOURCE_DIR=/opt/rustwide/workdir" "-e" "CARGO_TARGET_DIR=/opt/rustwide/target" "-e" "CARGO_HOME=/opt/rustwide/cargo-home" "-e" "RUSTUP_HOME=/opt/rustwide/rustup-home" "-w" "/opt/rustwide/workdir" "-m" "1610612736" "--user" "0:0" "--network" "none" "ghcr.io/rust-lang/crates-build-env/linux@sha256:2788e3201cd34a07e3172128adcd8b3090168a8e3bcc40d7c032b9dda1df7d1c" "/opt/rustwide/cargo-home/bin/cargo" "+1.75.0" "metadata" "--no-deps" "--format-version=1", kill_on_drop: false }`
[INFO] [stdout] bc3172274e8df73f712aee41d741cc7b668700a183ff06defb9bddf37bf2e13a
[INFO] running `Command { std: "docker" "start" "-a" "bc3172274e8df73f712aee41d741cc7b668700a183ff06defb9bddf37bf2e13a", kill_on_drop: false }`
[INFO] running `Command { std: "docker" "inspect" "bc3172274e8df73f712aee41d741cc7b668700a183ff06defb9bddf37bf2e13a", kill_on_drop: false }`
[INFO] running `Command { std: "docker" "rm" "-f" "bc3172274e8df73f712aee41d741cc7b668700a183ff06defb9bddf37bf2e13a", kill_on_drop: false }`
[INFO] [stdout] bc3172274e8df73f712aee41d741cc7b668700a183ff06defb9bddf37bf2e13a
[INFO] running `Command { std: "docker" "create" "-v" "/var/lib/crater-agent-workspace/builds/worker-6-tc1/target:/opt/rustwide/target:rw,Z" "-v" "/var/lib/crater-agent-workspace/builds/worker-6-tc1/source:/opt/rustwide/workdir:ro,Z" "-v" "/var/lib/crater-agent-workspace/cargo-home:/opt/rustwide/cargo-home:ro,Z" "-v" "/var/lib/crater-agent-workspace/rustup-home:/opt/rustwide/rustup-home:ro,Z" "-e" "SOURCE_DIR=/opt/rustwide/workdir" "-e" "CARGO_TARGET_DIR=/opt/rustwide/target" "-e" "CARGO_INCREMENTAL=0" "-e" "RUST_BACKTRACE=full" "-e" "RUSTFLAGS=--cap-lints=warn" "-e" "RUSTDOCFLAGS=--cap-lints=warn" "-e" "CARGO_HOME=/opt/rustwide/cargo-home" "-e" "RUSTUP_HOME=/opt/rustwide/rustup-home" "-w" "/opt/rustwide/workdir" "-m" "1610612736" "--user" "0:0" "--network" "none" "ghcr.io/rust-lang/crates-build-env/linux@sha256:2788e3201cd34a07e3172128adcd8b3090168a8e3bcc40d7c032b9dda1df7d1c" "/opt/rustwide/cargo-home/bin/cargo" "+1.75.0" "build" "--frozen" "--message-format=json", kill_on_drop: false }`
[INFO] [stdout] 8725483ed122ced11c66a4c3e337050cd0d95dfe93bb53bfc3aaa2af453470b6
[INFO] running `Command { std: "docker" "start" "-a" "8725483ed122ced11c66a4c3e337050cd0d95dfe93bb53bfc3aaa2af453470b6", kill_on_drop: false }`
[INFO] [stderr]    Compiling serde v1.0.194
[INFO] [stderr]    Compiling likely v0.1.0
[INFO] [stderr]    Compiling libnuma-sys v0.0.9
[INFO] [stderr]    Compiling arrayvec v0.4.12
[INFO] [stderr]    Compiling indexmap v1.9.3
[INFO] [stderr]    Compiling rand v0.4.6
[INFO] [stderr]    Compiling rdma-core-sys v0.1.10
[INFO] [stderr]    Compiling dpdk-sys v0.1.5
[INFO] [stderr]    Compiling const-cstr-fork v0.2.2
[INFO] [stderr]    Compiling typenum v1.17.0
[INFO] [stderr]    Compiling cfg-if v0.1.10
[INFO] [stderr]    Compiling nodrop v0.1.14
[INFO] [stderr]    Compiling arrayref v0.3.7
[INFO] [stderr]    Compiling libc-extra v0.3.2
[INFO] [stderr]    Compiling rust-extra v0.0.13
[INFO] [stderr] error: failed to run custom build command for `libnuma-sys v0.0.9`
[INFO] [stderr] note: To improve backtraces for build dependencies, set the CARGO_PROFILE_DEV_BUILD_OVERRIDE_DEBUG=true environment variable to enable debug information generation.
[INFO] [stderr] 
[INFO] [stderr] Caused by:
[INFO] [stderr]   process didn't exit successfully: `/opt/rustwide/target/debug/build/libnuma-sys-d93151a0a5e23729/build-script-build` (exit status: 101)
[INFO] [stderr]   --- stderr
[INFO] [stderr]   thread 'main' panicked at /opt/rustwide/cargo-home/registry/src/index.crates.io-6f17d22bba15001f/libnuma-sys-0.0.9/src/build.rs:44:5:
[INFO] [stderr]   Command 'bindgen-wrapper/build-under-cargo' failed with exit code '1' (standard out was ''; standard error was 'compile-rdma-core:The binary 'x86_64-linux-musl-ar' needs to be in the path
[INFO] [stderr]   compile-rdma-core:FAIL:Please make sure that the missing binaries are installed because 'make'
[INFO] [stderr]   ')
[INFO] [stderr]   stack backtrace:
[INFO] [stderr]      0:     0x5560a19e126c - std::backtrace_rs::backtrace::libunwind::trace::ha637c64ce894333a
[INFO] [stderr]                                  at /rustc/82e1608dfa6e0b5569232559e3d385fea5a93112/library/std/src/../../backtrace/src/backtrace/libunwind.rs:104:5
[INFO] [stderr]      1:     0x5560a19e126c - std::backtrace_rs::backtrace::trace_unsynchronized::h47f62dea28e0c88d
[INFO] [stderr]                                  at /rustc/82e1608dfa6e0b5569232559e3d385fea5a93112/library/std/src/../../backtrace/src/backtrace/mod.rs:66:5
[INFO] [stderr]      2:     0x5560a19e126c - std::sys_common::backtrace::_print_fmt::h9eef0abe20ede486
[INFO] [stderr]                                  at /rustc/82e1608dfa6e0b5569232559e3d385fea5a93112/library/std/src/sys_common/backtrace.rs:67:5
[INFO] [stderr]      3:     0x5560a19e126c - <std::sys_common::backtrace::_print::DisplayBacktrace as core::fmt::Display>::fmt::hed7f999df88cc644
[INFO] [stderr]                                  at /rustc/82e1608dfa6e0b5569232559e3d385fea5a93112/library/std/src/sys_common/backtrace.rs:44:22
[INFO] [stderr]      4:     0x5560a1a046f0 - core::fmt::rt::Argument::fmt::h1539a9308b8d058d
[INFO] [stderr]                                  at /rustc/82e1608dfa6e0b5569232559e3d385fea5a93112/library/core/src/fmt/rt.rs:142:9
[INFO] [stderr]      5:     0x5560a1a046f0 - core::fmt::write::h3a39390d8560d9c9
[INFO] [stderr]                                  at /rustc/82e1608dfa6e0b5569232559e3d385fea5a93112/library/core/src/fmt/mod.rs:1120:17
[INFO] [stderr]      6:     0x5560a19df26f - std::io::Write::write_fmt::h5fc9997dfe05f882
[INFO] [stderr]                                  at /rustc/82e1608dfa6e0b5569232559e3d385fea5a93112/library/std/src/io/mod.rs:1762:15
[INFO] [stderr]      7:     0x5560a19e1054 - std::sys_common::backtrace::_print::h894006fb5c6f3d45
[INFO] [stderr]                                  at /rustc/82e1608dfa6e0b5569232559e3d385fea5a93112/library/std/src/sys_common/backtrace.rs:47:5
[INFO] [stderr]      8:     0x5560a19e1054 - std::sys_common::backtrace::print::h23a2d212c6fff936
[INFO] [stderr]                                  at /rustc/82e1608dfa6e0b5569232559e3d385fea5a93112/library/std/src/sys_common/backtrace.rs:34:9
[INFO] [stderr]      9:     0x5560a19e2567 - std::panicking::default_hook::{{closure}}::h8a1d2ee00185001a
[INFO] [stderr]     10:     0x5560a19e22cf - std::panicking::default_hook::h6038f2eba384e475
[INFO] [stderr]                                  at /rustc/82e1608dfa6e0b5569232559e3d385fea5a93112/library/std/src/panicking.rs:292:9
[INFO] [stderr]     11:     0x5560a19e29e8 - std::panicking::rust_panic_with_hook::h2b5517d590cab22e
[INFO] [stderr]                                  at /rustc/82e1608dfa6e0b5569232559e3d385fea5a93112/library/std/src/panicking.rs:779:13
[INFO] [stderr]     12:     0x5560a19e28ce - std::panicking::begin_panic_handler::{{closure}}::h233112c06e0ef43e
[INFO] [stderr]                                  at /rustc/82e1608dfa6e0b5569232559e3d385fea5a93112/library/std/src/panicking.rs:657:13
[INFO] [stderr]     13:     0x5560a19e1736 - std::sys_common::backtrace::__rust_end_short_backtrace::h6e893f24d7ebbff8
[INFO] [stderr]                                  at /rustc/82e1608dfa6e0b5569232559e3d385fea5a93112/library/std/src/sys_common/backtrace.rs:170:18
[INFO] [stderr]     14:     0x5560a19e2632 - rust_begin_unwind
[INFO] [stderr]                                  at /rustc/82e1608dfa6e0b5569232559e3d385fea5a93112/library/std/src/panicking.rs:645:5
[INFO] [stderr]     15:     0x5560a19bd1f5 - core::panicking::panic_fmt::hbf0e066aabfa482c
[INFO] [stderr]                                  at /rustc/82e1608dfa6e0b5569232559e3d385fea5a93112/library/core/src/panicking.rs:72:14
[INFO] [stderr]     16:     0x5560a19c2113 - build_script_build::panic_if_process_not_successul::h7cab17cbdc7a2660
[INFO] [stderr]     17:     0x5560a19c1b91 - build_script_build::tool::h1f04ad6edd78fbe5
[INFO] [stderr]     18:     0x5560a19c1841 - build_script_build::main::h773cb3243294562e
[INFO] [stderr]     19:     0x5560a19be613 - core::ops::function::FnOnce::call_once::hbd994b8e32081d61
[INFO] [stderr]     20:     0x5560a19bdd86 - std::sys_common::backtrace::__rust_begin_short_backtrace::h69c4db129ef55068
[INFO] [stderr]     21:     0x5560a19be1f9 - std::rt::lang_start::{{closure}}::h395f554f697db191
[INFO] [stderr]     22:     0x5560a19dc027 - core::ops::function::impls::<impl core::ops::function::FnOnce<A> for &F>::call_once::hd95060ecd5e1ca24
[INFO] [stderr]                                  at /rustc/82e1608dfa6e0b5569232559e3d385fea5a93112/library/core/src/ops/function.rs:284:13
[INFO] [stderr]     23:     0x5560a19dc027 - std::panicking::try::do_call::h6e8cf51db32a6e4b
[INFO] [stderr]                                  at /rustc/82e1608dfa6e0b5569232559e3d385fea5a93112/library/std/src/panicking.rs:552:40
[INFO] [stderr]     24:     0x5560a19dc027 - std::panicking::try::h3a52eefe24fe3c29
[INFO] [stderr]                                  at /rustc/82e1608dfa6e0b5569232559e3d385fea5a93112/library/std/src/panicking.rs:516:19
[INFO] [stderr]     25:     0x5560a19dc027 - std::panic::catch_unwind::h24c28c23c02c3841
[INFO] [stderr]                                  at /rustc/82e1608dfa6e0b5569232559e3d385fea5a93112/library/std/src/panic.rs:142:14
[INFO] [stderr]     26:     0x5560a19dc027 - std::rt::lang_start_internal::{{closure}}::h705d3c9cbc06ef47
[INFO] [stderr]                                  at /rustc/82e1608dfa6e0b5569232559e3d385fea5a93112/library/std/src/rt.rs:148:48
[INFO] [stderr]     27:     0x5560a19dc027 - std::panicking::try::do_call::ha21f52ba13158470
[INFO] [stderr]                                  at /rustc/82e1608dfa6e0b5569232559e3d385fea5a93112/library/std/src/panicking.rs:552:40
[INFO] [stderr]     28:     0x5560a19dc027 - std::panicking::try::h5581346bf6aeb1f8
[INFO] [stderr]                                  at /rustc/82e1608dfa6e0b5569232559e3d385fea5a93112/library/std/src/panicking.rs:516:19
[INFO] [stderr]     29:     0x5560a19dc027 - std::panic::catch_unwind::h7919645a6b72e25b
[INFO] [stderr]                                  at /rustc/82e1608dfa6e0b5569232559e3d385fea5a93112/library/std/src/panic.rs:142:14
[INFO] [stderr]     30:     0x5560a19dc027 - std::rt::lang_start_internal::h12de51168669836e
[INFO] [stderr]                                  at /rustc/82e1608dfa6e0b5569232559e3d385fea5a93112/library/std/src/rt.rs:148:20
[INFO] [stderr]     31:     0x5560a19be1d7 - std::rt::lang_start::h18704fbf79402176
[INFO] [stderr]     32:     0x5560a19c2385 - main
[INFO] [stderr]     33:     0x7f6f2ab1dd90 - <unknown>
[INFO] [stderr]     34:     0x7f6f2ab1de40 - __libc_start_main
[INFO] [stderr]     35:     0x5560a19bd915 - _start
[INFO] [stderr]     36:                0x0 - <unknown>
[INFO] [stderr] warning: build failed, waiting for other jobs to finish...
[INFO] [stdout] error[E0554]: `#![feature]` may not be used on the stable release channel
[INFO] [stdout]  --> /opt/rustwide/cargo-home/registry/src/index.crates.io-6f17d22bba15001f/rust-extra-0.0.13/src/lib.rs:7:1
[INFO] [stdout]   |
[INFO] [stdout] 7 | #![feature(core_intrinsics)]
[INFO] [stdout]   | ^^^^^^^^^^^^^^^^^^^^^^^^^^^^
[INFO] [stdout] 
[INFO] [stdout] 
[INFO] [stdout] error[E0554]: `#![feature]` may not be used on the stable release channel
[INFO] [stdout]  --> /opt/rustwide/cargo-home/registry/src/index.crates.io-6f17d22bba15001f/rust-extra-0.0.13/src/lib.rs:8:1
[INFO] [stdout]   |
[INFO] [stdout] 8 | #![feature(associated_consts)]
[INFO] [stdout]   | ^^^^^^^^^^^^^^^^^^^^^^^^^^^^^^ help: remove the attribute
[INFO] [stdout]   |
[INFO] [stdout]   = help: the feature `associated_consts` has been stable since `1.20.0` and no longer requires an attribute to enable
[INFO] [stdout] 
[INFO] [stdout] 
[INFO] [stdout] error[E0554]: `#![feature]` may not be used on the stable release channel
[INFO] [stdout]  --> /opt/rustwide/cargo-home/registry/src/index.crates.io-6f17d22bba15001f/rust-extra-0.0.13/src/lib.rs:7:12
[INFO] [stdout]   |
[INFO] [stdout] 7 | #![feature(core_intrinsics)]
[INFO] [stdout]   |            ^^^^^^^^^^^^^^^
[INFO] [stdout] 
[INFO] [stdout] 
[INFO] [stderr] error: failed to run custom build command for `rdma-core-sys v0.1.10`
[INFO] [stderr] note: To improve backtraces for build dependencies, set the CARGO_PROFILE_DEV_BUILD_OVERRIDE_DEBUG=true environment variable to enable debug information generation.
[INFO] [stderr] 
[INFO] [stderr] Caused by:
[INFO] [stderr]   process didn't exit successfully: `/opt/rustwide/target/debug/build/rdma-core-sys-431338ac26627192/build-script-build` (exit status: 101)
[INFO] [stderr]   --- stderr
[INFO] [stderr]   thread 'main' panicked at /opt/rustwide/cargo-home/registry/src/index.crates.io-6f17d22bba15001f/rdma-core-sys-0.1.10/src/build.rs:80:5:
[INFO] [stderr]   Command 'bindgen-wrapper/build-under-cargo' failed with exit code '1' (standard out was ''; standard error was 'compile-rdma-core:The binary 'x86_64-linux-musl-ar' needs to be in the path
[INFO] [stderr]   compile-rdma-core:FAIL:Please make sure that the missing binaries are installed because 'make'
[INFO] [stderr]   ')
[INFO] [stderr]   stack backtrace:
[INFO] [stderr]      0:     0x55a7fd79bf1c - std::backtrace_rs::backtrace::libunwind::trace::ha637c64ce894333a
[INFO] [stderr]                                  at /rustc/82e1608dfa6e0b5569232559e3d385fea5a93112/library/std/src/../../backtrace/src/backtrace/libunwind.rs:104:5
[INFO] [stderr]      1:     0x55a7fd79bf1c - std::backtrace_rs::backtrace::trace_unsynchronized::h47f62dea28e0c88d
[INFO] [stderr]                                  at /rustc/82e1608dfa6e0b5569232559e3d385fea5a93112/library/std/src/../../backtrace/src/backtrace/mod.rs:66:5
[INFO] [stderr]      2:     0x55a7fd79bf1c - std::sys_common::backtrace::_print_fmt::h9eef0abe20ede486
[INFO] [stderr]                                  at /rustc/82e1608dfa6e0b5569232559e3d385fea5a93112/library/std/src/sys_common/backtrace.rs:67:5
[INFO] [stderr]      3:     0x55a7fd79bf1c - <std::sys_common::backtrace::_print::DisplayBacktrace as core::fmt::Display>::fmt::hed7f999df88cc644
[INFO] [stderr]                                  at /rustc/82e1608dfa6e0b5569232559e3d385fea5a93112/library/std/src/sys_common/backtrace.rs:44:22
[INFO] [stderr]      4:     0x55a7fd7c2d50 - core::fmt::rt::Argument::fmt::h1539a9308b8d058d
[INFO] [stderr]                                  at /rustc/82e1608dfa6e0b5569232559e3d385fea5a93112/library/core/src/fmt/rt.rs:142:9
[INFO] [stderr]      5:     0x55a7fd7c2d50 - core::fmt::write::h3a39390d8560d9c9
[INFO] [stderr]                                  at /rustc/82e1608dfa6e0b5569232559e3d385fea5a93112/library/core/src/fmt/mod.rs:1120:17
[INFO] [stderr]      6:     0x55a7fd79915f - std::io::Write::write_fmt::h5fc9997dfe05f882
[INFO] [stderr]                                  at /rustc/82e1608dfa6e0b5569232559e3d385fea5a93112/library/std/src/io/mod.rs:1762:15
[INFO] [stderr]      7:     0x55a7fd79bd04 - std::sys_common::backtrace::_print::h894006fb5c6f3d45
[INFO] [stderr]                                  at /rustc/82e1608dfa6e0b5569232559e3d385fea5a93112/library/std/src/sys_common/backtrace.rs:47:5
[INFO] [stderr]      8:     0x55a7fd79bd04 - std::sys_common::backtrace::print::h23a2d212c6fff936
[INFO] [stderr]                                  at /rustc/82e1608dfa6e0b5569232559e3d385fea5a93112/library/std/src/sys_common/backtrace.rs:34:9
[INFO] [stderr]      9:     0x55a7fd79db37 - std::panicking::default_hook::{{closure}}::h8a1d2ee00185001a
[INFO] [stderr]     10:     0x55a7fd79d89f - std::panicking::default_hook::h6038f2eba384e475
[INFO] [stderr]                                  at /rustc/82e1608dfa6e0b5569232559e3d385fea5a93112/library/std/src/panicking.rs:292:9
[INFO] [stderr]     11:     0x55a7fd79dfb8 - std::panicking::rust_panic_with_hook::h2b5517d590cab22e
[INFO] [stderr]                                  at /rustc/82e1608dfa6e0b5569232559e3d385fea5a93112/library/std/src/panicking.rs:779:13
[INFO] [stderr]     12:     0x55a7fd79de9e - std::panicking::begin_panic_handler::{{closure}}::h233112c06e0ef43e
[INFO] [stderr]                                  at /rustc/82e1608dfa6e0b5569232559e3d385fea5a93112/library/std/src/panicking.rs:657:13
[INFO] [stderr]     13:     0x55a7fd79c3e6 - std::sys_common::backtrace::__rust_end_short_backtrace::h6e893f24d7ebbff8
[INFO] [stderr]                                  at /rustc/82e1608dfa6e0b5569232559e3d385fea5a93112/library/std/src/sys_common/backtrace.rs:170:18
[INFO] [stderr]     14:     0x55a7fd79dc02 - rust_begin_unwind
[INFO] [stderr]                                  at /rustc/82e1608dfa6e0b5569232559e3d385fea5a93112/library/std/src/panicking.rs:645:5
[INFO] [stderr]     15:     0x55a7fd7205f5 - core::panicking::panic_fmt::hbf0e066aabfa482c
[INFO] [stderr]                                  at /rustc/82e1608dfa6e0b5569232559e3d385fea5a93112/library/core/src/panicking.rs:72:14
[INFO] [stderr]     16:     0x55a7fd7235bc - build_script_build::panic_if_process_not_successful::h8083c3abcd2707cf
[INFO] [stderr]     17:     0x55a7fd723019 - build_script_build::tool::h2a3df7cffdb8fcaf
[INFO] [stderr]     18:     0x55a7fd72233e - build_script_build::main::ha129d89cc813c2f5
[INFO] [stderr]     19:     0x55a7fd7213b3 - core::ops::function::FnOnce::call_once::h33d39b890c15e9a4
[INFO] [stderr]     20:     0x55a7fd7210d6 - std::sys_common::backtrace::__rust_begin_short_backtrace::h4d176c6855a7c894
[INFO] [stderr]     21:     0x55a7fd721129 - std::rt::lang_start::{{closure}}::hfe3498199a88c400
[INFO] [stderr]     22:     0x55a7fd795027 - core::ops::function::impls::<impl core::ops::function::FnOnce<A> for &F>::call_once::hd95060ecd5e1ca24
[INFO] [stderr]                                  at /rustc/82e1608dfa6e0b5569232559e3d385fea5a93112/library/core/src/ops/function.rs:284:13
[INFO] [stderr]     23:     0x55a7fd795027 - std::panicking::try::do_call::h6e8cf51db32a6e4b
[INFO] [stderr]                                  at /rustc/82e1608dfa6e0b5569232559e3d385fea5a93112/library/std/src/panicking.rs:552:40
[INFO] [stderr]     24:     0x55a7fd795027 - std::panicking::try::h3a52eefe24fe3c29
[INFO] [stderr]                                  at /rustc/82e1608dfa6e0b5569232559e3d385fea5a93112/library/std/src/panicking.rs:516:19
[INFO] [stderr]     25:     0x55a7fd795027 - std::panic::catch_unwind::h24c28c23c02c3841
[INFO] [stderr]                                  at /rustc/82e1608dfa6e0b5569232559e3d385fea5a93112/library/std/src/panic.rs:142:14
[INFO] [stderr]     26:     0x55a7fd795027 - std::rt::lang_start_internal::{{closure}}::h705d3c9cbc06ef47
[INFO] [stderr]                                  at /rustc/82e1608dfa6e0b5569232559e3d385fea5a93112/library/std/src/rt.rs:148:48
[INFO] [stderr]     27:     0x55a7fd795027 - std::panicking::try::do_call::ha21f52ba13158470
[INFO] [stderr]                                  at /rustc/82e1608dfa6e0b5569232559e3d385fea5a93112/library/std/src/panicking.rs:552:40
[INFO] [stderr]     28:     0x55a7fd795027 - std::panicking::try::h5581346bf6aeb1f8
[INFO] [stderr]                                  at /rustc/82e1608dfa6e0b5569232559e3d385fea5a93112/library/std/src/panicking.rs:516:19
[INFO] [stderr]     29:     0x55a7fd795027 - std::panic::catch_unwind::h7919645a6b72e25b
[INFO] [stderr]                                  at /rustc/82e1608dfa6e0b5569232559e3d385fea5a93112/library/std/src/panic.rs:142:14
[INFO] [stderr]     30:     0x55a7fd795027 - std::rt::lang_start_internal::h12de51168669836e
[INFO] [stderr]                                  at /rustc/82e1608dfa6e0b5569232559e3d385fea5a93112/library/std/src/rt.rs:148:20
[INFO] [stderr]     31:     0x55a7fd721107 - std::rt::lang_start::h0bd59f53effe03ca
[INFO] [stderr]     32:     0x55a7fd7237f5 - main
[INFO] [stderr]     33:     0x7fbae2f4dd90 - <unknown>
[INFO] [stderr]     34:     0x7fbae2f4de40 - __libc_start_main
[INFO] [stderr]     35:     0x55a7fd720d15 - _start
[INFO] [stderr]     36:                0x0 - <unknown>
[INFO] [stdout] error: aborting due to 3 previous errors
[INFO] [stdout] 
[INFO] [stdout] 
[INFO] [stdout] For more information about this error, try `rustc --explain E0554`.
[INFO] [stdout] 
[INFO] [stderr] error: could not compile `rust-extra` (lib) due to 4 previous errors
[INFO] running `Command { std: "docker" "inspect" "8725483ed122ced11c66a4c3e337050cd0d95dfe93bb53bfc3aaa2af453470b6", kill_on_drop: false }`
[INFO] running `Command { std: "docker" "rm" "-f" "8725483ed122ced11c66a4c3e337050cd0d95dfe93bb53bfc3aaa2af453470b6", kill_on_drop: false }`
[INFO] [stdout] 8725483ed122ced11c66a4c3e337050cd0d95dfe93bb53bfc3aaa2af453470b6
