[INFO] fetching crate dots 0.5.2...
[INFO] testing dots-0.5.2 against 1.75.0 for beta-1.76-1
[INFO] extracting crate dots 0.5.2 into /workspace/builds/worker-7-tc1/source
[INFO] validating manifest of crates.io crate dots 0.5.2 on toolchain 1.75.0
[INFO] running `Command { std: CARGO_HOME="/workspace/cargo-home" RUSTUP_HOME="/workspace/rustup-home" "/workspace/cargo-home/bin/cargo" "+1.75.0" "metadata" "--manifest-path" "Cargo.toml" "--no-deps", kill_on_drop: false }`
[INFO] started tweaking crates.io crate dots 0.5.2
[INFO] finished tweaking crates.io crate dots 0.5.2
[INFO] tweaked toml for crates.io crate dots 0.5.2 written to /workspace/builds/worker-7-tc1/source/Cargo.toml
[INFO] crate crates.io crate dots 0.5.2 already has a lockfile, it will not be regenerated
[INFO] running `Command { std: CARGO_HOME="/workspace/cargo-home" RUSTUP_HOME="/workspace/rustup-home" "/workspace/cargo-home/bin/cargo" "+1.75.0" "fetch" "--manifest-path" "Cargo.toml", kill_on_drop: false }`
[INFO] [stderr]     Updating crates.io index
[INFO] [stderr]  Downloading crates ...
[INFO] [stderr]   Downloaded camino v1.0.7
[INFO] [stderr]   Downloaded dots_internal_utils v0.5.0
[INFO] [stderr]   Downloaded supports-color v2.0.0
[INFO] [stderr]   Downloaded clap v3.1.9
[INFO] running `Command { std: "docker" "create" "-v" "/var/lib/crater-agent-workspace/builds/worker-7-tc1/target:/opt/rustwide/target:rw,Z" "-v" "/var/lib/crater-agent-workspace/builds/worker-7-tc1/source:/opt/rustwide/workdir:ro,Z" "-v" "/var/lib/crater-agent-workspace/cargo-home:/opt/rustwide/cargo-home:ro,Z" "-v" "/var/lib/crater-agent-workspace/rustup-home:/opt/rustwide/rustup-home:ro,Z" "-e" "SOURCE_DIR=/opt/rustwide/workdir" "-e" "CARGO_TARGET_DIR=/opt/rustwide/target" "-e" "CARGO_HOME=/opt/rustwide/cargo-home" "-e" "RUSTUP_HOME=/opt/rustwide/rustup-home" "-w" "/opt/rustwide/workdir" "-m" "1610612736" "--user" "0:0" "--network" "none" "ghcr.io/rust-lang/crates-build-env/linux@sha256:2788e3201cd34a07e3172128adcd8b3090168a8e3bcc40d7c032b9dda1df7d1c" "/opt/rustwide/cargo-home/bin/cargo" "+1.75.0" "metadata" "--no-deps" "--format-version=1", kill_on_drop: false }`
[INFO] [stdout] 0deaf9a37981bbef1adc252de44bf2dabe28138bbe43204e396c4b6e307a9c92
[INFO] running `Command { std: "docker" "start" "-a" "0deaf9a37981bbef1adc252de44bf2dabe28138bbe43204e396c4b6e307a9c92", kill_on_drop: false }`
[INFO] running `Command { std: "docker" "inspect" "0deaf9a37981bbef1adc252de44bf2dabe28138bbe43204e396c4b6e307a9c92", kill_on_drop: false }`
[INFO] running `Command { std: "docker" "rm" "-f" "0deaf9a37981bbef1adc252de44bf2dabe28138bbe43204e396c4b6e307a9c92", kill_on_drop: false }`
[INFO] [stdout] 0deaf9a37981bbef1adc252de44bf2dabe28138bbe43204e396c4b6e307a9c92
[INFO] running `Command { std: "docker" "create" "-v" "/var/lib/crater-agent-workspace/builds/worker-7-tc1/target:/opt/rustwide/target:rw,Z" "-v" "/var/lib/crater-agent-workspace/builds/worker-7-tc1/source:/opt/rustwide/workdir:ro,Z" "-v" "/var/lib/crater-agent-workspace/cargo-home:/opt/rustwide/cargo-home:ro,Z" "-v" "/var/lib/crater-agent-workspace/rustup-home:/opt/rustwide/rustup-home:ro,Z" "-e" "SOURCE_DIR=/opt/rustwide/workdir" "-e" "CARGO_TARGET_DIR=/opt/rustwide/target" "-e" "CARGO_INCREMENTAL=0" "-e" "RUST_BACKTRACE=full" "-e" "RUSTFLAGS=--cap-lints=warn" "-e" "RUSTDOCFLAGS=--cap-lints=warn" "-e" "CARGO_HOME=/opt/rustwide/cargo-home" "-e" "RUSTUP_HOME=/opt/rustwide/rustup-home" "-w" "/opt/rustwide/workdir" "-m" "1610612736" "--user" "0:0" "--network" "none" "ghcr.io/rust-lang/crates-build-env/linux@sha256:2788e3201cd34a07e3172128adcd8b3090168a8e3bcc40d7c032b9dda1df7d1c" "/opt/rustwide/cargo-home/bin/cargo" "+1.75.0" "build" "--frozen" "--message-format=json", kill_on_drop: false }`
[INFO] [stdout] c605d8b2445f85c9e5359294740bfe7b80c6435090fa77064960aef97e83e101
[INFO] running `Command { std: "docker" "start" "-a" "c605d8b2445f85c9e5359294740bfe7b80c6435090fa77064960aef97e83e101", kill_on_drop: false }`
[INFO] [stderr]    Compiling proc-macro2 v1.0.37
[INFO] [stderr]    Compiling libc v0.2.139
[INFO] [stderr]    Compiling unicode-xid v0.2.2
[INFO] [stderr]    Compiling syn v1.0.91
[INFO] [stderr]    Compiling version_check v0.9.4
[INFO] [stderr]    Compiling io-lifetimes v1.0.3
[INFO] [stderr]    Compiling serde_derive v1.0.136
[INFO] [stderr]    Compiling memchr v2.4.1
[INFO] [stderr]    Compiling bitflags v1.3.2
[INFO] [stderr]    Compiling serde v1.0.136
[INFO] [stderr]    Compiling rustix v0.36.6
[INFO] [stderr]    Compiling linux-raw-sys v0.1.4
[INFO] [stderr]    Compiling proc-macro-error-attr v1.0.4
[INFO] [stderr]    Compiling proc-macro-error v1.0.4
[INFO] [stderr]    Compiling indexmap v1.8.1
[INFO] [stderr]    Compiling quote v1.0.18
[INFO] [stderr]    Compiling camino v1.0.7
[INFO] [stderr]    Compiling anyhow v1.0.56
[INFO] [stderr]    Compiling log v0.4.17
[INFO] [stderr]    Compiling aho-corasick v0.7.18
[INFO] [stderr]    Compiling termcolor v1.1.3
[INFO] [stderr]    Compiling heck v0.4.0
[INFO] [stderr]    Compiling os_str_bytes v6.0.0
[INFO] [stderr]    Compiling hashbrown v0.11.2
[INFO] [stderr]    Compiling same-file v1.0.6
[INFO] [stderr]    Compiling is_ci v1.1.1
[INFO] [stderr]    Compiling regex-syntax v0.6.25
[INFO] [stderr]    Compiling walkdir v2.3.2
[INFO] [stderr]    Compiling atty v0.2.14
[INFO] [stderr]    Compiling dirs-sys v0.3.7
[INFO] [stderr]    Compiling dirs v4.0.0
[INFO] [stderr]    Compiling clap_lex v0.1.1
[INFO] [stderr]    Compiling yansi v0.5.1
[INFO] [stderr]    Compiling textwrap v0.15.0
[INFO] [stderr]    Compiling humantime v2.1.0
[INFO] [stderr]    Compiling fastrand v1.7.0
[INFO] [stderr]    Compiling remove_dir_all v0.5.3
[INFO] [stderr]    Compiling strsim v0.10.0
[INFO] [stderr]    Compiling tempfile v3.3.0
[INFO] [stderr]    Compiling is-terminal v0.4.2
[INFO] [stderr]    Compiling regex v1.5.5
[INFO] [stderr]    Compiling supports-color v2.0.0
[INFO] [stderr]    Compiling env_logger v0.9.0
[INFO] [stderr]    Compiling clap_derive v3.1.7
[INFO] [stderr]    Compiling clap v3.1.9
[INFO] [stderr]    Compiling toml v0.5.9
[INFO] [stderr]    Compiling dots_internal_utils v0.5.0
[INFO] [stderr]    Compiling dots v0.5.2 (/opt/rustwide/workdir)
[INFO] [stderr]     Finished dev [unoptimized + debuginfo] target(s) in 24.79s
[INFO] running `Command { std: "docker" "inspect" "c605d8b2445f85c9e5359294740bfe7b80c6435090fa77064960aef97e83e101", kill_on_drop: false }`
[INFO] running `Command { std: "docker" "rm" "-f" "c605d8b2445f85c9e5359294740bfe7b80c6435090fa77064960aef97e83e101", kill_on_drop: false }`
[INFO] [stdout] c605d8b2445f85c9e5359294740bfe7b80c6435090fa77064960aef97e83e101
[INFO] running `Command { std: "docker" "create" "-v" "/var/lib/crater-agent-workspace/builds/worker-7-tc1/target:/opt/rustwide/target:rw,Z" "-v" "/var/lib/crater-agent-workspace/builds/worker-7-tc1/source:/opt/rustwide/workdir:ro,Z" "-v" "/var/lib/crater-agent-workspace/cargo-home:/opt/rustwide/cargo-home:ro,Z" "-v" "/var/lib/crater-agent-workspace/rustup-home:/opt/rustwide/rustup-home:ro,Z" "-e" "SOURCE_DIR=/opt/rustwide/workdir" "-e" "CARGO_TARGET_DIR=/opt/rustwide/target" "-e" "CARGO_INCREMENTAL=0" "-e" "RUST_BACKTRACE=full" "-e" "RUSTFLAGS=--cap-lints=warn" "-e" "RUSTDOCFLAGS=--cap-lints=warn" "-e" "CARGO_HOME=/opt/rustwide/cargo-home" "-e" "RUSTUP_HOME=/opt/rustwide/rustup-home" "-w" "/opt/rustwide/workdir" "-m" "1610612736" "--user" "0:0" "--network" "none" "ghcr.io/rust-lang/crates-build-env/linux@sha256:2788e3201cd34a07e3172128adcd8b3090168a8e3bcc40d7c032b9dda1df7d1c" "/opt/rustwide/cargo-home/bin/cargo" "+1.75.0" "test" "--frozen" "--no-run" "--message-format=json", kill_on_drop: false }`
[INFO] [stdout] 8f9e19fcbfa6ee2467dd2d5870b3499c6690b3de31127baa1efeab5169ca7f9e
[INFO] running `Command { std: "docker" "start" "-a" "8f9e19fcbfa6ee2467dd2d5870b3499c6690b3de31127baa1efeab5169ca7f9e", kill_on_drop: false }`
[INFO] [stderr]    Compiling dots v0.5.2 (/opt/rustwide/workdir)
[INFO] [stdout] error[E0432]: unresolved import `test_utils`
[INFO] [stdout]  --> tests/subcommand_help.rs:3:9
[INFO] [stdout]   |
[INFO] [stdout] 3 |     use test_utils::{cargo_bin, AssertableOutput, TestManager, TestResult};
[INFO] [stdout]   |         ^^^^^^^^^^ use of undeclared crate or module `test_utils`
[INFO] [stdout] 
[INFO] [stdout] 
[INFO] [stdout] error[E0432]: unresolved import `test_utils`
[INFO] [stdout]  --> tests/subcommand_install.rs:3:9
[INFO] [stdout]   |
[INFO] [stdout] 3 |     use test_utils::{
[INFO] [stdout]   |         ^^^^^^^^^^ use of undeclared crate or module `test_utils`
[INFO] [stdout] 
[INFO] [stdout] 
[INFO] [stdout] error[E0432]: unresolved import `test_utils`
[INFO] [stdout]  --> tests/subcommand_uninstall.rs:2:9
[INFO] [stdout]   |
[INFO] [stdout] 2 |     use test_utils::{cargo_bin, AssertableOutput, Fixture, TestManager, TestResult};
[INFO] [stdout]   |         ^^^^^^^^^^ use of undeclared crate or module `test_utils`
[INFO] [stdout] 
[INFO] [stdout] 
[INFO] [stdout] error[E0432]: unresolved import `test_utils`
[INFO] [stdout]  --> tests/subcommand_list.rs:2:9
[INFO] [stdout]   |
[INFO] [stdout] 2 |     use test_utils::{cargo_bin, AssertableOutput, Fixture, TestManager, TestResult};
[INFO] [stdout]   |         ^^^^^^^^^^ use of undeclared crate or module `test_utils`
[INFO] [stdout] 
[INFO] [stdout] 
[INFO] [stdout] error: cannot determine resolution for the macro `cargo_bin`
[INFO] [stdout]  --> tests/subcommand_install.rs:8:23
[INFO] [stdout]   |
[INFO] [stdout] 8 |     const BIN: &str = cargo_bin!("dots");
[INFO] [stdout]   |                       ^^^^^^^^^
[INFO] [stdout]   |
[INFO] [stdout]   = note: import resolution is stuck, try simplifying macro imports
[INFO] [stdout] 
[INFO] [stdout] 
[INFO] [stdout] error: cannot determine resolution for the macro `cargo_bin`
[INFO] [stdout]  --> tests/subcommand_help.rs:4:23
[INFO] [stdout]   |
[INFO] [stdout] 4 |     const BIN: &str = cargo_bin!("dots");
[INFO] [stdout]   |                       ^^^^^^^^^
[INFO] [stdout]   |
[INFO] [stdout]   = note: import resolution is stuck, try simplifying macro imports
[INFO] [stdout] 
[INFO] [stdout] 
[INFO] [stdout] error: aborting due to 2 previous errors
[INFO] [stdout] 
[INFO] [stdout] 
[INFO] [stdout] error: cannot determine resolution for the macro `cargo_bin`
[INFO] [stdout]  --> tests/subcommand_uninstall.rs:3:23
[INFO] [stdout]   |
[INFO] [stdout] 3 |     const BIN: &str = cargo_bin!("dots");
[INFO] [stdout]   |                       ^^^^^^^^^
[INFO] [stdout]   |
[INFO] [stdout]   = note: import resolution is stuck, try simplifying macro imports
[INFO] [stdout] 
[INFO] [stdout] 
[INFO] [stdout] error: cannot determine resolution for the macro `cargo_bin`
[INFO] [stdout]  --> tests/subcommand_list.rs:4:23
[INFO] [stdout]   |
[INFO] [stdout] 4 |     const BIN: &str = cargo_bin!("dots");
[INFO] [stdout]   |                       ^^^^^^^^^
[INFO] [stdout]   |
[INFO] [stdout]   = note: import resolution is stuck, try simplifying macro imports
[INFO] [stdout] 
[INFO] [stdout] 
[INFO] [stdout] error[E0432]: unresolved import `test_utils`
[INFO] [stdout]   --> src/dot_package.rs:70:13
[INFO] [stdout]    |
[INFO] [stdout] 70 |         use test_utils::TestResult;
[INFO] [stdout]    |             ^^^^^^^^^^ use of undeclared crate or module `test_utils`
[INFO] [stdout] 
[INFO] [stdout] 
[INFO] [stdout] For more information about this error, try `rustc --explain E0432`.
[INFO] [stdout] 
[INFO] [stderr] error: could not compile `dots` (test "subcommand_help") due to 3 previous errors
[INFO] [stderr] warning: build failed, waiting for other jobs to finish...
[INFO] [stdout] error[E0432]: unresolved import `test_utils`
[INFO] [stdout]  --> tests/subcommand_add.rs:3:9
[INFO] [stdout]   |
[INFO] [stdout] 3 |     use test_utils::{cargo_bin, AssertableOutput, Fixture, TestManager, TestResult};
[INFO] [stdout]   |         ^^^^^^^^^^ use of undeclared crate or module `test_utils`
[INFO] [stdout] 
[INFO] [stdout] 
[INFO] [stdout] error: cannot determine resolution for the macro `cargo_bin`
[INFO] [stdout]  --> tests/subcommand_add.rs:6:23
[INFO] [stdout]   |
[INFO] [stdout] 6 |     const BIN: &str = cargo_bin!("dots");
[INFO] [stdout]   |                       ^^^^^^^^^
[INFO] [stdout]   |
[INFO] [stdout]   = note: import resolution is stuck, try simplifying macro imports
[INFO] [stdout] 
[INFO] [stdout] 
[INFO] [stdout] error: aborting due to 2 previous errors
[INFO] [stdout] 
[INFO] [stdout] 
[INFO] [stdout] For more information about this error, try `rustc --explain E0432`.
[INFO] [stdout] 
[INFO] [stdout] error[E0432]: unresolved import `test_utils`
[INFO] [stdout]  --> tests/subcommand_path.rs:2:9
[INFO] [stdout]   |
[INFO] [stdout] 2 |     use test_utils::{cargo_bin, AssertableOutput, Fixture, TestManager, TestResult};
[INFO] [stdout]   |         ^^^^^^^^^^ use of undeclared crate or module `test_utils`
[INFO] [stdout] 
[INFO] [stdout] 
[INFO] [stdout] error: aborting due to 2 previous errors
[INFO] [stdout] 
[INFO] [stdout] 
[INFO] [stdout] For more information about this error, try `rustc --explain E0432`.
[INFO] [stdout] 
[INFO] [stdout] error: cannot determine resolution for the macro `cargo_bin`
[INFO] [stdout]  --> tests/subcommand_path.rs:4:23
[INFO] [stdout]   |
[INFO] [stdout] 4 |     const BIN: &str = cargo_bin!("dots");
[INFO] [stdout]   |                       ^^^^^^^^^
[INFO] [stdout]   |
[INFO] [stdout]   = note: import resolution is stuck, try simplifying macro imports
[INFO] [stdout] 
[INFO] [stdout] 
[INFO] [stdout] error[E0432]: unresolved import `test_utils`
[INFO] [stdout]  --> tests/command_dots.rs:3:9
[INFO] [stdout]   |
[INFO] [stdout] 3 |     use test_utils::{cargo_bin, AssertableOutput, TestManager, TestResult};
[INFO] [stdout]   |         ^^^^^^^^^^ use of undeclared crate or module `test_utils`
[INFO] [stdout] 
[INFO] [stdout] 
[INFO] [stderr] error: could not compile `dots` (test "subcommand_list") due to 3 previous errors
[INFO] [stderr] error: could not compile `dots` (test "subcommand_uninstall") due to 3 previous errors
[INFO] [stdout] error: cannot determine resolution for the macro `cargo_bin`
[INFO] [stdout]  --> tests/command_dots.rs:4:23
[INFO] [stdout]   |
[INFO] [stdout] 4 |     const BIN: &str = cargo_bin!("dots");
[INFO] [stdout]   |                       ^^^^^^^^^
[INFO] [stdout]   |
[INFO] [stdout]   = note: import resolution is stuck, try simplifying macro imports
[INFO] [stdout] 
[INFO] [stdout] 
[INFO] [stdout] error: aborting due to 2 previous errors
[INFO] [stdout] 
[INFO] [stdout] 
[INFO] [stdout] For more information about this error, try `rustc --explain E0432`.
[INFO] [stdout] 
[INFO] [stdout] error: aborting due to 2 previous errors
[INFO] [stdout] 
[INFO] [stdout] 
[INFO] [stdout] For more information about this error, try `rustc --explain E0432`.
[INFO] [stdout] 
[INFO] [stderr] error: could not compile `dots` (test "subcommand_add") due to 3 previous errors
[INFO] [stderr] error: could not compile `dots` (test "subcommand_path") due to 3 previous errors
[INFO] [stdout] error: aborting due to 2 previous errors
[INFO] [stdout] 
[INFO] [stdout] 
[INFO] [stdout] For more information about this error, try `rustc --explain E0432`.
[INFO] [stdout] 
[INFO] [stdout] error: aborting due to 2 previous errors
[INFO] [stdout] 
[INFO] [stdout] 
[INFO] [stdout] For more information about this error, try `rustc --explain E0432`.
[INFO] [stdout] 
[INFO] [stderr] error: could not compile `dots` (test "command_dots") due to 3 previous errors
[INFO] [stderr] error: could not compile `dots` (test "subcommand_install") due to 3 previous errors
[INFO] [stdout] error: aborting due to previous error
[INFO] [stdout] 
[INFO] [stdout] 
[INFO] [stdout] For more information about this error, try `rustc --explain E0432`.
[INFO] [stdout] 
[INFO] [stderr] error: could not compile `dots` (bin "dots" test) due to 2 previous errors
[INFO] running `Command { std: "docker" "inspect" "8f9e19fcbfa6ee2467dd2d5870b3499c6690b3de31127baa1efeab5169ca7f9e", kill_on_drop: false }`
[INFO] running `Command { std: "docker" "rm" "-f" "8f9e19fcbfa6ee2467dd2d5870b3499c6690b3de31127baa1efeab5169ca7f9e", kill_on_drop: false }`
[INFO] [stdout] 8f9e19fcbfa6ee2467dd2d5870b3499c6690b3de31127baa1efeab5169ca7f9e
[INFO] testing dots-0.5.2 against beta-2023-12-22 for beta-1.76-1
[INFO] extracting crate dots 0.5.2 into /workspace/builds/worker-7-tc2/source
[INFO] validating manifest of crates.io crate dots 0.5.2 on toolchain beta-2023-12-22
[INFO] running `Command { std: CARGO_HOME="/workspace/cargo-home" RUSTUP_HOME="/workspace/rustup-home" "/workspace/cargo-home/bin/cargo" "+beta-2023-12-22" "metadata" "--manifest-path" "Cargo.toml" "--no-deps", kill_on_drop: false }`
[INFO] started tweaking crates.io crate dots 0.5.2
[INFO] finished tweaking crates.io crate dots 0.5.2
[INFO] tweaked toml for crates.io crate dots 0.5.2 written to /workspace/builds/worker-7-tc2/source/Cargo.toml
[INFO] crate crates.io crate dots 0.5.2 already has a lockfile, it will not be regenerated
[INFO] running `Command { std: CARGO_HOME="/workspace/cargo-home" RUSTUP_HOME="/workspace/rustup-home" "/workspace/cargo-home/bin/cargo" "+beta-2023-12-22" "fetch" "--manifest-path" "Cargo.toml", kill_on_drop: false }`
[INFO] running `Command { std: "docker" "create" "-v" "/var/lib/crater-agent-workspace/builds/worker-7-tc2/target:/opt/rustwide/target:rw,Z" "-v" "/var/lib/crater-agent-workspace/builds/worker-7-tc2/source:/opt/rustwide/workdir:ro,Z" "-v" "/var/lib/crater-agent-workspace/cargo-home:/opt/rustwide/cargo-home:ro,Z" "-v" "/var/lib/crater-agent-workspace/rustup-home:/opt/rustwide/rustup-home:ro,Z" "-e" "SOURCE_DIR=/opt/rustwide/workdir" "-e" "CARGO_TARGET_DIR=/opt/rustwide/target" "-e" "CARGO_HOME=/opt/rustwide/cargo-home" "-e" "RUSTUP_HOME=/opt/rustwide/rustup-home" "-w" "/opt/rustwide/workdir" "-m" "1610612736" "--user" "0:0" "--network" "none" "ghcr.io/rust-lang/crates-build-env/linux@sha256:2788e3201cd34a07e3172128adcd8b3090168a8e3bcc40d7c032b9dda1df7d1c" "/opt/rustwide/cargo-home/bin/cargo" "+beta-2023-12-22" "metadata" "--no-deps" "--format-version=1", kill_on_drop: false }`
[INFO] [stdout] 4166920702d72a0dd95b646c4bb52ecf9943285e90ede83ab0a677c3ed50d54d
[INFO] running `Command { std: "docker" "start" "-a" "4166920702d72a0dd95b646c4bb52ecf9943285e90ede83ab0a677c3ed50d54d", kill_on_drop: false }`
[INFO] running `Command { std: "docker" "inspect" "4166920702d72a0dd95b646c4bb52ecf9943285e90ede83ab0a677c3ed50d54d", kill_on_drop: false }`
[INFO] running `Command { std: "docker" "rm" "-f" "4166920702d72a0dd95b646c4bb52ecf9943285e90ede83ab0a677c3ed50d54d", kill_on_drop: false }`
[INFO] [stdout] 4166920702d72a0dd95b646c4bb52ecf9943285e90ede83ab0a677c3ed50d54d
[INFO] running `Command { std: "docker" "create" "-v" "/var/lib/crater-agent-workspace/builds/worker-7-tc2/target:/opt/rustwide/target:rw,Z" "-v" "/var/lib/crater-agent-workspace/builds/worker-7-tc2/source:/opt/rustwide/workdir:ro,Z" "-v" "/var/lib/crater-agent-workspace/cargo-home:/opt/rustwide/cargo-home:ro,Z" "-v" "/var/lib/crater-agent-workspace/rustup-home:/opt/rustwide/rustup-home:ro,Z" "-e" "SOURCE_DIR=/opt/rustwide/workdir" "-e" "CARGO_TARGET_DIR=/opt/rustwide/target" "-e" "CARGO_INCREMENTAL=0" "-e" "RUST_BACKTRACE=full" "-e" "RUSTFLAGS=--cap-lints=warn" "-e" "RUSTDOCFLAGS=--cap-lints=warn" "-e" "CARGO_HOME=/opt/rustwide/cargo-home" "-e" "RUSTUP_HOME=/opt/rustwide/rustup-home" "-w" "/opt/rustwide/workdir" "-m" "1610612736" "--user" "0:0" "--network" "none" "ghcr.io/rust-lang/crates-build-env/linux@sha256:2788e3201cd34a07e3172128adcd8b3090168a8e3bcc40d7c032b9dda1df7d1c" "/opt/rustwide/cargo-home/bin/cargo" "+beta-2023-12-22" "build" "--frozen" "--message-format=json", kill_on_drop: false }`
[INFO] [stdout] fd42c67c9a7b1bce7af78ee6f7f3bcf1a29e7d613f0d8475de7363259efce302
[INFO] running `Command { std: "docker" "start" "-a" "fd42c67c9a7b1bce7af78ee6f7f3bcf1a29e7d613f0d8475de7363259efce302", kill_on_drop: false }`
[INFO] [stderr]    Compiling libc v0.2.139
[INFO] [stderr]    Compiling proc-macro2 v1.0.37
[INFO] [stderr]    Compiling unicode-xid v0.2.2
[INFO] [stderr]    Compiling syn v1.0.91
[INFO] [stderr]    Compiling version_check v0.9.4
[INFO] [stderr]    Compiling io-lifetimes v1.0.3
[INFO] [stderr]    Compiling serde_derive v1.0.136
[INFO] [stderr]    Compiling bitflags v1.3.2
[INFO] [stderr]    Compiling memchr v2.4.1
[INFO] [stderr]    Compiling rustix v0.36.6
[INFO] [stderr]    Compiling proc-macro-error-attr v1.0.4
[INFO] [stderr]    Compiling serde v1.0.136
[INFO] [stderr]    Compiling proc-macro-error v1.0.4
[INFO] [stderr]    Compiling linux-raw-sys v0.1.4
[INFO] [stderr]    Compiling indexmap v1.8.1
[INFO] [stderr]    Compiling anyhow v1.0.56
[INFO] [stderr]    Compiling camino v1.0.7
[INFO] [stderr]    Compiling log v0.4.17
[INFO] [stderr]    Compiling quote v1.0.18
[INFO] [stderr]    Compiling aho-corasick v0.7.18
[INFO] [stderr]    Compiling hashbrown v0.11.2
[INFO] [stderr]    Compiling heck v0.4.0
[INFO] [stderr]    Compiling regex-syntax v0.6.25
[INFO] [stderr]    Compiling same-file v1.0.6
[INFO] [stderr]    Compiling os_str_bytes v6.0.0
[INFO] [stderr]    Compiling termcolor v1.1.3
[INFO] [stderr]    Compiling is_ci v1.1.1
[INFO] [stderr]    Compiling clap_lex v0.1.1
[INFO] [stderr]    Compiling walkdir v2.3.2
[INFO] [stderr]    Compiling atty v0.2.14
[INFO] [stderr]    Compiling dirs-sys v0.3.7
[INFO] [stderr]    Compiling dirs v4.0.0
[INFO] [stderr]    Compiling strsim v0.10.0
[INFO] [stderr]    Compiling remove_dir_all v0.5.3
[INFO] [stderr]    Compiling yansi v0.5.1
[INFO] [stderr]    Compiling textwrap v0.15.0
[INFO] [stderr]    Compiling regex v1.5.5
[INFO] [stderr]    Compiling fastrand v1.7.0
[INFO] [stderr]    Compiling humantime v2.1.0
[INFO] [stderr]    Compiling tempfile v3.3.0
[INFO] [stderr]    Compiling is-terminal v0.4.2
[INFO] [stderr]    Compiling supports-color v2.0.0
[INFO] [stderr]    Compiling env_logger v0.9.0
[INFO] [stderr]    Compiling clap_derive v3.1.7
[INFO] [stderr]    Compiling clap v3.1.9
[INFO] [stderr]    Compiling toml v0.5.9
[INFO] [stderr]    Compiling dots_internal_utils v0.5.0
[INFO] [stderr]    Compiling dots v0.5.2 (/opt/rustwide/workdir)
[INFO] [stderr]     Finished dev [unoptimized + debuginfo] target(s) in 13.53s
[INFO] running `Command { std: "docker" "inspect" "fd42c67c9a7b1bce7af78ee6f7f3bcf1a29e7d613f0d8475de7363259efce302", kill_on_drop: false }`
[INFO] running `Command { std: "docker" "rm" "-f" "fd42c67c9a7b1bce7af78ee6f7f3bcf1a29e7d613f0d8475de7363259efce302", kill_on_drop: false }`
[INFO] [stdout] fd42c67c9a7b1bce7af78ee6f7f3bcf1a29e7d613f0d8475de7363259efce302
[INFO] running `Command { std: "docker" "create" "-v" "/var/lib/crater-agent-workspace/builds/worker-7-tc2/target:/opt/rustwide/target:rw,Z" "-v" "/var/lib/crater-agent-workspace/builds/worker-7-tc2/source:/opt/rustwide/workdir:ro,Z" "-v" "/var/lib/crater-agent-workspace/cargo-home:/opt/rustwide/cargo-home:ro,Z" "-v" "/var/lib/crater-agent-workspace/rustup-home:/opt/rustwide/rustup-home:ro,Z" "-e" "SOURCE_DIR=/opt/rustwide/workdir" "-e" "CARGO_TARGET_DIR=/opt/rustwide/target" "-e" "CARGO_INCREMENTAL=0" "-e" "RUST_BACKTRACE=full" "-e" "RUSTFLAGS=--cap-lints=warn" "-e" "RUSTDOCFLAGS=--cap-lints=warn" "-e" "CARGO_HOME=/opt/rustwide/cargo-home" "-e" "RUSTUP_HOME=/opt/rustwide/rustup-home" "-w" "/opt/rustwide/workdir" "-m" "1610612736" "--user" "0:0" "--network" "none" "ghcr.io/rust-lang/crates-build-env/linux@sha256:2788e3201cd34a07e3172128adcd8b3090168a8e3bcc40d7c032b9dda1df7d1c" "/opt/rustwide/cargo-home/bin/cargo" "+beta-2023-12-22" "test" "--frozen" "--no-run" "--message-format=json", kill_on_drop: false }`
[INFO] [stdout] e6b567854e31e161813ac4fee60f4f53308578b0aa5f342e3ae009d21587dc13
[INFO] running `Command { std: "docker" "start" "-a" "e6b567854e31e161813ac4fee60f4f53308578b0aa5f342e3ae009d21587dc13", kill_on_drop: false }`
[INFO] [stderr]    Compiling dots v0.5.2 (/opt/rustwide/workdir)
[INFO] [stdout] error[E0432]: unresolved import `test_utils`
[INFO] [stdout]  --> tests/command_dots.rs:3:9
[INFO] [stdout]   |
[INFO] [stdout] 3 |     use test_utils::{cargo_bin, AssertableOutput, TestManager, TestResult};
[INFO] [stdout]   |         ^^^^^^^^^^ use of undeclared crate or module `test_utils`
[INFO] [stdout] 
[INFO] [stdout] 
[INFO] [stdout] error[E0432]: unresolved import `test_utils`
[INFO] [stdout]  --> tests/subcommand_install.rs:3:9
[INFO] [stdout]   |
[INFO] [stdout] 3 |     use test_utils::{
[INFO] [stdout]   |         ^^^^^^^^^^ use of undeclared crate or module `test_utils`
[INFO] [stdout] 
[INFO] [stdout] 
[INFO] [stdout] error: cannot determine resolution for the macro `cargo_bin`
[INFO] [stdout]  --> tests/command_dots.rs:4:23
[INFO] [stdout]   |
[INFO] [stdout] 4 |     const BIN: &str = cargo_bin!("dots");
[INFO] [stdout]   |                       ^^^^^^^^^
[INFO] [stdout]   |
[INFO] [stdout]   = note: import resolution is stuck, try simplifying macro imports
[INFO] [stdout] 
[INFO] [stdout] 
[INFO] [stdout] error[E0432]: unresolved import `test_utils`
[INFO] [stdout]  --> tests/subcommand_add.rs:3:9
[INFO] [stdout]   |
[INFO] [stdout] 3 |     use test_utils::{cargo_bin, AssertableOutput, Fixture, TestManager, TestResult};
[INFO] [stdout]   |         ^^^^^^^^^^ use of undeclared crate or module `test_utils`
[INFO] [stdout] 
[INFO] [stdout] 
[INFO] [stdout] error: cannot determine resolution for the macro `cargo_bin`
[INFO] [stdout]  --> tests/subcommand_install.rs:8:23
[INFO] [stdout]   |
[INFO] [stdout] 8 |     const BIN: &str = cargo_bin!("dots");
[INFO] [stdout]   |                       ^^^^^^^^^
[INFO] [stdout]   |
[INFO] [stdout]   = note: import resolution is stuck, try simplifying macro imports
[INFO] [stdout] 
[INFO] [stdout] 
[INFO] [stdout] error[E0432]: unresolved import `test_utils`
[INFO] [stdout]  --> tests/subcommand_list.rs:2:9
[INFO] [stdout]   |
[INFO] [stdout] 2 |     use test_utils::{cargo_bin, AssertableOutput, Fixture, TestManager, TestResult};
[INFO] [stdout]   |         ^^^^^^^^^^ use of undeclared crate or module `test_utils`
[INFO] [stdout] 
[INFO] [stdout] 
[INFO] [stdout] error: aborting due to 2 previous errors
[INFO] [stdout] 
[INFO] [stdout] 
[INFO] [stdout] For more information about this error, try `rustc --explain E0432`.
[INFO] [stdout] 
[INFO] [stdout] error: cannot determine resolution for the macro `cargo_bin`
[INFO] [stdout]  --> tests/subcommand_add.rs:6:23
[INFO] [stdout]   |
[INFO] [stdout] 6 |     const BIN: &str = cargo_bin!("dots");
[INFO] [stdout]   |                       ^^^^^^^^^
[INFO] [stdout]   |
[INFO] [stdout]   = note: import resolution is stuck, try simplifying macro imports
[INFO] [stdout] 
[INFO] [stdout] 
[INFO] [stderr] error: could not compile `dots` (test "command_dots") due to 3 previous errors
[INFO] [stderr] warning: build failed, waiting for other jobs to finish...
[INFO] [stdout] error: cannot determine resolution for the macro `cargo_bin`
[INFO] [stdout]  --> tests/subcommand_list.rs:4:23
[INFO] [stdout]   |
[INFO] [stdout] 4 |     const BIN: &str = cargo_bin!("dots");
[INFO] [stdout]   |                       ^^^^^^^^^
[INFO] [stdout]   |
[INFO] [stdout]   = note: import resolution is stuck, try simplifying macro imports
[INFO] [stdout] 
[INFO] [stdout] 
[INFO] [stdout] error[E0432]: unresolved import `test_utils`
[INFO] [stdout]  --> tests/subcommand_uninstall.rs:2:9
[INFO] [stdout]   |
[INFO] [stdout] 2 |     use test_utils::{cargo_bin, AssertableOutput, Fixture, TestManager, TestResult};
[INFO] [stdout]   |         ^^^^^^^^^^ use of undeclared crate or module `test_utils`
[INFO] [stdout] 
[INFO] [stdout] 
[INFO] [stdout] error[E0432]: unresolved import `test_utils`
[INFO] [stdout]  --> tests/subcommand_path.rs:2:9
[INFO] [stdout]   |
[INFO] [stdout] 2 |     use test_utils::{cargo_bin, AssertableOutput, Fixture, TestManager, TestResult};
[INFO] [stdout]   |         ^^^^^^^^^^ use of undeclared crate or module `test_utils`
[INFO] [stdout] 
[INFO] [stdout] 
[INFO] [stdout] error: cannot determine resolution for the macro `cargo_bin`
[INFO] [stdout]  --> tests/subcommand_uninstall.rs:3:23
[INFO] [stdout]   |
[INFO] [stdout] 3 |     const BIN: &str = cargo_bin!("dots");
[INFO] [stdout]   |                       ^^^^^^^^^
[INFO] [stdout]   |
[INFO] [stdout]   = note: import resolution is stuck, try simplifying macro imports
[INFO] [stdout] 
[INFO] [stdout] 
[INFO] [stdout] error: cannot determine resolution for the macro `cargo_bin`
[INFO] [stdout]  --> tests/subcommand_path.rs:4:23
[INFO] [stdout]   |
[INFO] [stdout] 4 |     const BIN: &str = cargo_bin!("dots");
[INFO] [stdout]   |                       ^^^^^^^^^
[INFO] [stdout]   |
[INFO] [stdout]   = note: import resolution is stuck, try simplifying macro imports
[INFO] [stdout] 
[INFO] [stdout] 
[INFO] [stdout] error[E0432]: unresolved import `test_utils`
[INFO] [stdout]  --> tests/subcommand_help.rs:3:9
[INFO] [stdout]   |
[INFO] [stdout] 3 |     use test_utils::{cargo_bin, AssertableOutput, TestManager, TestResult};
[INFO] [stdout]   |         ^^^^^^^^^^ use of undeclared crate or module `test_utils`
[INFO] [stdout] 
[INFO] [stdout] 
[INFO] [stdout] error: cannot determine resolution for the macro `cargo_bin`
[INFO] [stdout]  --> tests/subcommand_help.rs:4:23
[INFO] [stdout]   |
[INFO] [stdout] 4 |     const BIN: &str = cargo_bin!("dots");
[INFO] [stdout]   |                       ^^^^^^^^^
[INFO] [stdout]   |
[INFO] [stdout]   = note: import resolution is stuck, try simplifying macro imports
[INFO] [stdout] 
[INFO] [stdout] 
[INFO] [stdout] error: aborting due to 2 previous errors
[INFO] [stdout] 
[INFO] [stdout] 
[INFO] [stdout] error: aborting due to 2 previous errors
[INFO] [stdout] 
[INFO] [stdout] 
[INFO] [stdout] error: aborting due to 2 previous errors
[INFO] [stdout] 
[INFO] [stdout] 
[INFO] [stdout] For more information about this error, try `rustc --explain E0432`.
[INFO] [stdout] 
[INFO] [stdout] For more information about this error, try `rustc --explain E0432`.
[INFO] [stdout] 
[INFO] [stdout] error: aborting due to 2 previous errors
[INFO] [stdout] 
[INFO] [stdout] 
[INFO] [stdout] For more information about this error, try `rustc --explain E0432`.
[INFO] [stdout] 
[INFO] [stdout] error: aborting due to 2 previous errors
[INFO] [stdout] 
[INFO] [stdout] 
[INFO] [stdout] For more information about this error, try `rustc --explain E0432`.
[INFO] [stdout] 
[INFO] [stdout] For more information about this error, try `rustc --explain E0432`.
[INFO] [stdout] 
[INFO] [stderr] error: could not compile `dots` (test "subcommand_uninstall") due to 3 previous errors
[INFO] [stderr] error: could not compile `dots` (test "subcommand_path") due to 3 previous errors
[INFO] [stderr] error: could not compile `dots` (test "subcommand_list") due to 3 previous errors
[INFO] [stderr] error: could not compile `dots` (test "subcommand_add") due to 3 previous errors
[INFO] [stderr] error: could not compile `dots` (test "subcommand_help") due to 3 previous errors
[INFO] [stdout] error: aborting due to 2 previous errors
[INFO] [stdout] 
[INFO] [stdout] 
[INFO] [stdout] For more information about this error, try `rustc --explain E0432`.
[INFO] [stdout] 
[INFO] [stderr] error: could not compile `dots` (test "subcommand_install") due to 3 previous errors
[INFO] [stdout] error[E0432]: unresolved import `test_utils`
[INFO] [stdout]   --> src/dot_package.rs:70:13
[INFO] [stdout]    |
[INFO] [stdout] 70 |         use test_utils::TestResult;
[INFO] [stdout]    |             ^^^^^^^^^^ use of undeclared crate or module `test_utils`
[INFO] [stdout] 
[INFO] [stdout] 
[INFO] [stdout] error: aborting due to 1 previous error
[INFO] [stdout] 
[INFO] [stdout] 
[INFO] [stdout] For more information about this error, try `rustc --explain E0432`.
[INFO] [stdout] 
[INFO] [stderr] error: could not compile `dots` (bin "dots" test) due to 2 previous errors
[INFO] running `Command { std: "docker" "inspect" "e6b567854e31e161813ac4fee60f4f53308578b0aa5f342e3ae009d21587dc13", kill_on_drop: false }`
[INFO] running `Command { std: "docker" "rm" "-f" "e6b567854e31e161813ac4fee60f4f53308578b0aa5f342e3ae009d21587dc13", kill_on_drop: false }`
[INFO] [stdout] e6b567854e31e161813ac4fee60f4f53308578b0aa5f342e3ae009d21587dc13
