[INFO] fetching crate dos-uid 0.1.2...
[INFO] testing dos-uid-0.1.2 against 1.75.0 for beta-1.76-1
[INFO] extracting crate dos-uid 0.1.2 into /workspace/builds/worker-3-tc1/source
[INFO] validating manifest of crates.io crate dos-uid 0.1.2 on toolchain 1.75.0
[INFO] running `Command { std: CARGO_HOME="/workspace/cargo-home" RUSTUP_HOME="/workspace/rustup-home" "/workspace/cargo-home/bin/cargo" "+1.75.0" "metadata" "--manifest-path" "Cargo.toml" "--no-deps", kill_on_drop: false }`
[INFO] started tweaking crates.io crate dos-uid 0.1.2
[INFO] finished tweaking crates.io crate dos-uid 0.1.2
[INFO] tweaked toml for crates.io crate dos-uid 0.1.2 written to /workspace/builds/worker-3-tc1/source/Cargo.toml
[INFO] running `Command { std: CARGO_HOME="/workspace/cargo-home" RUSTUP_HOME="/workspace/rustup-home" "/workspace/cargo-home/bin/cargo" "+1.75.0" "generate-lockfile" "--manifest-path" "Cargo.toml", kill_on_drop: false }`
[INFO] [stderr]     Updating crates.io index
[INFO] running `Command { std: CARGO_HOME="/workspace/cargo-home" RUSTUP_HOME="/workspace/rustup-home" "/workspace/cargo-home/bin/cargo" "+1.75.0" "fetch" "--manifest-path" "Cargo.toml", kill_on_drop: false }`
[INFO] [stderr]  Downloading crates ...
[INFO] [stderr]   Downloaded dos-uid-derive v0.3.2
[INFO] running `Command { std: "docker" "create" "-v" "/var/lib/crater-agent-workspace/builds/worker-3-tc1/target:/opt/rustwide/target:rw,Z" "-v" "/var/lib/crater-agent-workspace/builds/worker-3-tc1/source:/opt/rustwide/workdir:ro,Z" "-v" "/var/lib/crater-agent-workspace/cargo-home:/opt/rustwide/cargo-home:ro,Z" "-v" "/var/lib/crater-agent-workspace/rustup-home:/opt/rustwide/rustup-home:ro,Z" "-e" "SOURCE_DIR=/opt/rustwide/workdir" "-e" "CARGO_TARGET_DIR=/opt/rustwide/target" "-e" "CARGO_HOME=/opt/rustwide/cargo-home" "-e" "RUSTUP_HOME=/opt/rustwide/rustup-home" "-w" "/opt/rustwide/workdir" "-m" "1610612736" "--user" "0:0" "--network" "none" "ghcr.io/rust-lang/crates-build-env/linux@sha256:2788e3201cd34a07e3172128adcd8b3090168a8e3bcc40d7c032b9dda1df7d1c" "/opt/rustwide/cargo-home/bin/cargo" "+1.75.0" "metadata" "--no-deps" "--format-version=1", kill_on_drop: false }`
[INFO] [stdout] 6dfee0a35d00428d8bba1e6088c79c20957be47bc675088b5d98afdc082e6406
[INFO] running `Command { std: "docker" "start" "-a" "6dfee0a35d00428d8bba1e6088c79c20957be47bc675088b5d98afdc082e6406", kill_on_drop: false }`
[INFO] running `Command { std: "docker" "inspect" "6dfee0a35d00428d8bba1e6088c79c20957be47bc675088b5d98afdc082e6406", kill_on_drop: false }`
[INFO] running `Command { std: "docker" "rm" "-f" "6dfee0a35d00428d8bba1e6088c79c20957be47bc675088b5d98afdc082e6406", kill_on_drop: false }`
[INFO] [stdout] 6dfee0a35d00428d8bba1e6088c79c20957be47bc675088b5d98afdc082e6406
[INFO] running `Command { std: "docker" "create" "-v" "/var/lib/crater-agent-workspace/builds/worker-3-tc1/target:/opt/rustwide/target:rw,Z" "-v" "/var/lib/crater-agent-workspace/builds/worker-3-tc1/source:/opt/rustwide/workdir:ro,Z" "-v" "/var/lib/crater-agent-workspace/cargo-home:/opt/rustwide/cargo-home:ro,Z" "-v" "/var/lib/crater-agent-workspace/rustup-home:/opt/rustwide/rustup-home:ro,Z" "-e" "SOURCE_DIR=/opt/rustwide/workdir" "-e" "CARGO_TARGET_DIR=/opt/rustwide/target" "-e" "CARGO_INCREMENTAL=0" "-e" "RUST_BACKTRACE=full" "-e" "RUSTFLAGS=--cap-lints=warn" "-e" "RUSTDOCFLAGS=--cap-lints=warn" "-e" "CARGO_HOME=/opt/rustwide/cargo-home" "-e" "RUSTUP_HOME=/opt/rustwide/rustup-home" "-w" "/opt/rustwide/workdir" "-m" "1610612736" "--user" "0:0" "--network" "none" "ghcr.io/rust-lang/crates-build-env/linux@sha256:2788e3201cd34a07e3172128adcd8b3090168a8e3bcc40d7c032b9dda1df7d1c" "/opt/rustwide/cargo-home/bin/cargo" "+1.75.0" "build" "--frozen" "--message-format=json", kill_on_drop: false }`
[INFO] [stdout] 23dc0f1ca37ac11ef31bce9af2490f738e8cb02cc939d2955e51be7c2deddb38
[INFO] running `Command { std: "docker" "start" "-a" "23dc0f1ca37ac11ef31bce9af2490f738e8cb02cc939d2955e51be7c2deddb38", kill_on_drop: false }`
[INFO] [stderr]    Compiling syn v1.0.109
[INFO] [stderr]    Compiling dos-uid-derive v0.3.2
[INFO] [stderr]    Compiling dos-uid v0.1.2 (/opt/rustwide/workdir)
[INFO] [stderr]     Finished dev [unoptimized + debuginfo] target(s) in 2.12s
[INFO] running `Command { std: "docker" "inspect" "23dc0f1ca37ac11ef31bce9af2490f738e8cb02cc939d2955e51be7c2deddb38", kill_on_drop: false }`
[INFO] running `Command { std: "docker" "rm" "-f" "23dc0f1ca37ac11ef31bce9af2490f738e8cb02cc939d2955e51be7c2deddb38", kill_on_drop: false }`
[INFO] [stdout] 23dc0f1ca37ac11ef31bce9af2490f738e8cb02cc939d2955e51be7c2deddb38
[INFO] running `Command { std: "docker" "create" "-v" "/var/lib/crater-agent-workspace/builds/worker-3-tc1/target:/opt/rustwide/target:rw,Z" "-v" "/var/lib/crater-agent-workspace/builds/worker-3-tc1/source:/opt/rustwide/workdir:ro,Z" "-v" "/var/lib/crater-agent-workspace/cargo-home:/opt/rustwide/cargo-home:ro,Z" "-v" "/var/lib/crater-agent-workspace/rustup-home:/opt/rustwide/rustup-home:ro,Z" "-e" "SOURCE_DIR=/opt/rustwide/workdir" "-e" "CARGO_TARGET_DIR=/opt/rustwide/target" "-e" "CARGO_INCREMENTAL=0" "-e" "RUST_BACKTRACE=full" "-e" "RUSTFLAGS=--cap-lints=warn" "-e" "RUSTDOCFLAGS=--cap-lints=warn" "-e" "CARGO_HOME=/opt/rustwide/cargo-home" "-e" "RUSTUP_HOME=/opt/rustwide/rustup-home" "-w" "/opt/rustwide/workdir" "-m" "1610612736" "--user" "0:0" "--network" "none" "ghcr.io/rust-lang/crates-build-env/linux@sha256:2788e3201cd34a07e3172128adcd8b3090168a8e3bcc40d7c032b9dda1df7d1c" "/opt/rustwide/cargo-home/bin/cargo" "+1.75.0" "test" "--frozen" "--no-run" "--message-format=json", kill_on_drop: false }`
[INFO] [stdout] c58446cfaf0459faa7fda96a5ffb52742bf5469cff4a96213836ce5a7c5e0372
[INFO] running `Command { std: "docker" "start" "-a" "c58446cfaf0459faa7fda96a5ffb52742bf5469cff4a96213836ce5a7c5e0372", kill_on_drop: false }`
[INFO] [stderr]    Compiling dos-uid v0.1.2 (/opt/rustwide/workdir)
[INFO] [stdout] error[E0405]: cannot find trait `UniqueIdentifier` in this scope
[INFO] [stdout]   --> src/lib.rs:13:14
[INFO] [stdout]    |
[INFO] [stdout] 13 |     #[derive(UID)]
[INFO] [stdout]    |              ^^^ not found in this scope
[INFO] [stdout]    |
[INFO] [stdout]    = note: this error originates in the derive macro `UID` (in Nightly builds, run with -Z macro-backtrace for more info)
[INFO] [stdout] help: consider importing this trait
[INFO] [stdout]    |
[INFO] [stdout] 10 +     use crate::UniqueIdentifier;
[INFO] [stdout]    |
[INFO] [stdout] 
[INFO] [stdout] 
[INFO] [stdout] error[E0405]: cannot find trait `UniqueIdentifier` in this scope
[INFO] [stdout]   --> src/lib.rs:28:18
[INFO] [stdout]    |
[INFO] [stdout] 28 |         #[derive(UID)]
[INFO] [stdout]    |                  ^^^ not found in this scope
[INFO] [stdout]    |
[INFO] [stdout]    = note: this error originates in the derive macro `UID` (in Nightly builds, run with -Z macro-backtrace for more info)
[INFO] [stdout] help: consider importing this trait
[INFO] [stdout]    |
[INFO] [stdout] 10 +     use crate::UniqueIdentifier;
[INFO] [stdout]    |
[INFO] [stdout] 
[INFO] [stdout] 
[INFO] [stdout] error[E0405]: cannot find trait `UniqueIdentifier` in this scope
[INFO] [stdout]   --> src/lib.rs:35:18
[INFO] [stdout]    |
[INFO] [stdout] 35 |         #[derive(UID)]
[INFO] [stdout]    |                  ^^^ not found in this scope
[INFO] [stdout]    |
[INFO] [stdout]    = note: this error originates in the derive macro `UID` (in Nightly builds, run with -Z macro-backtrace for more info)
[INFO] [stdout] help: consider importing this trait
[INFO] [stdout]    |
[INFO] [stdout] 10 +     use crate::UniqueIdentifier;
[INFO] [stdout]    |
[INFO] [stdout] 
[INFO] [stdout] 
[INFO] [stdout] error: aborting due to 3 previous errors
[INFO] [stdout] 
[INFO] [stdout] 
[INFO] [stdout] For more information about this error, try `rustc --explain E0405`.
[INFO] [stdout] 
[INFO] [stderr] error: could not compile `dos-uid` (lib test) due to 4 previous errors
[INFO] running `Command { std: "docker" "inspect" "c58446cfaf0459faa7fda96a5ffb52742bf5469cff4a96213836ce5a7c5e0372", kill_on_drop: false }`
[INFO] running `Command { std: "docker" "rm" "-f" "c58446cfaf0459faa7fda96a5ffb52742bf5469cff4a96213836ce5a7c5e0372", kill_on_drop: false }`
[INFO] [stdout] c58446cfaf0459faa7fda96a5ffb52742bf5469cff4a96213836ce5a7c5e0372
