[INFO] fetching crate dora-daemon 0.3.0...
[INFO] testing dora-daemon-0.3.0 against 1.75.0 for beta-1.76-1
[INFO] extracting crate dora-daemon 0.3.0 into /workspace/builds/worker-4-tc1/source
[INFO] validating manifest of crates.io crate dora-daemon 0.3.0 on toolchain 1.75.0
[INFO] running `Command { std: CARGO_HOME="/workspace/cargo-home" RUSTUP_HOME="/workspace/rustup-home" "/workspace/cargo-home/bin/cargo" "+1.75.0" "metadata" "--manifest-path" "Cargo.toml" "--no-deps", kill_on_drop: false }`
[INFO] started tweaking crates.io crate dora-daemon 0.3.0
[INFO] finished tweaking crates.io crate dora-daemon 0.3.0
[INFO] tweaked toml for crates.io crate dora-daemon 0.3.0 written to /workspace/builds/worker-4-tc1/source/Cargo.toml
[INFO] crate crates.io crate dora-daemon 0.3.0 already has a lockfile, it will not be regenerated
[INFO] running `Command { std: CARGO_HOME="/workspace/cargo-home" RUSTUP_HOME="/workspace/rustup-home" "/workspace/cargo-home/bin/cargo" "+1.75.0" "fetch" "--manifest-path" "Cargo.toml", kill_on_drop: false }`
[INFO] [stderr]     Updating crates.io index
[INFO] [stderr]  Downloading crates ...
[INFO] [stderr]   Downloaded opentelemetry v0.18.0
[INFO] [stderr]   Downloaded const-random-macro v0.1.15
[INFO] [stderr]   Downloaded shellexpand v2.1.2
[INFO] [stderr]   Downloaded tracing-opentelemetry v0.18.0
[INFO] [stderr]   Downloaded const-random v0.1.15
[INFO] [stderr]   Downloaded opentelemetry_api v0.18.0
[INFO] [stderr]   Downloaded ctrlc v3.4.1
[INFO] [stderr]   Downloaded opentelemetry_sdk v0.18.0
[INFO] [stderr]   Downloaded serde_bytes v0.11.12
[INFO] [stderr]   Downloaded capnp v0.14.11
[INFO] [stderr]   Downloaded windows_x86_64_gnu v0.34.0
[INFO] [stderr]   Downloaded uhlc v0.5.2
[INFO] [stderr]   Downloaded windows_i686_msvc v0.34.0
[INFO] [stderr]   Downloaded opentelemetry-jaeger v0.17.0
[INFO] [stderr]   Downloaded windows_aarch64_msvc v0.34.0
[INFO] [stderr]   Downloaded serde-with-expand-env v1.1.0
[INFO] [stderr]   Downloaded windows_i686_gnu v0.34.0
[INFO] [stderr]   Downloaded windows_x86_64_msvc v0.34.0
[INFO] [stderr]   Downloaded ghost v0.1.14
[INFO] [stderr]   Downloaded raw_sync_2 v0.1.5
[INFO] [stderr]   Downloaded inventory v0.3.12
[INFO] [stderr]   Downloaded opentelemetry-semantic-conventions v0.10.0
[INFO] [stderr]   Downloaded thrift v0.16.0
[INFO] [stderr]   Downloaded windows v0.34.0
[INFO] [stderr]   Downloaded dora-download v0.3.0
[INFO] [stderr]   Downloaded aligned-vec v0.5.0
[INFO] [stderr]   Downloaded dora-message v0.3.0
[INFO] [stderr]   Downloaded dora-core v0.3.0
[INFO] [stderr]   Downloaded dora-node-api v0.3.0
[INFO] [stderr]   Downloaded arrow-arith v48.0.0
[INFO] [stderr]   Downloaded arrow-csv v48.0.0
[INFO] [stderr]   Downloaded arrow-ipc v48.0.0
[INFO] [stderr]   Downloaded arrow-cast v48.0.0
[INFO] [stderr]   Downloaded arrow-json v48.0.0
[INFO] [stderr]   Downloaded arrow-ord v48.0.0
[INFO] [stderr]   Downloaded arrow-row v48.0.0
[INFO] [stderr]   Downloaded arrow-array v48.0.0
[INFO] [stderr]   Downloaded arrow-buffer v48.0.0
[INFO] [stderr]   Downloaded arrow-data v48.0.0
[INFO] [stderr]   Downloaded arrow-schema v48.0.0
[INFO] [stderr]   Downloaded arrow-select v48.0.0
[INFO] [stderr]   Downloaded arrow-string v48.0.0
[INFO] [stderr]   Downloaded arrow v48.0.0
[INFO] [stderr]   Downloaded dora-arrow-convert v0.3.0
[INFO] [stderr]   Downloaded safer_ffi-proc_macros v0.1.3
[INFO] [stderr]   Downloaded uninit v0.5.1
[INFO] [stderr]   Downloaded unwind_safe v0.1.0
[INFO] [stderr]   Downloaded with_builtin_macros-proc_macros v0.0.3
[INFO] [stderr]   Downloaded with_builtin_macros v0.0.3
[INFO] [stderr]   Downloaded safer-ffi v0.1.3
[INFO] [stderr]   Downloaded dora-operator-api-types v0.3.0
[INFO] [stderr]   Downloaded dora-runtime v0.3.0
[INFO] [stderr]   Downloaded dora-tracing v0.3.0
[INFO] [stderr]   Downloaded shared-memory-server v0.3.0
[INFO] [stderr]   Downloaded futures-concurrency v7.4.3
[INFO] [stderr]   Downloaded win-sys v0.3.1
[INFO] [stderr]   Downloaded shared_memory_extended v0.13.0
[INFO] running `Command { std: "docker" "create" "-v" "/var/lib/crater-agent-workspace/builds/worker-4-tc1/target:/opt/rustwide/target:rw,Z" "-v" "/var/lib/crater-agent-workspace/builds/worker-4-tc1/source:/opt/rustwide/workdir:ro,Z" "-v" "/var/lib/crater-agent-workspace/cargo-home:/opt/rustwide/cargo-home:ro,Z" "-v" "/var/lib/crater-agent-workspace/rustup-home:/opt/rustwide/rustup-home:ro,Z" "-e" "SOURCE_DIR=/opt/rustwide/workdir" "-e" "CARGO_TARGET_DIR=/opt/rustwide/target" "-e" "CARGO_HOME=/opt/rustwide/cargo-home" "-e" "RUSTUP_HOME=/opt/rustwide/rustup-home" "-w" "/opt/rustwide/workdir" "-m" "1610612736" "--user" "0:0" "--network" "none" "ghcr.io/rust-lang/crates-build-env/linux@sha256:2788e3201cd34a07e3172128adcd8b3090168a8e3bcc40d7c032b9dda1df7d1c" "/opt/rustwide/cargo-home/bin/cargo" "+1.75.0" "metadata" "--no-deps" "--format-version=1", kill_on_drop: false }`
[INFO] [stdout] a2579faa6b59c7e152a02c7f90c0adc33d9ac539f6864bd54853311ead17c220
[INFO] running `Command { std: "docker" "start" "-a" "a2579faa6b59c7e152a02c7f90c0adc33d9ac539f6864bd54853311ead17c220", kill_on_drop: false }`
[INFO] running `Command { std: "docker" "inspect" "a2579faa6b59c7e152a02c7f90c0adc33d9ac539f6864bd54853311ead17c220", kill_on_drop: false }`
[INFO] running `Command { std: "docker" "rm" "-f" "a2579faa6b59c7e152a02c7f90c0adc33d9ac539f6864bd54853311ead17c220", kill_on_drop: false }`
[INFO] [stdout] a2579faa6b59c7e152a02c7f90c0adc33d9ac539f6864bd54853311ead17c220
[INFO] running `Command { std: "docker" "create" "-v" "/var/lib/crater-agent-workspace/builds/worker-4-tc1/target:/opt/rustwide/target:rw,Z" "-v" "/var/lib/crater-agent-workspace/builds/worker-4-tc1/source:/opt/rustwide/workdir:ro,Z" "-v" "/var/lib/crater-agent-workspace/cargo-home:/opt/rustwide/cargo-home:ro,Z" "-v" "/var/lib/crater-agent-workspace/rustup-home:/opt/rustwide/rustup-home:ro,Z" "-e" "SOURCE_DIR=/opt/rustwide/workdir" "-e" "CARGO_TARGET_DIR=/opt/rustwide/target" "-e" "CARGO_INCREMENTAL=0" "-e" "RUST_BACKTRACE=full" "-e" "RUSTFLAGS=--cap-lints=warn" "-e" "RUSTDOCFLAGS=--cap-lints=warn" "-e" "CARGO_HOME=/opt/rustwide/cargo-home" "-e" "RUSTUP_HOME=/opt/rustwide/rustup-home" "-w" "/opt/rustwide/workdir" "-m" "1610612736" "--user" "0:0" "--network" "none" "ghcr.io/rust-lang/crates-build-env/linux@sha256:2788e3201cd34a07e3172128adcd8b3090168a8e3bcc40d7c032b9dda1df7d1c" "/opt/rustwide/cargo-home/bin/cargo" "+1.75.0" "build" "--frozen" "--message-format=json", kill_on_drop: false }`
[INFO] [stdout] e11d13d685debf918185a1ae331df79811258ec6ab50238c29c4f7e8945bcbbc
[INFO] running `Command { std: "docker" "start" "-a" "e11d13d685debf918185a1ae331df79811258ec6ab50238c29c4f7e8945bcbbc", kill_on_drop: false }`
[INFO] [stderr]    Compiling proc-macro2 v1.0.68
[INFO] [stderr]    Compiling libc v0.2.148
[INFO] [stderr]    Compiling once_cell v1.18.0
[INFO] [stderr]    Compiling serde v1.0.188
[INFO] [stderr]    Compiling libm v0.2.7
[INFO] [stderr]    Compiling num-traits v0.2.16
[INFO] [stderr]    Compiling memchr v2.6.4
[INFO] [stderr]    Compiling hashbrown v0.14.1
[INFO] [stderr]    Compiling scopeguard v1.2.0
[INFO] [stderr]    Compiling lock_api v0.4.10
[INFO] [stderr]    Compiling num-bigint v0.4.4
[INFO] [stderr]    Compiling futures-core v0.3.28
[INFO] [stderr]    Compiling bitflags v2.4.0
[INFO] [stderr]    Compiling quote v1.0.33
[INFO] [stderr]    Compiling num-iter v0.1.43
[INFO] [stderr]    Compiling num-rational v0.4.1
[INFO] [stderr]    Compiling syn v2.0.38
[INFO] [stderr]    Compiling smallvec v1.11.1
[INFO] [stderr]    Compiling parking_lot_core v0.9.8
[INFO] [stderr]    Compiling futures-sink v0.3.28
[INFO] [stderr]    Compiling itoa v1.0.9
[INFO] [stderr]    Compiling futures-task v0.3.28
[INFO] [stderr]    Compiling futures-channel v0.3.28
[INFO] [stderr]    Compiling ahash v0.8.3
[INFO] [stderr]    Compiling futures-util v0.3.28
[INFO] [stderr]    Compiling indexmap v1.9.3
[INFO] [stderr]    Compiling futures-io v0.3.28
[INFO] [stderr]    Compiling syn v1.0.109
[INFO] [stderr]    Compiling iana-time-zone v0.1.57
[INFO] [stderr]    Compiling ryu v1.0.15
[INFO] [stderr]    Compiling lexical-util v0.8.5
[INFO] [stderr]    Compiling num-integer v0.1.45
[INFO] [stderr]    Compiling getrandom v0.2.10
[INFO] [stderr]    Compiling num-complex v0.4.4
[INFO] [stderr]    Compiling half v2.3.1
[INFO] [stderr]    Compiling num_cpus v1.16.0
[INFO] [stderr]    Compiling mio v0.8.8
[INFO] [stderr]    Compiling parking_lot v0.12.1
[INFO] [stderr]    Compiling signal-hook-registry v1.4.1
[INFO] [stderr]    Compiling socket2 v0.5.4
[INFO] [stderr]    Compiling chrono v0.4.31
[INFO] [stderr]    Compiling tracing-core v0.1.31
[INFO] [stderr]    Compiling rand_core v0.6.4
[INFO] [stderr]    Compiling aho-corasick v1.1.1
[INFO] [stderr]    Compiling regex-syntax v0.7.5
[INFO] [stderr]    Compiling semver v1.0.19
[INFO] [stderr]    Compiling percent-encoding v2.3.0
[INFO] [stderr]    Compiling num v0.4.1
[INFO] [stderr]    Compiling arrow-buffer v48.0.0
[INFO] [stderr]    Compiling rand_chacha v0.3.1
[INFO] [stderr]    Compiling lexical-write-integer v0.8.5
[INFO] [stderr]    Compiling lexical-parse-integer v0.8.6
[INFO] [stderr]    Compiling thiserror v1.0.49
[INFO] [stderr]    Compiling regex-automata v0.3.9
[INFO] [stderr]    Compiling eyre v0.6.8
[INFO] [stderr]    Compiling lexical-parse-float v0.8.5
[INFO] [stderr]    Compiling lexical-write-float v0.8.5
[INFO] [stderr]    Compiling rand v0.8.5
[INFO] [stderr]    Compiling cc v1.0.83
[INFO] [stderr]    Compiling indenter v0.3.3
[INFO] [stderr]    Compiling crossbeam-utils v0.8.16
[INFO] [stderr]    Compiling rustc_version v0.4.0
[INFO] [stderr]    Compiling lexical-core v0.8.5
[INFO] [stderr]    Compiling async-trait v0.1.73
[INFO] [stderr]    Compiling indexmap v2.0.2
[INFO] [stderr]    Compiling flatbuffers v23.5.26
[INFO] [stderr]    Compiling ring v0.16.20
[INFO] [stderr]    Compiling regex v1.9.6
[INFO] [stderr]    Compiling serde_json v1.0.107
[INFO] [stderr]    Compiling serde_derive v1.0.188
[INFO] [stderr]    Compiling futures-macro v0.3.28
[INFO] [stderr]    Compiling tokio-macros v2.1.0
[INFO] [stderr]    Compiling tracing-attributes v0.1.26
[INFO] [stderr]    Compiling thiserror-impl v1.0.49
[INFO] [stderr]    Compiling crossbeam-channel v0.5.8
[INFO] [stderr]    Compiling tokio v1.32.0
[INFO] [stderr]    Compiling dashmap v5.5.3
[INFO] [stderr]    Compiling csv-core v0.1.11
[INFO] [stderr]    Compiling tracing v0.1.37
[INFO] [stderr]    Compiling memoffset v0.6.5
[INFO] [stderr]    Compiling untrusted v0.7.1
[INFO] [stderr]    Compiling spin v0.5.2
[INFO] [stderr]    Compiling ext-trait-proc_macros v1.0.1
[INFO] [stderr]    Compiling http v0.2.9
[INFO] [stderr]    Compiling dirs-sys v0.3.7
[INFO] [stderr]    Compiling spin v0.9.8
[INFO] [stderr]    Compiling prettyplease v0.1.25
[INFO] [stderr]    Compiling rustix v0.38.20
[INFO] [stderr]    Compiling regex-syntax v0.8.2
[INFO] [stderr]    Compiling ext-trait v1.0.1
[INFO] [stderr]    Compiling dirs v4.0.0
[INFO] [stderr]    Compiling pin-project-internal v1.1.3
[INFO] [stderr]    Compiling form_urlencoded v1.2.0
[INFO] [stderr]    Compiling unicode-bidi v0.3.13
[INFO] [stderr]    Compiling futures-executor v0.3.28
[INFO] [stderr]    Compiling opentelemetry_api v0.18.0
[INFO] [stderr]    Compiling macro_rules_attribute-proc_macro v0.1.3
[INFO] [stderr]    Compiling try-lock v0.2.4
[INFO] [stderr]    Compiling overload v0.1.1
[INFO] [stderr]    Compiling linux-raw-sys v0.4.8
[INFO] [stderr]    Compiling inventory v0.1.11
[INFO] [stderr]    Compiling hex v0.4.3
[INFO] [stderr]    Compiling rustls v0.21.7
[INFO] [stderr]    Compiling tokio-stream v0.1.14
[INFO] [stderr]    Compiling tokio-util v0.7.9
[INFO] [stderr]    Compiling utf8parse v0.2.1
[INFO] [stderr]    Compiling pin-project v1.1.3
[INFO] [stderr]    Compiling anstyle-parse v0.2.2
[INFO] [stderr]    Compiling macro_rules_attribute v0.1.3
[INFO] [stderr]    Compiling opentelemetry_sdk v0.18.0
[INFO] [stderr]    Compiling h2 v0.3.21
[INFO] [stderr]    Compiling nu-ansi-term v0.46.0
[INFO] [stderr]    Compiling want v0.3.1
[INFO] [stderr]    Compiling idna v0.4.0
[INFO] [stderr]    Compiling futures v0.3.28
[INFO] [stderr]    Compiling nix v0.23.2
[INFO] [stderr]    Compiling arrow-schema v48.0.0
[INFO] [stderr]    Compiling csv v1.3.0
[INFO] [stderr]    Compiling arrow-data v48.0.0
[INFO] [stderr]    Compiling uuid v1.4.1
[INFO] [stderr]    Compiling opentelemetry v0.18.0
[INFO] [stderr]    Compiling arrow-array v48.0.0
[INFO] [stderr]    Compiling uhlc v0.5.2
[INFO] [stderr]    Compiling shellexpand v2.1.2
[INFO] [stderr]    Compiling sct v0.7.0
[INFO] [stderr]    Compiling rustls-webpki v0.101.6
[INFO] [stderr]    Compiling matchers v0.1.0
[INFO] [stderr]    Compiling extension-traits v1.0.1
[INFO] [stderr]    Compiling http-body v0.4.5
[INFO] [stderr]    Compiling ctor v0.1.26
[INFO] [stderr]    Compiling with_builtin_macros-proc_macros v0.0.3
[INFO] [stderr]    Compiling arrow-select v48.0.0
[INFO] [stderr]    Compiling arrow-row v48.0.0
[INFO] [stderr]    Compiling arrow-arith v48.0.0
[INFO] [stderr]    Compiling inventory-impl v0.1.11
[INFO] [stderr]    Compiling ghost v0.1.14
[INFO] [stderr]    Compiling tracing-log v0.1.3
[INFO] [stderr]    Compiling nix v0.26.4
[INFO] [stderr]    Compiling arrow-cast v48.0.0
[INFO] [stderr]    Compiling arrow-string v48.0.0
[INFO] [stderr]    Compiling arrow-ord v48.0.0
[INFO] [stderr]    Compiling threadpool v1.8.1
[INFO] [stderr]    Compiling socket2 v0.4.9
[INFO] [stderr]    Compiling ordered-float v1.1.1
[INFO] [stderr]    Compiling thread_local v1.1.7
[INFO] [stderr]    Compiling arrow-json v48.0.0
[INFO] [stderr]    Compiling arrow-csv v48.0.0
[INFO] [stderr]    Compiling arrow-ipc v48.0.0
[INFO] [stderr]    Compiling httpdate v1.0.3
[INFO] [stderr]    Compiling home v0.5.5
[INFO] [stderr]    Compiling tower-service v0.3.2
[INFO] [stderr]    Compiling integer-encoding v3.0.4
[INFO] [stderr]    Compiling arrow v48.0.0
[INFO] [stderr]    Compiling colorchoice v1.0.0
[INFO] [stderr]    Compiling unsafe-libyaml v0.2.9
[INFO] [stderr]    Compiling linked-hash-map v0.5.6
[INFO] [stderr]    Compiling safer-ffi v0.1.3
[INFO] [stderr]    Compiling anstyle v1.0.4
[INFO] [stderr]    Compiling anstyle-query v1.0.0
[INFO] [stderr]    Compiling yaml-rust v0.4.5
[INFO] [stderr]    Compiling anstream v0.6.4
[INFO] [stderr]    Compiling serde_yaml v0.9.25
[INFO] [stderr]    Compiling thrift v0.16.0
[INFO] [stderr]    Compiling which v4.4.2
[INFO] [stderr]    Compiling dora-arrow-convert v0.3.0
[INFO] [stderr]    Compiling hyper v0.14.27
[INFO] [stderr]    Compiling bitvec v1.0.1
[INFO] [stderr]    Compiling tracing-subscriber v0.3.17
[INFO] [stderr]    Compiling shared_memory_extended v0.13.0
[INFO] [stderr]    Compiling with_builtin_macros v0.0.3
[INFO] [stderr]    Compiling safer_ffi-proc_macros v0.1.3
[INFO] [stderr]    Compiling uninit v0.5.1
[INFO] [stderr]    Compiling raw_sync_2 v0.1.5
[INFO] [stderr]    Compiling serde-with-expand-env v1.1.0
[INFO] [stderr]    Compiling dora-message v0.3.0
[INFO] [stderr]    Compiling opentelemetry-semantic-conventions v0.10.0
[INFO] [stderr]    Compiling bincode v1.3.3
[INFO] [stderr]    Compiling aligned-vec v0.5.0
[INFO] [stderr]    Compiling serde_urlencoded v0.7.1
[INFO] [stderr]    Compiling serde_bytes v0.11.12
[INFO] [stderr]    Compiling url v2.4.1
[INFO] [stderr]    Compiling nanorand v0.7.0
[INFO] [stderr]    Compiling inventory v0.3.12
[INFO] [stderr]    Compiling base64 v0.21.4
[INFO] [stderr]    Compiling unwind_safe v0.1.0
[INFO] [stderr]    Compiling clap_lex v0.5.1
[INFO] [stderr]    Compiling ipnet v2.8.0
[INFO] [stderr]    Compiling clap_derive v4.4.2
[INFO] [stderr]    Compiling clap_builder v4.4.6
[INFO] [stderr]    Compiling flume v0.10.14
[INFO] [stderr]    Compiling reqwest v0.11.22
[INFO] [stderr]    Compiling dora-core v0.3.0
[INFO] [stdout] error[E0659]: `cfg_match` is ambiguous
[INFO] [stdout]    --> /opt/rustwide/cargo-home/registry/src/index.crates.io-6f17d22bba15001f/safer-ffi-0.1.3/src/_lib.rs:512:5
[INFO] [stdout]     |
[INFO] [stdout] 512 |     cfg_match! {
[INFO] [stdout]     |     ^^^^^^^^^ ambiguous name
[INFO] [stdout]     |
[INFO] [stdout]     = note: ambiguous because of a conflict between a `macro_rules` name and a non-`macro_rules` name from another module
[INFO] [stdout] note: `cfg_match` could refer to the macro defined here
[INFO] [stdout]    --> /opt/rustwide/cargo-home/registry/src/index.crates.io-6f17d22bba15001f/safer-ffi-0.1.3/src/utils/macros.rs:10:1
[INFO] [stdout]     |
[INFO] [stdout] 10  | / macro_rules! cfg_match {
[INFO] [stdout] 11  | |     (
[INFO] [stdout] 12  | |         _ => { $($expansion:tt)* } $(,)?
[INFO] [stdout] 13  | |     ) => (
[INFO] [stdout] ...   |
[INFO] [stdout] 33  | |     });
[INFO] [stdout] 34  | | }
[INFO] [stdout]     | |_^
[INFO] [stdout] note: `cfg_match` could also refer to the macro imported here
[INFO] [stdout]    --> /opt/rustwide/cargo-home/registry/src/index.crates.io-6f17d22bba15001f/safer-ffi-0.1.3/src/_lib.rs:514:29
[INFO] [stdout]     |
[INFO] [stdout] 514 |             pub use ::std::{*,
[INFO] [stdout]     |                             ^
[INFO] [stdout]     = help: use `self::cfg_match` to refer to this macro unambiguously
[INFO] [stdout] 
[INFO] [stdout] 
[INFO] [stdout] error[E0659]: `cfg_match` is ambiguous
[INFO] [stdout]    --> /opt/rustwide/cargo-home/registry/src/index.crates.io-6f17d22bba15001f/safer-ffi-0.1.3/src/utils/macros.rs:22:9
[INFO] [stdout]     |
[INFO] [stdout] 22  |           cfg_match! { _ => $expansion } $($(
[INFO] [stdout]     |           ^^^^^^^^^ ambiguous name
[INFO] [stdout]     |
[INFO] [stdout]    ::: /opt/rustwide/cargo-home/registry/src/index.crates.io-6f17d22bba15001f/safer-ffi-0.1.3/src/_lib.rs:512:5
[INFO] [stdout]     |
[INFO] [stdout] 512 | /     cfg_match! {
[INFO] [stdout] 513 | |         feature = "std" => {
[INFO] [stdout] 514 | |             pub use ::std::{*,
[INFO] [stdout] 515 | |                 self,
[INFO] [stdout] ...   |
[INFO] [stdout] 535 | |         }
[INFO] [stdout] 536 | |     }
[INFO] [stdout]     | |_____- in this macro invocation
[INFO] [stdout]     |
[INFO] [stdout]     = note: ambiguous because of a conflict between a `macro_rules` name and a non-`macro_rules` name from another module
[INFO] [stdout] note: `cfg_match` could refer to the macro defined here
[INFO] [stdout]    --> /opt/rustwide/cargo-home/registry/src/index.crates.io-6f17d22bba15001f/safer-ffi-0.1.3/src/utils/macros.rs:10:1
[INFO] [stdout]     |
[INFO] [stdout] 10  | / macro_rules! cfg_match {
[INFO] [stdout] 11  | |     (
[INFO] [stdout] 12  | |         _ => { $($expansion:tt)* } $(,)?
[INFO] [stdout] 13  | |     ) => (
[INFO] [stdout] ...   |
[INFO] [stdout] 33  | |     });
[INFO] [stdout] 34  | | }
[INFO] [stdout]     | |_^
[INFO] [stdout] note: `cfg_match` could also refer to the macro imported here
[INFO] [stdout]    --> /opt/rustwide/cargo-home/registry/src/index.crates.io-6f17d22bba15001f/safer-ffi-0.1.3/src/_lib.rs:514:29
[INFO] [stdout]     |
[INFO] [stdout] 514 |             pub use ::std::{*,
[INFO] [stdout]     |                             ^
[INFO] [stdout]     = help: use `self::cfg_match` to refer to this macro unambiguously
[INFO] [stdout]     = note: this error originates in the macro `cfg_match` (in Nightly builds, run with -Z macro-backtrace for more info)
[INFO] [stdout] 
[INFO] [stdout] 
[INFO] [stdout] error[E0659]: `cfg_match` is ambiguous
[INFO] [stdout]    --> /opt/rustwide/cargo-home/registry/src/index.crates.io-6f17d22bba15001f/safer-ffi-0.1.3/src/_lib.rs:555:5
[INFO] [stdout]     |
[INFO] [stdout] 555 |     cfg_match! {
[INFO] [stdout]     |     ^^^^^^^^^ ambiguous name
[INFO] [stdout]     |
[INFO] [stdout]     = note: ambiguous because of a conflict between a `macro_rules` name and a non-`macro_rules` name from another module
[INFO] [stdout] note: `cfg_match` could refer to the macro defined here
[INFO] [stdout]    --> /opt/rustwide/cargo-home/registry/src/index.crates.io-6f17d22bba15001f/safer-ffi-0.1.3/src/utils/macros.rs:10:1
[INFO] [stdout]     |
[INFO] [stdout] 10  | / macro_rules! cfg_match {
[INFO] [stdout] 11  | |     (
[INFO] [stdout] 12  | |         _ => { $($expansion:tt)* } $(,)?
[INFO] [stdout] 13  | |     ) => (
[INFO] [stdout] ...   |
[INFO] [stdout] 33  | |     });
[INFO] [stdout] 34  | | }
[INFO] [stdout]     | |_^
[INFO] [stdout] note: `cfg_match` could also refer to the macro imported here
[INFO] [stdout]    --> /opt/rustwide/cargo-home/registry/src/index.crates.io-6f17d22bba15001f/safer-ffi-0.1.3/src/_lib.rs:514:29
[INFO] [stdout]     |
[INFO] [stdout] 514 |             pub use ::std::{*,
[INFO] [stdout]     |                             ^
[INFO] [stdout]     = help: use `self::cfg_match` to refer to this macro unambiguously
[INFO] [stdout] 
[INFO] [stdout] 
[INFO] [stdout] error[E0659]: `cfg_match` is ambiguous
[INFO] [stdout]    --> /opt/rustwide/cargo-home/registry/src/index.crates.io-6f17d22bba15001f/safer-ffi-0.1.3/src/utils/macros.rs:25:9
[INFO] [stdout]     |
[INFO] [stdout] 25  |           cfg_match! { $($rest)+ } )?)?
[INFO] [stdout]     |           ^^^^^^^^^ ambiguous name
[INFO] [stdout]     |
[INFO] [stdout]    ::: /opt/rustwide/cargo-home/registry/src/index.crates.io-6f17d22bba15001f/safer-ffi-0.1.3/src/_lib.rs:555:5
[INFO] [stdout]     |
[INFO] [stdout] 555 | /     cfg_match! {
[INFO] [stdout] 556 | |         feature = "log" => {
[INFO] [stdout] 557 | |             #[apply(hidden_export)]
[INFO] [stdout] 558 | |             macro_rules! __error__ {( $($msg:tt)* ) => (
[INFO] [stdout] ...   |
[INFO] [stdout] 573 | |         },
[INFO] [stdout] 574 | |     }
[INFO] [stdout]     | |_____- in this macro invocation
[INFO] [stdout]     |
[INFO] [stdout]     = note: ambiguous because of a conflict between a `macro_rules` name and a non-`macro_rules` name from another module
[INFO] [stdout] note: `cfg_match` could refer to the macro defined here
[INFO] [stdout]    --> /opt/rustwide/cargo-home/registry/src/index.crates.io-6f17d22bba15001f/safer-ffi-0.1.3/src/utils/macros.rs:10:1
[INFO] [stdout]     |
[INFO] [stdout] 10  | / macro_rules! cfg_match {
[INFO] [stdout] 11  | |     (
[INFO] [stdout] 12  | |         _ => { $($expansion:tt)* } $(,)?
[INFO] [stdout] 13  | |     ) => (
[INFO] [stdout] ...   |
[INFO] [stdout] 33  | |     });
[INFO] [stdout] 34  | | }
[INFO] [stdout]     | |_^
[INFO] [stdout] note: `cfg_match` could also refer to the macro imported here
[INFO] [stdout]    --> /opt/rustwide/cargo-home/registry/src/index.crates.io-6f17d22bba15001f/safer-ffi-0.1.3/src/_lib.rs:514:29
[INFO] [stdout]     |
[INFO] [stdout] 514 |             pub use ::std::{*,
[INFO] [stdout]     |                             ^
[INFO] [stdout]     = help: use `self::cfg_match` to refer to this macro unambiguously
[INFO] [stdout]     = note: this error originates in the macro `cfg_match` (in Nightly builds, run with -Z macro-backtrace for more info)
[INFO] [stdout] 
[INFO] [stdout] 
[INFO] [stdout] error[E0659]: `cfg_match` is ambiguous
[INFO] [stdout]    --> /opt/rustwide/cargo-home/registry/src/index.crates.io-6f17d22bba15001f/safer-ffi-0.1.3/src/utils/macros.rs:22:9
[INFO] [stdout]     |
[INFO] [stdout] 22  |           cfg_match! { _ => $expansion } $($(
[INFO] [stdout]     |           ^^^^^^^^^ ambiguous name
[INFO] [stdout]     |
[INFO] [stdout]    ::: /opt/rustwide/cargo-home/registry/src/index.crates.io-6f17d22bba15001f/safer-ffi-0.1.3/src/_lib.rs:555:5
[INFO] [stdout]     |
[INFO] [stdout] 555 | /     cfg_match! {
[INFO] [stdout] 556 | |         feature = "log" => {
[INFO] [stdout] 557 | |             #[apply(hidden_export)]
[INFO] [stdout] 558 | |             macro_rules! __error__ {( $($msg:tt)* ) => (
[INFO] [stdout] ...   |
[INFO] [stdout] 573 | |         },
[INFO] [stdout] 574 | |     }
[INFO] [stdout]     | |_____- in this macro invocation
[INFO] [stdout]     |
[INFO] [stdout]     = note: ambiguous because of a conflict between a `macro_rules` name and a non-`macro_rules` name from another module
[INFO] [stdout] note: `cfg_match` could refer to the macro defined here
[INFO] [stdout]    --> /opt/rustwide/cargo-home/registry/src/index.crates.io-6f17d22bba15001f/safer-ffi-0.1.3/src/utils/macros.rs:10:1
[INFO] [stdout]     |
[INFO] [stdout] 10  | / macro_rules! cfg_match {
[INFO] [stdout] 11  | |     (
[INFO] [stdout] 12  | |         _ => { $($expansion:tt)* } $(,)?
[INFO] [stdout] 13  | |     ) => (
[INFO] [stdout] ...   |
[INFO] [stdout] 33  | |     });
[INFO] [stdout] 34  | | }
[INFO] [stdout]     | |_^
[INFO] [stdout] note: `cfg_match` could also refer to the macro imported here
[INFO] [stdout]    --> /opt/rustwide/cargo-home/registry/src/index.crates.io-6f17d22bba15001f/safer-ffi-0.1.3/src/_lib.rs:514:29
[INFO] [stdout]     |
[INFO] [stdout] 514 |             pub use ::std::{*,
[INFO] [stdout]     |                             ^
[INFO] [stdout]     = help: use `self::cfg_match` to refer to this macro unambiguously
[INFO] [stdout]     = note: this error originates in the macro `cfg_match` (in Nightly builds, run with -Z macro-backtrace for more info)
[INFO] [stdout] 
[INFO] [stdout] 
[INFO] [stderr]    Compiling shared-memory-server v0.3.0
[INFO] [stderr]    Compiling opentelemetry-jaeger v0.17.0
[INFO] [stderr]    Compiling futures-concurrency v7.4.3
[INFO] [stdout] error: aborting due to 5 previous errors
[INFO] [stdout] 
[INFO] [stdout] 
[INFO] [stdout] For more information about this error, try `rustc --explain E0659`.
[INFO] [stdout] 
[INFO] [stderr] error: could not compile `safer-ffi` (lib) due to 6 previous errors
[INFO] [stderr] warning: build failed, waiting for other jobs to finish...
[INFO] running `Command { std: "docker" "inspect" "e11d13d685debf918185a1ae331df79811258ec6ab50238c29c4f7e8945bcbbc", kill_on_drop: false }`
[INFO] running `Command { std: "docker" "rm" "-f" "e11d13d685debf918185a1ae331df79811258ec6ab50238c29c4f7e8945bcbbc", kill_on_drop: false }`
[INFO] [stdout] e11d13d685debf918185a1ae331df79811258ec6ab50238c29c4f7e8945bcbbc
[INFO] testing dora-daemon-0.3.0 against beta-2023-12-22 for beta-1.76-1
[INFO] extracting crate dora-daemon 0.3.0 into /workspace/builds/worker-4-tc2/source
[INFO] validating manifest of crates.io crate dora-daemon 0.3.0 on toolchain beta-2023-12-22
[INFO] running `Command { std: CARGO_HOME="/workspace/cargo-home" RUSTUP_HOME="/workspace/rustup-home" "/workspace/cargo-home/bin/cargo" "+beta-2023-12-22" "metadata" "--manifest-path" "Cargo.toml" "--no-deps", kill_on_drop: false }`
[INFO] started tweaking crates.io crate dora-daemon 0.3.0
[INFO] finished tweaking crates.io crate dora-daemon 0.3.0
[INFO] tweaked toml for crates.io crate dora-daemon 0.3.0 written to /workspace/builds/worker-4-tc2/source/Cargo.toml
[INFO] crate crates.io crate dora-daemon 0.3.0 already has a lockfile, it will not be regenerated
[INFO] running `Command { std: CARGO_HOME="/workspace/cargo-home" RUSTUP_HOME="/workspace/rustup-home" "/workspace/cargo-home/bin/cargo" "+beta-2023-12-22" "fetch" "--manifest-path" "Cargo.toml", kill_on_drop: false }`
[INFO] running `Command { std: "docker" "create" "-v" "/var/lib/crater-agent-workspace/builds/worker-4-tc2/target:/opt/rustwide/target:rw,Z" "-v" "/var/lib/crater-agent-workspace/builds/worker-4-tc2/source:/opt/rustwide/workdir:ro,Z" "-v" "/var/lib/crater-agent-workspace/cargo-home:/opt/rustwide/cargo-home:ro,Z" "-v" "/var/lib/crater-agent-workspace/rustup-home:/opt/rustwide/rustup-home:ro,Z" "-e" "SOURCE_DIR=/opt/rustwide/workdir" "-e" "CARGO_TARGET_DIR=/opt/rustwide/target" "-e" "CARGO_HOME=/opt/rustwide/cargo-home" "-e" "RUSTUP_HOME=/opt/rustwide/rustup-home" "-w" "/opt/rustwide/workdir" "-m" "1610612736" "--user" "0:0" "--network" "none" "ghcr.io/rust-lang/crates-build-env/linux@sha256:2788e3201cd34a07e3172128adcd8b3090168a8e3bcc40d7c032b9dda1df7d1c" "/opt/rustwide/cargo-home/bin/cargo" "+beta-2023-12-22" "metadata" "--no-deps" "--format-version=1", kill_on_drop: false }`
[INFO] [stdout] 583d53f5e583e26f6f801737a5fd3e9c9cc36f46b3ed48b61ac2ff2414c38b83
[INFO] running `Command { std: "docker" "start" "-a" "583d53f5e583e26f6f801737a5fd3e9c9cc36f46b3ed48b61ac2ff2414c38b83", kill_on_drop: false }`
[INFO] running `Command { std: "docker" "inspect" "583d53f5e583e26f6f801737a5fd3e9c9cc36f46b3ed48b61ac2ff2414c38b83", kill_on_drop: false }`
[INFO] running `Command { std: "docker" "rm" "-f" "583d53f5e583e26f6f801737a5fd3e9c9cc36f46b3ed48b61ac2ff2414c38b83", kill_on_drop: false }`
[INFO] [stdout] 583d53f5e583e26f6f801737a5fd3e9c9cc36f46b3ed48b61ac2ff2414c38b83
[INFO] running `Command { std: "docker" "create" "-v" "/var/lib/crater-agent-workspace/builds/worker-4-tc2/target:/opt/rustwide/target:rw,Z" "-v" "/var/lib/crater-agent-workspace/builds/worker-4-tc2/source:/opt/rustwide/workdir:ro,Z" "-v" "/var/lib/crater-agent-workspace/cargo-home:/opt/rustwide/cargo-home:ro,Z" "-v" "/var/lib/crater-agent-workspace/rustup-home:/opt/rustwide/rustup-home:ro,Z" "-e" "SOURCE_DIR=/opt/rustwide/workdir" "-e" "CARGO_TARGET_DIR=/opt/rustwide/target" "-e" "CARGO_INCREMENTAL=0" "-e" "RUST_BACKTRACE=full" "-e" "RUSTFLAGS=--cap-lints=warn" "-e" "RUSTDOCFLAGS=--cap-lints=warn" "-e" "CARGO_HOME=/opt/rustwide/cargo-home" "-e" "RUSTUP_HOME=/opt/rustwide/rustup-home" "-w" "/opt/rustwide/workdir" "-m" "1610612736" "--user" "0:0" "--network" "none" "ghcr.io/rust-lang/crates-build-env/linux@sha256:2788e3201cd34a07e3172128adcd8b3090168a8e3bcc40d7c032b9dda1df7d1c" "/opt/rustwide/cargo-home/bin/cargo" "+beta-2023-12-22" "build" "--frozen" "--message-format=json", kill_on_drop: false }`
[INFO] [stdout] 770c446f899a5d42a7624f8447d6b3b96d6b7d8fecbff234ce254de1f404af2a
[INFO] running `Command { std: "docker" "start" "-a" "770c446f899a5d42a7624f8447d6b3b96d6b7d8fecbff234ce254de1f404af2a", kill_on_drop: false }`
[INFO] [stderr]    Compiling proc-macro2 v1.0.68
[INFO] [stderr]    Compiling libc v0.2.148
[INFO] [stderr]    Compiling once_cell v1.18.0
[INFO] [stderr]    Compiling serde v1.0.188
[INFO] [stderr]    Compiling libm v0.2.7
[INFO] [stderr]    Compiling num-traits v0.2.16
[INFO] [stderr]    Compiling memchr v2.6.4
[INFO] [stderr]    Compiling hashbrown v0.14.1
[INFO] [stderr]    Compiling scopeguard v1.2.0
[INFO] [stderr]    Compiling lock_api v0.4.10
[INFO] [stderr]    Compiling num-bigint v0.4.4
[INFO] [stderr]    Compiling bitflags v2.4.0
[INFO] [stderr]    Compiling futures-core v0.3.28
[INFO] [stderr]    Compiling quote v1.0.33
[INFO] [stderr]    Compiling num-iter v0.1.43
[INFO] [stderr]    Compiling num-rational v0.4.1
[INFO] [stderr]    Compiling syn v2.0.38
[INFO] [stderr]    Compiling smallvec v1.11.1
[INFO] [stderr]    Compiling parking_lot_core v0.9.8
[INFO] [stderr]    Compiling futures-sink v0.3.28
[INFO] [stderr]    Compiling futures-channel v0.3.28
[INFO] [stderr]    Compiling itoa v1.0.9
[INFO] [stderr]    Compiling futures-task v0.3.28
[INFO] [stderr]    Compiling ahash v0.8.3
[INFO] [stderr]    Compiling futures-util v0.3.28
[INFO] [stderr]    Compiling indexmap v1.9.3
[INFO] [stderr]    Compiling iana-time-zone v0.1.57
[INFO] [stderr]    Compiling futures-io v0.3.28
[INFO] [stderr]    Compiling syn v1.0.109
[INFO] [stderr]    Compiling getrandom v0.2.10
[INFO] [stderr]    Compiling num_cpus v1.16.0
[INFO] [stderr]    Compiling num-integer v0.1.45
[INFO] [stderr]    Compiling num-complex v0.4.4
[INFO] [stderr]    Compiling half v2.3.1
[INFO] [stderr]    Compiling parking_lot v0.12.1
[INFO] [stderr]    Compiling socket2 v0.5.4
[INFO] [stderr]    Compiling mio v0.8.8
[INFO] [stderr]    Compiling signal-hook-registry v1.4.1
[INFO] [stderr]    Compiling chrono v0.4.31
[INFO] [stderr]    Compiling ryu v1.0.15
[INFO] [stderr]    Compiling lexical-util v0.8.5
[INFO] [stderr]    Compiling tracing-core v0.1.31
[INFO] [stderr]    Compiling rand_core v0.6.4
[INFO] [stderr]    Compiling aho-corasick v1.1.1
[INFO] [stderr]    Compiling semver v1.0.19
[INFO] [stderr]    Compiling regex-syntax v0.7.5
[INFO] [stderr]    Compiling percent-encoding v2.3.0
[INFO] [stderr]    Compiling rand_chacha v0.3.1
[INFO] [stderr]    Compiling num v0.4.1
[INFO] [stderr]    Compiling arrow-buffer v48.0.0
[INFO] [stderr]    Compiling lexical-write-integer v0.8.5
[INFO] [stderr]    Compiling lexical-parse-integer v0.8.6
[INFO] [stderr]    Compiling thiserror v1.0.49
[INFO] [stderr]    Compiling eyre v0.6.8
[INFO] [stderr]    Compiling cc v1.0.83
[INFO] [stderr]    Compiling regex-automata v0.3.9
[INFO] [stderr]    Compiling lexical-parse-float v0.8.5
[INFO] [stderr]    Compiling lexical-write-float v0.8.5
[INFO] [stderr]    Compiling rand v0.8.5
[INFO] [stderr]    Compiling crossbeam-utils v0.8.16
[INFO] [stderr]    Compiling indenter v0.3.3
[INFO] [stderr]    Compiling rustc_version v0.4.0
[INFO] [stderr]    Compiling serde_derive v1.0.188
[INFO] [stderr]    Compiling tokio-macros v2.1.0
[INFO] [stderr]    Compiling futures-macro v0.3.28
[INFO] [stderr]    Compiling tracing-attributes v0.1.26
[INFO] [stderr]    Compiling thiserror-impl v1.0.49
[INFO] [stderr]    Compiling regex v1.9.6
[INFO] [stderr]    Compiling ring v0.16.20
[INFO] [stderr]    Compiling tokio v1.32.0
[INFO] [stderr]    Compiling lexical-core v0.8.5
[INFO] [stderr]    Compiling async-trait v0.1.73
[INFO] [stderr]    Compiling indexmap v2.0.2
[INFO] [stderr]    Compiling flatbuffers v23.5.26
[INFO] [stderr]    Compiling tracing v0.1.37
[INFO] [stderr]    Compiling serde_json v1.0.107
[INFO] [stderr]    Compiling dashmap v5.5.3
[INFO] [stderr]    Compiling crossbeam-channel v0.5.8
[INFO] [stderr]    Compiling csv-core v0.1.11
[INFO] [stderr]    Compiling memoffset v0.6.5
[INFO] [stderr]    Compiling untrusted v0.7.1
[INFO] [stderr]    Compiling spin v0.5.2
[INFO] [stderr]    Compiling ext-trait-proc_macros v1.0.1
[INFO] [stderr]    Compiling http v0.2.9
[INFO] [stderr]    Compiling dirs-sys v0.3.7
[INFO] [stderr]    Compiling spin v0.9.8
[INFO] [stderr]    Compiling rustix v0.38.20
[INFO] [stderr]    Compiling futures-executor v0.3.28
[INFO] [stderr]    Compiling opentelemetry_api v0.18.0
[INFO] [stderr]    Compiling prettyplease v0.1.25
[INFO] [stderr]    Compiling regex-syntax v0.8.2
[INFO] [stderr]    Compiling ext-trait v1.0.1
[INFO] [stderr]    Compiling dirs v4.0.0
[INFO] [stderr]    Compiling pin-project-internal v1.1.3
[INFO] [stderr]    Compiling form_urlencoded v1.2.0
[INFO] [stderr]    Compiling hex v0.4.3
[INFO] [stderr]    Compiling macro_rules_attribute-proc_macro v0.1.3
[INFO] [stderr]    Compiling linux-raw-sys v0.4.8
[INFO] [stderr]    Compiling tokio-stream v0.1.14
[INFO] [stderr]    Compiling tokio-util v0.7.9
[INFO] [stderr]    Compiling unicode-bidi v0.3.13
[INFO] [stderr]    Compiling opentelemetry_sdk v0.18.0
[INFO] [stderr]    Compiling overload v0.1.1
[INFO] [stderr]    Compiling inventory v0.1.11
[INFO] [stderr]    Compiling rustls v0.21.7
[INFO] [stderr]    Compiling utf8parse v0.2.1
[INFO] [stderr]    Compiling try-lock v0.2.4
[INFO] [stderr]    Compiling want v0.3.1
[INFO] [stderr]    Compiling anstyle-parse v0.2.2
[INFO] [stderr]    Compiling pin-project v1.1.3
[INFO] [stderr]    Compiling nu-ansi-term v0.46.0
[INFO] [stderr]    Compiling h2 v0.3.21
[INFO] [stderr]    Compiling idna v0.4.0
[INFO] [stderr]    Compiling macro_rules_attribute v0.1.3
[INFO] [stderr]    Compiling arrow-schema v48.0.0
[INFO] [stderr]    Compiling csv v1.3.0
[INFO] [stderr]    Compiling arrow-data v48.0.0
[INFO] [stderr]    Compiling arrow-array v48.0.0
[INFO] [stderr]    Compiling opentelemetry v0.18.0
[INFO] [stderr]    Compiling uuid v1.4.1
[INFO] [stderr]    Compiling nix v0.23.2
[INFO] [stderr]    Compiling uhlc v0.5.2
[INFO] [stderr]    Compiling shellexpand v2.1.2
[INFO] [stderr]    Compiling extension-traits v1.0.1
[INFO] [stderr]    Compiling matchers v0.1.0
[INFO] [stderr]    Compiling rustls-webpki v0.101.6
[INFO] [stderr]    Compiling sct v0.7.0
[INFO] [stderr]    Compiling http-body v0.4.5
[INFO] [stderr]    Compiling futures v0.3.28
[INFO] [stderr]    Compiling with_builtin_macros-proc_macros v0.0.3
[INFO] [stderr]    Compiling inventory-impl v0.1.11
[INFO] [stderr]    Compiling ctor v0.1.26
[INFO] [stderr]    Compiling ghost v0.1.14
[INFO] [stderr]    Compiling arrow-select v48.0.0
[INFO] [stderr]    Compiling arrow-row v48.0.0
[INFO] [stderr]    Compiling arrow-arith v48.0.0
[INFO] [stderr]    Compiling nix v0.26.4
[INFO] [stderr]    Compiling tracing-log v0.1.3
[INFO] [stderr]    Compiling threadpool v1.8.1
[INFO] [stderr]    Compiling ordered-float v1.1.1
[INFO] [stderr]    Compiling socket2 v0.4.9
[INFO] [stderr]    Compiling arrow-cast v48.0.0
[INFO] [stderr]    Compiling arrow-string v48.0.0
[INFO] [stderr]    Compiling arrow-ord v48.0.0
[INFO] [stderr]    Compiling thread_local v1.1.7
[INFO] [stderr]    Compiling tower-service v0.3.2
[INFO] [stderr]    Compiling home v0.5.5
[INFO] [stderr]    Compiling arrow-csv v48.0.0
[INFO] [stderr]    Compiling arrow-ipc v48.0.0
[INFO] [stderr]    Compiling arrow-json v48.0.0
[INFO] [stderr]    Compiling anstyle v1.0.4
[INFO] [stderr]    Compiling linked-hash-map v0.5.6
[INFO] [stderr]    Compiling integer-encoding v3.0.4
[INFO] [stderr]    Compiling arrow v48.0.0
[INFO] [stderr]    Compiling anstyle-query v1.0.0
[INFO] [stderr]    Compiling safer-ffi v0.1.3
[INFO] [stderr]    Compiling httpdate v1.0.3
[INFO] [stderr]    Compiling colorchoice v1.0.0
[INFO] [stderr]    Compiling unsafe-libyaml v0.2.9
[INFO] [stderr]    Compiling which v4.4.2
[INFO] [stderr]    Compiling anstream v0.6.4
[INFO] [stderr]    Compiling bitvec v1.0.1
[INFO] [stderr]    Compiling serde_yaml v0.9.25
[INFO] [stderr]    Compiling hyper v0.14.27
[INFO] [stderr]    Compiling dora-arrow-convert v0.3.0
[INFO] [stderr]    Compiling thrift v0.16.0
[INFO] [stderr]    Compiling yaml-rust v0.4.5
[INFO] [stderr]    Compiling tracing-subscriber v0.3.17
[INFO] [stderr]    Compiling raw_sync_2 v0.1.5
[INFO] [stderr]    Compiling shared_memory_extended v0.13.0
[INFO] [stderr]    Compiling with_builtin_macros v0.0.3
[INFO] [stderr]    Compiling safer_ffi-proc_macros v0.1.3
[INFO] [stderr]    Compiling uninit v0.5.1
[INFO] [stderr]    Compiling serde-with-expand-env v1.1.0
[INFO] [stderr]    Compiling dora-message v0.3.0
[INFO] [stderr]    Compiling opentelemetry-semantic-conventions v0.10.0
[INFO] [stderr]    Compiling url v2.4.1
[INFO] [stderr]    Compiling serde_bytes v0.11.12
[INFO] [stderr]    Compiling bincode v1.3.3
[INFO] [stderr]    Compiling serde_urlencoded v0.7.1
[INFO] [stderr]    Compiling aligned-vec v0.5.0
[INFO] [stderr]    Compiling nanorand v0.7.0
[INFO] [stderr]    Compiling unwind_safe v0.1.0
[INFO] [stderr]    Compiling inventory v0.3.12
[INFO] [stderr]    Compiling base64 v0.21.4
[INFO] [stderr]    Compiling ipnet v2.8.0
[INFO] [stderr]    Compiling clap_lex v0.5.1
[INFO] [stderr]    Compiling clap_derive v4.4.2
[INFO] [stderr]    Compiling clap_builder v4.4.6
[INFO] [stderr]    Compiling reqwest v0.11.22
[INFO] [stderr]    Compiling flume v0.10.14
[INFO] [stdout] error[E0659]: `cfg_match` is ambiguous
[INFO] [stdout]    --> /opt/rustwide/cargo-home/registry/src/index.crates.io-6f17d22bba15001f/safer-ffi-0.1.3/src/_lib.rs:512:5
[INFO] [stdout]     |
[INFO] [stdout] 512 |     cfg_match! {
[INFO] [stdout]     |     ^^^^^^^^^ ambiguous name
[INFO] [stdout]     |
[INFO] [stdout]     = note: ambiguous because of a conflict between a `macro_rules` name and a non-`macro_rules` name from another module
[INFO] [stdout] note: `cfg_match` could refer to the macro defined here
[INFO] [stdout]    --> /opt/rustwide/cargo-home/registry/src/index.crates.io-6f17d22bba15001f/safer-ffi-0.1.3/src/utils/macros.rs:10:1
[INFO] [stdout]     |
[INFO] [stdout] 10  | / macro_rules! cfg_match {
[INFO] [stdout] 11  | |     (
[INFO] [stdout] 12  | |         _ => { $($expansion:tt)* } $(,)?
[INFO] [stdout] 13  | |     ) => (
[INFO] [stdout] ...   |
[INFO] [stdout] 33  | |     });
[INFO] [stdout] 34  | | }
[INFO] [stdout]     | |_^
[INFO] [stdout] note: `cfg_match` could also refer to the macro imported here
[INFO] [stdout]    --> /opt/rustwide/cargo-home/registry/src/index.crates.io-6f17d22bba15001f/safer-ffi-0.1.3/src/_lib.rs:514:29
[INFO] [stdout]     |
[INFO] [stdout] 514 |             pub use ::std::{*,
[INFO] [stdout]     |                             ^
[INFO] [stdout]     = help: use `self::cfg_match` to refer to this macro unambiguously
[INFO] [stdout] 
[INFO] [stdout] 
[INFO] [stdout] error[E0659]: `cfg_match` is ambiguous
[INFO] [stdout]    --> /opt/rustwide/cargo-home/registry/src/index.crates.io-6f17d22bba15001f/safer-ffi-0.1.3/src/utils/macros.rs:22:9
[INFO] [stdout]     |
[INFO] [stdout] 22  |           cfg_match! { _ => $expansion } $($(
[INFO] [stdout]     |           ^^^^^^^^^ ambiguous name
[INFO] [stdout]     |
[INFO] [stdout]    ::: /opt/rustwide/cargo-home/registry/src/index.crates.io-6f17d22bba15001f/safer-ffi-0.1.3/src/_lib.rs:512:5
[INFO] [stdout]     |
[INFO] [stdout] 512 | /     cfg_match! {
[INFO] [stdout] 513 | |         feature = "std" => {
[INFO] [stdout] 514 | |             pub use ::std::{*,
[INFO] [stdout] 515 | |                 self,
[INFO] [stdout] ...   |
[INFO] [stdout] 535 | |         }
[INFO] [stdout] 536 | |     }
[INFO] [stdout]     | |_____- in this macro invocation
[INFO] [stdout]     |
[INFO] [stdout]     = note: ambiguous because of a conflict between a `macro_rules` name and a non-`macro_rules` name from another module
[INFO] [stdout] note: `cfg_match` could refer to the macro defined here
[INFO] [stdout]    --> /opt/rustwide/cargo-home/registry/src/index.crates.io-6f17d22bba15001f/safer-ffi-0.1.3/src/utils/macros.rs:10:1
[INFO] [stdout]     |
[INFO] [stdout] 10  | / macro_rules! cfg_match {
[INFO] [stdout] 11  | |     (
[INFO] [stdout] 12  | |         _ => { $($expansion:tt)* } $(,)?
[INFO] [stdout] 13  | |     ) => (
[INFO] [stdout] ...   |
[INFO] [stdout] 33  | |     });
[INFO] [stdout] 34  | | }
[INFO] [stdout]     | |_^
[INFO] [stdout] note: `cfg_match` could also refer to the macro imported here
[INFO] [stdout]    --> /opt/rustwide/cargo-home/registry/src/index.crates.io-6f17d22bba15001f/safer-ffi-0.1.3/src/_lib.rs:514:29
[INFO] [stdout]     |
[INFO] [stdout] 514 |             pub use ::std::{*,
[INFO] [stdout]     |                             ^
[INFO] [stdout]     = help: use `self::cfg_match` to refer to this macro unambiguously
[INFO] [stdout]     = note: this error originates in the macro `cfg_match` (in Nightly builds, run with -Z macro-backtrace for more info)
[INFO] [stdout] 
[INFO] [stdout] 
[INFO] [stdout] error[E0659]: `cfg_match` is ambiguous
[INFO] [stdout]    --> /opt/rustwide/cargo-home/registry/src/index.crates.io-6f17d22bba15001f/safer-ffi-0.1.3/src/_lib.rs:555:5
[INFO] [stdout]     |
[INFO] [stdout] 555 |     cfg_match! {
[INFO] [stdout]     |     ^^^^^^^^^ ambiguous name
[INFO] [stdout]     |
[INFO] [stdout]     = note: ambiguous because of a conflict between a `macro_rules` name and a non-`macro_rules` name from another module
[INFO] [stdout] note: `cfg_match` could refer to the macro defined here
[INFO] [stdout]    --> /opt/rustwide/cargo-home/registry/src/index.crates.io-6f17d22bba15001f/safer-ffi-0.1.3/src/utils/macros.rs:10:1
[INFO] [stdout]     |
[INFO] [stdout] 10  | / macro_rules! cfg_match {
[INFO] [stdout] 11  | |     (
[INFO] [stdout] 12  | |         _ => { $($expansion:tt)* } $(,)?
[INFO] [stdout] 13  | |     ) => (
[INFO] [stdout] ...   |
[INFO] [stdout] 33  | |     });
[INFO] [stdout] 34  | | }
[INFO] [stdout]     | |_^
[INFO] [stdout] note: `cfg_match` could also refer to the macro imported here
[INFO] [stdout]    --> /opt/rustwide/cargo-home/registry/src/index.crates.io-6f17d22bba15001f/safer-ffi-0.1.3/src/_lib.rs:514:29
[INFO] [stdout]     |
[INFO] [stdout] 514 |             pub use ::std::{*,
[INFO] [stdout]     |                             ^
[INFO] [stdout]     = help: use `self::cfg_match` to refer to this macro unambiguously
[INFO] [stdout] 
[INFO] [stdout] 
[INFO] [stdout] error[E0659]: `cfg_match` is ambiguous
[INFO] [stdout]    --> /opt/rustwide/cargo-home/registry/src/index.crates.io-6f17d22bba15001f/safer-ffi-0.1.3/src/utils/macros.rs:25:9
[INFO] [stdout]     |
[INFO] [stdout] 25  |           cfg_match! { $($rest)+ } )?)?
[INFO] [stdout]     |           ^^^^^^^^^ ambiguous name
[INFO] [stdout]     |
[INFO] [stdout]    ::: /opt/rustwide/cargo-home/registry/src/index.crates.io-6f17d22bba15001f/safer-ffi-0.1.3/src/_lib.rs:555:5
[INFO] [stdout]     |
[INFO] [stdout] 555 | /     cfg_match! {
[INFO] [stdout] 556 | |         feature = "log" => {
[INFO] [stdout] 557 | |             #[apply(hidden_export)]
[INFO] [stdout] 558 | |             macro_rules! __error__ {( $($msg:tt)* ) => (
[INFO] [stdout] ...   |
[INFO] [stdout] 573 | |         },
[INFO] [stdout] 574 | |     }
[INFO] [stdout]     | |_____- in this macro invocation
[INFO] [stdout]     |
[INFO] [stdout]     = note: ambiguous because of a conflict between a `macro_rules` name and a non-`macro_rules` name from another module
[INFO] [stdout] note: `cfg_match` could refer to the macro defined here
[INFO] [stdout]    --> /opt/rustwide/cargo-home/registry/src/index.crates.io-6f17d22bba15001f/safer-ffi-0.1.3/src/utils/macros.rs:10:1
[INFO] [stdout]     |
[INFO] [stdout] 10  | / macro_rules! cfg_match {
[INFO] [stdout] 11  | |     (
[INFO] [stdout] 12  | |         _ => { $($expansion:tt)* } $(,)?
[INFO] [stdout] 13  | |     ) => (
[INFO] [stdout] ...   |
[INFO] [stdout] 33  | |     });
[INFO] [stdout] 34  | | }
[INFO] [stdout]     | |_^
[INFO] [stdout] note: `cfg_match` could also refer to the macro imported here
[INFO] [stdout]    --> /opt/rustwide/cargo-home/registry/src/index.crates.io-6f17d22bba15001f/safer-ffi-0.1.3/src/_lib.rs:514:29
[INFO] [stdout]     |
[INFO] [stdout] 514 |             pub use ::std::{*,
[INFO] [stdout]     |                             ^
[INFO] [stdout]     = help: use `self::cfg_match` to refer to this macro unambiguously
[INFO] [stdout]     = note: this error originates in the macro `cfg_match` (in Nightly builds, run with -Z macro-backtrace for more info)
[INFO] [stdout] 
[INFO] [stdout] 
[INFO] [stdout] error[E0659]: `cfg_match` is ambiguous
[INFO] [stdout]    --> /opt/rustwide/cargo-home/registry/src/index.crates.io-6f17d22bba15001f/safer-ffi-0.1.3/src/utils/macros.rs:22:9
[INFO] [stdout]     |
[INFO] [stdout] 22  |           cfg_match! { _ => $expansion } $($(
[INFO] [stdout]     |           ^^^^^^^^^ ambiguous name
[INFO] [stdout]     |
[INFO] [stdout]    ::: /opt/rustwide/cargo-home/registry/src/index.crates.io-6f17d22bba15001f/safer-ffi-0.1.3/src/_lib.rs:555:5
[INFO] [stdout]     |
[INFO] [stdout] 555 | /     cfg_match! {
[INFO] [stdout] 556 | |         feature = "log" => {
[INFO] [stdout] 557 | |             #[apply(hidden_export)]
[INFO] [stdout] 558 | |             macro_rules! __error__ {( $($msg:tt)* ) => (
[INFO] [stdout] ...   |
[INFO] [stdout] 573 | |         },
[INFO] [stdout] 574 | |     }
[INFO] [stdout]     | |_____- in this macro invocation
[INFO] [stdout]     |
[INFO] [stdout]     = note: ambiguous because of a conflict between a `macro_rules` name and a non-`macro_rules` name from another module
[INFO] [stdout] note: `cfg_match` could refer to the macro defined here
[INFO] [stdout]    --> /opt/rustwide/cargo-home/registry/src/index.crates.io-6f17d22bba15001f/safer-ffi-0.1.3/src/utils/macros.rs:10:1
[INFO] [stdout]     |
[INFO] [stdout] 10  | / macro_rules! cfg_match {
[INFO] [stdout] 11  | |     (
[INFO] [stdout] 12  | |         _ => { $($expansion:tt)* } $(,)?
[INFO] [stdout] 13  | |     ) => (
[INFO] [stdout] ...   |
[INFO] [stdout] 33  | |     });
[INFO] [stdout] 34  | | }
[INFO] [stdout]     | |_^
[INFO] [stdout] note: `cfg_match` could also refer to the macro imported here
[INFO] [stdout]    --> /opt/rustwide/cargo-home/registry/src/index.crates.io-6f17d22bba15001f/safer-ffi-0.1.3/src/_lib.rs:514:29
[INFO] [stdout]     |
[INFO] [stdout] 514 |             pub use ::std::{*,
[INFO] [stdout]     |                             ^
[INFO] [stdout]     = help: use `self::cfg_match` to refer to this macro unambiguously
[INFO] [stdout]     = note: this error originates in the macro `cfg_match` (in Nightly builds, run with -Z macro-backtrace for more info)
[INFO] [stdout] 
[INFO] [stdout] 
[INFO] [stderr]    Compiling dora-core v0.3.0
[INFO] [stderr]    Compiling shared-memory-server v0.3.0
[INFO] [stderr]    Compiling tracing-opentelemetry v0.18.0
[INFO] [stdout] error: aborting due to 5 previous errors
[INFO] [stdout] 
[INFO] [stdout] 
[INFO] [stdout] For more information about this error, try `rustc --explain E0659`.
[INFO] [stdout] 
[INFO] [stderr] error: could not compile `safer-ffi` (lib) due to 6 previous errors
[INFO] [stderr] warning: build failed, waiting for other jobs to finish...
[INFO] running `Command { std: "docker" "inspect" "770c446f899a5d42a7624f8447d6b3b96d6b7d8fecbff234ce254de1f404af2a", kill_on_drop: false }`
[INFO] running `Command { std: "docker" "rm" "-f" "770c446f899a5d42a7624f8447d6b3b96d6b7d8fecbff234ce254de1f404af2a", kill_on_drop: false }`
[INFO] [stdout] 770c446f899a5d42a7624f8447d6b3b96d6b7d8fecbff234ce254de1f404af2a
