[INFO] fetching crate dokan-sys 0.3.1+dokan206...
[INFO] testing dokan-sys-0.3.1+dokan206 against 1.75.0 for beta-1.76-1
[INFO] extracting crate dokan-sys 0.3.1+dokan206 into /workspace/builds/worker-4-tc1/source
[INFO] validating manifest of crates.io crate dokan-sys 0.3.1+dokan206 on toolchain 1.75.0
[INFO] running `Command { std: CARGO_HOME="/workspace/cargo-home" RUSTUP_HOME="/workspace/rustup-home" "/workspace/cargo-home/bin/cargo" "+1.75.0" "metadata" "--manifest-path" "Cargo.toml" "--no-deps", kill_on_drop: false }`
[INFO] started tweaking crates.io crate dokan-sys 0.3.1+dokan206
[INFO] finished tweaking crates.io crate dokan-sys 0.3.1+dokan206
[INFO] tweaked toml for crates.io crate dokan-sys 0.3.1+dokan206 written to /workspace/builds/worker-4-tc1/source/Cargo.toml
[INFO] running `Command { std: CARGO_HOME="/workspace/cargo-home" RUSTUP_HOME="/workspace/rustup-home" "/workspace/cargo-home/bin/cargo" "+1.75.0" "generate-lockfile" "--manifest-path" "Cargo.toml", kill_on_drop: false }`
[INFO] [stderr]     Updating crates.io index
[INFO] running `Command { std: CARGO_HOME="/workspace/cargo-home" RUSTUP_HOME="/workspace/rustup-home" "/workspace/cargo-home/bin/cargo" "+1.75.0" "fetch" "--manifest-path" "Cargo.toml", kill_on_drop: false }`
[INFO] [stderr]     Blocking waiting for file lock on package cache
[INFO] [stderr]     Blocking waiting for file lock on package cache
[INFO] running `Command { std: "docker" "create" "-v" "/var/lib/crater-agent-workspace/builds/worker-4-tc1/target:/opt/rustwide/target:rw,Z" "-v" "/var/lib/crater-agent-workspace/builds/worker-4-tc1/source:/opt/rustwide/workdir:ro,Z" "-v" "/var/lib/crater-agent-workspace/cargo-home:/opt/rustwide/cargo-home:ro,Z" "-v" "/var/lib/crater-agent-workspace/rustup-home:/opt/rustwide/rustup-home:ro,Z" "-e" "SOURCE_DIR=/opt/rustwide/workdir" "-e" "CARGO_TARGET_DIR=/opt/rustwide/target" "-e" "CARGO_HOME=/opt/rustwide/cargo-home" "-e" "RUSTUP_HOME=/opt/rustwide/rustup-home" "-w" "/opt/rustwide/workdir" "-m" "1610612736" "--user" "0:0" "--network" "none" "ghcr.io/rust-lang/crates-build-env/linux@sha256:2788e3201cd34a07e3172128adcd8b3090168a8e3bcc40d7c032b9dda1df7d1c" "/opt/rustwide/cargo-home/bin/cargo" "+1.75.0" "metadata" "--no-deps" "--format-version=1", kill_on_drop: false }`
[INFO] [stdout] 09279ef090a13f55d89e3cf8dc5282df7d355060236e7e41cec1e15974f3fe99
[INFO] running `Command { std: "docker" "start" "-a" "09279ef090a13f55d89e3cf8dc5282df7d355060236e7e41cec1e15974f3fe99", kill_on_drop: false }`
[INFO] running `Command { std: "docker" "inspect" "09279ef090a13f55d89e3cf8dc5282df7d355060236e7e41cec1e15974f3fe99", kill_on_drop: false }`
[INFO] running `Command { std: "docker" "rm" "-f" "09279ef090a13f55d89e3cf8dc5282df7d355060236e7e41cec1e15974f3fe99", kill_on_drop: false }`
[INFO] [stdout] 09279ef090a13f55d89e3cf8dc5282df7d355060236e7e41cec1e15974f3fe99
[INFO] running `Command { std: "docker" "create" "-v" "/var/lib/crater-agent-workspace/builds/worker-4-tc1/target:/opt/rustwide/target:rw,Z" "-v" "/var/lib/crater-agent-workspace/builds/worker-4-tc1/source:/opt/rustwide/workdir:ro,Z" "-v" "/var/lib/crater-agent-workspace/cargo-home:/opt/rustwide/cargo-home:ro,Z" "-v" "/var/lib/crater-agent-workspace/rustup-home:/opt/rustwide/rustup-home:ro,Z" "-e" "SOURCE_DIR=/opt/rustwide/workdir" "-e" "CARGO_TARGET_DIR=/opt/rustwide/target" "-e" "CARGO_INCREMENTAL=0" "-e" "RUST_BACKTRACE=full" "-e" "RUSTFLAGS=--cap-lints=warn" "-e" "RUSTDOCFLAGS=--cap-lints=warn" "-e" "CARGO_HOME=/opt/rustwide/cargo-home" "-e" "RUSTUP_HOME=/opt/rustwide/rustup-home" "-w" "/opt/rustwide/workdir" "-m" "1610612736" "--user" "0:0" "--network" "none" "ghcr.io/rust-lang/crates-build-env/linux@sha256:2788e3201cd34a07e3172128adcd8b3090168a8e3bcc40d7c032b9dda1df7d1c" "/opt/rustwide/cargo-home/bin/cargo" "+1.75.0" "build" "--frozen" "--message-format=json", kill_on_drop: false }`
[INFO] [stdout] 7b836ef8c976eb65321b8cdfb064ef3db3c7472b6285482faa778e63b1318d78
[INFO] running `Command { std: "docker" "start" "-a" "7b836ef8c976eb65321b8cdfb064ef3db3c7472b6285482faa778e63b1318d78", kill_on_drop: false }`
[INFO] [stderr]    Compiling winapi v0.3.9
[INFO] [stderr]    Compiling cc v1.0.83
[INFO] [stderr]    Compiling dokan-sys v0.3.1+dokan206 (/opt/rustwide/workdir)
[INFO] [stderr] error: failed to run custom build command for `dokan-sys v0.3.1+dokan206 (/opt/rustwide/workdir)`
[INFO] [stderr] note: To improve backtraces for build dependencies, set the CARGO_PROFILE_DEV_BUILD_OVERRIDE_DEBUG=true environment variable to enable debug information generation.
[INFO] [stderr] 
[INFO] [stderr] Caused by:
[INFO] [stderr]   process didn't exit successfully: `/opt/rustwide/target/debug/build/dokan-sys-02abd1b0f2d9454b/build-script-build` (exit status: 101)
[INFO] [stderr]   --- stdout
[INFO] [stderr]   OPT_LEVEL = Some("0")
[INFO] [stderr]   TARGET = Some("x86_64-unknown-linux-gnu")
[INFO] [stderr]   HOST = Some("x86_64-unknown-linux-gnu")
[INFO] [stderr]   cargo:rerun-if-env-changed=CC_x86_64-unknown-linux-gnu
[INFO] [stderr]   CC_x86_64-unknown-linux-gnu = None
[INFO] [stderr]   cargo:rerun-if-env-changed=CC_x86_64_unknown_linux_gnu
[INFO] [stderr]   CC_x86_64_unknown_linux_gnu = None
[INFO] [stderr]   cargo:rerun-if-env-changed=HOST_CC
[INFO] [stderr]   HOST_CC = None
[INFO] [stderr]   cargo:rerun-if-env-changed=CC
[INFO] [stderr]   CC = None
[INFO] [stderr]   cargo:rerun-if-env-changed=CRATE_CC_NO_DEFAULTS
[INFO] [stderr]   CRATE_CC_NO_DEFAULTS = None
[INFO] [stderr]   DEBUG = Some("true")
[INFO] [stderr]   CARGO_CFG_TARGET_FEATURE = Some("fxsr,sse,sse2")
[INFO] [stderr]   cargo:rerun-if-env-changed=CFLAGS_x86_64-unknown-linux-gnu
[INFO] [stderr]   CFLAGS_x86_64-unknown-linux-gnu = None
[INFO] [stderr]   cargo:rerun-if-env-changed=CFLAGS_x86_64_unknown_linux_gnu
[INFO] [stderr]   CFLAGS_x86_64_unknown_linux_gnu = None
[INFO] [stderr]   cargo:rerun-if-env-changed=HOST_CFLAGS
[INFO] [stderr]   HOST_CFLAGS = None
[INFO] [stderr]   cargo:rerun-if-env-changed=CFLAGS
[INFO] [stderr]   CFLAGS = None
[INFO] [stderr] 
[INFO] [stderr]   --- stderr
[INFO] [stderr]   Environment variables:
[INFO] [stderr]   CARGO=/opt/rustwide/rustup-home/toolchains/1.75.0-x86_64-unknown-linux-gnu/bin/cargo
[INFO] [stderr]   CARGO_CFG_PANIC=unwind
[INFO] [stderr]   CARGO_CFG_TARGET_ARCH=x86_64
[INFO] [stderr]   CARGO_CFG_TARGET_ENDIAN=little
[INFO] [stderr]   CARGO_CFG_TARGET_ENV=gnu
[INFO] [stderr]   CARGO_CFG_TARGET_FAMILY=unix
[INFO] [stderr]   CARGO_CFG_TARGET_FEATURE=fxsr,sse,sse2
[INFO] [stderr]   CARGO_CFG_TARGET_HAS_ATOMIC=16,32,64,8,ptr
[INFO] [stderr]   CARGO_CFG_TARGET_OS=linux
[INFO] [stderr]   CARGO_CFG_TARGET_POINTER_WIDTH=64
[INFO] [stderr]   CARGO_CFG_TARGET_VENDOR=unknown
[INFO] [stderr]   CARGO_CFG_UNIX=
[INFO] [stderr]   CARGO_ENCODED_RUSTFLAGS=--cap-lints=warn
[INFO] [stderr]   CARGO_HOME=/opt/rustwide/cargo-home
[INFO] [stderr]   CARGO_INCREMENTAL=0
[INFO] [stderr]   CARGO_MAKEFLAGS=-j --jobserver-fds=7,8 --jobserver-auth=7,8
[INFO] [stderr]   CARGO_MANIFEST_DIR=/opt/rustwide/workdir
[INFO] [stderr]   CARGO_MANIFEST_LINKS=dokan
[INFO] [stderr]   CARGO_PKG_AUTHORS=DDoSolitary <DDoSolitary@gmail.com>
[INFO] [stderr]   CARGO_PKG_DESCRIPTION=Raw FFI bindings for Dokan (user mode file system library for Windows)
[INFO] [stderr]   CARGO_PKG_HOMEPAGE=https://dokan-dev.github.io
[INFO] [stderr]   CARGO_PKG_LICENSE=MIT
[INFO] [stderr]   CARGO_PKG_LICENSE_FILE=
[INFO] [stderr]   CARGO_PKG_NAME=dokan-sys
[INFO] [stderr]   CARGO_PKG_README=README.md
[INFO] [stderr]   CARGO_PKG_REPOSITORY=https://github.com/dokan-dev/dokan-rust
[INFO] [stderr]   CARGO_PKG_RUST_VERSION=
[INFO] [stderr]   CARGO_PKG_VERSION=0.3.1+dokan206
[INFO] [stderr]   CARGO_PKG_VERSION_MAJOR=0
[INFO] [stderr]   CARGO_PKG_VERSION_MINOR=3
[INFO] [stderr]   CARGO_PKG_VERSION_PATCH=1
[INFO] [stderr]   CARGO_PKG_VERSION_PRE=
[INFO] [stderr]   CARGO_TARGET_DIR=/opt/rustwide/target
[INFO] [stderr]   DEBUG=true
[INFO] [stderr]   HOME=/root
[INFO] [stderr]   HOST=x86_64-unknown-linux-gnu
[INFO] [stderr]   HOSTNAME=7b836ef8c976
[INFO] [stderr]   LD_LIBRARY_PATH=/opt/rustwide/target/debug/deps:/opt/rustwide/target/debug:/opt/rustwide/rustup-home/toolchains/1.75.0-x86_64-unknown-linux-gnu/lib/rustlib/x86_64-unknown-linux-gnu/lib:/opt/rustwide/rustup-home/toolchains/1.75.0-x86_64-unknown-linux-gnu/lib
[INFO] [stderr]   NUM_JOBS=16
[INFO] [stderr]   OPT_LEVEL=0
[INFO] [stderr]   OUT_DIR=/opt/rustwide/target/debug/build/dokan-sys-66d3a3bec98c9afe/out
[INFO] [stderr]   PATH=/opt/rustwide/cargo-home/bin:/usr/local/sbin:/usr/local/bin:/usr/sbin:/usr/bin:/sbin:/bin
[INFO] [stderr]   PROFILE=debug
[INFO] [stderr]   RUSTC=/opt/rustwide/rustup-home/toolchains/1.75.0-x86_64-unknown-linux-gnu/bin/rustc
[INFO] [stderr]   RUSTDOC=/opt/rustwide/rustup-home/toolchains/1.75.0-x86_64-unknown-linux-gnu/bin/rustdoc
[INFO] [stderr]   RUSTDOCFLAGS=--cap-lints=warn
[INFO] [stderr]   RUSTUP_HOME=/opt/rustwide/rustup-home
[INFO] [stderr]   RUSTUP_TOOLCHAIN=1.75.0-x86_64-unknown-linux-gnu
[INFO] [stderr]   RUST_BACKTRACE=full
[INFO] [stderr]   RUST_RECURSION_COUNT=1
[INFO] [stderr]   SOURCE_DIR=/opt/rustwide/workdir
[INFO] [stderr]   SSL_CERT_DIR=/usr/lib/ssl/certs
[INFO] [stderr]   SSL_CERT_FILE=/usr/lib/ssl/certs/ca-certificates.crt
[INFO] [stderr]   TARGET=x86_64-unknown-linux-gnu
[INFO] [stderr] 
[INFO] [stderr]   Compiler:
[INFO] [stderr]   cc
[INFO] [stderr] 
[INFO] [stderr]   Compiler arguments:
[INFO] [stderr]   -O0
[INFO] [stderr]   -ffunction-sections
[INFO] [stderr]   -fdata-sections
[INFO] [stderr]   -fPIC
[INFO] [stderr]   -gdwarf-4
[INFO] [stderr]   -fno-omit-frame-pointer
[INFO] [stderr]   -m64
[INFO] [stderr]   -Wall
[INFO] [stderr]   -Wextra
[INFO] [stderr] 
[INFO] [stderr]   Compiler environment variables:
[INFO] [stderr]   In file included from src/generate_version.c:2:
[INFO] [stderr]   src/dokany/dokan/dokan.h:28:10: fatal error: windows.h: No such file or directory
[INFO] [stderr]      28 | #include <windows.h>
[INFO] [stderr]         |          ^~~~~~~~~~~
[INFO] [stderr]   compilation terminated.
[INFO] [stderr]   thread 'main' panicked at build.rs:45:5:
[INFO] [stderr]   assertion failed: compiler_cmd.output().unwrap().status.success()
[INFO] [stderr]   stack backtrace:
[INFO] [stderr]      0:     0x5642c02c5e1c - std::backtrace_rs::backtrace::libunwind::trace::ha637c64ce894333a
[INFO] [stderr]                                  at /rustc/82e1608dfa6e0b5569232559e3d385fea5a93112/library/std/src/../../backtrace/src/backtrace/libunwind.rs:104:5
[INFO] [stderr]      1:     0x5642c02c5e1c - std::backtrace_rs::backtrace::trace_unsynchronized::h47f62dea28e0c88d
[INFO] [stderr]                                  at /rustc/82e1608dfa6e0b5569232559e3d385fea5a93112/library/std/src/../../backtrace/src/backtrace/mod.rs:66:5
[INFO] [stderr]      2:     0x5642c02c5e1c - std::sys_common::backtrace::_print_fmt::h9eef0abe20ede486
[INFO] [stderr]                                  at /rustc/82e1608dfa6e0b5569232559e3d385fea5a93112/library/std/src/sys_common/backtrace.rs:67:5
[INFO] [stderr]      3:     0x5642c02c5e1c - <std::sys_common::backtrace::_print::DisplayBacktrace as core::fmt::Display>::fmt::hed7f999df88cc644
[INFO] [stderr]                                  at /rustc/82e1608dfa6e0b5569232559e3d385fea5a93112/library/std/src/sys_common/backtrace.rs:44:22
[INFO] [stderr]      4:     0x5642c02ec160 - core::fmt::rt::Argument::fmt::h1539a9308b8d058d
[INFO] [stderr]                                  at /rustc/82e1608dfa6e0b5569232559e3d385fea5a93112/library/core/src/fmt/rt.rs:142:9
[INFO] [stderr]      5:     0x5642c02ec160 - core::fmt::write::h3a39390d8560d9c9
[INFO] [stderr]                                  at /rustc/82e1608dfa6e0b5569232559e3d385fea5a93112/library/core/src/fmt/mod.rs:1120:17
[INFO] [stderr]      6:     0x5642c02c384f - std::io::Write::write_fmt::h5fc9997dfe05f882
[INFO] [stderr]                                  at /rustc/82e1608dfa6e0b5569232559e3d385fea5a93112/library/std/src/io/mod.rs:1762:15
[INFO] [stderr]      7:     0x5642c02c5c04 - std::sys_common::backtrace::_print::h894006fb5c6f3d45
[INFO] [stderr]                                  at /rustc/82e1608dfa6e0b5569232559e3d385fea5a93112/library/std/src/sys_common/backtrace.rs:47:5
[INFO] [stderr]      8:     0x5642c02c5c04 - std::sys_common::backtrace::print::h23a2d212c6fff936
[INFO] [stderr]                                  at /rustc/82e1608dfa6e0b5569232559e3d385fea5a93112/library/std/src/sys_common/backtrace.rs:34:9
[INFO] [stderr]      9:     0x5642c02c7417 - std::panicking::default_hook::{{closure}}::h8a1d2ee00185001a
[INFO] [stderr]     10:     0x5642c02c717f - std::panicking::default_hook::h6038f2eba384e475
[INFO] [stderr]                                  at /rustc/82e1608dfa6e0b5569232559e3d385fea5a93112/library/std/src/panicking.rs:292:9
[INFO] [stderr]     11:     0x5642c02c7898 - std::panicking::rust_panic_with_hook::h2b5517d590cab22e
[INFO] [stderr]                                  at /rustc/82e1608dfa6e0b5569232559e3d385fea5a93112/library/std/src/panicking.rs:779:13
[INFO] [stderr]     12:     0x5642c02c7749 - std::panicking::begin_panic_handler::{{closure}}::h233112c06e0ef43e
[INFO] [stderr]                                  at /rustc/82e1608dfa6e0b5569232559e3d385fea5a93112/library/std/src/panicking.rs:649:13
[INFO] [stderr]     13:     0x5642c02c62e6 - std::sys_common::backtrace::__rust_end_short_backtrace::h6e893f24d7ebbff8
[INFO] [stderr]                                  at /rustc/82e1608dfa6e0b5569232559e3d385fea5a93112/library/std/src/sys_common/backtrace.rs:170:18
[INFO] [stderr]     14:     0x5642c02c74e2 - rust_begin_unwind
[INFO] [stderr]                                  at /rustc/82e1608dfa6e0b5569232559e3d385fea5a93112/library/std/src/panicking.rs:645:5
[INFO] [stderr]     15:     0x5642c025d355 - core::panicking::panic_fmt::hbf0e066aabfa482c
[INFO] [stderr]                                  at /rustc/82e1608dfa6e0b5569232559e3d385fea5a93112/library/core/src/panicking.rs:72:14
[INFO] [stderr]     16:     0x5642c025d3f3 - core::panicking::panic::h195fc2a96298d4c3
[INFO] [stderr]                                  at /rustc/82e1608dfa6e0b5569232559e3d385fea5a93112/library/core/src/panicking.rs:127:5
[INFO] [stderr]     17:     0x5642c0260dad - build_script_build::run_generator::he8f3e42eeb073e7e
[INFO] [stderr]     18:     0x5642c0262a0a - build_script_build::main::h6023eac3b747845d
[INFO] [stderr]     19:     0x5642c025e7c3 - core::ops::function::FnOnce::call_once::h35acc5e732c5aed5
[INFO] [stderr]     20:     0x5642c025ddb6 - std::sys_common::backtrace::__rust_begin_short_backtrace::h8b339f151bc323a5
[INFO] [stderr]     21:     0x5642c025e049 - std::rt::lang_start::{{closure}}::h089010e2f189b972
[INFO] [stderr]     22:     0x5642c02bf4c7 - core::ops::function::impls::<impl core::ops::function::FnOnce<A> for &F>::call_once::hd95060ecd5e1ca24
[INFO] [stderr]                                  at /rustc/82e1608dfa6e0b5569232559e3d385fea5a93112/library/core/src/ops/function.rs:284:13
[INFO] [stderr]     23:     0x5642c02bf4c7 - std::panicking::try::do_call::h6e8cf51db32a6e4b
[INFO] [stderr]                                  at /rustc/82e1608dfa6e0b5569232559e3d385fea5a93112/library/std/src/panicking.rs:552:40
[INFO] [stderr]     24:     0x5642c02bf4c7 - std::panicking::try::h3a52eefe24fe3c29
[INFO] [stderr]                                  at /rustc/82e1608dfa6e0b5569232559e3d385fea5a93112/library/std/src/panicking.rs:516:19
[INFO] [stderr]     25:     0x5642c02bf4c7 - std::panic::catch_unwind::h24c28c23c02c3841
[INFO] [stderr]                                  at /rustc/82e1608dfa6e0b5569232559e3d385fea5a93112/library/std/src/panic.rs:142:14
[INFO] [stderr]     26:     0x5642c02bf4c7 - std::rt::lang_start_internal::{{closure}}::h705d3c9cbc06ef47
[INFO] [stderr]                                  at /rustc/82e1608dfa6e0b5569232559e3d385fea5a93112/library/std/src/rt.rs:148:48
[INFO] [stderr]     27:     0x5642c02bf4c7 - std::panicking::try::do_call::ha21f52ba13158470
[INFO] [stderr]                                  at /rustc/82e1608dfa6e0b5569232559e3d385fea5a93112/library/std/src/panicking.rs:552:40
[INFO] [stderr]     28:     0x5642c02bf4c7 - std::panicking::try::h5581346bf6aeb1f8
[INFO] [stderr]                                  at /rustc/82e1608dfa6e0b5569232559e3d385fea5a93112/library/std/src/panicking.rs:516:19
[INFO] [stderr]     29:     0x5642c02bf4c7 - std::panic::catch_unwind::h7919645a6b72e25b
[INFO] [stderr]                                  at /rustc/82e1608dfa6e0b5569232559e3d385fea5a93112/library/std/src/panic.rs:142:14
[INFO] [stderr]     30:     0x5642c02bf4c7 - std::rt::lang_start_internal::h12de51168669836e
[INFO] [stderr]                                  at /rustc/82e1608dfa6e0b5569232559e3d385fea5a93112/library/std/src/rt.rs:148:20
[INFO] [stderr]     31:     0x5642c025e027 - std::rt::lang_start::h913b2278342e5e0a
[INFO] [stderr]     32:     0x5642c0262e95 - main
[INFO] [stderr]     33:     0x7f636b4a1d90 - <unknown>
[INFO] [stderr]     34:     0x7f636b4a1e40 - __libc_start_main
[INFO] [stderr]     35:     0x5642c025da75 - _start
[INFO] [stderr]     36:                0x0 - <unknown>
[INFO] running `Command { std: "docker" "inspect" "7b836ef8c976eb65321b8cdfb064ef3db3c7472b6285482faa778e63b1318d78", kill_on_drop: false }`
[INFO] running `Command { std: "docker" "rm" "-f" "7b836ef8c976eb65321b8cdfb064ef3db3c7472b6285482faa778e63b1318d78", kill_on_drop: false }`
[INFO] [stdout] 7b836ef8c976eb65321b8cdfb064ef3db3c7472b6285482faa778e63b1318d78
[INFO] testing dokan-sys-0.3.1+dokan206 against beta-2023-12-22 for beta-1.76-1
[INFO] extracting crate dokan-sys 0.3.1+dokan206 into /workspace/builds/worker-4-tc2/source
[INFO] validating manifest of crates.io crate dokan-sys 0.3.1+dokan206 on toolchain beta-2023-12-22
[INFO] running `Command { std: CARGO_HOME="/workspace/cargo-home" RUSTUP_HOME="/workspace/rustup-home" "/workspace/cargo-home/bin/cargo" "+beta-2023-12-22" "metadata" "--manifest-path" "Cargo.toml" "--no-deps", kill_on_drop: false }`
[INFO] started tweaking crates.io crate dokan-sys 0.3.1+dokan206
[INFO] finished tweaking crates.io crate dokan-sys 0.3.1+dokan206
[INFO] tweaked toml for crates.io crate dokan-sys 0.3.1+dokan206 written to /workspace/builds/worker-4-tc2/source/Cargo.toml
[INFO] running `Command { std: CARGO_HOME="/workspace/cargo-home" RUSTUP_HOME="/workspace/rustup-home" "/workspace/cargo-home/bin/cargo" "+beta-2023-12-22" "generate-lockfile" "--manifest-path" "Cargo.toml", kill_on_drop: false }`
[INFO] [stderr]     Updating crates.io index
[INFO] running `Command { std: CARGO_HOME="/workspace/cargo-home" RUSTUP_HOME="/workspace/rustup-home" "/workspace/cargo-home/bin/cargo" "+beta-2023-12-22" "fetch" "--manifest-path" "Cargo.toml", kill_on_drop: false }`
[INFO] running `Command { std: "docker" "create" "-v" "/var/lib/crater-agent-workspace/builds/worker-4-tc2/target:/opt/rustwide/target:rw,Z" "-v" "/var/lib/crater-agent-workspace/builds/worker-4-tc2/source:/opt/rustwide/workdir:ro,Z" "-v" "/var/lib/crater-agent-workspace/cargo-home:/opt/rustwide/cargo-home:ro,Z" "-v" "/var/lib/crater-agent-workspace/rustup-home:/opt/rustwide/rustup-home:ro,Z" "-e" "SOURCE_DIR=/opt/rustwide/workdir" "-e" "CARGO_TARGET_DIR=/opt/rustwide/target" "-e" "CARGO_HOME=/opt/rustwide/cargo-home" "-e" "RUSTUP_HOME=/opt/rustwide/rustup-home" "-w" "/opt/rustwide/workdir" "-m" "1610612736" "--user" "0:0" "--network" "none" "ghcr.io/rust-lang/crates-build-env/linux@sha256:2788e3201cd34a07e3172128adcd8b3090168a8e3bcc40d7c032b9dda1df7d1c" "/opt/rustwide/cargo-home/bin/cargo" "+beta-2023-12-22" "metadata" "--no-deps" "--format-version=1", kill_on_drop: false }`
[INFO] [stdout] 7f7fa5fd398eadc57e0d31d32b7240b0f1ef7fb118ba8320a5dc4c16980e3647
[INFO] running `Command { std: "docker" "start" "-a" "7f7fa5fd398eadc57e0d31d32b7240b0f1ef7fb118ba8320a5dc4c16980e3647", kill_on_drop: false }`
[INFO] running `Command { std: "docker" "inspect" "7f7fa5fd398eadc57e0d31d32b7240b0f1ef7fb118ba8320a5dc4c16980e3647", kill_on_drop: false }`
[INFO] running `Command { std: "docker" "rm" "-f" "7f7fa5fd398eadc57e0d31d32b7240b0f1ef7fb118ba8320a5dc4c16980e3647", kill_on_drop: false }`
[INFO] [stdout] 7f7fa5fd398eadc57e0d31d32b7240b0f1ef7fb118ba8320a5dc4c16980e3647
[INFO] running `Command { std: "docker" "create" "-v" "/var/lib/crater-agent-workspace/builds/worker-4-tc2/target:/opt/rustwide/target:rw,Z" "-v" "/var/lib/crater-agent-workspace/builds/worker-4-tc2/source:/opt/rustwide/workdir:ro,Z" "-v" "/var/lib/crater-agent-workspace/cargo-home:/opt/rustwide/cargo-home:ro,Z" "-v" "/var/lib/crater-agent-workspace/rustup-home:/opt/rustwide/rustup-home:ro,Z" "-e" "SOURCE_DIR=/opt/rustwide/workdir" "-e" "CARGO_TARGET_DIR=/opt/rustwide/target" "-e" "CARGO_INCREMENTAL=0" "-e" "RUST_BACKTRACE=full" "-e" "RUSTFLAGS=--cap-lints=warn" "-e" "RUSTDOCFLAGS=--cap-lints=warn" "-e" "CARGO_HOME=/opt/rustwide/cargo-home" "-e" "RUSTUP_HOME=/opt/rustwide/rustup-home" "-w" "/opt/rustwide/workdir" "-m" "1610612736" "--user" "0:0" "--network" "none" "ghcr.io/rust-lang/crates-build-env/linux@sha256:2788e3201cd34a07e3172128adcd8b3090168a8e3bcc40d7c032b9dda1df7d1c" "/opt/rustwide/cargo-home/bin/cargo" "+beta-2023-12-22" "build" "--frozen" "--message-format=json", kill_on_drop: false }`
[INFO] [stdout] 3f53c5337c799f7a8443ad70b879b23a86f675baf814326982e0237c15adcfb9
[INFO] running `Command { std: "docker" "start" "-a" "3f53c5337c799f7a8443ad70b879b23a86f675baf814326982e0237c15adcfb9", kill_on_drop: false }`
[INFO] [stderr]    Compiling winapi v0.3.9
[INFO] [stderr]    Compiling cc v1.0.83
[INFO] [stderr]    Compiling dokan-sys v0.3.1+dokan206 (/opt/rustwide/workdir)
[INFO] [stderr] error: failed to run custom build command for `dokan-sys v0.3.1+dokan206 (/opt/rustwide/workdir)`
[INFO] [stderr] note: To improve backtraces for build dependencies, set the CARGO_PROFILE_DEV_BUILD_OVERRIDE_DEBUG=true environment variable to enable debug information generation.
[INFO] [stderr] 
[INFO] [stderr] Caused by:
[INFO] [stderr]   process didn't exit successfully: `/opt/rustwide/target/debug/build/dokan-sys-03a41f53c2c5f2df/build-script-build` (exit status: 101)
[INFO] [stderr]   --- stdout
[INFO] [stderr]   OPT_LEVEL = Some("0")
[INFO] [stderr]   TARGET = Some("x86_64-unknown-linux-gnu")
[INFO] [stderr]   HOST = Some("x86_64-unknown-linux-gnu")
[INFO] [stderr]   cargo:rerun-if-env-changed=CC_x86_64-unknown-linux-gnu
[INFO] [stderr]   CC_x86_64-unknown-linux-gnu = None
[INFO] [stderr]   cargo:rerun-if-env-changed=CC_x86_64_unknown_linux_gnu
[INFO] [stderr]   CC_x86_64_unknown_linux_gnu = None
[INFO] [stderr]   cargo:rerun-if-env-changed=HOST_CC
[INFO] [stderr]   HOST_CC = None
[INFO] [stderr]   cargo:rerun-if-env-changed=CC
[INFO] [stderr]   CC = None
[INFO] [stderr]   cargo:rerun-if-env-changed=CRATE_CC_NO_DEFAULTS
[INFO] [stderr]   CRATE_CC_NO_DEFAULTS = None
[INFO] [stderr]   DEBUG = Some("true")
[INFO] [stderr]   CARGO_CFG_TARGET_FEATURE = Some("fxsr,sse,sse2")
[INFO] [stderr]   cargo:rerun-if-env-changed=CFLAGS_x86_64-unknown-linux-gnu
[INFO] [stderr]   CFLAGS_x86_64-unknown-linux-gnu = None
[INFO] [stderr]   cargo:rerun-if-env-changed=CFLAGS_x86_64_unknown_linux_gnu
[INFO] [stderr]   CFLAGS_x86_64_unknown_linux_gnu = None
[INFO] [stderr]   cargo:rerun-if-env-changed=HOST_CFLAGS
[INFO] [stderr]   HOST_CFLAGS = None
[INFO] [stderr]   cargo:rerun-if-env-changed=CFLAGS
[INFO] [stderr]   CFLAGS = None
[INFO] [stderr] 
[INFO] [stderr]   --- stderr
[INFO] [stderr]   Environment variables:
[INFO] [stderr]   CARGO=/opt/rustwide/rustup-home/toolchains/beta-2023-12-22-x86_64-unknown-linux-gnu/bin/cargo
[INFO] [stderr]   CARGO_CFG_PANIC=unwind
[INFO] [stderr]   CARGO_CFG_TARGET_ARCH=x86_64
[INFO] [stderr]   CARGO_CFG_TARGET_ENDIAN=little
[INFO] [stderr]   CARGO_CFG_TARGET_ENV=gnu
[INFO] [stderr]   CARGO_CFG_TARGET_FAMILY=unix
[INFO] [stderr]   CARGO_CFG_TARGET_FEATURE=fxsr,sse,sse2
[INFO] [stderr]   CARGO_CFG_TARGET_HAS_ATOMIC=16,32,64,8,ptr
[INFO] [stderr]   CARGO_CFG_TARGET_OS=linux
[INFO] [stderr]   CARGO_CFG_TARGET_POINTER_WIDTH=64
[INFO] [stderr]   CARGO_CFG_TARGET_VENDOR=unknown
[INFO] [stderr]   CARGO_CFG_UNIX=
[INFO] [stderr]   CARGO_ENCODED_RUSTFLAGS=--cap-lints=warn
[INFO] [stderr]   CARGO_HOME=/opt/rustwide/cargo-home
[INFO] [stderr]   CARGO_INCREMENTAL=0
[INFO] [stderr]   CARGO_MAKEFLAGS=-j --jobserver-fds=7,8 --jobserver-auth=7,8
[INFO] [stderr]   CARGO_MANIFEST_DIR=/opt/rustwide/workdir
[INFO] [stderr]   CARGO_MANIFEST_LINKS=dokan
[INFO] [stderr]   CARGO_PKG_AUTHORS=DDoSolitary <DDoSolitary@gmail.com>
[INFO] [stderr]   CARGO_PKG_DESCRIPTION=Raw FFI bindings for Dokan (user mode file system library for Windows)
[INFO] [stderr]   CARGO_PKG_HOMEPAGE=https://dokan-dev.github.io
[INFO] [stderr]   CARGO_PKG_LICENSE=MIT
[INFO] [stderr]   CARGO_PKG_LICENSE_FILE=
[INFO] [stderr]   CARGO_PKG_NAME=dokan-sys
[INFO] [stderr]   CARGO_PKG_README=README.md
[INFO] [stderr]   CARGO_PKG_REPOSITORY=https://github.com/dokan-dev/dokan-rust
[INFO] [stderr]   CARGO_PKG_RUST_VERSION=
[INFO] [stderr]   CARGO_PKG_VERSION=0.3.1+dokan206
[INFO] [stderr]   CARGO_PKG_VERSION_MAJOR=0
[INFO] [stderr]   CARGO_PKG_VERSION_MINOR=3
[INFO] [stderr]   CARGO_PKG_VERSION_PATCH=1
[INFO] [stderr]   CARGO_PKG_VERSION_PRE=
[INFO] [stderr]   CARGO_TARGET_DIR=/opt/rustwide/target
[INFO] [stderr]   DEBUG=true
[INFO] [stderr]   HOME=/root
[INFO] [stderr]   HOST=x86_64-unknown-linux-gnu
[INFO] [stderr]   HOSTNAME=3f53c5337c79
[INFO] [stderr]   LD_LIBRARY_PATH=/opt/rustwide/target/debug/deps:/opt/rustwide/target/debug:/opt/rustwide/rustup-home/toolchains/beta-2023-12-22-x86_64-unknown-linux-gnu/lib/rustlib/x86_64-unknown-linux-gnu/lib:/opt/rustwide/rustup-home/toolchains/beta-2023-12-22-x86_64-unknown-linux-gnu/lib
[INFO] [stderr]   NUM_JOBS=16
[INFO] [stderr]   OPT_LEVEL=0
[INFO] [stderr]   OUT_DIR=/opt/rustwide/target/debug/build/dokan-sys-5bcb32667f6de3be/out
[INFO] [stderr]   PATH=/opt/rustwide/cargo-home/bin:/usr/local/sbin:/usr/local/bin:/usr/sbin:/usr/bin:/sbin:/bin
[INFO] [stderr]   PROFILE=debug
[INFO] [stderr]   RUSTC=/opt/rustwide/rustup-home/toolchains/beta-2023-12-22-x86_64-unknown-linux-gnu/bin/rustc
[INFO] [stderr]   RUSTDOC=/opt/rustwide/rustup-home/toolchains/beta-2023-12-22-x86_64-unknown-linux-gnu/bin/rustdoc
[INFO] [stderr]   RUSTDOCFLAGS=--cap-lints=warn
[INFO] [stderr]   RUSTUP_HOME=/opt/rustwide/rustup-home
[INFO] [stderr]   RUSTUP_TOOLCHAIN=beta-2023-12-22-x86_64-unknown-linux-gnu
[INFO] [stderr]   RUST_BACKTRACE=full
[INFO] [stderr]   RUST_RECURSION_COUNT=1
[INFO] [stderr]   SOURCE_DIR=/opt/rustwide/workdir
[INFO] [stderr]   SSL_CERT_DIR=/usr/lib/ssl/certs
[INFO] [stderr]   SSL_CERT_FILE=/usr/lib/ssl/certs/ca-certificates.crt
[INFO] [stderr]   TARGET=x86_64-unknown-linux-gnu
[INFO] [stderr] 
[INFO] [stderr]   Compiler:
[INFO] [stderr]   cc
[INFO] [stderr] 
[INFO] [stderr]   Compiler arguments:
[INFO] [stderr]   -O0
[INFO] [stderr]   -ffunction-sections
[INFO] [stderr]   -fdata-sections
[INFO] [stderr]   -fPIC
[INFO] [stderr]   -gdwarf-4
[INFO] [stderr]   -fno-omit-frame-pointer
[INFO] [stderr]   -m64
[INFO] [stderr]   -Wall
[INFO] [stderr]   -Wextra
[INFO] [stderr] 
[INFO] [stderr]   Compiler environment variables:
[INFO] [stderr]   In file included from src/generate_version.c:2:
[INFO] [stderr]   src/dokany/dokan/dokan.h:28:10: fatal error: windows.h: No such file or directory
[INFO] [stderr]      28 | #include <windows.h>
[INFO] [stderr]         |          ^~~~~~~~~~~
[INFO] [stderr]   compilation terminated.
[INFO] [stderr]   thread 'main' panicked at build.rs:45:5:
[INFO] [stderr]   assertion failed: compiler_cmd.output().unwrap().status.success()
[INFO] [stderr]   stack backtrace:
[INFO] [stderr]      0:     0x5624c57b17c6 - std::backtrace_rs::backtrace::libunwind::trace::h261606ad26a499c1
[INFO] [stderr]                                  at /rustc/0e09125c6c3c2fd70d7de961bcf0e51575235fad/library/std/src/../../backtrace/src/backtrace/libunwind.rs:104:5
[INFO] [stderr]      1:     0x5624c57b17c6 - std::backtrace_rs::backtrace::trace_unsynchronized::hd183f0625477fb28
[INFO] [stderr]                                  at /rustc/0e09125c6c3c2fd70d7de961bcf0e51575235fad/library/std/src/../../backtrace/src/backtrace/mod.rs:66:5
[INFO] [stderr]      2:     0x5624c57b17c6 - std::sys_common::backtrace::_print_fmt::hd7f8fef21b4eda67
[INFO] [stderr]                                  at /rustc/0e09125c6c3c2fd70d7de961bcf0e51575235fad/library/std/src/sys_common/backtrace.rs:68:5
[INFO] [stderr]      3:     0x5624c57b17c6 - <std::sys_common::backtrace::_print::DisplayBacktrace as core::fmt::Display>::fmt::h623d9b51f2f453f1
[INFO] [stderr]                                  at /rustc/0e09125c6c3c2fd70d7de961bcf0e51575235fad/library/std/src/sys_common/backtrace.rs:44:22
[INFO] [stderr]      4:     0x5624c57d6f10 - core::fmt::rt::Argument::fmt::h9f417ac76a86f368
[INFO] [stderr]                                  at /rustc/0e09125c6c3c2fd70d7de961bcf0e51575235fad/library/core/src/fmt/rt.rs:142:9
[INFO] [stderr]      5:     0x5624c57d6f10 - core::fmt::write::hc9b6faf4ac2aeff7
[INFO] [stderr]                                  at /rustc/0e09125c6c3c2fd70d7de961bcf0e51575235fad/library/core/src/fmt/mod.rs:1120:17
[INFO] [stderr]      6:     0x5624c57af32f - std::io::Write::write_fmt::hfead1eee52c2e65e
[INFO] [stderr]                                  at /rustc/0e09125c6c3c2fd70d7de961bcf0e51575235fad/library/std/src/io/mod.rs:1810:15
[INFO] [stderr]      7:     0x5624c57b15a4 - std::sys_common::backtrace::_print::hd5d66399c7df88a2
[INFO] [stderr]                                  at /rustc/0e09125c6c3c2fd70d7de961bcf0e51575235fad/library/std/src/sys_common/backtrace.rs:47:5
[INFO] [stderr]      8:     0x5624c57b15a4 - std::sys_common::backtrace::print::he81ed2da642d37e5
[INFO] [stderr]                                  at /rustc/0e09125c6c3c2fd70d7de961bcf0e51575235fad/library/std/src/sys_common/backtrace.rs:34:9
[INFO] [stderr]      9:     0x5624c57b2e87 - std::panicking::default_hook::{{closure}}::h85773f4fa117163d
[INFO] [stderr]     10:     0x5624c57b2be9 - std::panicking::default_hook::h6a1694a91d09b278
[INFO] [stderr]                                  at /rustc/0e09125c6c3c2fd70d7de961bcf0e51575235fad/library/std/src/panicking.rs:292:9
[INFO] [stderr]     11:     0x5624c57b3318 - std::panicking::rust_panic_with_hook::h0a7ad96e90f7145b
[INFO] [stderr]                                  at /rustc/0e09125c6c3c2fd70d7de961bcf0e51575235fad/library/std/src/panicking.rs:779:13
[INFO] [stderr]     12:     0x5624c57b31b9 - std::panicking::begin_panic_handler::{{closure}}::h7919090525c6485e
[INFO] [stderr]                                  at /rustc/0e09125c6c3c2fd70d7de961bcf0e51575235fad/library/std/src/panicking.rs:649:13
[INFO] [stderr]     13:     0x5624c57b1cc6 - std::sys_common::backtrace::__rust_end_short_backtrace::hf3289479464f7dfe
[INFO] [stderr]                                  at /rustc/0e09125c6c3c2fd70d7de961bcf0e51575235fad/library/std/src/sys_common/backtrace.rs:171:18
[INFO] [stderr]     14:     0x5624c57b2f50 - rust_begin_unwind
[INFO] [stderr]                                  at /rustc/0e09125c6c3c2fd70d7de961bcf0e51575235fad/library/std/src/panicking.rs:645:5
[INFO] [stderr]     15:     0x5624c5747355 - core::panicking::panic_fmt::hcc9f77c5c132af55
[INFO] [stderr]                                  at /rustc/0e09125c6c3c2fd70d7de961bcf0e51575235fad/library/core/src/panicking.rs:72:14
[INFO] [stderr]     16:     0x5624c5747413 - core::panicking::panic::h5a1259c1164bd480
[INFO] [stderr]                                  at /rustc/0e09125c6c3c2fd70d7de961bcf0e51575235fad/library/core/src/panicking.rs:144:5
[INFO] [stderr]     17:     0x5624c574ae5d - build_script_build::run_generator::h058989f37e0f1c84
[INFO] [stderr]     18:     0x5624c574ca9a - build_script_build::main::h6f1bfbf908187ac8
[INFO] [stderr]     19:     0x5624c5748853 - core::ops::function::FnOnce::call_once::hd9b66ffde9cb869c
[INFO] [stderr]     20:     0x5624c5747df6 - std::sys_common::backtrace::__rust_begin_short_backtrace::h60cee1d186c633f0
[INFO] [stderr]     21:     0x5624c5748089 - std::rt::lang_start::{{closure}}::h346a4de70985216f
[INFO] [stderr]     22:     0x5624c57aabf1 - core::ops::function::impls::<impl core::ops::function::FnOnce<A> for &F>::call_once::h4eb4c5e1620f29b0
[INFO] [stderr]                                  at /rustc/0e09125c6c3c2fd70d7de961bcf0e51575235fad/library/core/src/ops/function.rs:284:13
[INFO] [stderr]     23:     0x5624c57aabf1 - std::panicking::try::do_call::h73fd26535faffcdf
[INFO] [stderr]                                  at /rustc/0e09125c6c3c2fd70d7de961bcf0e51575235fad/library/std/src/panicking.rs:552:40
[INFO] [stderr]     24:     0x5624c57aabf1 - std::panicking::try::h77ff1d98f0fb9f39
[INFO] [stderr]                                  at /rustc/0e09125c6c3c2fd70d7de961bcf0e51575235fad/library/std/src/panicking.rs:516:19
[INFO] [stderr]     25:     0x5624c57aabf1 - std::panic::catch_unwind::hab3caf2448b95e37
[INFO] [stderr]                                  at /rustc/0e09125c6c3c2fd70d7de961bcf0e51575235fad/library/std/src/panic.rs:142:14
[INFO] [stderr]     26:     0x5624c57aabf1 - std::rt::lang_start_internal::{{closure}}::h8086711f9c783f78
[INFO] [stderr]                                  at /rustc/0e09125c6c3c2fd70d7de961bcf0e51575235fad/library/std/src/rt.rs:148:48
[INFO] [stderr]     27:     0x5624c57aabf1 - std::panicking::try::do_call::hf920d4dc291cd6ca
[INFO] [stderr]                                  at /rustc/0e09125c6c3c2fd70d7de961bcf0e51575235fad/library/std/src/panicking.rs:552:40
[INFO] [stderr]     28:     0x5624c57aabf1 - std::panicking::try::h2b806ccc0a85db74
[INFO] [stderr]                                  at /rustc/0e09125c6c3c2fd70d7de961bcf0e51575235fad/library/std/src/panicking.rs:516:19
[INFO] [stderr]     29:     0x5624c57aabf1 - std::panic::catch_unwind::h038489539c507df2
[INFO] [stderr]                                  at /rustc/0e09125c6c3c2fd70d7de961bcf0e51575235fad/library/std/src/panic.rs:142:14
[INFO] [stderr]     30:     0x5624c57aabf1 - std::rt::lang_start_internal::h28503b88912e8a5c
[INFO] [stderr]                                  at /rustc/0e09125c6c3c2fd70d7de961bcf0e51575235fad/library/std/src/rt.rs:148:20
[INFO] [stderr]     31:     0x5624c5748067 - std::rt::lang_start::h88d84cc175608e3b
[INFO] [stderr]     32:     0x5624c574cf15 - main
[INFO] [stderr]     33:     0x7f0717c3cd90 - <unknown>
[INFO] [stderr]     34:     0x7f0717c3ce40 - __libc_start_main
[INFO] [stderr]     35:     0x5624c5747a85 - _start
[INFO] [stderr]     36:                0x0 - <unknown>
[INFO] running `Command { std: "docker" "inspect" "3f53c5337c799f7a8443ad70b879b23a86f675baf814326982e0237c15adcfb9", kill_on_drop: false }`
[INFO] running `Command { std: "docker" "rm" "-f" "3f53c5337c799f7a8443ad70b879b23a86f675baf814326982e0237c15adcfb9", kill_on_drop: false }`
[INFO] [stdout] 3f53c5337c799f7a8443ad70b879b23a86f675baf814326982e0237c15adcfb9
