[INFO] fetching crate docker-sdk 0.1.2...
[INFO] testing docker-sdk-0.1.2 against 1.75.0 for beta-1.76-1
[INFO] extracting crate docker-sdk 0.1.2 into /workspace/builds/worker-3-tc1/source
[INFO] validating manifest of crates.io crate docker-sdk 0.1.2 on toolchain 1.75.0
[INFO] running `Command { std: CARGO_HOME="/workspace/cargo-home" RUSTUP_HOME="/workspace/rustup-home" "/workspace/cargo-home/bin/cargo" "+1.75.0" "metadata" "--manifest-path" "Cargo.toml" "--no-deps", kill_on_drop: false }`
[INFO] started tweaking crates.io crate docker-sdk 0.1.2
[INFO] finished tweaking crates.io crate docker-sdk 0.1.2
[INFO] tweaked toml for crates.io crate docker-sdk 0.1.2 written to /workspace/builds/worker-3-tc1/source/Cargo.toml
[INFO] crate crates.io crate docker-sdk 0.1.2 already has a lockfile, it will not be regenerated
[INFO] running `Command { std: CARGO_HOME="/workspace/cargo-home" RUSTUP_HOME="/workspace/rustup-home" "/workspace/cargo-home/bin/cargo" "+1.75.0" "fetch" "--manifest-path" "Cargo.toml", kill_on_drop: false }`
[INFO] [stderr]     Updating crates.io index
[INFO] [stderr]  Downloading crates ...
[INFO] [stderr]   Downloaded linked_hash_set v0.1.4
[INFO] [stderr]   Downloaded hyper-openssl v0.9.2
[INFO] [stderr]   Downloaded paste v1.0.9
[INFO] [stderr]   Downloaded tokio-openssl v0.6.3
[INFO] [stderr]   Downloaded futures_codec v0.4.1
[INFO] [stderr]   Downloaded openssl-src v111.24.0+1.1.1s
[INFO] running `Command { std: "docker" "create" "-v" "/var/lib/crater-agent-workspace/builds/worker-3-tc1/target:/opt/rustwide/target:rw,Z" "-v" "/var/lib/crater-agent-workspace/builds/worker-3-tc1/source:/opt/rustwide/workdir:ro,Z" "-v" "/var/lib/crater-agent-workspace/cargo-home:/opt/rustwide/cargo-home:ro,Z" "-v" "/var/lib/crater-agent-workspace/rustup-home:/opt/rustwide/rustup-home:ro,Z" "-e" "SOURCE_DIR=/opt/rustwide/workdir" "-e" "CARGO_TARGET_DIR=/opt/rustwide/target" "-e" "CARGO_HOME=/opt/rustwide/cargo-home" "-e" "RUSTUP_HOME=/opt/rustwide/rustup-home" "-w" "/opt/rustwide/workdir" "-m" "1610612736" "--user" "0:0" "--network" "none" "ghcr.io/rust-lang/crates-build-env/linux@sha256:2788e3201cd34a07e3172128adcd8b3090168a8e3bcc40d7c032b9dda1df7d1c" "/opt/rustwide/cargo-home/bin/cargo" "+1.75.0" "metadata" "--no-deps" "--format-version=1", kill_on_drop: false }`
[INFO] [stdout] aa1548c3cb54f336877e6d9cbe65621fbd1188253db3439bc7b480e56d9757e4
[INFO] running `Command { std: "docker" "start" "-a" "aa1548c3cb54f336877e6d9cbe65621fbd1188253db3439bc7b480e56d9757e4", kill_on_drop: false }`
[INFO] running `Command { std: "docker" "inspect" "aa1548c3cb54f336877e6d9cbe65621fbd1188253db3439bc7b480e56d9757e4", kill_on_drop: false }`
[INFO] running `Command { std: "docker" "rm" "-f" "aa1548c3cb54f336877e6d9cbe65621fbd1188253db3439bc7b480e56d9757e4", kill_on_drop: false }`
[INFO] [stdout] aa1548c3cb54f336877e6d9cbe65621fbd1188253db3439bc7b480e56d9757e4
[INFO] running `Command { std: "docker" "create" "-v" "/var/lib/crater-agent-workspace/builds/worker-3-tc1/target:/opt/rustwide/target:rw,Z" "-v" "/var/lib/crater-agent-workspace/builds/worker-3-tc1/source:/opt/rustwide/workdir:ro,Z" "-v" "/var/lib/crater-agent-workspace/cargo-home:/opt/rustwide/cargo-home:ro,Z" "-v" "/var/lib/crater-agent-workspace/rustup-home:/opt/rustwide/rustup-home:ro,Z" "-e" "SOURCE_DIR=/opt/rustwide/workdir" "-e" "CARGO_TARGET_DIR=/opt/rustwide/target" "-e" "CARGO_INCREMENTAL=0" "-e" "RUST_BACKTRACE=full" "-e" "RUSTFLAGS=--cap-lints=warn" "-e" "RUSTDOCFLAGS=--cap-lints=warn" "-e" "CARGO_HOME=/opt/rustwide/cargo-home" "-e" "RUSTUP_HOME=/opt/rustwide/rustup-home" "-w" "/opt/rustwide/workdir" "-m" "1610612736" "--user" "0:0" "--network" "none" "ghcr.io/rust-lang/crates-build-env/linux@sha256:2788e3201cd34a07e3172128adcd8b3090168a8e3bcc40d7c032b9dda1df7d1c" "/opt/rustwide/cargo-home/bin/cargo" "+1.75.0" "build" "--frozen" "--message-format=json", kill_on_drop: false }`
[INFO] [stdout] 9cc73cd1a2f91f326bc4001b68f2d1f27ae3bd1f85e81446e85669e1ba00eae4
[INFO] running `Command { std: "docker" "start" "-a" "9cc73cd1a2f91f326bc4001b68f2d1f27ae3bd1f85e81446e85669e1ba00eae4", kill_on_drop: false }`
[INFO] [stderr]    Compiling autocfg v1.1.0
[INFO] [stderr]    Compiling proc-macro2 v1.0.47
[INFO] [stderr]    Compiling quote v1.0.21
[INFO] [stderr]    Compiling unicode-ident v1.0.5
[INFO] [stderr]    Compiling syn v1.0.103
[INFO] [stderr]    Compiling libc v0.2.137
[INFO] [stderr]    Compiling pin-project-lite v0.2.9
[INFO] [stderr]    Compiling futures-core v0.3.25
[INFO] [stderr]    Compiling futures-channel v0.3.25
[INFO] [stderr]    Compiling cc v1.0.74
[INFO] [stderr]    Compiling futures-task v0.3.25
[INFO] [stderr]    Compiling pkg-config v0.3.26
[INFO] [stderr]    Compiling memchr v2.5.0
[INFO] [stderr]    Compiling futures-util v0.3.25
[INFO] [stderr]    Compiling futures-sink v0.3.25
[INFO] [stderr]    Compiling log v0.4.17
[INFO] [stderr]    Compiling futures-io v0.3.25
[INFO] [stderr]    Compiling once_cell v1.16.0
[INFO] [stderr]    Compiling serde_derive v1.0.147
[INFO] [stderr]    Compiling itoa v1.0.4
[INFO] [stderr]    Compiling serde v1.0.147
[INFO] [stderr]    Compiling httparse v1.8.0
[INFO] [stderr]    Compiling bytes v1.2.1
[INFO] [stderr]    Compiling parking_lot_core v0.9.4
[INFO] [stderr]    Compiling slab v0.4.7
[INFO] [stderr]    Compiling tokio v1.21.2
[INFO] [stderr]    Compiling num-traits v0.2.15
[INFO] [stderr]    Compiling lock_api v0.4.9
[INFO] [stderr]    Compiling pin-project-internal v0.4.30
[INFO] [stderr]    Compiling openssl v0.10.42
[INFO] [stderr]    Compiling num-integer v0.1.45
[INFO] [stderr]    Compiling tinyvec v1.6.0
[INFO] [stderr]    Compiling tracing-core v0.1.30
[INFO] [stderr]    Compiling crc32fast v1.3.2
[INFO] [stderr]    Compiling smallvec v1.10.0
[INFO] [stderr]    Compiling http v0.2.8
[INFO] [stderr]    Compiling tokio-openssl v0.6.3
[INFO] [stderr]    Compiling scopeguard v1.1.0
[INFO] [stderr]    Compiling want v0.3.0
[INFO] [stderr]    Compiling percent-encoding v2.2.0
[INFO] [stderr]    Compiling adler v1.0.2
[INFO] [stderr]    Compiling httpdate v1.0.2
[INFO] [stderr]    Compiling tower-service v0.3.2
[INFO] [stderr]    Compiling tracing v0.1.37
[INFO] [stderr]    Compiling unicode-bidi v0.3.8
[INFO] [stderr]    Compiling mio v0.8.5
[INFO] [stderr]    Compiling socket2 v0.4.7
[INFO] [stderr]    Compiling serde_json v1.0.87
[INFO] [stderr]    Compiling hyper-openssl v0.9.2
[INFO] [stderr]    Compiling filetime v0.2.18
[INFO] [stderr]    Compiling xattr v0.2.3
[INFO] [stderr]    Compiling time v0.1.44
[INFO] [stderr]    Compiling miniz_oxide v0.5.4
[INFO] [stderr]    Compiling openssl-sys v0.9.77
[INFO] [stderr]    Compiling parking_lot v0.12.1
[INFO] [stderr]    Compiling form_urlencoded v1.1.0
[INFO] [stderr]    Compiling linked_hash_set v0.1.4
[INFO] [stderr]    Compiling tower-layer v0.3.2
[INFO] [stderr]    Compiling http-body v0.4.5
[INFO] [stderr]    Compiling unicode-normalization v0.1.22
[INFO] [stderr]    Compiling iana-time-zone v0.1.53
[INFO] [stderr]    Compiling ryu v1.0.11
[INFO] [stderr]    Compiling tar v0.4.38
[INFO] [stderr]    Compiling paste v1.0.9
[INFO] [stderr]    Compiling byteorder v1.4.3
[INFO] [stderr]    Compiling flate2 v1.0.24
[INFO] [stderr]    Compiling base64 v0.13.1
[INFO] [stderr]    Compiling idna v0.3.0
[INFO] [stderr]    Compiling url v2.3.1
[INFO] [stderr]    Compiling futures-macro v0.3.25
[INFO] [stderr]    Compiling openssl-macros v0.1.0
[INFO] [stderr]    Compiling pin-project-internal v1.0.12
[INFO] [stderr]    Compiling pin-project v1.0.12
[INFO] [stderr]    Compiling pin-project v0.4.30
[INFO] [stderr]    Compiling futures-executor v0.3.25
[INFO] [stderr]    Compiling hyper v0.14.23
[INFO] [stderr]    Compiling futures v0.3.25
[INFO] [stderr]    Compiling futures_codec v0.4.1
[INFO] [stderr]    Compiling chrono v0.4.22
[INFO] [stderr]    Compiling docker-sdk v0.1.2 (/opt/rustwide/workdir)
[INFO] [stderr]     Finished dev [unoptimized + debuginfo] target(s) in 11.39s
[INFO] running `Command { std: "docker" "inspect" "9cc73cd1a2f91f326bc4001b68f2d1f27ae3bd1f85e81446e85669e1ba00eae4", kill_on_drop: false }`
[INFO] running `Command { std: "docker" "rm" "-f" "9cc73cd1a2f91f326bc4001b68f2d1f27ae3bd1f85e81446e85669e1ba00eae4", kill_on_drop: false }`
[INFO] [stdout] 9cc73cd1a2f91f326bc4001b68f2d1f27ae3bd1f85e81446e85669e1ba00eae4
[INFO] running `Command { std: "docker" "create" "-v" "/var/lib/crater-agent-workspace/builds/worker-3-tc1/target:/opt/rustwide/target:rw,Z" "-v" "/var/lib/crater-agent-workspace/builds/worker-3-tc1/source:/opt/rustwide/workdir:ro,Z" "-v" "/var/lib/crater-agent-workspace/cargo-home:/opt/rustwide/cargo-home:ro,Z" "-v" "/var/lib/crater-agent-workspace/rustup-home:/opt/rustwide/rustup-home:ro,Z" "-e" "SOURCE_DIR=/opt/rustwide/workdir" "-e" "CARGO_TARGET_DIR=/opt/rustwide/target" "-e" "CARGO_INCREMENTAL=0" "-e" "RUST_BACKTRACE=full" "-e" "RUSTFLAGS=--cap-lints=warn" "-e" "RUSTDOCFLAGS=--cap-lints=warn" "-e" "CARGO_HOME=/opt/rustwide/cargo-home" "-e" "RUSTUP_HOME=/opt/rustwide/rustup-home" "-w" "/opt/rustwide/workdir" "-m" "1610612736" "--user" "0:0" "--network" "none" "ghcr.io/rust-lang/crates-build-env/linux@sha256:2788e3201cd34a07e3172128adcd8b3090168a8e3bcc40d7c032b9dda1df7d1c" "/opt/rustwide/cargo-home/bin/cargo" "+1.75.0" "test" "--frozen" "--no-run" "--message-format=json", kill_on_drop: false }`
[INFO] [stdout] 2516fb1c11d66a25b32e58cab783119cdb17057d5bd25e39d449e4789228ee9c
[INFO] running `Command { std: "docker" "start" "-a" "2516fb1c11d66a25b32e58cab783119cdb17057d5bd25e39d449e4789228ee9c", kill_on_drop: false }`
[INFO] [stderr]    Compiling log v0.4.17
[INFO] [stderr]    Compiling tokio v1.21.2
[INFO] [stderr]    Compiling num_cpus v1.14.0
[INFO] [stderr]    Compiling tokio-macros v1.8.0
[INFO] [stderr]    Compiling aho-corasick v0.7.19
[INFO] [stderr]    Compiling regex-syntax v0.6.27
[INFO] [stderr]    Compiling atty v0.2.14
[INFO] [stderr]    Compiling humantime v2.1.0
[INFO] [stderr]    Compiling termcolor v1.1.3
[INFO] [stderr]    Compiling mio v0.8.5
[INFO] [stderr]    Compiling want v0.3.0
[INFO] [stderr]    Compiling regex v1.6.0
[INFO] [stderr]    Compiling env_logger v0.9.1
[INFO] [stderr]    Compiling tokio-openssl v0.6.3
[INFO] [stderr]    Compiling hyper v0.14.23
[INFO] [stderr]    Compiling hyper-openssl v0.9.2
[INFO] [stderr]    Compiling docker-sdk v0.1.2 (/opt/rustwide/workdir)
[INFO] [stderr] error: could not compile `docker-sdk` (lib test)
[INFO] [stderr] 
[INFO] [stderr] Caused by:
[INFO] [stderr]   process didn't exit successfully: `/opt/rustwide/rustup-home/toolchains/1.75.0-x86_64-unknown-linux-gnu/bin/rustc --crate-name docker_sdk --edition=2021 src/lib.rs --error-format=json --json=diagnostic-rendered-ansi,artifacts,future-incompat --emit=dep-info,link -C embed-bitcode=no -C debuginfo=2 --test --cfg 'feature="chrono"' --cfg 'feature="default"' --cfg 'feature="hyper-openssl"' --cfg 'feature="openssl"' --cfg 'feature="tls"' -C metadata=6d5eb657a67351df -C extra-filename=-6d5eb657a67351df --out-dir /opt/rustwide/target/debug/deps -L dependency=/opt/rustwide/target/debug/deps --extern base64=/opt/rustwide/target/debug/deps/libbase64-b09bba5046b087ce.rlib --extern byteorder=/opt/rustwide/target/debug/deps/libbyteorder-b7588b59c1d17615.rlib --extern bytes=/opt/rustwide/target/debug/deps/libbytes-f5dc1f268a1b4c4c.rlib --extern chrono=/opt/rustwide/target/debug/deps/libchrono-f6407caba6124d13.rlib --extern env_logger=/opt/rustwide/target/debug/deps/libenv_logger-4841dc3e54d63d08.rlib --extern flate2=/opt/rustwide/target/debug/deps/libflate2-d0fd3d944ada1524.rlib --extern futures=/opt/rustwide/target/debug/deps/libfutures-904bd252b0fcee67.rlib --extern futures_util=/opt/rustwide/target/debug/deps/libfutures_util-b5f65500acfdfdc8.rlib --extern futures_codec=/opt/rustwide/target/debug/deps/libfutures_codec-b978aeccf18ac49d.rlib --extern hyper=/opt/rustwide/target/debug/deps/libhyper-0d5c78a0c36a519e.rlib --extern hyper_openssl=/opt/rustwide/target/debug/deps/libhyper_openssl-765258ccdcc4ba66.rlib --extern log=/opt/rustwide/target/debug/deps/liblog-d88d404ed4a3e8b9.rlib --extern mime=/opt/rustwide/target/debug/deps/libmime-450b243d21db2a61.rlib --extern openssl=/opt/rustwide/target/debug/deps/libopenssl-8adb09ee288ecb26.rlib --extern paste=/opt/rustwide/target/debug/deps/libpaste-edd7ce28a2ea6208.so --extern pin_project=/opt/rustwide/target/debug/deps/libpin_project-8fa1fb1304746841.rlib --extern serde=/opt/rustwide/target/debug/deps/libserde-7ec426c1f84ffc6c.rlib --extern serde_json=/opt/rustwide/target/debug/deps/libserde_json-541e9fb455d9d598.rlib --extern tar=/opt/rustwide/target/debug/deps/libtar-8f43ef9bf54969ce.rlib --extern tokio=/opt/rustwide/target/debug/deps/libtokio-12c5822c99ab49f4.rlib --extern url=/opt/rustwide/target/debug/deps/liburl-766f8fa2770c8650.rlib --cap-lints=warn` (signal: 9, SIGKILL: kill)
[INFO] [stderr] warning: build failed, waiting for other jobs to finish...
[INFO] [stderr] error: could not compile `docker-sdk` (example "events")
[INFO] [stderr] 
[INFO] [stderr] Caused by:
[INFO] [stderr]   process didn't exit successfully: `/opt/rustwide/rustup-home/toolchains/1.75.0-x86_64-unknown-linux-gnu/bin/rustc --crate-name events --edition=2021 examples/events.rs --error-format=json --json=diagnostic-rendered-ansi,artifacts,future-incompat --crate-type bin --emit=dep-info,link -C embed-bitcode=no -C debuginfo=2 --cfg 'feature="chrono"' --cfg 'feature="default"' --cfg 'feature="hyper-openssl"' --cfg 'feature="openssl"' --cfg 'feature="tls"' -C metadata=93fd0365b96dfbfd -C extra-filename=-93fd0365b96dfbfd --out-dir /opt/rustwide/target/debug/examples -L dependency=/opt/rustwide/target/debug/deps --extern base64=/opt/rustwide/target/debug/deps/libbase64-b09bba5046b087ce.rlib --extern byteorder=/opt/rustwide/target/debug/deps/libbyteorder-b7588b59c1d17615.rlib --extern bytes=/opt/rustwide/target/debug/deps/libbytes-f5dc1f268a1b4c4c.rlib --extern chrono=/opt/rustwide/target/debug/deps/libchrono-f6407caba6124d13.rlib --extern docker_sdk=/opt/rustwide/target/debug/deps/libdocker_sdk-ae30fcb292780a1a.rlib --extern env_logger=/opt/rustwide/target/debug/deps/libenv_logger-4841dc3e54d63d08.rlib --extern flate2=/opt/rustwide/target/debug/deps/libflate2-d0fd3d944ada1524.rlib --extern futures=/opt/rustwide/target/debug/deps/libfutures-904bd252b0fcee67.rlib --extern futures_util=/opt/rustwide/target/debug/deps/libfutures_util-b5f65500acfdfdc8.rlib --extern futures_codec=/opt/rustwide/target/debug/deps/libfutures_codec-b978aeccf18ac49d.rlib --extern hyper=/opt/rustwide/target/debug/deps/libhyper-0d5c78a0c36a519e.rlib --extern hyper_openssl=/opt/rustwide/target/debug/deps/libhyper_openssl-765258ccdcc4ba66.rlib --extern log=/opt/rustwide/target/debug/deps/liblog-d88d404ed4a3e8b9.rlib --extern mime=/opt/rustwide/target/debug/deps/libmime-450b243d21db2a61.rlib --extern openssl=/opt/rustwide/target/debug/deps/libopenssl-8adb09ee288ecb26.rlib --extern paste=/opt/rustwide/target/debug/deps/libpaste-edd7ce28a2ea6208.so --extern pin_project=/opt/rustwide/target/debug/deps/libpin_project-8fa1fb1304746841.rlib --extern serde=/opt/rustwide/target/debug/deps/libserde-7ec426c1f84ffc6c.rlib --extern serde_json=/opt/rustwide/target/debug/deps/libserde_json-541e9fb455d9d598.rlib --extern tar=/opt/rustwide/target/debug/deps/libtar-8f43ef9bf54969ce.rlib --extern tokio=/opt/rustwide/target/debug/deps/libtokio-12c5822c99ab49f4.rlib --extern url=/opt/rustwide/target/debug/deps/liburl-766f8fa2770c8650.rlib --cap-lints=warn` (signal: 9, SIGKILL: kill)
[INFO] [stderr] error: could not compile `docker-sdk` (example "imagebuild")
[INFO] [stderr] 
[INFO] [stderr] Caused by:
[INFO] [stderr]   process didn't exit successfully: `/opt/rustwide/rustup-home/toolchains/1.75.0-x86_64-unknown-linux-gnu/bin/rustc --crate-name imagebuild --edition=2021 examples/imagebuild.rs --error-format=json --json=diagnostic-rendered-ansi,artifacts,future-incompat --crate-type bin --emit=dep-info,link -C embed-bitcode=no -C debuginfo=2 --cfg 'feature="chrono"' --cfg 'feature="default"' --cfg 'feature="hyper-openssl"' --cfg 'feature="openssl"' --cfg 'feature="tls"' -C metadata=4f80f0ade30da188 -C extra-filename=-4f80f0ade30da188 --out-dir /opt/rustwide/target/debug/examples -L dependency=/opt/rustwide/target/debug/deps --extern base64=/opt/rustwide/target/debug/deps/libbase64-b09bba5046b087ce.rlib --extern byteorder=/opt/rustwide/target/debug/deps/libbyteorder-b7588b59c1d17615.rlib --extern bytes=/opt/rustwide/target/debug/deps/libbytes-f5dc1f268a1b4c4c.rlib --extern chrono=/opt/rustwide/target/debug/deps/libchrono-f6407caba6124d13.rlib --extern docker_sdk=/opt/rustwide/target/debug/deps/libdocker_sdk-ae30fcb292780a1a.rlib --extern env_logger=/opt/rustwide/target/debug/deps/libenv_logger-4841dc3e54d63d08.rlib --extern flate2=/opt/rustwide/target/debug/deps/libflate2-d0fd3d944ada1524.rlib --extern futures=/opt/rustwide/target/debug/deps/libfutures-904bd252b0fcee67.rlib --extern futures_util=/opt/rustwide/target/debug/deps/libfutures_util-b5f65500acfdfdc8.rlib --extern futures_codec=/opt/rustwide/target/debug/deps/libfutures_codec-b978aeccf18ac49d.rlib --extern hyper=/opt/rustwide/target/debug/deps/libhyper-0d5c78a0c36a519e.rlib --extern hyper_openssl=/opt/rustwide/target/debug/deps/libhyper_openssl-765258ccdcc4ba66.rlib --extern log=/opt/rustwide/target/debug/deps/liblog-d88d404ed4a3e8b9.rlib --extern mime=/opt/rustwide/target/debug/deps/libmime-450b243d21db2a61.rlib --extern openssl=/opt/rustwide/target/debug/deps/libopenssl-8adb09ee288ecb26.rlib --extern paste=/opt/rustwide/target/debug/deps/libpaste-edd7ce28a2ea6208.so --extern pin_project=/opt/rustwide/target/debug/deps/libpin_project-8fa1fb1304746841.rlib --extern serde=/opt/rustwide/target/debug/deps/libserde-7ec426c1f84ffc6c.rlib --extern serde_json=/opt/rustwide/target/debug/deps/libserde_json-541e9fb455d9d598.rlib --extern tar=/opt/rustwide/target/debug/deps/libtar-8f43ef9bf54969ce.rlib --extern tokio=/opt/rustwide/target/debug/deps/libtokio-12c5822c99ab49f4.rlib --extern url=/opt/rustwide/target/debug/deps/liburl-766f8fa2770c8650.rlib --cap-lints=warn` (signal: 9, SIGKILL: kill)
[INFO] [stderr] error: could not compile `docker-sdk` (example "stats")
[INFO] [stderr] 
[INFO] [stderr] Caused by:
[INFO] [stderr]   process didn't exit successfully: `/opt/rustwide/rustup-home/toolchains/1.75.0-x86_64-unknown-linux-gnu/bin/rustc --crate-name stats --edition=2021 examples/stats.rs --error-format=json --json=diagnostic-rendered-ansi,artifacts,future-incompat --crate-type bin --emit=dep-info,link -C embed-bitcode=no -C debuginfo=2 --cfg 'feature="chrono"' --cfg 'feature="default"' --cfg 'feature="hyper-openssl"' --cfg 'feature="openssl"' --cfg 'feature="tls"' -C metadata=39270392602cc450 -C extra-filename=-39270392602cc450 --out-dir /opt/rustwide/target/debug/examples -L dependency=/opt/rustwide/target/debug/deps --extern base64=/opt/rustwide/target/debug/deps/libbase64-b09bba5046b087ce.rlib --extern byteorder=/opt/rustwide/target/debug/deps/libbyteorder-b7588b59c1d17615.rlib --extern bytes=/opt/rustwide/target/debug/deps/libbytes-f5dc1f268a1b4c4c.rlib --extern chrono=/opt/rustwide/target/debug/deps/libchrono-f6407caba6124d13.rlib --extern docker_sdk=/opt/rustwide/target/debug/deps/libdocker_sdk-ae30fcb292780a1a.rlib --extern env_logger=/opt/rustwide/target/debug/deps/libenv_logger-4841dc3e54d63d08.rlib --extern flate2=/opt/rustwide/target/debug/deps/libflate2-d0fd3d944ada1524.rlib --extern futures=/opt/rustwide/target/debug/deps/libfutures-904bd252b0fcee67.rlib --extern futures_util=/opt/rustwide/target/debug/deps/libfutures_util-b5f65500acfdfdc8.rlib --extern futures_codec=/opt/rustwide/target/debug/deps/libfutures_codec-b978aeccf18ac49d.rlib --extern hyper=/opt/rustwide/target/debug/deps/libhyper-0d5c78a0c36a519e.rlib --extern hyper_openssl=/opt/rustwide/target/debug/deps/libhyper_openssl-765258ccdcc4ba66.rlib --extern log=/opt/rustwide/target/debug/deps/liblog-d88d404ed4a3e8b9.rlib --extern mime=/opt/rustwide/target/debug/deps/libmime-450b243d21db2a61.rlib --extern openssl=/opt/rustwide/target/debug/deps/libopenssl-8adb09ee288ecb26.rlib --extern paste=/opt/rustwide/target/debug/deps/libpaste-edd7ce28a2ea6208.so --extern pin_project=/opt/rustwide/target/debug/deps/libpin_project-8fa1fb1304746841.rlib --extern serde=/opt/rustwide/target/debug/deps/libserde-7ec426c1f84ffc6c.rlib --extern serde_json=/opt/rustwide/target/debug/deps/libserde_json-541e9fb455d9d598.rlib --extern tar=/opt/rustwide/target/debug/deps/libtar-8f43ef9bf54969ce.rlib --extern tokio=/opt/rustwide/target/debug/deps/libtokio-12c5822c99ab49f4.rlib --extern url=/opt/rustwide/target/debug/deps/liburl-766f8fa2770c8650.rlib --cap-lints=warn` (signal: 9, SIGKILL: kill)
[INFO] [stderr] error: could not compile `docker-sdk` (example "networkdisconnect")
[INFO] [stderr] 
[INFO] [stderr] Caused by:
[INFO] [stderr]   process didn't exit successfully: `/opt/rustwide/rustup-home/toolchains/1.75.0-x86_64-unknown-linux-gnu/bin/rustc --crate-name networkdisconnect --edition=2021 examples/networkdisconnect.rs --error-format=json --json=diagnostic-rendered-ansi,artifacts,future-incompat --crate-type bin --emit=dep-info,link -C embed-bitcode=no -C debuginfo=2 --cfg 'feature="chrono"' --cfg 'feature="default"' --cfg 'feature="hyper-openssl"' --cfg 'feature="openssl"' --cfg 'feature="tls"' -C metadata=d303f1e5647b4a21 -C extra-filename=-d303f1e5647b4a21 --out-dir /opt/rustwide/target/debug/examples -L dependency=/opt/rustwide/target/debug/deps --extern base64=/opt/rustwide/target/debug/deps/libbase64-b09bba5046b087ce.rlib --extern byteorder=/opt/rustwide/target/debug/deps/libbyteorder-b7588b59c1d17615.rlib --extern bytes=/opt/rustwide/target/debug/deps/libbytes-f5dc1f268a1b4c4c.rlib --extern chrono=/opt/rustwide/target/debug/deps/libchrono-f6407caba6124d13.rlib --extern docker_sdk=/opt/rustwide/target/debug/deps/libdocker_sdk-ae30fcb292780a1a.rlib --extern env_logger=/opt/rustwide/target/debug/deps/libenv_logger-4841dc3e54d63d08.rlib --extern flate2=/opt/rustwide/target/debug/deps/libflate2-d0fd3d944ada1524.rlib --extern futures=/opt/rustwide/target/debug/deps/libfutures-904bd252b0fcee67.rlib --extern futures_util=/opt/rustwide/target/debug/deps/libfutures_util-b5f65500acfdfdc8.rlib --extern futures_codec=/opt/rustwide/target/debug/deps/libfutures_codec-b978aeccf18ac49d.rlib --extern hyper=/opt/rustwide/target/debug/deps/libhyper-0d5c78a0c36a519e.rlib --extern hyper_openssl=/opt/rustwide/target/debug/deps/libhyper_openssl-765258ccdcc4ba66.rlib --extern log=/opt/rustwide/target/debug/deps/liblog-d88d404ed4a3e8b9.rlib --extern mime=/opt/rustwide/target/debug/deps/libmime-450b243d21db2a61.rlib --extern openssl=/opt/rustwide/target/debug/deps/libopenssl-8adb09ee288ecb26.rlib --extern paste=/opt/rustwide/target/debug/deps/libpaste-edd7ce28a2ea6208.so --extern pin_project=/opt/rustwide/target/debug/deps/libpin_project-8fa1fb1304746841.rlib --extern serde=/opt/rustwide/target/debug/deps/libserde-7ec426c1f84ffc6c.rlib --extern serde_json=/opt/rustwide/target/debug/deps/libserde_json-541e9fb455d9d598.rlib --extern tar=/opt/rustwide/target/debug/deps/libtar-8f43ef9bf54969ce.rlib --extern tokio=/opt/rustwide/target/debug/deps/libtokio-12c5822c99ab49f4.rlib --extern url=/opt/rustwide/target/debug/deps/liburl-766f8fa2770c8650.rlib --cap-lints=warn` (signal: 9, SIGKILL: kill)
[INFO] [stderr] error: could not compile `docker-sdk` (example "top")
[INFO] [stderr] 
[INFO] [stderr] Caused by:
[INFO] [stderr]   process didn't exit successfully: `/opt/rustwide/rustup-home/toolchains/1.75.0-x86_64-unknown-linux-gnu/bin/rustc --crate-name top --edition=2021 examples/top.rs --error-format=json --json=diagnostic-rendered-ansi,artifacts,future-incompat --crate-type bin --emit=dep-info,link -C embed-bitcode=no -C debuginfo=2 --cfg 'feature="chrono"' --cfg 'feature="default"' --cfg 'feature="hyper-openssl"' --cfg 'feature="openssl"' --cfg 'feature="tls"' -C metadata=3b05021b4e1a06c5 -C extra-filename=-3b05021b4e1a06c5 --out-dir /opt/rustwide/target/debug/examples -L dependency=/opt/rustwide/target/debug/deps --extern base64=/opt/rustwide/target/debug/deps/libbase64-b09bba5046b087ce.rlib --extern byteorder=/opt/rustwide/target/debug/deps/libbyteorder-b7588b59c1d17615.rlib --extern bytes=/opt/rustwide/target/debug/deps/libbytes-f5dc1f268a1b4c4c.rlib --extern chrono=/opt/rustwide/target/debug/deps/libchrono-f6407caba6124d13.rlib --extern docker_sdk=/opt/rustwide/target/debug/deps/libdocker_sdk-ae30fcb292780a1a.rlib --extern env_logger=/opt/rustwide/target/debug/deps/libenv_logger-4841dc3e54d63d08.rlib --extern flate2=/opt/rustwide/target/debug/deps/libflate2-d0fd3d944ada1524.rlib --extern futures=/opt/rustwide/target/debug/deps/libfutures-904bd252b0fcee67.rlib --extern futures_util=/opt/rustwide/target/debug/deps/libfutures_util-b5f65500acfdfdc8.rlib --extern futures_codec=/opt/rustwide/target/debug/deps/libfutures_codec-b978aeccf18ac49d.rlib --extern hyper=/opt/rustwide/target/debug/deps/libhyper-0d5c78a0c36a519e.rlib --extern hyper_openssl=/opt/rustwide/target/debug/deps/libhyper_openssl-765258ccdcc4ba66.rlib --extern log=/opt/rustwide/target/debug/deps/liblog-d88d404ed4a3e8b9.rlib --extern mime=/opt/rustwide/target/debug/deps/libmime-450b243d21db2a61.rlib --extern openssl=/opt/rustwide/target/debug/deps/libopenssl-8adb09ee288ecb26.rlib --extern paste=/opt/rustwide/target/debug/deps/libpaste-edd7ce28a2ea6208.so --extern pin_project=/opt/rustwide/target/debug/deps/libpin_project-8fa1fb1304746841.rlib --extern serde=/opt/rustwide/target/debug/deps/libserde-7ec426c1f84ffc6c.rlib --extern serde_json=/opt/rustwide/target/debug/deps/libserde_json-541e9fb455d9d598.rlib --extern tar=/opt/rustwide/target/debug/deps/libtar-8f43ef9bf54969ce.rlib --extern tokio=/opt/rustwide/target/debug/deps/libtokio-12c5822c99ab49f4.rlib --extern url=/opt/rustwide/target/debug/deps/liburl-766f8fa2770c8650.rlib --cap-lints=warn` (signal: 9, SIGKILL: kill)
[INFO] [stderr] error: could not compile `docker-sdk` (example "imagepull")
[INFO] [stderr] 
[INFO] [stderr] Caused by:
[INFO] [stderr]   process didn't exit successfully: `/opt/rustwide/rustup-home/toolchains/1.75.0-x86_64-unknown-linux-gnu/bin/rustc --crate-name imagepull --edition=2021 examples/imagepull.rs --error-format=json --json=diagnostic-rendered-ansi,artifacts,future-incompat --crate-type bin --emit=dep-info,link -C embed-bitcode=no -C debuginfo=2 --cfg 'feature="chrono"' --cfg 'feature="default"' --cfg 'feature="hyper-openssl"' --cfg 'feature="openssl"' --cfg 'feature="tls"' -C metadata=202a33f527dbd8b2 -C extra-filename=-202a33f527dbd8b2 --out-dir /opt/rustwide/target/debug/examples -L dependency=/opt/rustwide/target/debug/deps --extern base64=/opt/rustwide/target/debug/deps/libbase64-b09bba5046b087ce.rlib --extern byteorder=/opt/rustwide/target/debug/deps/libbyteorder-b7588b59c1d17615.rlib --extern bytes=/opt/rustwide/target/debug/deps/libbytes-f5dc1f268a1b4c4c.rlib --extern chrono=/opt/rustwide/target/debug/deps/libchrono-f6407caba6124d13.rlib --extern docker_sdk=/opt/rustwide/target/debug/deps/libdocker_sdk-ae30fcb292780a1a.rlib --extern env_logger=/opt/rustwide/target/debug/deps/libenv_logger-4841dc3e54d63d08.rlib --extern flate2=/opt/rustwide/target/debug/deps/libflate2-d0fd3d944ada1524.rlib --extern futures=/opt/rustwide/target/debug/deps/libfutures-904bd252b0fcee67.rlib --extern futures_util=/opt/rustwide/target/debug/deps/libfutures_util-b5f65500acfdfdc8.rlib --extern futures_codec=/opt/rustwide/target/debug/deps/libfutures_codec-b978aeccf18ac49d.rlib --extern hyper=/opt/rustwide/target/debug/deps/libhyper-0d5c78a0c36a519e.rlib --extern hyper_openssl=/opt/rustwide/target/debug/deps/libhyper_openssl-765258ccdcc4ba66.rlib --extern log=/opt/rustwide/target/debug/deps/liblog-d88d404ed4a3e8b9.rlib --extern mime=/opt/rustwide/target/debug/deps/libmime-450b243d21db2a61.rlib --extern openssl=/opt/rustwide/target/debug/deps/libopenssl-8adb09ee288ecb26.rlib --extern paste=/opt/rustwide/target/debug/deps/libpaste-edd7ce28a2ea6208.so --extern pin_project=/opt/rustwide/target/debug/deps/libpin_project-8fa1fb1304746841.rlib --extern serde=/opt/rustwide/target/debug/deps/libserde-7ec426c1f84ffc6c.rlib --extern serde_json=/opt/rustwide/target/debug/deps/libserde_json-541e9fb455d9d598.rlib --extern tar=/opt/rustwide/target/debug/deps/libtar-8f43ef9bf54969ce.rlib --extern tokio=/opt/rustwide/target/debug/deps/libtokio-12c5822c99ab49f4.rlib --extern url=/opt/rustwide/target/debug/deps/liburl-766f8fa2770c8650.rlib --cap-lints=warn` (signal: 9, SIGKILL: kill)
[INFO] [stderr] error: could not compile `docker-sdk` (example "containers")
[INFO] [stderr] 
[INFO] [stderr] Caused by:
[INFO] [stderr]   process didn't exit successfully: `/opt/rustwide/rustup-home/toolchains/1.75.0-x86_64-unknown-linux-gnu/bin/rustc --crate-name containers --edition=2021 examples/containers.rs --error-format=json --json=diagnostic-rendered-ansi,artifacts,future-incompat --crate-type bin --emit=dep-info,link -C embed-bitcode=no -C debuginfo=2 --cfg 'feature="chrono"' --cfg 'feature="default"' --cfg 'feature="hyper-openssl"' --cfg 'feature="openssl"' --cfg 'feature="tls"' -C metadata=199334a0b8a731a9 -C extra-filename=-199334a0b8a731a9 --out-dir /opt/rustwide/target/debug/examples -L dependency=/opt/rustwide/target/debug/deps --extern base64=/opt/rustwide/target/debug/deps/libbase64-b09bba5046b087ce.rlib --extern byteorder=/opt/rustwide/target/debug/deps/libbyteorder-b7588b59c1d17615.rlib --extern bytes=/opt/rustwide/target/debug/deps/libbytes-f5dc1f268a1b4c4c.rlib --extern chrono=/opt/rustwide/target/debug/deps/libchrono-f6407caba6124d13.rlib --extern docker_sdk=/opt/rustwide/target/debug/deps/libdocker_sdk-ae30fcb292780a1a.rlib --extern env_logger=/opt/rustwide/target/debug/deps/libenv_logger-4841dc3e54d63d08.rlib --extern flate2=/opt/rustwide/target/debug/deps/libflate2-d0fd3d944ada1524.rlib --extern futures=/opt/rustwide/target/debug/deps/libfutures-904bd252b0fcee67.rlib --extern futures_util=/opt/rustwide/target/debug/deps/libfutures_util-b5f65500acfdfdc8.rlib --extern futures_codec=/opt/rustwide/target/debug/deps/libfutures_codec-b978aeccf18ac49d.rlib --extern hyper=/opt/rustwide/target/debug/deps/libhyper-0d5c78a0c36a519e.rlib --extern hyper_openssl=/opt/rustwide/target/debug/deps/libhyper_openssl-765258ccdcc4ba66.rlib --extern log=/opt/rustwide/target/debug/deps/liblog-d88d404ed4a3e8b9.rlib --extern mime=/opt/rustwide/target/debug/deps/libmime-450b243d21db2a61.rlib --extern openssl=/opt/rustwide/target/debug/deps/libopenssl-8adb09ee288ecb26.rlib --extern paste=/opt/rustwide/target/debug/deps/libpaste-edd7ce28a2ea6208.so --extern pin_project=/opt/rustwide/target/debug/deps/libpin_project-8fa1fb1304746841.rlib --extern serde=/opt/rustwide/target/debug/deps/libserde-7ec426c1f84ffc6c.rlib --extern serde_json=/opt/rustwide/target/debug/deps/libserde_json-541e9fb455d9d598.rlib --extern tar=/opt/rustwide/target/debug/deps/libtar-8f43ef9bf54969ce.rlib --extern tokio=/opt/rustwide/target/debug/deps/libtokio-12c5822c99ab49f4.rlib --extern url=/opt/rustwide/target/debug/deps/liburl-766f8fa2770c8650.rlib --cap-lints=warn` (signal: 9, SIGKILL: kill)
[INFO] [stderr] error: could not compile `docker-sdk` (example "custom_host")
[INFO] [stderr] 
[INFO] [stderr] Caused by:
[INFO] [stderr]   process didn't exit successfully: `/opt/rustwide/rustup-home/toolchains/1.75.0-x86_64-unknown-linux-gnu/bin/rustc --crate-name custom_host --edition=2021 examples/custom_host.rs --error-format=json --json=diagnostic-rendered-ansi,artifacts,future-incompat --crate-type bin --emit=dep-info,link -C embed-bitcode=no -C debuginfo=2 --cfg 'feature="chrono"' --cfg 'feature="default"' --cfg 'feature="hyper-openssl"' --cfg 'feature="openssl"' --cfg 'feature="tls"' -C metadata=c663cd206ff189d1 -C extra-filename=-c663cd206ff189d1 --out-dir /opt/rustwide/target/debug/examples -L dependency=/opt/rustwide/target/debug/deps --extern base64=/opt/rustwide/target/debug/deps/libbase64-b09bba5046b087ce.rlib --extern byteorder=/opt/rustwide/target/debug/deps/libbyteorder-b7588b59c1d17615.rlib --extern bytes=/opt/rustwide/target/debug/deps/libbytes-f5dc1f268a1b4c4c.rlib --extern chrono=/opt/rustwide/target/debug/deps/libchrono-f6407caba6124d13.rlib --extern docker_sdk=/opt/rustwide/target/debug/deps/libdocker_sdk-ae30fcb292780a1a.rlib --extern env_logger=/opt/rustwide/target/debug/deps/libenv_logger-4841dc3e54d63d08.rlib --extern flate2=/opt/rustwide/target/debug/deps/libflate2-d0fd3d944ada1524.rlib --extern futures=/opt/rustwide/target/debug/deps/libfutures-904bd252b0fcee67.rlib --extern futures_util=/opt/rustwide/target/debug/deps/libfutures_util-b5f65500acfdfdc8.rlib --extern futures_codec=/opt/rustwide/target/debug/deps/libfutures_codec-b978aeccf18ac49d.rlib --extern hyper=/opt/rustwide/target/debug/deps/libhyper-0d5c78a0c36a519e.rlib --extern hyper_openssl=/opt/rustwide/target/debug/deps/libhyper_openssl-765258ccdcc4ba66.rlib --extern log=/opt/rustwide/target/debug/deps/liblog-d88d404ed4a3e8b9.rlib --extern mime=/opt/rustwide/target/debug/deps/libmime-450b243d21db2a61.rlib --extern openssl=/opt/rustwide/target/debug/deps/libopenssl-8adb09ee288ecb26.rlib --extern paste=/opt/rustwide/target/debug/deps/libpaste-edd7ce28a2ea6208.so --extern pin_project=/opt/rustwide/target/debug/deps/libpin_project-8fa1fb1304746841.rlib --extern serde=/opt/rustwide/target/debug/deps/libserde-7ec426c1f84ffc6c.rlib --extern serde_json=/opt/rustwide/target/debug/deps/libserde_json-541e9fb455d9d598.rlib --extern tar=/opt/rustwide/target/debug/deps/libtar-8f43ef9bf54969ce.rlib --extern tokio=/opt/rustwide/target/debug/deps/libtokio-12c5822c99ab49f4.rlib --extern url=/opt/rustwide/target/debug/deps/liburl-766f8fa2770c8650.rlib --cap-lints=warn` (signal: 9, SIGKILL: kill)
[INFO] [stdout] error: linking with `cc` failed: exit status: 1
[INFO] [stdout]   |
[INFO] [stdout]   = note: LC_ALL="C" PATH="/opt/rustwide/rustup-home/toolchains/1.75.0-x86_64-unknown-linux-gnu/lib/rustlib/x86_64-unknown-linux-gnu/bin:/opt/rustwide/cargo-home/bin:/usr/local/sbin:/usr/local/bin:/usr/sbin:/usr/bin:/sbin:/bin" VSLANG="1033" "cc" "-m64" "/tmp/rustcy5veuz/symbols.o" "/opt/rustwide/target/debug/examples/networkdelete-5ef02ee28ba9a24d.networkdelete.b05ae0842aa13c3a-cgu.00.rcgu.o" "/opt/rustwide/target/debug/examples/networkdelete-5ef02ee28ba9a24d.networkdelete.b05ae0842aa13c3a-cgu.01.rcgu.o" "/opt/rustwide/target/debug/examples/networkdelete-5ef02ee28ba9a24d.networkdelete.b05ae0842aa13c3a-cgu.02.rcgu.o" "/opt/rustwide/target/debug/examples/networkdelete-5ef02ee28ba9a24d.networkdelete.b05ae0842aa13c3a-cgu.03.rcgu.o" "/opt/rustwide/target/debug/examples/networkdelete-5ef02ee28ba9a24d.networkdelete.b05ae0842aa13c3a-cgu.04.rcgu.o" "/opt/rustwide/target/debug/examples/networkdelete-5ef02ee28ba9a24d.networkdelete.b05ae0842aa13c3a-cgu.05.rcgu.o" "/opt/rustwide/target/debug/examples/networkdelete-5ef02ee28ba9a24d.networkdelete.b05ae0842aa13c3a-cgu.06.rcgu.o" "/opt/rustwide/target/debug/examples/networkdelete-5ef02ee28ba9a24d.networkdelete.b05ae0842aa13c3a-cgu.07.rcgu.o" "/opt/rustwide/target/debug/examples/networkdelete-5ef02ee28ba9a24d.networkdelete.b05ae0842aa13c3a-cgu.08.rcgu.o" "/opt/rustwide/target/debug/examples/networkdelete-5ef02ee28ba9a24d.networkdelete.b05ae0842aa13c3a-cgu.09.rcgu.o" "/opt/rustwide/target/debug/examples/networkdelete-5ef02ee28ba9a24d.networkdelete.b05ae0842aa13c3a-cgu.10.rcgu.o" "/opt/rustwide/target/debug/examples/networkdelete-5ef02ee28ba9a24d.networkdelete.b05ae0842aa13c3a-cgu.11.rcgu.o" "/opt/rustwide/target/debug/examples/networkdelete-5ef02ee28ba9a24d.networkdelete.b05ae0842aa13c3a-cgu.12.rcgu.o" "/opt/rustwide/target/debug/examples/networkdelete-5ef02ee28ba9a24d.networkdelete.b05ae0842aa13c3a-cgu.13.rcgu.o" "/opt/rustwide/target/debug/examples/networkdelete-5ef02ee28ba9a24d.networkdelete.b05ae0842aa13c3a-cgu.14.rcgu.o" "/opt/rustwide/target/debug/examples/networkdelete-5ef02ee28ba9a24d.networkdelete.b05ae0842aa13c3a-cgu.15.rcgu.o" "/opt/rustwide/target/debug/examples/networkdelete-5ef02ee28ba9a24d.467bf1splau1k856.rcgu.o" "-Wl,--as-needed" "-L" "/opt/rustwide/target/debug/deps" "-L" "/opt/rustwide/rustup-home/toolchains/1.75.0-x86_64-unknown-linux-gnu/lib/rustlib/x86_64-unknown-linux-gnu/lib" "-Wl,-Bstatic" "/opt/rustwide/target/debug/deps/libdocker_sdk-ae30fcb292780a1a.rlib" "/opt/rustwide/target/debug/deps/libbase64-b09bba5046b087ce.rlib" "/opt/rustwide/target/debug/deps/libfutures_codec-b978aeccf18ac49d.rlib" "/opt/rustwide/target/debug/deps/libpin_project-6a2144b5482fe103.rlib" "/opt/rustwide/target/debug/deps/libfutures-904bd252b0fcee67.rlib" "/opt/rustwide/target/debug/deps/libfutures_executor-9e54a6505926207e.rlib" "/opt/rustwide/target/debug/deps/libbytes-b61f00db724d2015.rlib" "/opt/rustwide/target/debug/deps/libtar-8f43ef9bf54969ce.rlib" "/opt/rustwide/target/debug/deps/libxattr-4fb7d4c8b1dec863.rlib" "/opt/rustwide/target/debug/deps/libfiletime-62819842f8d5f9ef.rlib" "/opt/rustwide/target/debug/deps/libflate2-d0fd3d944ada1524.rlib" "/opt/rustwide/target/debug/deps/libminiz_oxide-aa3e9944b2ef3050.rlib" "/opt/rustwide/target/debug/deps/libadler-c8f2240c56a0abca.rlib" "/opt/rustwide/target/debug/deps/libcrc32fast-664446237529ebff.rlib" "/opt/rustwide/target/debug/deps/libchrono-f6407caba6124d13.rlib" "/opt/rustwide/target/debug/deps/libiana_time_zone-52186f3860fc37b6.rlib" "/opt/rustwide/target/debug/deps/libnum_integer-36ed574e93fbcdb4.rlib" "/opt/rustwide/target/debug/deps/libnum_traits-6de3d77aa3f73440.rlib" "/opt/rustwide/target/debug/deps/libtime-9be974d23e5f9706.rlib" "/opt/rustwide/target/debug/deps/liburl-766f8fa2770c8650.rlib" "/opt/rustwide/target/debug/deps/libidna-c62e120fb9daafd7.rlib" "/opt/rustwide/target/debug/deps/libunicode_normalization-9a523c060fbda597.rlib" "/opt/rustwide/target/debug/deps/libtinyvec-e78be141da4aa4a4.rlib" "/opt/rustwide/target/debug/deps/libtinyvec_macros-bfeb7a087f0273ce.rlib" "/opt/rustwide/target/debug/deps/libunicode_bidi-6e4d9a1bf3170bfc.rlib" "/opt/rustwide/target/debug/deps/libform_urlencoded-e8c43e838ad28fa4.rlib" "/opt/rustwide/target/debug/deps/libpercent_encoding-c39f6500503dd269.rlib" "/opt/rustwide/target/debug/deps/libpin_project-8fa1fb1304746841.rlib" "/opt/rustwide/target/debug/deps/libmime-450b243d21db2a61.rlib" "/opt/rustwide/target/debug/deps/libhyper_openssl-765258ccdcc4ba66.rlib" "/opt/rustwide/target/debug/deps/liblinked_hash_set-33908fad03e0fe62.rlib" "/opt/rustwide/target/debug/deps/liblinked_hash_map-55396135ba6b4b1c.rlib" "/opt/rustwide/target/debug/deps/libtower_layer-294cdac6576ba675.rlib" "/opt/rustwide/target/debug/deps/libtokio_openssl-abc62a88a9441b8b.rlib" "/opt/rustwide/target/debug/deps/libparking_lot-08149fd044e51fc2.rlib" "/opt/rustwide/target/debug/deps/libparking_lot_core-709d44f3bc22d9c9.rlib" "/opt/rustwide/target/debug/deps/libsmallvec-75a5879a2c4c0c6c.rlib" "/opt/rustwide/target/debug/deps/liblock_api-400daf411a1c055a.rlib" "/opt/rustwide/target/debug/deps/libscopeguard-b35f5c652940acc2.rlib" "/opt/rustwide/target/debug/deps/libopenssl-8adb09ee288ecb26.rlib" "/opt/rustwide/target/debug/deps/libbitflags-b7cee2ca4fb438d0.rlib" "/opt/rustwide/target/debug/deps/libforeign_types-c05743815e5b8a9d.rlib" "/opt/rustwide/target/debug/deps/libforeign_types_shared-d149f5491fde2862.rlib" "/opt/rustwide/target/debug/deps/libopenssl_sys-f8d90f8297c57779.rlib" "/opt/rustwide/target/debug/deps/libserde_json-541e9fb455d9d598.rlib" "/opt/rustwide/target/debug/deps/libryu-80596ff4214e4d03.rlib" "/opt/rustwide/target/debug/deps/libserde-7ec426c1f84ffc6c.rlib" "/opt/rustwide/target/debug/deps/libhyper-0d5c78a0c36a519e.rlib" "/opt/rustwide/target/debug/deps/libwant-361582c635a6617d.rlib" "/opt/rustwide/target/debug/deps/libtry_lock-6573df21d991c823.rlib" "/opt/rustwide/target/debug/deps/libhttparse-64f1ffbeda450424.rlib" "/opt/rustwide/target/debug/deps/libtower_service-104d6e83d5ce383d.rlib" "/opt/rustwide/target/debug/deps/libtracing-088aca5dfe9bbe16.rlib" "/opt/rustwide/target/debug/deps/libtracing_core-241d2437394ed42f.rlib" "/opt/rustwide/target/debug/deps/libonce_cell-0b3944a765abe985.rlib" "/opt/rustwide/target/debug/deps/libhttp_body-0bb838eb4610db6a.rlib" "/opt/rustwide/target/debug/deps/libfutures_util-b5f65500acfdfdc8.rlib" "/opt/rustwide/target/debug/deps/libmemchr-4fdcfd9ddfba30cb.rlib" "/opt/rustwide/target/debug/deps/libfutures_io-5062be024aa4c585.rlib" "/opt/rustwide/target/debug/deps/libslab-29fe6a49d400343d.rlib" "/opt/rustwide/target/debug/deps/libfutures_channel-a41d3f6eadb13a82.rlib" "/opt/rustwide/target/debug/deps/libfutures_sink-7f7cd7f812b78357.rlib" "/opt/rustwide/target/debug/deps/libfutures_task-8ee454208e29f22c.rlib" "/opt/rustwide/target/debug/deps/libpin_utils-741f7d9d160e4a16.rlib" "/opt/rustwide/target/debug/deps/libfutures_core-8610d5c6f0302226.rlib" "/opt/rustwide/target/debug/deps/libtokio-12c5822c99ab49f4.rlib" "/opt/rustwide/target/debug/deps/libnum_cpus-6cf3f421a6c132be.rlib" "/opt/rustwide/target/debug/deps/libsocket2-632b13d6ad01b17e.rlib" "/opt/rustwide/target/debug/deps/libpin_project_lite-cead9f5d94689600.rlib" "/opt/rustwide/target/debug/deps/libmio-5ecbb2b6fca43fbf.rlib" "/opt/rustwide/target/debug/deps/liblibc-f9d552e263899c47.rlib" "/opt/rustwide/target/debug/deps/liblog-d88d404ed4a3e8b9.rlib" "/opt/rustwide/target/debug/deps/libcfg_if-61dc7a6799e72b18.rlib" "/opt/rustwide/target/debug/deps/libhttp-d4b7370e69236817.rlib" "/opt/rustwide/target/debug/deps/libitoa-a8f958deca0e891c.rlib" "/opt/rustwide/target/debug/deps/libbytes-f5dc1f268a1b4c4c.rlib" "/opt/rustwide/target/debug/deps/libfnv-18bf5144d055e772.rlib" "/opt/rustwide/rustup-home/toolchains/1.75.0-x86_64-unknown-linux-gnu/lib/rustlib/x86_64-unknown-linux-gnu/lib/libstd-90f6ddbf82de36ec.rlib" "/opt/rustwide/rustup-home/toolchains/1.75.0-x86_64-unknown-linux-gnu/lib/rustlib/x86_64-unknown-linux-gnu/lib/libpanic_unwind-480c41e9d4e1f677.rlib" "/opt/rustwide/rustup-home/toolchains/1.75.0-x86_64-unknown-linux-gnu/lib/rustlib/x86_64-unknown-linux-gnu/lib/libobject-db744c0ca03eed1d.rlib" "/opt/rustwide/rustup-home/toolchains/1.75.0-x86_64-unknown-linux-gnu/lib/rustlib/x86_64-unknown-linux-gnu/lib/libmemchr-8ba652dc7d4b285a.rlib" "/opt/rustwide/rustup-home/toolchains/1.75.0-x86_64-unknown-linux-gnu/lib/rustlib/x86_64-unknown-linux-gnu/lib/libaddr2line-d5f4520a9ebc0d58.rlib" "/opt/rustwide/rustup-home/toolchains/1.75.0-x86_64-unknown-linux-gnu/lib/rustlib/x86_64-unknown-linux-gnu/lib/libgimli-4ad84de58f0cb463.rlib" "/opt/rustwide/rustup-home/toolchains/1.75.0-x86_64-unknown-linux-gnu/lib/rustlib/x86_64-unknown-linux-gnu/lib/librustc_demangle-0d10aae2e0f38735.rlib" "/opt/rustwide/rustup-home/toolchains/1.75.0-x86_64-unknown-linux-gnu/lib/rustlib/x86_64-unknown-linux-gnu/lib/libstd_detect-0c17cff739e6745b.rlib" "/opt/rustwide/rustup-home/toolchains/1.75.0-x86_64-unknown-linux-gnu/lib/rustlib/x86_64-unknown-linux-gnu/lib/libhashbrown-b29e17139dde1aa8.rlib" "/opt/rustwide/rustup-home/toolchains/1.75.0-x86_64-unknown-linux-gnu/lib/rustlib/x86_64-unknown-linux-gnu/lib/librustc_std_workspace_alloc-1f975299829cc7bd.rlib" "/opt/rustwide/rustup-home/toolchains/1.75.0-x86_64-unknown-linux-gnu/lib/rustlib/x86_64-unknown-linux-gnu/lib/libminiz_oxide-86bae3bc3079f89b.rlib" "/opt/rustwide/rustup-home/toolchains/1.75.0-x86_64-unknown-linux-gnu/lib/rustlib/x86_64-unknown-linux-gnu/lib/libadler-321b82c30dffdf5f.rlib" "/opt/rustwide/rustup-home/toolchains/1.75.0-x86_64-unknown-linux-gnu/lib/rustlib/x86_64-unknown-linux-gnu/lib/libunwind-3dd8a6810a0bdfef.rlib" "/opt/rustwide/rustup-home/toolchains/1.75.0-x86_64-unknown-linux-gnu/lib/rustlib/x86_64-unknown-linux-gnu/lib/libcfg_if-eb39a61c0c879984.rlib" "/opt/rustwide/rustup-home/toolchains/1.75.0-x86_64-unknown-linux-gnu/lib/rustlib/x86_64-unknown-linux-gnu/lib/liblibc-aa769569f91c3548.rlib" "/opt/rustwide/rustup-home/toolchains/1.75.0-x86_64-unknown-linux-gnu/lib/rustlib/x86_64-unknown-linux-gnu/lib/liballoc-510a192a50a983ed.rlib" "/opt/rustwide/rustup-home/toolchains/1.75.0-x86_64-unknown-linux-gnu/lib/rustlib/x86_64-unknown-linux-gnu/lib/librustc_std_workspace_core-0577018320f99037.rlib" "/opt/rustwide/rustup-home/toolchains/1.75.0-x86_64-unknown-linux-gnu/lib/rustlib/x86_64-unknown-linux-gnu/lib/libcore-193cf992125ccd4c.rlib" "/opt/rustwide/rustup-home/toolchains/1.75.0-x86_64-unknown-linux-gnu/lib/rustlib/x86_64-unknown-linux-gnu/lib/libcompiler_builtins-8e138eaf26ebb4a8.rlib" "-Wl,-Bdynamic" "-lssl" "-lcrypto" "-lgcc_s" "-lutil" "-lrt" "-lpthread" "-lm" "-ldl" "-lc" "-Wl,--eh-frame-hdr" "-Wl,-z,noexecstack" "-L" "/opt/rustwide/rustup-home/toolchains/1.75.0-x86_64-unknown-linux-gnu/lib/rustlib/x86_64-unknown-linux-gnu/lib" "-o" "/opt/rustwide/target/debug/examples/networkdelete-5ef02ee28ba9a24d" "-Wl,--gc-sections" "-pie" "-Wl,-z,relro,-z,now" "-nodefaultlibs"
[INFO] [stdout]   = note: collect2: fatal error: ld terminated with signal 9 [Killed]
[INFO] [stdout]           compilation terminated.
[INFO] [stdout]           
[INFO] [stdout] 
[INFO] [stdout] 
[INFO] [stdout] error: aborting due to previous error
[INFO] [stdout] 
[INFO] [stdout] 
[INFO] [stderr] error: could not compile `docker-sdk` (example "networkdelete") due to 2 previous errors
[INFO] [stdout] error: linking with `cc` failed: exit status: 1
[INFO] [stdout]   |
[INFO] [stdout]   = note: LC_ALL="C" PATH="/opt/rustwide/rustup-home/toolchains/1.75.0-x86_64-unknown-linux-gnu/lib/rustlib/x86_64-unknown-linux-gnu/bin:/opt/rustwide/cargo-home/bin:/usr/local/sbin:/usr/local/bin:/usr/sbin:/usr/bin:/sbin:/bin" VSLANG="1033" "cc" "-m64" "/tmp/rustcMmbu37/symbols.o" "/opt/rustwide/target/debug/examples/imagedelete-58742fcd8d056fab.imagedelete.5d6f7fa8f9b3e8e7-cgu.00.rcgu.o" "/opt/rustwide/target/debug/examples/imagedelete-58742fcd8d056fab.imagedelete.5d6f7fa8f9b3e8e7-cgu.01.rcgu.o" "/opt/rustwide/target/debug/examples/imagedelete-58742fcd8d056fab.imagedelete.5d6f7fa8f9b3e8e7-cgu.02.rcgu.o" "/opt/rustwide/target/debug/examples/imagedelete-58742fcd8d056fab.imagedelete.5d6f7fa8f9b3e8e7-cgu.03.rcgu.o" "/opt/rustwide/target/debug/examples/imagedelete-58742fcd8d056fab.imagedelete.5d6f7fa8f9b3e8e7-cgu.04.rcgu.o" "/opt/rustwide/target/debug/examples/imagedelete-58742fcd8d056fab.imagedelete.5d6f7fa8f9b3e8e7-cgu.05.rcgu.o" "/opt/rustwide/target/debug/examples/imagedelete-58742fcd8d056fab.imagedelete.5d6f7fa8f9b3e8e7-cgu.06.rcgu.o" "/opt/rustwide/target/debug/examples/imagedelete-58742fcd8d056fab.imagedelete.5d6f7fa8f9b3e8e7-cgu.07.rcgu.o" "/opt/rustwide/target/debug/examples/imagedelete-58742fcd8d056fab.imagedelete.5d6f7fa8f9b3e8e7-cgu.08.rcgu.o" "/opt/rustwide/target/debug/examples/imagedelete-58742fcd8d056fab.imagedelete.5d6f7fa8f9b3e8e7-cgu.09.rcgu.o" "/opt/rustwide/target/debug/examples/imagedelete-58742fcd8d056fab.imagedelete.5d6f7fa8f9b3e8e7-cgu.10.rcgu.o" "/opt/rustwide/target/debug/examples/imagedelete-58742fcd8d056fab.imagedelete.5d6f7fa8f9b3e8e7-cgu.11.rcgu.o" "/opt/rustwide/target/debug/examples/imagedelete-58742fcd8d056fab.imagedelete.5d6f7fa8f9b3e8e7-cgu.12.rcgu.o" "/opt/rustwide/target/debug/examples/imagedelete-58742fcd8d056fab.imagedelete.5d6f7fa8f9b3e8e7-cgu.13.rcgu.o" "/opt/rustwide/target/debug/examples/imagedelete-58742fcd8d056fab.imagedelete.5d6f7fa8f9b3e8e7-cgu.14.rcgu.o" "/opt/rustwide/target/debug/examples/imagedelete-58742fcd8d056fab.imagedelete.5d6f7fa8f9b3e8e7-cgu.15.rcgu.o" "/opt/rustwide/target/debug/examples/imagedelete-58742fcd8d056fab.2wlfnx630lpky1xn.rcgu.o" "-Wl,--as-needed" "-L" "/opt/rustwide/target/debug/deps" "-L" "/opt/rustwide/rustup-home/toolchains/1.75.0-x86_64-unknown-linux-gnu/lib/rustlib/x86_64-unknown-linux-gnu/lib" "-Wl,-Bstatic" "/opt/rustwide/target/debug/deps/libdocker_sdk-ae30fcb292780a1a.rlib" "/opt/rustwide/target/debug/deps/libbase64-b09bba5046b087ce.rlib" "/opt/rustwide/target/debug/deps/libfutures_codec-b978aeccf18ac49d.rlib" "/opt/rustwide/target/debug/deps/libpin_project-6a2144b5482fe103.rlib" "/opt/rustwide/target/debug/deps/libfutures-904bd252b0fcee67.rlib" "/opt/rustwide/target/debug/deps/libfutures_executor-9e54a6505926207e.rlib" "/opt/rustwide/target/debug/deps/libbytes-b61f00db724d2015.rlib" "/opt/rustwide/target/debug/deps/libtar-8f43ef9bf54969ce.rlib" "/opt/rustwide/target/debug/deps/libxattr-4fb7d4c8b1dec863.rlib" "/opt/rustwide/target/debug/deps/libfiletime-62819842f8d5f9ef.rlib" "/opt/rustwide/target/debug/deps/libflate2-d0fd3d944ada1524.rlib" "/opt/rustwide/target/debug/deps/libminiz_oxide-aa3e9944b2ef3050.rlib" "/opt/rustwide/target/debug/deps/libadler-c8f2240c56a0abca.rlib" "/opt/rustwide/target/debug/deps/libcrc32fast-664446237529ebff.rlib" "/opt/rustwide/target/debug/deps/libchrono-f6407caba6124d13.rlib" "/opt/rustwide/target/debug/deps/libiana_time_zone-52186f3860fc37b6.rlib" "/opt/rustwide/target/debug/deps/libnum_integer-36ed574e93fbcdb4.rlib" "/opt/rustwide/target/debug/deps/libnum_traits-6de3d77aa3f73440.rlib" "/opt/rustwide/target/debug/deps/libtime-9be974d23e5f9706.rlib" "/opt/rustwide/target/debug/deps/liburl-766f8fa2770c8650.rlib" "/opt/rustwide/target/debug/deps/libidna-c62e120fb9daafd7.rlib" "/opt/rustwide/target/debug/deps/libunicode_normalization-9a523c060fbda597.rlib" "/opt/rustwide/target/debug/deps/libtinyvec-e78be141da4aa4a4.rlib" "/opt/rustwide/target/debug/deps/libtinyvec_macros-bfeb7a087f0273ce.rlib" "/opt/rustwide/target/debug/deps/libunicode_bidi-6e4d9a1bf3170bfc.rlib" "/opt/rustwide/target/debug/deps/libform_urlencoded-e8c43e838ad28fa4.rlib" "/opt/rustwide/target/debug/deps/libpercent_encoding-c39f6500503dd269.rlib" "/opt/rustwide/target/debug/deps/libpin_project-8fa1fb1304746841.rlib" "/opt/rustwide/target/debug/deps/libmime-450b243d21db2a61.rlib" "/opt/rustwide/target/debug/deps/libhyper_openssl-765258ccdcc4ba66.rlib" "/opt/rustwide/target/debug/deps/liblinked_hash_set-33908fad03e0fe62.rlib" "/opt/rustwide/target/debug/deps/liblinked_hash_map-55396135ba6b4b1c.rlib" "/opt/rustwide/target/debug/deps/libtower_layer-294cdac6576ba675.rlib" "/opt/rustwide/target/debug/deps/libtokio_openssl-abc62a88a9441b8b.rlib" "/opt/rustwide/target/debug/deps/libparking_lot-08149fd044e51fc2.rlib" "/opt/rustwide/target/debug/deps/libparking_lot_core-709d44f3bc22d9c9.rlib" "/opt/rustwide/target/debug/deps/libsmallvec-75a5879a2c4c0c6c.rlib" "/opt/rustwide/target/debug/deps/liblock_api-400daf411a1c055a.rlib" "/opt/rustwide/target/debug/deps/libscopeguard-b35f5c652940acc2.rlib" "/opt/rustwide/target/debug/deps/libopenssl-8adb09ee288ecb26.rlib" "/opt/rustwide/target/debug/deps/libbitflags-b7cee2ca4fb438d0.rlib" "/opt/rustwide/target/debug/deps/libforeign_types-c05743815e5b8a9d.rlib" "/opt/rustwide/target/debug/deps/libforeign_types_shared-d149f5491fde2862.rlib" "/opt/rustwide/target/debug/deps/libopenssl_sys-f8d90f8297c57779.rlib" "/opt/rustwide/target/debug/deps/libserde_json-541e9fb455d9d598.rlib" "/opt/rustwide/target/debug/deps/libryu-80596ff4214e4d03.rlib" "/opt/rustwide/target/debug/deps/libserde-7ec426c1f84ffc6c.rlib" "/opt/rustwide/target/debug/deps/libhyper-0d5c78a0c36a519e.rlib" "/opt/rustwide/target/debug/deps/libwant-361582c635a6617d.rlib" "/opt/rustwide/target/debug/deps/libtry_lock-6573df21d991c823.rlib" "/opt/rustwide/target/debug/deps/libhttparse-64f1ffbeda450424.rlib" "/opt/rustwide/target/debug/deps/libtower_service-104d6e83d5ce383d.rlib" "/opt/rustwide/target/debug/deps/libtracing-088aca5dfe9bbe16.rlib" "/opt/rustwide/target/debug/deps/libtracing_core-241d2437394ed42f.rlib" "/opt/rustwide/target/debug/deps/libonce_cell-0b3944a765abe985.rlib" "/opt/rustwide/target/debug/deps/libhttp_body-0bb838eb4610db6a.rlib" "/opt/rustwide/target/debug/deps/libfutures_util-b5f65500acfdfdc8.rlib" "/opt/rustwide/target/debug/deps/libmemchr-4fdcfd9ddfba30cb.rlib" "/opt/rustwide/target/debug/deps/libfutures_io-5062be024aa4c585.rlib" "/opt/rustwide/target/debug/deps/libslab-29fe6a49d400343d.rlib" "/opt/rustwide/target/debug/deps/libfutures_channel-a41d3f6eadb13a82.rlib" "/opt/rustwide/target/debug/deps/libfutures_sink-7f7cd7f812b78357.rlib" "/opt/rustwide/target/debug/deps/libfutures_task-8ee454208e29f22c.rlib" "/opt/rustwide/target/debug/deps/libpin_utils-741f7d9d160e4a16.rlib" "/opt/rustwide/target/debug/deps/libfutures_core-8610d5c6f0302226.rlib" "/opt/rustwide/target/debug/deps/libtokio-12c5822c99ab49f4.rlib" "/opt/rustwide/target/debug/deps/libnum_cpus-6cf3f421a6c132be.rlib" "/opt/rustwide/target/debug/deps/libsocket2-632b13d6ad01b17e.rlib" "/opt/rustwide/target/debug/deps/libpin_project_lite-cead9f5d94689600.rlib" "/opt/rustwide/target/debug/deps/libmio-5ecbb2b6fca43fbf.rlib" "/opt/rustwide/target/debug/deps/liblibc-f9d552e263899c47.rlib" "/opt/rustwide/target/debug/deps/liblog-d88d404ed4a3e8b9.rlib" "/opt/rustwide/target/debug/deps/libcfg_if-61dc7a6799e72b18.rlib" "/opt/rustwide/target/debug/deps/libhttp-d4b7370e69236817.rlib" "/opt/rustwide/target/debug/deps/libitoa-a8f958deca0e891c.rlib" "/opt/rustwide/target/debug/deps/libbytes-f5dc1f268a1b4c4c.rlib" "/opt/rustwide/target/debug/deps/libfnv-18bf5144d055e772.rlib" "/opt/rustwide/rustup-home/toolchains/1.75.0-x86_64-unknown-linux-gnu/lib/rustlib/x86_64-unknown-linux-gnu/lib/libstd-90f6ddbf82de36ec.rlib" "/opt/rustwide/rustup-home/toolchains/1.75.0-x86_64-unknown-linux-gnu/lib/rustlib/x86_64-unknown-linux-gnu/lib/libpanic_unwind-480c41e9d4e1f677.rlib" "/opt/rustwide/rustup-home/toolchains/1.75.0-x86_64-unknown-linux-gnu/lib/rustlib/x86_64-unknown-linux-gnu/lib/libobject-db744c0ca03eed1d.rlib" "/opt/rustwide/rustup-home/toolchains/1.75.0-x86_64-unknown-linux-gnu/lib/rustlib/x86_64-unknown-linux-gnu/lib/libmemchr-8ba652dc7d4b285a.rlib" "/opt/rustwide/rustup-home/toolchains/1.75.0-x86_64-unknown-linux-gnu/lib/rustlib/x86_64-unknown-linux-gnu/lib/libaddr2line-d5f4520a9ebc0d58.rlib" "/opt/rustwide/rustup-home/toolchains/1.75.0-x86_64-unknown-linux-gnu/lib/rustlib/x86_64-unknown-linux-gnu/lib/libgimli-4ad84de58f0cb463.rlib" "/opt/rustwide/rustup-home/toolchains/1.75.0-x86_64-unknown-linux-gnu/lib/rustlib/x86_64-unknown-linux-gnu/lib/librustc_demangle-0d10aae2e0f38735.rlib" "/opt/rustwide/rustup-home/toolchains/1.75.0-x86_64-unknown-linux-gnu/lib/rustlib/x86_64-unknown-linux-gnu/lib/libstd_detect-0c17cff739e6745b.rlib" "/opt/rustwide/rustup-home/toolchains/1.75.0-x86_64-unknown-linux-gnu/lib/rustlib/x86_64-unknown-linux-gnu/lib/libhashbrown-b29e17139dde1aa8.rlib" "/opt/rustwide/rustup-home/toolchains/1.75.0-x86_64-unknown-linux-gnu/lib/rustlib/x86_64-unknown-linux-gnu/lib/librustc_std_workspace_alloc-1f975299829cc7bd.rlib" "/opt/rustwide/rustup-home/toolchains/1.75.0-x86_64-unknown-linux-gnu/lib/rustlib/x86_64-unknown-linux-gnu/lib/libminiz_oxide-86bae3bc3079f89b.rlib" "/opt/rustwide/rustup-home/toolchains/1.75.0-x86_64-unknown-linux-gnu/lib/rustlib/x86_64-unknown-linux-gnu/lib/libadler-321b82c30dffdf5f.rlib" "/opt/rustwide/rustup-home/toolchains/1.75.0-x86_64-unknown-linux-gnu/lib/rustlib/x86_64-unknown-linux-gnu/lib/libunwind-3dd8a6810a0bdfef.rlib" "/opt/rustwide/rustup-home/toolchains/1.75.0-x86_64-unknown-linux-gnu/lib/rustlib/x86_64-unknown-linux-gnu/lib/libcfg_if-eb39a61c0c879984.rlib" "/opt/rustwide/rustup-home/toolchains/1.75.0-x86_64-unknown-linux-gnu/lib/rustlib/x86_64-unknown-linux-gnu/lib/liblibc-aa769569f91c3548.rlib" "/opt/rustwide/rustup-home/toolchains/1.75.0-x86_64-unknown-linux-gnu/lib/rustlib/x86_64-unknown-linux-gnu/lib/liballoc-510a192a50a983ed.rlib" "/opt/rustwide/rustup-home/toolchains/1.75.0-x86_64-unknown-linux-gnu/lib/rustlib/x86_64-unknown-linux-gnu/lib/librustc_std_workspace_core-0577018320f99037.rlib" "/opt/rustwide/rustup-home/toolchains/1.75.0-x86_64-unknown-linux-gnu/lib/rustlib/x86_64-unknown-linux-gnu/lib/libcore-193cf992125ccd4c.rlib" "/opt/rustwide/rustup-home/toolchains/1.75.0-x86_64-unknown-linux-gnu/lib/rustlib/x86_64-unknown-linux-gnu/lib/libcompiler_builtins-8e138eaf26ebb4a8.rlib" "-Wl,-Bdynamic" "-lssl" "-lcrypto" "-lgcc_s" "-lutil" "-lrt" "-lpthread" "-lm" "-ldl" "-lc" "-Wl,--eh-frame-hdr" "-Wl,-z,noexecstack" "-L" "/opt/rustwide/rustup-home/toolchains/1.75.0-x86_64-unknown-linux-gnu/lib/rustlib/x86_64-unknown-linux-gnu/lib" "-o" "/opt/rustwide/target/debug/examples/imagedelete-58742fcd8d056fab" "-Wl,--gc-sections" "-pie" "-Wl,-z,relro,-z,now" "-nodefaultlibs"
[INFO] [stdout]   = note: collect2: fatal error: ld terminated with signal 9 [Killed]
[INFO] [stdout]           compilation terminated.
[INFO] [stdout]           
[INFO] [stdout] 
[INFO] [stdout] 
[INFO] [stdout] error: aborting due to previous error
[INFO] [stdout] 
[INFO] [stdout] 
[INFO] [stderr] error: could not compile `docker-sdk` (example "imagedelete") due to 2 previous errors
[INFO] running `Command { std: "docker" "inspect" "2516fb1c11d66a25b32e58cab783119cdb17057d5bd25e39d449e4789228ee9c", kill_on_drop: false }`
[INFO] running `Command { std: "docker" "rm" "-f" "2516fb1c11d66a25b32e58cab783119cdb17057d5bd25e39d449e4789228ee9c", kill_on_drop: false }`
[INFO] [stdout] 2516fb1c11d66a25b32e58cab783119cdb17057d5bd25e39d449e4789228ee9c
[INFO] testing docker-sdk-0.1.2 against beta-2023-12-22 for beta-1.76-1
[INFO] extracting crate docker-sdk 0.1.2 into /workspace/builds/worker-3-tc2/source
[INFO] validating manifest of crates.io crate docker-sdk 0.1.2 on toolchain beta-2023-12-22
[INFO] running `Command { std: CARGO_HOME="/workspace/cargo-home" RUSTUP_HOME="/workspace/rustup-home" "/workspace/cargo-home/bin/cargo" "+beta-2023-12-22" "metadata" "--manifest-path" "Cargo.toml" "--no-deps", kill_on_drop: false }`
[INFO] started tweaking crates.io crate docker-sdk 0.1.2
[INFO] finished tweaking crates.io crate docker-sdk 0.1.2
[INFO] tweaked toml for crates.io crate docker-sdk 0.1.2 written to /workspace/builds/worker-3-tc2/source/Cargo.toml
[INFO] crate crates.io crate docker-sdk 0.1.2 already has a lockfile, it will not be regenerated
[INFO] running `Command { std: CARGO_HOME="/workspace/cargo-home" RUSTUP_HOME="/workspace/rustup-home" "/workspace/cargo-home/bin/cargo" "+beta-2023-12-22" "fetch" "--manifest-path" "Cargo.toml", kill_on_drop: false }`
[INFO] running `Command { std: "docker" "create" "-v" "/var/lib/crater-agent-workspace/builds/worker-3-tc2/target:/opt/rustwide/target:rw,Z" "-v" "/var/lib/crater-agent-workspace/builds/worker-3-tc2/source:/opt/rustwide/workdir:ro,Z" "-v" "/var/lib/crater-agent-workspace/cargo-home:/opt/rustwide/cargo-home:ro,Z" "-v" "/var/lib/crater-agent-workspace/rustup-home:/opt/rustwide/rustup-home:ro,Z" "-e" "SOURCE_DIR=/opt/rustwide/workdir" "-e" "CARGO_TARGET_DIR=/opt/rustwide/target" "-e" "CARGO_HOME=/opt/rustwide/cargo-home" "-e" "RUSTUP_HOME=/opt/rustwide/rustup-home" "-w" "/opt/rustwide/workdir" "-m" "1610612736" "--user" "0:0" "--network" "none" "ghcr.io/rust-lang/crates-build-env/linux@sha256:2788e3201cd34a07e3172128adcd8b3090168a8e3bcc40d7c032b9dda1df7d1c" "/opt/rustwide/cargo-home/bin/cargo" "+beta-2023-12-22" "metadata" "--no-deps" "--format-version=1", kill_on_drop: false }`
[INFO] [stdout] 363134fd2162b8b36dbe634c10a66659f9f4bb32a60bdeaf28ffb80447ed1749
[INFO] running `Command { std: "docker" "start" "-a" "363134fd2162b8b36dbe634c10a66659f9f4bb32a60bdeaf28ffb80447ed1749", kill_on_drop: false }`
[INFO] running `Command { std: "docker" "inspect" "363134fd2162b8b36dbe634c10a66659f9f4bb32a60bdeaf28ffb80447ed1749", kill_on_drop: false }`
[INFO] running `Command { std: "docker" "rm" "-f" "363134fd2162b8b36dbe634c10a66659f9f4bb32a60bdeaf28ffb80447ed1749", kill_on_drop: false }`
[INFO] [stdout] 363134fd2162b8b36dbe634c10a66659f9f4bb32a60bdeaf28ffb80447ed1749
[INFO] running `Command { std: "docker" "create" "-v" "/var/lib/crater-agent-workspace/builds/worker-3-tc2/target:/opt/rustwide/target:rw,Z" "-v" "/var/lib/crater-agent-workspace/builds/worker-3-tc2/source:/opt/rustwide/workdir:ro,Z" "-v" "/var/lib/crater-agent-workspace/cargo-home:/opt/rustwide/cargo-home:ro,Z" "-v" "/var/lib/crater-agent-workspace/rustup-home:/opt/rustwide/rustup-home:ro,Z" "-e" "SOURCE_DIR=/opt/rustwide/workdir" "-e" "CARGO_TARGET_DIR=/opt/rustwide/target" "-e" "CARGO_INCREMENTAL=0" "-e" "RUST_BACKTRACE=full" "-e" "RUSTFLAGS=--cap-lints=warn" "-e" "RUSTDOCFLAGS=--cap-lints=warn" "-e" "CARGO_HOME=/opt/rustwide/cargo-home" "-e" "RUSTUP_HOME=/opt/rustwide/rustup-home" "-w" "/opt/rustwide/workdir" "-m" "1610612736" "--user" "0:0" "--network" "none" "ghcr.io/rust-lang/crates-build-env/linux@sha256:2788e3201cd34a07e3172128adcd8b3090168a8e3bcc40d7c032b9dda1df7d1c" "/opt/rustwide/cargo-home/bin/cargo" "+beta-2023-12-22" "build" "--frozen" "--message-format=json", kill_on_drop: false }`
[INFO] [stdout] cf10bf7c9e29f5bd3a71574435102df0d89d180eabf62fb70e18a8aba8e2a235
[INFO] running `Command { std: "docker" "start" "-a" "cf10bf7c9e29f5bd3a71574435102df0d89d180eabf62fb70e18a8aba8e2a235", kill_on_drop: false }`
[INFO] [stderr]    Compiling autocfg v1.1.0
[INFO] [stderr]    Compiling proc-macro2 v1.0.47
[INFO] [stderr]    Compiling unicode-ident v1.0.5
[INFO] [stderr]    Compiling quote v1.0.21
[INFO] [stderr]    Compiling syn v1.0.103
[INFO] [stderr]    Compiling libc v0.2.137
[INFO] [stderr]    Compiling futures-core v0.3.25
[INFO] [stderr]    Compiling pin-project-lite v0.2.9
[INFO] [stderr]    Compiling futures-task v0.3.25
[INFO] [stderr]    Compiling memchr v2.5.0
[INFO] [stderr]    Compiling futures-channel v0.3.25
[INFO] [stderr]    Compiling pkg-config v0.3.26
[INFO] [stderr]    Compiling cc v1.0.74
[INFO] [stderr]    Compiling futures-util v0.3.25
[INFO] [stderr]    Compiling log v0.4.17
[INFO] [stderr]    Compiling futures-sink v0.3.25
[INFO] [stderr]    Compiling futures-io v0.3.25
[INFO] [stderr]    Compiling once_cell v1.16.0
[INFO] [stderr]    Compiling itoa v1.0.4
[INFO] [stderr]    Compiling serde_derive v1.0.147
[INFO] [stderr]    Compiling parking_lot_core v0.9.4
[INFO] [stderr]    Compiling openssl v0.10.42
[INFO] [stderr]    Compiling httparse v1.8.0
[INFO] [stderr]    Compiling pin-project-internal v0.4.30
[INFO] [stderr]    Compiling bytes v1.2.1
[INFO] [stderr]    Compiling serde v1.0.147
[INFO] [stderr]    Compiling tinyvec v1.6.0
[INFO] [stderr]    Compiling slab v0.4.7
[INFO] [stderr]    Compiling tokio v1.21.2
[INFO] [stderr]    Compiling lock_api v0.4.9
[INFO] [stderr]    Compiling num-traits v0.2.15
[INFO] [stderr]    Compiling num-integer v0.1.45
[INFO] [stderr]    Compiling tracing-core v0.1.30
[INFO] [stderr]    Compiling smallvec v1.10.0
[INFO] [stderr]    Compiling tokio-openssl v0.6.3
[INFO] [stderr]    Compiling scopeguard v1.1.0
[INFO] [stderr]    Compiling crc32fast v1.3.2
[INFO] [stderr]    Compiling want v0.3.0
[INFO] [stderr]    Compiling http v0.2.8
[INFO] [stderr]    Compiling httpdate v1.0.2
[INFO] [stderr]    Compiling percent-encoding v2.2.0
[INFO] [stderr]    Compiling socket2 v0.4.7
[INFO] [stderr]    Compiling mio v0.8.5
[INFO] [stderr]    Compiling tracing v0.1.37
[INFO] [stderr]    Compiling serde_json v1.0.87
[INFO] [stderr]    Compiling tower-service v0.3.2
[INFO] [stderr]    Compiling hyper-openssl v0.9.2
[INFO] [stderr]    Compiling unicode-bidi v0.3.8
[INFO] [stderr]    Compiling unicode-normalization v0.1.22
[INFO] [stderr]    Compiling adler v1.0.2
[INFO] [stderr]    Compiling linked_hash_set v0.1.4
[INFO] [stderr]    Compiling openssl-sys v0.9.77
[INFO] [stderr]    Compiling parking_lot v0.12.1
[INFO] [stderr]    Compiling miniz_oxide v0.5.4
[INFO] [stderr]    Compiling form_urlencoded v1.1.0
[INFO] [stderr]    Compiling xattr v0.2.3
[INFO] [stderr]    Compiling filetime v0.2.18
[INFO] [stderr]    Compiling time v0.1.44
[INFO] [stderr]    Compiling tower-layer v0.3.2
[INFO] [stderr]    Compiling iana-time-zone v0.1.53
[INFO] [stderr]    Compiling ryu v1.0.11
[INFO] [stderr]    Compiling tar v0.4.38
[INFO] [stderr]    Compiling http-body v0.4.5
[INFO] [stderr]    Compiling byteorder v1.4.3
[INFO] [stderr]    Compiling idna v0.3.0
[INFO] [stderr]    Compiling flate2 v1.0.24
[INFO] [stderr]    Compiling paste v1.0.9
[INFO] [stderr]    Compiling base64 v0.13.1
[INFO] [stderr]    Compiling url v2.3.1
[INFO] [stderr]    Compiling futures-macro v0.3.25
[INFO] [stderr]    Compiling openssl-macros v0.1.0
[INFO] [stderr]    Compiling pin-project-internal v1.0.12
[INFO] [stderr]    Compiling pin-project v1.0.12
[INFO] [stderr]    Compiling pin-project v0.4.30
[INFO] [stderr]    Compiling futures-executor v0.3.25
[INFO] [stderr]    Compiling hyper v0.14.23
[INFO] [stderr]    Compiling futures v0.3.25
[INFO] [stderr]    Compiling futures_codec v0.4.1
[INFO] [stderr]    Compiling chrono v0.4.22
[INFO] [stderr]    Compiling docker-sdk v0.1.2 (/opt/rustwide/workdir)
[INFO] [stderr]     Finished dev [unoptimized + debuginfo] target(s) in 12.19s
[INFO] running `Command { std: "docker" "inspect" "cf10bf7c9e29f5bd3a71574435102df0d89d180eabf62fb70e18a8aba8e2a235", kill_on_drop: false }`
[INFO] running `Command { std: "docker" "rm" "-f" "cf10bf7c9e29f5bd3a71574435102df0d89d180eabf62fb70e18a8aba8e2a235", kill_on_drop: false }`
[INFO] [stdout] cf10bf7c9e29f5bd3a71574435102df0d89d180eabf62fb70e18a8aba8e2a235
[INFO] running `Command { std: "docker" "create" "-v" "/var/lib/crater-agent-workspace/builds/worker-3-tc2/target:/opt/rustwide/target:rw,Z" "-v" "/var/lib/crater-agent-workspace/builds/worker-3-tc2/source:/opt/rustwide/workdir:ro,Z" "-v" "/var/lib/crater-agent-workspace/cargo-home:/opt/rustwide/cargo-home:ro,Z" "-v" "/var/lib/crater-agent-workspace/rustup-home:/opt/rustwide/rustup-home:ro,Z" "-e" "SOURCE_DIR=/opt/rustwide/workdir" "-e" "CARGO_TARGET_DIR=/opt/rustwide/target" "-e" "CARGO_INCREMENTAL=0" "-e" "RUST_BACKTRACE=full" "-e" "RUSTFLAGS=--cap-lints=warn" "-e" "RUSTDOCFLAGS=--cap-lints=warn" "-e" "CARGO_HOME=/opt/rustwide/cargo-home" "-e" "RUSTUP_HOME=/opt/rustwide/rustup-home" "-w" "/opt/rustwide/workdir" "-m" "1610612736" "--user" "0:0" "--network" "none" "ghcr.io/rust-lang/crates-build-env/linux@sha256:2788e3201cd34a07e3172128adcd8b3090168a8e3bcc40d7c032b9dda1df7d1c" "/opt/rustwide/cargo-home/bin/cargo" "+beta-2023-12-22" "test" "--frozen" "--no-run" "--message-format=json", kill_on_drop: false }`
[INFO] [stdout] 8d04d1487ab9f85b75dbc88c8fd30099cf8a638b809513472d838831dc951f31
[INFO] running `Command { std: "docker" "start" "-a" "8d04d1487ab9f85b75dbc88c8fd30099cf8a638b809513472d838831dc951f31", kill_on_drop: false }`
[INFO] [stderr]    Compiling log v0.4.17
[INFO] [stderr]    Compiling tokio v1.21.2
[INFO] [stderr]    Compiling num_cpus v1.14.0
[INFO] [stderr]    Compiling tokio-macros v1.8.0
[INFO] [stderr]    Compiling aho-corasick v0.7.19
[INFO] [stderr]    Compiling regex-syntax v0.6.27
[INFO] [stderr]    Compiling atty v0.2.14
[INFO] [stderr]    Compiling humantime v2.1.0
[INFO] [stderr]    Compiling termcolor v1.1.3
[INFO] [stderr]    Compiling mio v0.8.5
[INFO] [stderr]    Compiling want v0.3.0
[INFO] [stderr]    Compiling regex v1.6.0
[INFO] [stderr]    Compiling env_logger v0.9.1
[INFO] [stderr]    Compiling tokio-openssl v0.6.3
[INFO] [stderr]    Compiling hyper v0.14.23
[INFO] [stderr]    Compiling hyper-openssl v0.9.2
[INFO] [stderr]    Compiling docker-sdk v0.1.2 (/opt/rustwide/workdir)
[INFO] [stderr] error: could not compile `docker-sdk` (example "imagepush_auth")
[INFO] [stderr] 
[INFO] [stderr] Caused by:
[INFO] [stderr]   process didn't exit successfully: `/opt/rustwide/rustup-home/toolchains/beta-2023-12-22-x86_64-unknown-linux-gnu/bin/rustc --crate-name imagepush_auth --edition=2021 examples/imagepush_auth.rs --error-format=json --json=diagnostic-rendered-ansi,artifacts,future-incompat --crate-type bin --emit=dep-info,link -C embed-bitcode=no -C debuginfo=2 --cfg 'feature="chrono"' --cfg 'feature="default"' --cfg 'feature="hyper-openssl"' --cfg 'feature="openssl"' --cfg 'feature="tls"' -C metadata=d92d828ac8762140 -C extra-filename=-d92d828ac8762140 --out-dir /opt/rustwide/target/debug/examples -L dependency=/opt/rustwide/target/debug/deps --extern base64=/opt/rustwide/target/debug/deps/libbase64-fca76a9e376e88b4.rlib --extern byteorder=/opt/rustwide/target/debug/deps/libbyteorder-0ef92d8cf14cf0b1.rlib --extern bytes=/opt/rustwide/target/debug/deps/libbytes-f67657259700e1e6.rlib --extern chrono=/opt/rustwide/target/debug/deps/libchrono-b7900e62eedfeb33.rlib --extern docker_sdk=/opt/rustwide/target/debug/deps/libdocker_sdk-8d00c225e1f23234.rlib --extern env_logger=/opt/rustwide/target/debug/deps/libenv_logger-6cb470a74a96a2e6.rlib --extern flate2=/opt/rustwide/target/debug/deps/libflate2-d1c76d99f74e2354.rlib --extern futures=/opt/rustwide/target/debug/deps/libfutures-c57eb672b6731220.rlib --extern futures_util=/opt/rustwide/target/debug/deps/libfutures_util-e633dcd2346433dc.rlib --extern futures_codec=/opt/rustwide/target/debug/deps/libfutures_codec-e38b2f6184a45139.rlib --extern hyper=/opt/rustwide/target/debug/deps/libhyper-a8264b557fac61d3.rlib --extern hyper_openssl=/opt/rustwide/target/debug/deps/libhyper_openssl-2d6d116283a00797.rlib --extern log=/opt/rustwide/target/debug/deps/liblog-5dd7ca7285786d5e.rlib --extern mime=/opt/rustwide/target/debug/deps/libmime-d5b83fc07afe1071.rlib --extern openssl=/opt/rustwide/target/debug/deps/libopenssl-22a85df54714163b.rlib --extern paste=/opt/rustwide/target/debug/deps/libpaste-0b016d4b4a21b866.so --extern pin_project=/opt/rustwide/target/debug/deps/libpin_project-08b7695144802a1e.rlib --extern serde=/opt/rustwide/target/debug/deps/libserde-49a0cc17ac9daec3.rlib --extern serde_json=/opt/rustwide/target/debug/deps/libserde_json-7ededf94e97b400c.rlib --extern tar=/opt/rustwide/target/debug/deps/libtar-55fdcd12a1e0fa74.rlib --extern tokio=/opt/rustwide/target/debug/deps/libtokio-d62c438986d3050e.rlib --extern url=/opt/rustwide/target/debug/deps/liburl-c27420e289672182.rlib --cap-lints=warn` (signal: 9, SIGKILL: kill)
[INFO] [stderr] warning: build failed, waiting for other jobs to finish...
[INFO] [stderr] error: could not compile `docker-sdk` (example "containerinspect")
[INFO] [stderr] 
[INFO] [stderr] Caused by:
[INFO] [stderr]   process didn't exit successfully: `/opt/rustwide/rustup-home/toolchains/beta-2023-12-22-x86_64-unknown-linux-gnu/bin/rustc --crate-name containerinspect --edition=2021 examples/containerinspect.rs --error-format=json --json=diagnostic-rendered-ansi,artifacts,future-incompat --crate-type bin --emit=dep-info,link -C embed-bitcode=no -C debuginfo=2 --cfg 'feature="chrono"' --cfg 'feature="default"' --cfg 'feature="hyper-openssl"' --cfg 'feature="openssl"' --cfg 'feature="tls"' -C metadata=bb34bff3b8db1000 -C extra-filename=-bb34bff3b8db1000 --out-dir /opt/rustwide/target/debug/examples -L dependency=/opt/rustwide/target/debug/deps --extern base64=/opt/rustwide/target/debug/deps/libbase64-fca76a9e376e88b4.rlib --extern byteorder=/opt/rustwide/target/debug/deps/libbyteorder-0ef92d8cf14cf0b1.rlib --extern bytes=/opt/rustwide/target/debug/deps/libbytes-f67657259700e1e6.rlib --extern chrono=/opt/rustwide/target/debug/deps/libchrono-b7900e62eedfeb33.rlib --extern docker_sdk=/opt/rustwide/target/debug/deps/libdocker_sdk-8d00c225e1f23234.rlib --extern env_logger=/opt/rustwide/target/debug/deps/libenv_logger-6cb470a74a96a2e6.rlib --extern flate2=/opt/rustwide/target/debug/deps/libflate2-d1c76d99f74e2354.rlib --extern futures=/opt/rustwide/target/debug/deps/libfutures-c57eb672b6731220.rlib --extern futures_util=/opt/rustwide/target/debug/deps/libfutures_util-e633dcd2346433dc.rlib --extern futures_codec=/opt/rustwide/target/debug/deps/libfutures_codec-e38b2f6184a45139.rlib --extern hyper=/opt/rustwide/target/debug/deps/libhyper-a8264b557fac61d3.rlib --extern hyper_openssl=/opt/rustwide/target/debug/deps/libhyper_openssl-2d6d116283a00797.rlib --extern log=/opt/rustwide/target/debug/deps/liblog-5dd7ca7285786d5e.rlib --extern mime=/opt/rustwide/target/debug/deps/libmime-d5b83fc07afe1071.rlib --extern openssl=/opt/rustwide/target/debug/deps/libopenssl-22a85df54714163b.rlib --extern paste=/opt/rustwide/target/debug/deps/libpaste-0b016d4b4a21b866.so --extern pin_project=/opt/rustwide/target/debug/deps/libpin_project-08b7695144802a1e.rlib --extern serde=/opt/rustwide/target/debug/deps/libserde-49a0cc17ac9daec3.rlib --extern serde_json=/opt/rustwide/target/debug/deps/libserde_json-7ededf94e97b400c.rlib --extern tar=/opt/rustwide/target/debug/deps/libtar-55fdcd12a1e0fa74.rlib --extern tokio=/opt/rustwide/target/debug/deps/libtokio-d62c438986d3050e.rlib --extern url=/opt/rustwide/target/debug/deps/liburl-c27420e289672182.rlib --cap-lints=warn` (signal: 9, SIGKILL: kill)
[INFO] [stderr] error: could not compile `docker-sdk` (example "imagepull")
[INFO] [stderr] 
[INFO] [stderr] Caused by:
[INFO] [stderr]   process didn't exit successfully: `/opt/rustwide/rustup-home/toolchains/beta-2023-12-22-x86_64-unknown-linux-gnu/bin/rustc --crate-name imagepull --edition=2021 examples/imagepull.rs --error-format=json --json=diagnostic-rendered-ansi,artifacts,future-incompat --crate-type bin --emit=dep-info,link -C embed-bitcode=no -C debuginfo=2 --cfg 'feature="chrono"' --cfg 'feature="default"' --cfg 'feature="hyper-openssl"' --cfg 'feature="openssl"' --cfg 'feature="tls"' -C metadata=622859574447933e -C extra-filename=-622859574447933e --out-dir /opt/rustwide/target/debug/examples -L dependency=/opt/rustwide/target/debug/deps --extern base64=/opt/rustwide/target/debug/deps/libbase64-fca76a9e376e88b4.rlib --extern byteorder=/opt/rustwide/target/debug/deps/libbyteorder-0ef92d8cf14cf0b1.rlib --extern bytes=/opt/rustwide/target/debug/deps/libbytes-f67657259700e1e6.rlib --extern chrono=/opt/rustwide/target/debug/deps/libchrono-b7900e62eedfeb33.rlib --extern docker_sdk=/opt/rustwide/target/debug/deps/libdocker_sdk-8d00c225e1f23234.rlib --extern env_logger=/opt/rustwide/target/debug/deps/libenv_logger-6cb470a74a96a2e6.rlib --extern flate2=/opt/rustwide/target/debug/deps/libflate2-d1c76d99f74e2354.rlib --extern futures=/opt/rustwide/target/debug/deps/libfutures-c57eb672b6731220.rlib --extern futures_util=/opt/rustwide/target/debug/deps/libfutures_util-e633dcd2346433dc.rlib --extern futures_codec=/opt/rustwide/target/debug/deps/libfutures_codec-e38b2f6184a45139.rlib --extern hyper=/opt/rustwide/target/debug/deps/libhyper-a8264b557fac61d3.rlib --extern hyper_openssl=/opt/rustwide/target/debug/deps/libhyper_openssl-2d6d116283a00797.rlib --extern log=/opt/rustwide/target/debug/deps/liblog-5dd7ca7285786d5e.rlib --extern mime=/opt/rustwide/target/debug/deps/libmime-d5b83fc07afe1071.rlib --extern openssl=/opt/rustwide/target/debug/deps/libopenssl-22a85df54714163b.rlib --extern paste=/opt/rustwide/target/debug/deps/libpaste-0b016d4b4a21b866.so --extern pin_project=/opt/rustwide/target/debug/deps/libpin_project-08b7695144802a1e.rlib --extern serde=/opt/rustwide/target/debug/deps/libserde-49a0cc17ac9daec3.rlib --extern serde_json=/opt/rustwide/target/debug/deps/libserde_json-7ededf94e97b400c.rlib --extern tar=/opt/rustwide/target/debug/deps/libtar-55fdcd12a1e0fa74.rlib --extern tokio=/opt/rustwide/target/debug/deps/libtokio-d62c438986d3050e.rlib --extern url=/opt/rustwide/target/debug/deps/liburl-c27420e289672182.rlib --cap-lints=warn` (signal: 9, SIGKILL: kill)
[INFO] [stderr] error: could not compile `docker-sdk` (example "imagedelete")
[INFO] [stderr] 
[INFO] [stderr] Caused by:
[INFO] [stderr]   process didn't exit successfully: `/opt/rustwide/rustup-home/toolchains/beta-2023-12-22-x86_64-unknown-linux-gnu/bin/rustc --crate-name imagedelete --edition=2021 examples/imagedelete.rs --error-format=json --json=diagnostic-rendered-ansi,artifacts,future-incompat --crate-type bin --emit=dep-info,link -C embed-bitcode=no -C debuginfo=2 --cfg 'feature="chrono"' --cfg 'feature="default"' --cfg 'feature="hyper-openssl"' --cfg 'feature="openssl"' --cfg 'feature="tls"' -C metadata=3bd36f0dffabbd43 -C extra-filename=-3bd36f0dffabbd43 --out-dir /opt/rustwide/target/debug/examples -L dependency=/opt/rustwide/target/debug/deps --extern base64=/opt/rustwide/target/debug/deps/libbase64-fca76a9e376e88b4.rlib --extern byteorder=/opt/rustwide/target/debug/deps/libbyteorder-0ef92d8cf14cf0b1.rlib --extern bytes=/opt/rustwide/target/debug/deps/libbytes-f67657259700e1e6.rlib --extern chrono=/opt/rustwide/target/debug/deps/libchrono-b7900e62eedfeb33.rlib --extern docker_sdk=/opt/rustwide/target/debug/deps/libdocker_sdk-8d00c225e1f23234.rlib --extern env_logger=/opt/rustwide/target/debug/deps/libenv_logger-6cb470a74a96a2e6.rlib --extern flate2=/opt/rustwide/target/debug/deps/libflate2-d1c76d99f74e2354.rlib --extern futures=/opt/rustwide/target/debug/deps/libfutures-c57eb672b6731220.rlib --extern futures_util=/opt/rustwide/target/debug/deps/libfutures_util-e633dcd2346433dc.rlib --extern futures_codec=/opt/rustwide/target/debug/deps/libfutures_codec-e38b2f6184a45139.rlib --extern hyper=/opt/rustwide/target/debug/deps/libhyper-a8264b557fac61d3.rlib --extern hyper_openssl=/opt/rustwide/target/debug/deps/libhyper_openssl-2d6d116283a00797.rlib --extern log=/opt/rustwide/target/debug/deps/liblog-5dd7ca7285786d5e.rlib --extern mime=/opt/rustwide/target/debug/deps/libmime-d5b83fc07afe1071.rlib --extern openssl=/opt/rustwide/target/debug/deps/libopenssl-22a85df54714163b.rlib --extern paste=/opt/rustwide/target/debug/deps/libpaste-0b016d4b4a21b866.so --extern pin_project=/opt/rustwide/target/debug/deps/libpin_project-08b7695144802a1e.rlib --extern serde=/opt/rustwide/target/debug/deps/libserde-49a0cc17ac9daec3.rlib --extern serde_json=/opt/rustwide/target/debug/deps/libserde_json-7ededf94e97b400c.rlib --extern tar=/opt/rustwide/target/debug/deps/libtar-55fdcd12a1e0fa74.rlib --extern tokio=/opt/rustwide/target/debug/deps/libtokio-d62c438986d3050e.rlib --extern url=/opt/rustwide/target/debug/deps/liburl-c27420e289672182.rlib --cap-lints=warn` (signal: 9, SIGKILL: kill)
[INFO] [stderr] error: could not compile `docker-sdk` (example "imagepull_auth")
[INFO] [stderr] 
[INFO] [stderr] Caused by:
[INFO] [stderr]   process didn't exit successfully: `/opt/rustwide/rustup-home/toolchains/beta-2023-12-22-x86_64-unknown-linux-gnu/bin/rustc --crate-name imagepull_auth --edition=2021 examples/imagepull_auth.rs --error-format=json --json=diagnostic-rendered-ansi,artifacts,future-incompat --crate-type bin --emit=dep-info,link -C embed-bitcode=no -C debuginfo=2 --cfg 'feature="chrono"' --cfg 'feature="default"' --cfg 'feature="hyper-openssl"' --cfg 'feature="openssl"' --cfg 'feature="tls"' -C metadata=da10a34878594d39 -C extra-filename=-da10a34878594d39 --out-dir /opt/rustwide/target/debug/examples -L dependency=/opt/rustwide/target/debug/deps --extern base64=/opt/rustwide/target/debug/deps/libbase64-fca76a9e376e88b4.rlib --extern byteorder=/opt/rustwide/target/debug/deps/libbyteorder-0ef92d8cf14cf0b1.rlib --extern bytes=/opt/rustwide/target/debug/deps/libbytes-f67657259700e1e6.rlib --extern chrono=/opt/rustwide/target/debug/deps/libchrono-b7900e62eedfeb33.rlib --extern docker_sdk=/opt/rustwide/target/debug/deps/libdocker_sdk-8d00c225e1f23234.rlib --extern env_logger=/opt/rustwide/target/debug/deps/libenv_logger-6cb470a74a96a2e6.rlib --extern flate2=/opt/rustwide/target/debug/deps/libflate2-d1c76d99f74e2354.rlib --extern futures=/opt/rustwide/target/debug/deps/libfutures-c57eb672b6731220.rlib --extern futures_util=/opt/rustwide/target/debug/deps/libfutures_util-e633dcd2346433dc.rlib --extern futures_codec=/opt/rustwide/target/debug/deps/libfutures_codec-e38b2f6184a45139.rlib --extern hyper=/opt/rustwide/target/debug/deps/libhyper-a8264b557fac61d3.rlib --extern hyper_openssl=/opt/rustwide/target/debug/deps/libhyper_openssl-2d6d116283a00797.rlib --extern log=/opt/rustwide/target/debug/deps/liblog-5dd7ca7285786d5e.rlib --extern mime=/opt/rustwide/target/debug/deps/libmime-d5b83fc07afe1071.rlib --extern openssl=/opt/rustwide/target/debug/deps/libopenssl-22a85df54714163b.rlib --extern paste=/opt/rustwide/target/debug/deps/libpaste-0b016d4b4a21b866.so --extern pin_project=/opt/rustwide/target/debug/deps/libpin_project-08b7695144802a1e.rlib --extern serde=/opt/rustwide/target/debug/deps/libserde-49a0cc17ac9daec3.rlib --extern serde_json=/opt/rustwide/target/debug/deps/libserde_json-7ededf94e97b400c.rlib --extern tar=/opt/rustwide/target/debug/deps/libtar-55fdcd12a1e0fa74.rlib --extern tokio=/opt/rustwide/target/debug/deps/libtokio-d62c438986d3050e.rlib --extern url=/opt/rustwide/target/debug/deps/liburl-c27420e289672182.rlib --cap-lints=warn` (signal: 9, SIGKILL: kill)
[INFO] [stderr] error: could not compile `docker-sdk` (example "stats")
[INFO] [stderr] 
[INFO] [stderr] Caused by:
[INFO] [stderr]   process didn't exit successfully: `/opt/rustwide/rustup-home/toolchains/beta-2023-12-22-x86_64-unknown-linux-gnu/bin/rustc --crate-name stats --edition=2021 examples/stats.rs --error-format=json --json=diagnostic-rendered-ansi,artifacts,future-incompat --crate-type bin --emit=dep-info,link -C embed-bitcode=no -C debuginfo=2 --cfg 'feature="chrono"' --cfg 'feature="default"' --cfg 'feature="hyper-openssl"' --cfg 'feature="openssl"' --cfg 'feature="tls"' -C metadata=4d494b1c0b5b112a -C extra-filename=-4d494b1c0b5b112a --out-dir /opt/rustwide/target/debug/examples -L dependency=/opt/rustwide/target/debug/deps --extern base64=/opt/rustwide/target/debug/deps/libbase64-fca76a9e376e88b4.rlib --extern byteorder=/opt/rustwide/target/debug/deps/libbyteorder-0ef92d8cf14cf0b1.rlib --extern bytes=/opt/rustwide/target/debug/deps/libbytes-f67657259700e1e6.rlib --extern chrono=/opt/rustwide/target/debug/deps/libchrono-b7900e62eedfeb33.rlib --extern docker_sdk=/opt/rustwide/target/debug/deps/libdocker_sdk-8d00c225e1f23234.rlib --extern env_logger=/opt/rustwide/target/debug/deps/libenv_logger-6cb470a74a96a2e6.rlib --extern flate2=/opt/rustwide/target/debug/deps/libflate2-d1c76d99f74e2354.rlib --extern futures=/opt/rustwide/target/debug/deps/libfutures-c57eb672b6731220.rlib --extern futures_util=/opt/rustwide/target/debug/deps/libfutures_util-e633dcd2346433dc.rlib --extern futures_codec=/opt/rustwide/target/debug/deps/libfutures_codec-e38b2f6184a45139.rlib --extern hyper=/opt/rustwide/target/debug/deps/libhyper-a8264b557fac61d3.rlib --extern hyper_openssl=/opt/rustwide/target/debug/deps/libhyper_openssl-2d6d116283a00797.rlib --extern log=/opt/rustwide/target/debug/deps/liblog-5dd7ca7285786d5e.rlib --extern mime=/opt/rustwide/target/debug/deps/libmime-d5b83fc07afe1071.rlib --extern openssl=/opt/rustwide/target/debug/deps/libopenssl-22a85df54714163b.rlib --extern paste=/opt/rustwide/target/debug/deps/libpaste-0b016d4b4a21b866.so --extern pin_project=/opt/rustwide/target/debug/deps/libpin_project-08b7695144802a1e.rlib --extern serde=/opt/rustwide/target/debug/deps/libserde-49a0cc17ac9daec3.rlib --extern serde_json=/opt/rustwide/target/debug/deps/libserde_json-7ededf94e97b400c.rlib --extern tar=/opt/rustwide/target/debug/deps/libtar-55fdcd12a1e0fa74.rlib --extern tokio=/opt/rustwide/target/debug/deps/libtokio-d62c438986d3050e.rlib --extern url=/opt/rustwide/target/debug/deps/liburl-c27420e289672182.rlib --cap-lints=warn` (signal: 9, SIGKILL: kill)
[INFO] [stderr] error: could not compile `docker-sdk` (example "imageinspect")
[INFO] [stderr] 
[INFO] [stderr] Caused by:
[INFO] [stderr]   process didn't exit successfully: `/opt/rustwide/rustup-home/toolchains/beta-2023-12-22-x86_64-unknown-linux-gnu/bin/rustc --crate-name imageinspect --edition=2021 examples/imageinspect.rs --error-format=json --json=diagnostic-rendered-ansi,artifacts,future-incompat --crate-type bin --emit=dep-info,link -C embed-bitcode=no -C debuginfo=2 --cfg 'feature="chrono"' --cfg 'feature="default"' --cfg 'feature="hyper-openssl"' --cfg 'feature="openssl"' --cfg 'feature="tls"' -C metadata=fe1586f2a12021cc -C extra-filename=-fe1586f2a12021cc --out-dir /opt/rustwide/target/debug/examples -L dependency=/opt/rustwide/target/debug/deps --extern base64=/opt/rustwide/target/debug/deps/libbase64-fca76a9e376e88b4.rlib --extern byteorder=/opt/rustwide/target/debug/deps/libbyteorder-0ef92d8cf14cf0b1.rlib --extern bytes=/opt/rustwide/target/debug/deps/libbytes-f67657259700e1e6.rlib --extern chrono=/opt/rustwide/target/debug/deps/libchrono-b7900e62eedfeb33.rlib --extern docker_sdk=/opt/rustwide/target/debug/deps/libdocker_sdk-8d00c225e1f23234.rlib --extern env_logger=/opt/rustwide/target/debug/deps/libenv_logger-6cb470a74a96a2e6.rlib --extern flate2=/opt/rustwide/target/debug/deps/libflate2-d1c76d99f74e2354.rlib --extern futures=/opt/rustwide/target/debug/deps/libfutures-c57eb672b6731220.rlib --extern futures_util=/opt/rustwide/target/debug/deps/libfutures_util-e633dcd2346433dc.rlib --extern futures_codec=/opt/rustwide/target/debug/deps/libfutures_codec-e38b2f6184a45139.rlib --extern hyper=/opt/rustwide/target/debug/deps/libhyper-a8264b557fac61d3.rlib --extern hyper_openssl=/opt/rustwide/target/debug/deps/libhyper_openssl-2d6d116283a00797.rlib --extern log=/opt/rustwide/target/debug/deps/liblog-5dd7ca7285786d5e.rlib --extern mime=/opt/rustwide/target/debug/deps/libmime-d5b83fc07afe1071.rlib --extern openssl=/opt/rustwide/target/debug/deps/libopenssl-22a85df54714163b.rlib --extern paste=/opt/rustwide/target/debug/deps/libpaste-0b016d4b4a21b866.so --extern pin_project=/opt/rustwide/target/debug/deps/libpin_project-08b7695144802a1e.rlib --extern serde=/opt/rustwide/target/debug/deps/libserde-49a0cc17ac9daec3.rlib --extern serde_json=/opt/rustwide/target/debug/deps/libserde_json-7ededf94e97b400c.rlib --extern tar=/opt/rustwide/target/debug/deps/libtar-55fdcd12a1e0fa74.rlib --extern tokio=/opt/rustwide/target/debug/deps/libtokio-d62c438986d3050e.rlib --extern url=/opt/rustwide/target/debug/deps/liburl-c27420e289672182.rlib --cap-lints=warn` (signal: 9, SIGKILL: kill)
[INFO] [stdout] error: linking with `cc` failed: exit status: 1
[INFO] [stdout]   |
[INFO] [stdout]   = note: LC_ALL="C" PATH="/opt/rustwide/rustup-home/toolchains/beta-2023-12-22-x86_64-unknown-linux-gnu/lib/rustlib/x86_64-unknown-linux-gnu/bin:/opt/rustwide/cargo-home/bin:/usr/local/sbin:/usr/local/bin:/usr/sbin:/usr/bin:/sbin:/bin" VSLANG="1033" "cc" "-m64" "/tmp/rustcioZMqX/symbols.o" "/opt/rustwide/target/debug/examples/containercopyfrom-2c60f724a7d98401.containercopyfrom.fe019be346467db6-cgu.00.rcgu.o" "/opt/rustwide/target/debug/examples/containercopyfrom-2c60f724a7d98401.containercopyfrom.fe019be346467db6-cgu.01.rcgu.o" "/opt/rustwide/target/debug/examples/containercopyfrom-2c60f724a7d98401.containercopyfrom.fe019be346467db6-cgu.02.rcgu.o" "/opt/rustwide/target/debug/examples/containercopyfrom-2c60f724a7d98401.containercopyfrom.fe019be346467db6-cgu.03.rcgu.o" "/opt/rustwide/target/debug/examples/containercopyfrom-2c60f724a7d98401.containercopyfrom.fe019be346467db6-cgu.04.rcgu.o" "/opt/rustwide/target/debug/examples/containercopyfrom-2c60f724a7d98401.containercopyfrom.fe019be346467db6-cgu.05.rcgu.o" "/opt/rustwide/target/debug/examples/containercopyfrom-2c60f724a7d98401.containercopyfrom.fe019be346467db6-cgu.06.rcgu.o" "/opt/rustwide/target/debug/examples/containercopyfrom-2c60f724a7d98401.containercopyfrom.fe019be346467db6-cgu.07.rcgu.o" "/opt/rustwide/target/debug/examples/containercopyfrom-2c60f724a7d98401.containercopyfrom.fe019be346467db6-cgu.08.rcgu.o" "/opt/rustwide/target/debug/examples/containercopyfrom-2c60f724a7d98401.containercopyfrom.fe019be346467db6-cgu.09.rcgu.o" "/opt/rustwide/target/debug/examples/containercopyfrom-2c60f724a7d98401.containercopyfrom.fe019be346467db6-cgu.10.rcgu.o" "/opt/rustwide/target/debug/examples/containercopyfrom-2c60f724a7d98401.containercopyfrom.fe019be346467db6-cgu.11.rcgu.o" "/opt/rustwide/target/debug/examples/containercopyfrom-2c60f724a7d98401.containercopyfrom.fe019be346467db6-cgu.12.rcgu.o" "/opt/rustwide/target/debug/examples/containercopyfrom-2c60f724a7d98401.containercopyfrom.fe019be346467db6-cgu.13.rcgu.o" "/opt/rustwide/target/debug/examples/containercopyfrom-2c60f724a7d98401.containercopyfrom.fe019be346467db6-cgu.14.rcgu.o" "/opt/rustwide/target/debug/examples/containercopyfrom-2c60f724a7d98401.containercopyfrom.fe019be346467db6-cgu.15.rcgu.o" "/opt/rustwide/target/debug/examples/containercopyfrom-2c60f724a7d98401.2wbrgtu0stz4ym6l.rcgu.o" "-Wl,--as-needed" "-L" "/opt/rustwide/target/debug/deps" "-L" "/opt/rustwide/rustup-home/toolchains/beta-2023-12-22-x86_64-unknown-linux-gnu/lib/rustlib/x86_64-unknown-linux-gnu/lib" "-Wl,-Bstatic" "/opt/rustwide/target/debug/deps/libdocker_sdk-8d00c225e1f23234.rlib" "/opt/rustwide/target/debug/deps/libbase64-fca76a9e376e88b4.rlib" "/opt/rustwide/target/debug/deps/libfutures_codec-e38b2f6184a45139.rlib" "/opt/rustwide/target/debug/deps/libpin_project-5ef4d49a0314a4ff.rlib" "/opt/rustwide/target/debug/deps/libbytes-de5719fbf9674f6a.rlib" "/opt/rustwide/target/debug/deps/libtar-55fdcd12a1e0fa74.rlib" "/opt/rustwide/target/debug/deps/libxattr-72969646a2cc0970.rlib" "/opt/rustwide/target/debug/deps/libfiletime-7f9e2018fc238bf7.rlib" "/opt/rustwide/target/debug/deps/libflate2-d1c76d99f74e2354.rlib" "/opt/rustwide/target/debug/deps/libminiz_oxide-41d91a8cd80bb78a.rlib" "/opt/rustwide/target/debug/deps/libadler-eba61f23bb3cdb48.rlib" "/opt/rustwide/target/debug/deps/libcrc32fast-dbea8ee6fb11ce73.rlib" "/opt/rustwide/target/debug/deps/libchrono-b7900e62eedfeb33.rlib" "/opt/rustwide/target/debug/deps/libiana_time_zone-a08d7576f2ea4cb5.rlib" "/opt/rustwide/target/debug/deps/libnum_integer-4f6a54ffc94feb12.rlib" "/opt/rustwide/target/debug/deps/libnum_traits-b277a111beb39735.rlib" "/opt/rustwide/target/debug/deps/libtime-7a3ca8c0d37c407c.rlib" "/opt/rustwide/target/debug/deps/liburl-c27420e289672182.rlib" "/opt/rustwide/target/debug/deps/libidna-f5ec19a924db9307.rlib" "/opt/rustwide/target/debug/deps/libunicode_normalization-d46a9be84e5a96bd.rlib" "/opt/rustwide/target/debug/deps/libtinyvec-e7dc63e82263080a.rlib" "/opt/rustwide/target/debug/deps/libtinyvec_macros-2b90caf71be257df.rlib" "/opt/rustwide/target/debug/deps/libunicode_bidi-dff3380632f62c6d.rlib" "/opt/rustwide/target/debug/deps/libform_urlencoded-2e6be29729763aa6.rlib" "/opt/rustwide/target/debug/deps/libpercent_encoding-52ba3d834e28489d.rlib" "/opt/rustwide/target/debug/deps/libpin_project-08b7695144802a1e.rlib" "/opt/rustwide/target/debug/deps/libmime-d5b83fc07afe1071.rlib" "/opt/rustwide/target/debug/deps/libhyper_openssl-2d6d116283a00797.rlib" "/opt/rustwide/target/debug/deps/liblinked_hash_set-1179250414fdf6d9.rlib" "/opt/rustwide/target/debug/deps/liblinked_hash_map-d832c69510805464.rlib" "/opt/rustwide/target/debug/deps/libtower_layer-66a55883bc31ce2e.rlib" "/opt/rustwide/target/debug/deps/libtokio_openssl-84b586213e36a1f9.rlib" "/opt/rustwide/target/debug/deps/libparking_lot-55d30dd550c907c2.rlib" "/opt/rustwide/target/debug/deps/libparking_lot_core-5f6f59a27c4d1414.rlib" "/opt/rustwide/target/debug/deps/libsmallvec-5f186dbb2829e135.rlib" "/opt/rustwide/target/debug/deps/liblock_api-7efc9c602b898216.rlib" "/opt/rustwide/target/debug/deps/libscopeguard-31f1b56a39f2a372.rlib" "/opt/rustwide/target/debug/deps/libopenssl-22a85df54714163b.rlib" "/opt/rustwide/target/debug/deps/libbitflags-85e13ed1e0c6d910.rlib" "/opt/rustwide/target/debug/deps/libforeign_types-34162016ad32c65c.rlib" "/opt/rustwide/target/debug/deps/libforeign_types_shared-6c481fa47d8ef87b.rlib" "/opt/rustwide/target/debug/deps/libopenssl_sys-6aac3a68878d144a.rlib" "/opt/rustwide/target/debug/deps/libserde_json-7ededf94e97b400c.rlib" "/opt/rustwide/target/debug/deps/libryu-71a7e639e7459b62.rlib" "/opt/rustwide/target/debug/deps/libserde-49a0cc17ac9daec3.rlib" "/opt/rustwide/target/debug/deps/libhyper-a8264b557fac61d3.rlib" "/opt/rustwide/target/debug/deps/libwant-983356c22b235329.rlib" "/opt/rustwide/target/debug/deps/libtry_lock-da79cbb67b0e5d22.rlib" "/opt/rustwide/target/debug/deps/libhttparse-2dbc320ca65411a3.rlib" "/opt/rustwide/target/debug/deps/libtower_service-92bbc7b5a1dd8782.rlib" "/opt/rustwide/target/debug/deps/libtracing-293a9d55633b757b.rlib" "/opt/rustwide/target/debug/deps/libtracing_core-bd8d97dcd41b02fd.rlib" "/opt/rustwide/target/debug/deps/libonce_cell-ef1409d54228c1c0.rlib" "/opt/rustwide/target/debug/deps/libhttp_body-d57b65fef9ea4bb3.rlib" "/opt/rustwide/target/debug/deps/libtokio-d62c438986d3050e.rlib" "/opt/rustwide/target/debug/deps/libnum_cpus-599fbd22d5e30b4e.rlib" "/opt/rustwide/target/debug/deps/libsocket2-829a88469f3c099d.rlib" "/opt/rustwide/target/debug/deps/libmio-557038dbbcf6cd95.rlib" "/opt/rustwide/target/debug/deps/liblibc-0d89f30447149ec8.rlib" "/opt/rustwide/target/debug/deps/liblog-5dd7ca7285786d5e.rlib" "/opt/rustwide/target/debug/deps/libcfg_if-e7002d307f97bc56.rlib" "/opt/rustwide/target/debug/deps/libhttp-50178d983a9c4704.rlib" "/opt/rustwide/target/debug/deps/libitoa-d2276dfc04de0749.rlib" "/opt/rustwide/target/debug/deps/libbytes-f67657259700e1e6.rlib" "/opt/rustwide/target/debug/deps/libfnv-953831fe314029b4.rlib" "/opt/rustwide/target/debug/deps/libfutures-c57eb672b6731220.rlib" "/opt/rustwide/target/debug/deps/libfutures_executor-366d1dd24529d736.rlib" "/opt/rustwide/target/debug/deps/libfutures_util-e633dcd2346433dc.rlib" "/opt/rustwide/target/debug/deps/libmemchr-33d05ae5bba76030.rlib" "/opt/rustwide/target/debug/deps/libfutures_io-71cd5128c90d7d08.rlib" "/opt/rustwide/target/debug/deps/libslab-ce952e4d8ebf26c9.rlib" "/opt/rustwide/target/debug/deps/libfutures_channel-28b38c4b9e100e3e.rlib" "/opt/rustwide/target/debug/deps/libpin_project_lite-e8b15c1d45637ce8.rlib" "/opt/rustwide/target/debug/deps/libfutures_sink-86bbe3df958fd5fd.rlib" "/opt/rustwide/target/debug/deps/libfutures_task-a89347c5f688dfaa.rlib" "/opt/rustwide/target/debug/deps/libpin_utils-9c5dcf17efb91bff.rlib" "/opt/rustwide/target/debug/deps/libfutures_core-6a0ac59ccc687a02.rlib" "/opt/rustwide/rustup-home/toolchains/beta-2023-12-22-x86_64-unknown-linux-gnu/lib/rustlib/x86_64-unknown-linux-gnu/lib/libstd-0672489a78b613de.rlib" "/opt/rustwide/rustup-home/toolchains/beta-2023-12-22-x86_64-unknown-linux-gnu/lib/rustlib/x86_64-unknown-linux-gnu/lib/libpanic_unwind-7eb3ffc34a49f675.rlib" "/opt/rustwide/rustup-home/toolchains/beta-2023-12-22-x86_64-unknown-linux-gnu/lib/rustlib/x86_64-unknown-linux-gnu/lib/libobject-6478a9daa4bee8e2.rlib" "/opt/rustwide/rustup-home/toolchains/beta-2023-12-22-x86_64-unknown-linux-gnu/lib/rustlib/x86_64-unknown-linux-gnu/lib/libmemchr-0c75d871a5c3923d.rlib" "/opt/rustwide/rustup-home/toolchains/beta-2023-12-22-x86_64-unknown-linux-gnu/lib/rustlib/x86_64-unknown-linux-gnu/lib/libaddr2line-d163ef63ad37bb71.rlib" "/opt/rustwide/rustup-home/toolchains/beta-2023-12-22-x86_64-unknown-linux-gnu/lib/rustlib/x86_64-unknown-linux-gnu/lib/libgimli-8a3fd810a85b9f4c.rlib" "/opt/rustwide/rustup-home/toolchains/beta-2023-12-22-x86_64-unknown-linux-gnu/lib/rustlib/x86_64-unknown-linux-gnu/lib/librustc_demangle-462a2cde8c5dfc10.rlib" "/opt/rustwide/rustup-home/toolchains/beta-2023-12-22-x86_64-unknown-linux-gnu/lib/rustlib/x86_64-unknown-linux-gnu/lib/libstd_detect-cb06ac9f54713f71.rlib" "/opt/rustwide/rustup-home/toolchains/beta-2023-12-22-x86_64-unknown-linux-gnu/lib/rustlib/x86_64-unknown-linux-gnu/lib/libhashbrown-f20bfd1f8e59b393.rlib" "/opt/rustwide/rustup-home/toolchains/beta-2023-12-22-x86_64-unknown-linux-gnu/lib/rustlib/x86_64-unknown-linux-gnu/lib/librustc_std_workspace_alloc-1ef460949b49da4b.rlib" "/opt/rustwide/rustup-home/toolchains/beta-2023-12-22-x86_64-unknown-linux-gnu/lib/rustlib/x86_64-unknown-linux-gnu/lib/libminiz_oxide-2cb0c0ffe4f87514.rlib" "/opt/rustwide/rustup-home/toolchains/beta-2023-12-22-x86_64-unknown-linux-gnu/lib/rustlib/x86_64-unknown-linux-gnu/lib/libadler-58d841eb322a11a2.rlib" "/opt/rustwide/rustup-home/toolchains/beta-2023-12-22-x86_64-unknown-linux-gnu/lib/rustlib/x86_64-unknown-linux-gnu/lib/libunwind-aa2ae0b0a9d11533.rlib" "/opt/rustwide/rustup-home/toolchains/beta-2023-12-22-x86_64-unknown-linux-gnu/lib/rustlib/x86_64-unknown-linux-gnu/lib/libcfg_if-23874e15830ed336.rlib" "/opt/rustwide/rustup-home/toolchains/beta-2023-12-22-x86_64-unknown-linux-gnu/lib/rustlib/x86_64-unknown-linux-gnu/lib/liblibc-e47cddc003bce885.rlib" "/opt/rustwide/rustup-home/toolchains/beta-2023-12-22-x86_64-unknown-linux-gnu/lib/rustlib/x86_64-unknown-linux-gnu/lib/liballoc-c22b13b48a8f128e.rlib" "/opt/rustwide/rustup-home/toolchains/beta-2023-12-22-x86_64-unknown-linux-gnu/lib/rustlib/x86_64-unknown-linux-gnu/lib/librustc_std_workspace_core-e46bc3da6d7c462f.rlib" "/opt/rustwide/rustup-home/toolchains/beta-2023-12-22-x86_64-unknown-linux-gnu/lib/rustlib/x86_64-unknown-linux-gnu/lib/libcore-8d1ac131d3cb2645.rlib" "/opt/rustwide/rustup-home/toolchains/beta-2023-12-22-x86_64-unknown-linux-gnu/lib/rustlib/x86_64-unknown-linux-gnu/lib/libcompiler_builtins-a1b43df8c6899c1f.rlib" "-Wl,-Bdynamic" "-lssl" "-lcrypto" "-lgcc_s" "-lutil" "-lrt" "-lpthread" "-lm" "-ldl" "-lc" "-Wl,--eh-frame-hdr" "-Wl,-z,noexecstack" "-L" "/opt/rustwide/rustup-home/toolchains/beta-2023-12-22-x86_64-unknown-linux-gnu/lib/rustlib/x86_64-unknown-linux-gnu/lib" "-o" "/opt/rustwide/target/debug/examples/containercopyfrom-2c60f724a7d98401" "-Wl,--gc-sections" "-pie" "-Wl,-z,relro,-z,now" "-nodefaultlibs"
[INFO] [stdout]   = note: collect2: fatal error: ld terminated with signal 9 [Killed]
[INFO] [stdout]           compilation terminated.
[INFO] [stdout]           
[INFO] [stdout] 
[INFO] [stdout] 
[INFO] [stdout] error: aborting due to 1 previous error
[INFO] [stdout] 
[INFO] [stdout] 
[INFO] [stderr] error: could not compile `docker-sdk` (example "containercopyfrom") due to 2 previous errors
[INFO] [stdout] error: linking with `cc` failed: exit status: 1
[INFO] [stdout]   |
[INFO] [stdout]   = note: LC_ALL="C" PATH="/opt/rustwide/rustup-home/toolchains/beta-2023-12-22-x86_64-unknown-linux-gnu/lib/rustlib/x86_64-unknown-linux-gnu/bin:/opt/rustwide/cargo-home/bin:/usr/local/sbin:/usr/local/bin:/usr/sbin:/usr/bin:/sbin:/bin" VSLANG="1033" "cc" "-m64" "/tmp/rustczuF7fz/symbols.o" "/opt/rustwide/target/debug/examples/containercreate-60d707d47570c75d.containercreate.9600b7f4a6f70eaf-cgu.00.rcgu.o" "/opt/rustwide/target/debug/examples/containercreate-60d707d47570c75d.containercreate.9600b7f4a6f70eaf-cgu.01.rcgu.o" "/opt/rustwide/target/debug/examples/containercreate-60d707d47570c75d.containercreate.9600b7f4a6f70eaf-cgu.02.rcgu.o" "/opt/rustwide/target/debug/examples/containercreate-60d707d47570c75d.containercreate.9600b7f4a6f70eaf-cgu.03.rcgu.o" "/opt/rustwide/target/debug/examples/containercreate-60d707d47570c75d.containercreate.9600b7f4a6f70eaf-cgu.04.rcgu.o" "/opt/rustwide/target/debug/examples/containercreate-60d707d47570c75d.containercreate.9600b7f4a6f70eaf-cgu.05.rcgu.o" "/opt/rustwide/target/debug/examples/containercreate-60d707d47570c75d.containercreate.9600b7f4a6f70eaf-cgu.06.rcgu.o" "/opt/rustwide/target/debug/examples/containercreate-60d707d47570c75d.containercreate.9600b7f4a6f70eaf-cgu.07.rcgu.o" "/opt/rustwide/target/debug/examples/containercreate-60d707d47570c75d.containercreate.9600b7f4a6f70eaf-cgu.08.rcgu.o" "/opt/rustwide/target/debug/examples/containercreate-60d707d47570c75d.containercreate.9600b7f4a6f70eaf-cgu.09.rcgu.o" "/opt/rustwide/target/debug/examples/containercreate-60d707d47570c75d.containercreate.9600b7f4a6f70eaf-cgu.10.rcgu.o" "/opt/rustwide/target/debug/examples/containercreate-60d707d47570c75d.containercreate.9600b7f4a6f70eaf-cgu.11.rcgu.o" "/opt/rustwide/target/debug/examples/containercreate-60d707d47570c75d.containercreate.9600b7f4a6f70eaf-cgu.12.rcgu.o" "/opt/rustwide/target/debug/examples/containercreate-60d707d47570c75d.containercreate.9600b7f4a6f70eaf-cgu.13.rcgu.o" "/opt/rustwide/target/debug/examples/containercreate-60d707d47570c75d.containercreate.9600b7f4a6f70eaf-cgu.14.rcgu.o" "/opt/rustwide/target/debug/examples/containercreate-60d707d47570c75d.containercreate.9600b7f4a6f70eaf-cgu.15.rcgu.o" "/opt/rustwide/target/debug/examples/containercreate-60d707d47570c75d.57kxv6uav3vdrb1s.rcgu.o" "-Wl,--as-needed" "-L" "/opt/rustwide/target/debug/deps" "-L" "/opt/rustwide/rustup-home/toolchains/beta-2023-12-22-x86_64-unknown-linux-gnu/lib/rustlib/x86_64-unknown-linux-gnu/lib" "-Wl,-Bstatic" "/opt/rustwide/target/debug/deps/libdocker_sdk-8d00c225e1f23234.rlib" "/opt/rustwide/target/debug/deps/libbase64-fca76a9e376e88b4.rlib" "/opt/rustwide/target/debug/deps/libfutures_codec-e38b2f6184a45139.rlib" "/opt/rustwide/target/debug/deps/libpin_project-5ef4d49a0314a4ff.rlib" "/opt/rustwide/target/debug/deps/libfutures-c57eb672b6731220.rlib" "/opt/rustwide/target/debug/deps/libfutures_executor-366d1dd24529d736.rlib" "/opt/rustwide/target/debug/deps/libbytes-de5719fbf9674f6a.rlib" "/opt/rustwide/target/debug/deps/libtar-55fdcd12a1e0fa74.rlib" "/opt/rustwide/target/debug/deps/libxattr-72969646a2cc0970.rlib" "/opt/rustwide/target/debug/deps/libfiletime-7f9e2018fc238bf7.rlib" "/opt/rustwide/target/debug/deps/libflate2-d1c76d99f74e2354.rlib" "/opt/rustwide/target/debug/deps/libminiz_oxide-41d91a8cd80bb78a.rlib" "/opt/rustwide/target/debug/deps/libadler-eba61f23bb3cdb48.rlib" "/opt/rustwide/target/debug/deps/libcrc32fast-dbea8ee6fb11ce73.rlib" "/opt/rustwide/target/debug/deps/libchrono-b7900e62eedfeb33.rlib" "/opt/rustwide/target/debug/deps/libiana_time_zone-a08d7576f2ea4cb5.rlib" "/opt/rustwide/target/debug/deps/libnum_integer-4f6a54ffc94feb12.rlib" "/opt/rustwide/target/debug/deps/libnum_traits-b277a111beb39735.rlib" "/opt/rustwide/target/debug/deps/libtime-7a3ca8c0d37c407c.rlib" "/opt/rustwide/target/debug/deps/liburl-c27420e289672182.rlib" "/opt/rustwide/target/debug/deps/libidna-f5ec19a924db9307.rlib" "/opt/rustwide/target/debug/deps/libunicode_normalization-d46a9be84e5a96bd.rlib" "/opt/rustwide/target/debug/deps/libtinyvec-e7dc63e82263080a.rlib" "/opt/rustwide/target/debug/deps/libtinyvec_macros-2b90caf71be257df.rlib" "/opt/rustwide/target/debug/deps/libunicode_bidi-dff3380632f62c6d.rlib" "/opt/rustwide/target/debug/deps/libform_urlencoded-2e6be29729763aa6.rlib" "/opt/rustwide/target/debug/deps/libpercent_encoding-52ba3d834e28489d.rlib" "/opt/rustwide/target/debug/deps/libpin_project-08b7695144802a1e.rlib" "/opt/rustwide/target/debug/deps/libmime-d5b83fc07afe1071.rlib" "/opt/rustwide/target/debug/deps/libhyper_openssl-2d6d116283a00797.rlib" "/opt/rustwide/target/debug/deps/liblinked_hash_set-1179250414fdf6d9.rlib" "/opt/rustwide/target/debug/deps/liblinked_hash_map-d832c69510805464.rlib" "/opt/rustwide/target/debug/deps/libtower_layer-66a55883bc31ce2e.rlib" "/opt/rustwide/target/debug/deps/libtokio_openssl-84b586213e36a1f9.rlib" "/opt/rustwide/target/debug/deps/libparking_lot-55d30dd550c907c2.rlib" "/opt/rustwide/target/debug/deps/libparking_lot_core-5f6f59a27c4d1414.rlib" "/opt/rustwide/target/debug/deps/libsmallvec-5f186dbb2829e135.rlib" "/opt/rustwide/target/debug/deps/liblock_api-7efc9c602b898216.rlib" "/opt/rustwide/target/debug/deps/libscopeguard-31f1b56a39f2a372.rlib" "/opt/rustwide/target/debug/deps/libopenssl-22a85df54714163b.rlib" "/opt/rustwide/target/debug/deps/libbitflags-85e13ed1e0c6d910.rlib" "/opt/rustwide/target/debug/deps/libforeign_types-34162016ad32c65c.rlib" "/opt/rustwide/target/debug/deps/libforeign_types_shared-6c481fa47d8ef87b.rlib" "/opt/rustwide/target/debug/deps/libopenssl_sys-6aac3a68878d144a.rlib" "/opt/rustwide/target/debug/deps/libserde_json-7ededf94e97b400c.rlib" "/opt/rustwide/target/debug/deps/libryu-71a7e639e7459b62.rlib" "/opt/rustwide/target/debug/deps/libserde-49a0cc17ac9daec3.rlib" "/opt/rustwide/target/debug/deps/libhyper-a8264b557fac61d3.rlib" "/opt/rustwide/target/debug/deps/libwant-983356c22b235329.rlib" "/opt/rustwide/target/debug/deps/libtry_lock-da79cbb67b0e5d22.rlib" "/opt/rustwide/target/debug/deps/libhttparse-2dbc320ca65411a3.rlib" "/opt/rustwide/target/debug/deps/libtower_service-92bbc7b5a1dd8782.rlib" "/opt/rustwide/target/debug/deps/libtracing-293a9d55633b757b.rlib" "/opt/rustwide/target/debug/deps/libtracing_core-bd8d97dcd41b02fd.rlib" "/opt/rustwide/target/debug/deps/libonce_cell-ef1409d54228c1c0.rlib" "/opt/rustwide/target/debug/deps/libhttp_body-d57b65fef9ea4bb3.rlib" "/opt/rustwide/target/debug/deps/libfutures_util-e633dcd2346433dc.rlib" "/opt/rustwide/target/debug/deps/libmemchr-33d05ae5bba76030.rlib" "/opt/rustwide/target/debug/deps/libfutures_io-71cd5128c90d7d08.rlib" "/opt/rustwide/target/debug/deps/libslab-ce952e4d8ebf26c9.rlib" "/opt/rustwide/target/debug/deps/libfutures_channel-28b38c4b9e100e3e.rlib" "/opt/rustwide/target/debug/deps/libfutures_sink-86bbe3df958fd5fd.rlib" "/opt/rustwide/target/debug/deps/libfutures_task-a89347c5f688dfaa.rlib" "/opt/rustwide/target/debug/deps/libpin_utils-9c5dcf17efb91bff.rlib" "/opt/rustwide/target/debug/deps/libfutures_core-6a0ac59ccc687a02.rlib" "/opt/rustwide/target/debug/deps/libtokio-d62c438986d3050e.rlib" "/opt/rustwide/target/debug/deps/libnum_cpus-599fbd22d5e30b4e.rlib" "/opt/rustwide/target/debug/deps/libsocket2-829a88469f3c099d.rlib" "/opt/rustwide/target/debug/deps/libpin_project_lite-e8b15c1d45637ce8.rlib" "/opt/rustwide/target/debug/deps/libmio-557038dbbcf6cd95.rlib" "/opt/rustwide/target/debug/deps/liblibc-0d89f30447149ec8.rlib" "/opt/rustwide/target/debug/deps/liblog-5dd7ca7285786d5e.rlib" "/opt/rustwide/target/debug/deps/libcfg_if-e7002d307f97bc56.rlib" "/opt/rustwide/target/debug/deps/libhttp-50178d983a9c4704.rlib" "/opt/rustwide/target/debug/deps/libitoa-d2276dfc04de0749.rlib" "/opt/rustwide/target/debug/deps/libbytes-f67657259700e1e6.rlib" "/opt/rustwide/target/debug/deps/libfnv-953831fe314029b4.rlib" "/opt/rustwide/rustup-home/toolchains/beta-2023-12-22-x86_64-unknown-linux-gnu/lib/rustlib/x86_64-unknown-linux-gnu/lib/libstd-0672489a78b613de.rlib" "/opt/rustwide/rustup-home/toolchains/beta-2023-12-22-x86_64-unknown-linux-gnu/lib/rustlib/x86_64-unknown-linux-gnu/lib/libpanic_unwind-7eb3ffc34a49f675.rlib" "/opt/rustwide/rustup-home/toolchains/beta-2023-12-22-x86_64-unknown-linux-gnu/lib/rustlib/x86_64-unknown-linux-gnu/lib/libobject-6478a9daa4bee8e2.rlib" "/opt/rustwide/rustup-home/toolchains/beta-2023-12-22-x86_64-unknown-linux-gnu/lib/rustlib/x86_64-unknown-linux-gnu/lib/libmemchr-0c75d871a5c3923d.rlib" "/opt/rustwide/rustup-home/toolchains/beta-2023-12-22-x86_64-unknown-linux-gnu/lib/rustlib/x86_64-unknown-linux-gnu/lib/libaddr2line-d163ef63ad37bb71.rlib" "/opt/rustwide/rustup-home/toolchains/beta-2023-12-22-x86_64-unknown-linux-gnu/lib/rustlib/x86_64-unknown-linux-gnu/lib/libgimli-8a3fd810a85b9f4c.rlib" "/opt/rustwide/rustup-home/toolchains/beta-2023-12-22-x86_64-unknown-linux-gnu/lib/rustlib/x86_64-unknown-linux-gnu/lib/librustc_demangle-462a2cde8c5dfc10.rlib" "/opt/rustwide/rustup-home/toolchains/beta-2023-12-22-x86_64-unknown-linux-gnu/lib/rustlib/x86_64-unknown-linux-gnu/lib/libstd_detect-cb06ac9f54713f71.rlib" "/opt/rustwide/rustup-home/toolchains/beta-2023-12-22-x86_64-unknown-linux-gnu/lib/rustlib/x86_64-unknown-linux-gnu/lib/libhashbrown-f20bfd1f8e59b393.rlib" "/opt/rustwide/rustup-home/toolchains/beta-2023-12-22-x86_64-unknown-linux-gnu/lib/rustlib/x86_64-unknown-linux-gnu/lib/librustc_std_workspace_alloc-1ef460949b49da4b.rlib" "/opt/rustwide/rustup-home/toolchains/beta-2023-12-22-x86_64-unknown-linux-gnu/lib/rustlib/x86_64-unknown-linux-gnu/lib/libminiz_oxide-2cb0c0ffe4f87514.rlib" "/opt/rustwide/rustup-home/toolchains/beta-2023-12-22-x86_64-unknown-linux-gnu/lib/rustlib/x86_64-unknown-linux-gnu/lib/libadler-58d841eb322a11a2.rlib" "/opt/rustwide/rustup-home/toolchains/beta-2023-12-22-x86_64-unknown-linux-gnu/lib/rustlib/x86_64-unknown-linux-gnu/lib/libunwind-aa2ae0b0a9d11533.rlib" "/opt/rustwide/rustup-home/toolchains/beta-2023-12-22-x86_64-unknown-linux-gnu/lib/rustlib/x86_64-unknown-linux-gnu/lib/libcfg_if-23874e15830ed336.rlib" "/opt/rustwide/rustup-home/toolchains/beta-2023-12-22-x86_64-unknown-linux-gnu/lib/rustlib/x86_64-unknown-linux-gnu/lib/liblibc-e47cddc003bce885.rlib" "/opt/rustwide/rustup-home/toolchains/beta-2023-12-22-x86_64-unknown-linux-gnu/lib/rustlib/x86_64-unknown-linux-gnu/lib/liballoc-c22b13b48a8f128e.rlib" "/opt/rustwide/rustup-home/toolchains/beta-2023-12-22-x86_64-unknown-linux-gnu/lib/rustlib/x86_64-unknown-linux-gnu/lib/librustc_std_workspace_core-e46bc3da6d7c462f.rlib" "/opt/rustwide/rustup-home/toolchains/beta-2023-12-22-x86_64-unknown-linux-gnu/lib/rustlib/x86_64-unknown-linux-gnu/lib/libcore-8d1ac131d3cb2645.rlib" "/opt/rustwide/rustup-home/toolchains/beta-2023-12-22-x86_64-unknown-linux-gnu/lib/rustlib/x86_64-unknown-linux-gnu/lib/libcompiler_builtins-a1b43df8c6899c1f.rlib" "-Wl,-Bdynamic" "-lssl" "-lcrypto" "-lgcc_s" "-lutil" "-lrt" "-lpthread" "-lm" "-ldl" "-lc" "-Wl,--eh-frame-hdr" "-Wl,-z,noexecstack" "-L" "/opt/rustwide/rustup-home/toolchains/beta-2023-12-22-x86_64-unknown-linux-gnu/lib/rustlib/x86_64-unknown-linux-gnu/lib" "-o" "/opt/rustwide/target/debug/examples/containercreate-60d707d47570c75d" "-Wl,--gc-sections" "-pie" "-Wl,-z,relro,-z,now" "-nodefaultlibs"
[INFO] [stdout]   = note: collect2: fatal error: ld terminated with signal 9 [Killed]
[INFO] [stdout]           compilation terminated.
[INFO] [stdout]           
[INFO] [stdout] 
[INFO] [stdout] 
[INFO] [stdout] error: aborting due to 1 previous error
[INFO] [stdout] 
[INFO] [stdout] 
[INFO] [stderr] error: could not compile `docker-sdk` (example "containercreate") due to 2 previous errors
[INFO] [stderr] error: could not compile `docker-sdk` (example "volumecreate")
[INFO] [stderr] 
[INFO] [stderr] Caused by:
[INFO] [stderr]   process didn't exit successfully: `/opt/rustwide/rustup-home/toolchains/beta-2023-12-22-x86_64-unknown-linux-gnu/bin/rustc --crate-name volumecreate --edition=2021 examples/volumecreate.rs --error-format=json --json=diagnostic-rendered-ansi,artifacts,future-incompat --crate-type bin --emit=dep-info,link -C embed-bitcode=no -C debuginfo=2 --cfg 'feature="chrono"' --cfg 'feature="default"' --cfg 'feature="hyper-openssl"' --cfg 'feature="openssl"' --cfg 'feature="tls"' -C metadata=f2a16fd060915467 -C extra-filename=-f2a16fd060915467 --out-dir /opt/rustwide/target/debug/examples -L dependency=/opt/rustwide/target/debug/deps --extern base64=/opt/rustwide/target/debug/deps/libbase64-fca76a9e376e88b4.rlib --extern byteorder=/opt/rustwide/target/debug/deps/libbyteorder-0ef92d8cf14cf0b1.rlib --extern bytes=/opt/rustwide/target/debug/deps/libbytes-f67657259700e1e6.rlib --extern chrono=/opt/rustwide/target/debug/deps/libchrono-b7900e62eedfeb33.rlib --extern docker_sdk=/opt/rustwide/target/debug/deps/libdocker_sdk-8d00c225e1f23234.rlib --extern env_logger=/opt/rustwide/target/debug/deps/libenv_logger-6cb470a74a96a2e6.rlib --extern flate2=/opt/rustwide/target/debug/deps/libflate2-d1c76d99f74e2354.rlib --extern futures=/opt/rustwide/target/debug/deps/libfutures-c57eb672b6731220.rlib --extern futures_util=/opt/rustwide/target/debug/deps/libfutures_util-e633dcd2346433dc.rlib --extern futures_codec=/opt/rustwide/target/debug/deps/libfutures_codec-e38b2f6184a45139.rlib --extern hyper=/opt/rustwide/target/debug/deps/libhyper-a8264b557fac61d3.rlib --extern hyper_openssl=/opt/rustwide/target/debug/deps/libhyper_openssl-2d6d116283a00797.rlib --extern log=/opt/rustwide/target/debug/deps/liblog-5dd7ca7285786d5e.rlib --extern mime=/opt/rustwide/target/debug/deps/libmime-d5b83fc07afe1071.rlib --extern openssl=/opt/rustwide/target/debug/deps/libopenssl-22a85df54714163b.rlib --extern paste=/opt/rustwide/target/debug/deps/libpaste-0b016d4b4a21b866.so --extern pin_project=/opt/rustwide/target/debug/deps/libpin_project-08b7695144802a1e.rlib --extern serde=/opt/rustwide/target/debug/deps/libserde-49a0cc17ac9daec3.rlib --extern serde_json=/opt/rustwide/target/debug/deps/libserde_json-7ededf94e97b400c.rlib --extern tar=/opt/rustwide/target/debug/deps/libtar-55fdcd12a1e0fa74.rlib --extern tokio=/opt/rustwide/target/debug/deps/libtokio-d62c438986d3050e.rlib --extern url=/opt/rustwide/target/debug/deps/liburl-c27420e289672182.rlib --cap-lints=warn` (signal: 9, SIGKILL: kill)
[INFO] [stderr] error: could not compile `docker-sdk` (example "networkcreate")
[INFO] [stderr] 
[INFO] [stderr] Caused by:
[INFO] [stderr]   process didn't exit successfully: `/opt/rustwide/rustup-home/toolchains/beta-2023-12-22-x86_64-unknown-linux-gnu/bin/rustc --crate-name networkcreate --edition=2021 examples/networkcreate.rs --error-format=json --json=diagnostic-rendered-ansi,artifacts,future-incompat --crate-type bin --emit=dep-info,link -C embed-bitcode=no -C debuginfo=2 --cfg 'feature="chrono"' --cfg 'feature="default"' --cfg 'feature="hyper-openssl"' --cfg 'feature="openssl"' --cfg 'feature="tls"' -C metadata=95906efbd1366dc9 -C extra-filename=-95906efbd1366dc9 --out-dir /opt/rustwide/target/debug/examples -L dependency=/opt/rustwide/target/debug/deps --extern base64=/opt/rustwide/target/debug/deps/libbase64-fca76a9e376e88b4.rlib --extern byteorder=/opt/rustwide/target/debug/deps/libbyteorder-0ef92d8cf14cf0b1.rlib --extern bytes=/opt/rustwide/target/debug/deps/libbytes-f67657259700e1e6.rlib --extern chrono=/opt/rustwide/target/debug/deps/libchrono-b7900e62eedfeb33.rlib --extern docker_sdk=/opt/rustwide/target/debug/deps/libdocker_sdk-8d00c225e1f23234.rlib --extern env_logger=/opt/rustwide/target/debug/deps/libenv_logger-6cb470a74a96a2e6.rlib --extern flate2=/opt/rustwide/target/debug/deps/libflate2-d1c76d99f74e2354.rlib --extern futures=/opt/rustwide/target/debug/deps/libfutures-c57eb672b6731220.rlib --extern futures_util=/opt/rustwide/target/debug/deps/libfutures_util-e633dcd2346433dc.rlib --extern futures_codec=/opt/rustwide/target/debug/deps/libfutures_codec-e38b2f6184a45139.rlib --extern hyper=/opt/rustwide/target/debug/deps/libhyper-a8264b557fac61d3.rlib --extern hyper_openssl=/opt/rustwide/target/debug/deps/libhyper_openssl-2d6d116283a00797.rlib --extern log=/opt/rustwide/target/debug/deps/liblog-5dd7ca7285786d5e.rlib --extern mime=/opt/rustwide/target/debug/deps/libmime-d5b83fc07afe1071.rlib --extern openssl=/opt/rustwide/target/debug/deps/libopenssl-22a85df54714163b.rlib --extern paste=/opt/rustwide/target/debug/deps/libpaste-0b016d4b4a21b866.so --extern pin_project=/opt/rustwide/target/debug/deps/libpin_project-08b7695144802a1e.rlib --extern serde=/opt/rustwide/target/debug/deps/libserde-49a0cc17ac9daec3.rlib --extern serde_json=/opt/rustwide/target/debug/deps/libserde_json-7ededf94e97b400c.rlib --extern tar=/opt/rustwide/target/debug/deps/libtar-55fdcd12a1e0fa74.rlib --extern tokio=/opt/rustwide/target/debug/deps/libtokio-d62c438986d3050e.rlib --extern url=/opt/rustwide/target/debug/deps/liburl-c27420e289672182.rlib --cap-lints=warn` (signal: 9, SIGKILL: kill)
[INFO] [stderr] error: could not compile `docker-sdk` (example "attach")
[INFO] [stderr] 
[INFO] [stderr] Caused by:
[INFO] [stderr]   process didn't exit successfully: `/opt/rustwide/rustup-home/toolchains/beta-2023-12-22-x86_64-unknown-linux-gnu/bin/rustc --crate-name attach --edition=2021 examples/attach.rs --error-format=json --json=diagnostic-rendered-ansi,artifacts,future-incompat --crate-type bin --emit=dep-info,link -C embed-bitcode=no -C debuginfo=2 --cfg 'feature="chrono"' --cfg 'feature="default"' --cfg 'feature="hyper-openssl"' --cfg 'feature="openssl"' --cfg 'feature="tls"' -C metadata=cedf084a2c059008 -C extra-filename=-cedf084a2c059008 --out-dir /opt/rustwide/target/debug/examples -L dependency=/opt/rustwide/target/debug/deps --extern base64=/opt/rustwide/target/debug/deps/libbase64-fca76a9e376e88b4.rlib --extern byteorder=/opt/rustwide/target/debug/deps/libbyteorder-0ef92d8cf14cf0b1.rlib --extern bytes=/opt/rustwide/target/debug/deps/libbytes-f67657259700e1e6.rlib --extern chrono=/opt/rustwide/target/debug/deps/libchrono-b7900e62eedfeb33.rlib --extern docker_sdk=/opt/rustwide/target/debug/deps/libdocker_sdk-8d00c225e1f23234.rlib --extern env_logger=/opt/rustwide/target/debug/deps/libenv_logger-6cb470a74a96a2e6.rlib --extern flate2=/opt/rustwide/target/debug/deps/libflate2-d1c76d99f74e2354.rlib --extern futures=/opt/rustwide/target/debug/deps/libfutures-c57eb672b6731220.rlib --extern futures_util=/opt/rustwide/target/debug/deps/libfutures_util-e633dcd2346433dc.rlib --extern futures_codec=/opt/rustwide/target/debug/deps/libfutures_codec-e38b2f6184a45139.rlib --extern hyper=/opt/rustwide/target/debug/deps/libhyper-a8264b557fac61d3.rlib --extern hyper_openssl=/opt/rustwide/target/debug/deps/libhyper_openssl-2d6d116283a00797.rlib --extern log=/opt/rustwide/target/debug/deps/liblog-5dd7ca7285786d5e.rlib --extern mime=/opt/rustwide/target/debug/deps/libmime-d5b83fc07afe1071.rlib --extern openssl=/opt/rustwide/target/debug/deps/libopenssl-22a85df54714163b.rlib --extern paste=/opt/rustwide/target/debug/deps/libpaste-0b016d4b4a21b866.so --extern pin_project=/opt/rustwide/target/debug/deps/libpin_project-08b7695144802a1e.rlib --extern serde=/opt/rustwide/target/debug/deps/libserde-49a0cc17ac9daec3.rlib --extern serde_json=/opt/rustwide/target/debug/deps/libserde_json-7ededf94e97b400c.rlib --extern tar=/opt/rustwide/target/debug/deps/libtar-55fdcd12a1e0fa74.rlib --extern tokio=/opt/rustwide/target/debug/deps/libtokio-d62c438986d3050e.rlib --extern url=/opt/rustwide/target/debug/deps/liburl-c27420e289672182.rlib --cap-lints=warn` (signal: 9, SIGKILL: kill)
[INFO] [stdout] error: linking with `cc` failed: exit status: 1
[INFO] [stdout]   |
[INFO] [stdout]   = note: LC_ALL="C" PATH="/opt/rustwide/rustup-home/toolchains/beta-2023-12-22-x86_64-unknown-linux-gnu/lib/rustlib/x86_64-unknown-linux-gnu/bin:/opt/rustwide/cargo-home/bin:/usr/local/sbin:/usr/local/bin:/usr/sbin:/usr/bin:/sbin:/bin" VSLANG="1033" "cc" "-m64" "/tmp/rustcSvEFWr/symbols.o" "/opt/rustwide/target/debug/examples/networks-2b9bf5279514eeba.networks.82deca922fa694a-cgu.00.rcgu.o" "/opt/rustwide/target/debug/examples/networks-2b9bf5279514eeba.networks.82deca922fa694a-cgu.01.rcgu.o" "/opt/rustwide/target/debug/examples/networks-2b9bf5279514eeba.networks.82deca922fa694a-cgu.02.rcgu.o" "/opt/rustwide/target/debug/examples/networks-2b9bf5279514eeba.networks.82deca922fa694a-cgu.03.rcgu.o" "/opt/rustwide/target/debug/examples/networks-2b9bf5279514eeba.networks.82deca922fa694a-cgu.04.rcgu.o" "/opt/rustwide/target/debug/examples/networks-2b9bf5279514eeba.networks.82deca922fa694a-cgu.05.rcgu.o" "/opt/rustwide/target/debug/examples/networks-2b9bf5279514eeba.networks.82deca922fa694a-cgu.06.rcgu.o" "/opt/rustwide/target/debug/examples/networks-2b9bf5279514eeba.networks.82deca922fa694a-cgu.07.rcgu.o" "/opt/rustwide/target/debug/examples/networks-2b9bf5279514eeba.networks.82deca922fa694a-cgu.08.rcgu.o" "/opt/rustwide/target/debug/examples/networks-2b9bf5279514eeba.networks.82deca922fa694a-cgu.09.rcgu.o" "/opt/rustwide/target/debug/examples/networks-2b9bf5279514eeba.networks.82deca922fa694a-cgu.10.rcgu.o" "/opt/rustwide/target/debug/examples/networks-2b9bf5279514eeba.networks.82deca922fa694a-cgu.11.rcgu.o" "/opt/rustwide/target/debug/examples/networks-2b9bf5279514eeba.networks.82deca922fa694a-cgu.12.rcgu.o" "/opt/rustwide/target/debug/examples/networks-2b9bf5279514eeba.networks.82deca922fa694a-cgu.13.rcgu.o" "/opt/rustwide/target/debug/examples/networks-2b9bf5279514eeba.networks.82deca922fa694a-cgu.14.rcgu.o" "/opt/rustwide/target/debug/examples/networks-2b9bf5279514eeba.networks.82deca922fa694a-cgu.15.rcgu.o" "/opt/rustwide/target/debug/examples/networks-2b9bf5279514eeba.3flb2ny6aymrvd1h.rcgu.o" "-Wl,--as-needed" "-L" "/opt/rustwide/target/debug/deps" "-L" "/opt/rustwide/rustup-home/toolchains/beta-2023-12-22-x86_64-unknown-linux-gnu/lib/rustlib/x86_64-unknown-linux-gnu/lib" "-Wl,-Bstatic" "/opt/rustwide/target/debug/deps/libenv_logger-6cb470a74a96a2e6.rlib" "/opt/rustwide/target/debug/deps/libatty-14a5428f98893b44.rlib" "/opt/rustwide/target/debug/deps/libtermcolor-fe47d483106080c8.rlib" "/opt/rustwide/target/debug/deps/libhumantime-ce381c4933d03978.rlib" "/opt/rustwide/target/debug/deps/libregex-ce0698bb7d61261c.rlib" "/opt/rustwide/target/debug/deps/libaho_corasick-f7ccc8f22855ad8f.rlib" "/opt/rustwide/target/debug/deps/libregex_syntax-4c1f594509bde394.rlib" "/opt/rustwide/target/debug/deps/libdocker_sdk-8d00c225e1f23234.rlib" "/opt/rustwide/target/debug/deps/libbase64-fca76a9e376e88b4.rlib" "/opt/rustwide/target/debug/deps/libfutures_codec-e38b2f6184a45139.rlib" "/opt/rustwide/target/debug/deps/libpin_project-5ef4d49a0314a4ff.rlib" "/opt/rustwide/target/debug/deps/libfutures-c57eb672b6731220.rlib" "/opt/rustwide/target/debug/deps/libfutures_executor-366d1dd24529d736.rlib" "/opt/rustwide/target/debug/deps/libbytes-de5719fbf9674f6a.rlib" "/opt/rustwide/target/debug/deps/libtar-55fdcd12a1e0fa74.rlib" "/opt/rustwide/target/debug/deps/libxattr-72969646a2cc0970.rlib" "/opt/rustwide/target/debug/deps/libfiletime-7f9e2018fc238bf7.rlib" "/opt/rustwide/target/debug/deps/libflate2-d1c76d99f74e2354.rlib" "/opt/rustwide/target/debug/deps/libminiz_oxide-41d91a8cd80bb78a.rlib" "/opt/rustwide/target/debug/deps/libadler-eba61f23bb3cdb48.rlib" "/opt/rustwide/target/debug/deps/libcrc32fast-dbea8ee6fb11ce73.rlib" "/opt/rustwide/target/debug/deps/libchrono-b7900e62eedfeb33.rlib" "/opt/rustwide/target/debug/deps/libiana_time_zone-a08d7576f2ea4cb5.rlib" "/opt/rustwide/target/debug/deps/libnum_integer-4f6a54ffc94feb12.rlib" "/opt/rustwide/target/debug/deps/libnum_traits-b277a111beb39735.rlib" "/opt/rustwide/target/debug/deps/libtime-7a3ca8c0d37c407c.rlib" "/opt/rustwide/target/debug/deps/liburl-c27420e289672182.rlib" "/opt/rustwide/target/debug/deps/libidna-f5ec19a924db9307.rlib" "/opt/rustwide/target/debug/deps/libunicode_normalization-d46a9be84e5a96bd.rlib" "/opt/rustwide/target/debug/deps/libtinyvec-e7dc63e82263080a.rlib" "/opt/rustwide/target/debug/deps/libtinyvec_macros-2b90caf71be257df.rlib" "/opt/rustwide/target/debug/deps/libunicode_bidi-dff3380632f62c6d.rlib" "/opt/rustwide/target/debug/deps/libform_urlencoded-2e6be29729763aa6.rlib" "/opt/rustwide/target/debug/deps/libpercent_encoding-52ba3d834e28489d.rlib" "/opt/rustwide/target/debug/deps/libpin_project-08b7695144802a1e.rlib" "/opt/rustwide/target/debug/deps/libmime-d5b83fc07afe1071.rlib" "/opt/rustwide/target/debug/deps/libhyper_openssl-2d6d116283a00797.rlib" "/opt/rustwide/target/debug/deps/liblinked_hash_set-1179250414fdf6d9.rlib" "/opt/rustwide/target/debug/deps/liblinked_hash_map-d832c69510805464.rlib" "/opt/rustwide/target/debug/deps/libtower_layer-66a55883bc31ce2e.rlib" "/opt/rustwide/target/debug/deps/libtokio_openssl-84b586213e36a1f9.rlib" "/opt/rustwide/target/debug/deps/libparking_lot-55d30dd550c907c2.rlib" "/opt/rustwide/target/debug/deps/libparking_lot_core-5f6f59a27c4d1414.rlib" "/opt/rustwide/target/debug/deps/libsmallvec-5f186dbb2829e135.rlib" "/opt/rustwide/target/debug/deps/liblock_api-7efc9c602b898216.rlib" "/opt/rustwide/target/debug/deps/libscopeguard-31f1b56a39f2a372.rlib" "/opt/rustwide/target/debug/deps/libopenssl-22a85df54714163b.rlib" "/opt/rustwide/target/debug/deps/libbitflags-85e13ed1e0c6d910.rlib" "/opt/rustwide/target/debug/deps/libforeign_types-34162016ad32c65c.rlib" "/opt/rustwide/target/debug/deps/libforeign_types_shared-6c481fa47d8ef87b.rlib" "/opt/rustwide/target/debug/deps/libopenssl_sys-6aac3a68878d144a.rlib" "/opt/rustwide/target/debug/deps/libserde_json-7ededf94e97b400c.rlib" "/opt/rustwide/target/debug/deps/libryu-71a7e639e7459b62.rlib" "/opt/rustwide/target/debug/deps/libserde-49a0cc17ac9daec3.rlib" "/opt/rustwide/target/debug/deps/libhyper-a8264b557fac61d3.rlib" "/opt/rustwide/target/debug/deps/libwant-983356c22b235329.rlib" "/opt/rustwide/target/debug/deps/libtry_lock-da79cbb67b0e5d22.rlib" "/opt/rustwide/target/debug/deps/libhttparse-2dbc320ca65411a3.rlib" "/opt/rustwide/target/debug/deps/libtower_service-92bbc7b5a1dd8782.rlib" "/opt/rustwide/target/debug/deps/libtracing-293a9d55633b757b.rlib" "/opt/rustwide/target/debug/deps/libtracing_core-bd8d97dcd41b02fd.rlib" "/opt/rustwide/target/debug/deps/libonce_cell-ef1409d54228c1c0.rlib" "/opt/rustwide/target/debug/deps/libhttp_body-d57b65fef9ea4bb3.rlib" "/opt/rustwide/target/debug/deps/libfutures_util-e633dcd2346433dc.rlib" "/opt/rustwide/target/debug/deps/libmemchr-33d05ae5bba76030.rlib" "/opt/rustwide/target/debug/deps/libfutures_io-71cd5128c90d7d08.rlib" "/opt/rustwide/target/debug/deps/libslab-ce952e4d8ebf26c9.rlib" "/opt/rustwide/target/debug/deps/libfutures_channel-28b38c4b9e100e3e.rlib" "/opt/rustwide/target/debug/deps/libfutures_sink-86bbe3df958fd5fd.rlib" "/opt/rustwide/target/debug/deps/libfutures_task-a89347c5f688dfaa.rlib" "/opt/rustwide/target/debug/deps/libpin_utils-9c5dcf17efb91bff.rlib" "/opt/rustwide/target/debug/deps/libfutures_core-6a0ac59ccc687a02.rlib" "/opt/rustwide/target/debug/deps/libtokio-d62c438986d3050e.rlib" "/opt/rustwide/target/debug/deps/libnum_cpus-599fbd22d5e30b4e.rlib" "/opt/rustwide/target/debug/deps/libsocket2-829a88469f3c099d.rlib" "/opt/rustwide/target/debug/deps/libpin_project_lite-e8b15c1d45637ce8.rlib" "/opt/rustwide/target/debug/deps/libmio-557038dbbcf6cd95.rlib" "/opt/rustwide/target/debug/deps/liblibc-0d89f30447149ec8.rlib" "/opt/rustwide/target/debug/deps/liblog-5dd7ca7285786d5e.rlib" "/opt/rustwide/target/debug/deps/libcfg_if-e7002d307f97bc56.rlib" "/opt/rustwide/target/debug/deps/libhttp-50178d983a9c4704.rlib" "/opt/rustwide/target/debug/deps/libitoa-d2276dfc04de0749.rlib" "/opt/rustwide/target/debug/deps/libbytes-f67657259700e1e6.rlib" "/opt/rustwide/target/debug/deps/libfnv-953831fe314029b4.rlib" "/opt/rustwide/rustup-home/toolchains/beta-2023-12-22-x86_64-unknown-linux-gnu/lib/rustlib/x86_64-unknown-linux-gnu/lib/libstd-0672489a78b613de.rlib" "/opt/rustwide/rustup-home/toolchains/beta-2023-12-22-x86_64-unknown-linux-gnu/lib/rustlib/x86_64-unknown-linux-gnu/lib/libpanic_unwind-7eb3ffc34a49f675.rlib" "/opt/rustwide/rustup-home/toolchains/beta-2023-12-22-x86_64-unknown-linux-gnu/lib/rustlib/x86_64-unknown-linux-gnu/lib/libobject-6478a9daa4bee8e2.rlib" "/opt/rustwide/rustup-home/toolchains/beta-2023-12-22-x86_64-unknown-linux-gnu/lib/rustlib/x86_64-unknown-linux-gnu/lib/libmemchr-0c75d871a5c3923d.rlib" "/opt/rustwide/rustup-home/toolchains/beta-2023-12-22-x86_64-unknown-linux-gnu/lib/rustlib/x86_64-unknown-linux-gnu/lib/libaddr2line-d163ef63ad37bb71.rlib" "/opt/rustwide/rustup-home/toolchains/beta-2023-12-22-x86_64-unknown-linux-gnu/lib/rustlib/x86_64-unknown-linux-gnu/lib/libgimli-8a3fd810a85b9f4c.rlib" "/opt/rustwide/rustup-home/toolchains/beta-2023-12-22-x86_64-unknown-linux-gnu/lib/rustlib/x86_64-unknown-linux-gnu/lib/librustc_demangle-462a2cde8c5dfc10.rlib" "/opt/rustwide/rustup-home/toolchains/beta-2023-12-22-x86_64-unknown-linux-gnu/lib/rustlib/x86_64-unknown-linux-gnu/lib/libstd_detect-cb06ac9f54713f71.rlib" "/opt/rustwide/rustup-home/toolchains/beta-2023-12-22-x86_64-unknown-linux-gnu/lib/rustlib/x86_64-unknown-linux-gnu/lib/libhashbrown-f20bfd1f8e59b393.rlib" "/opt/rustwide/rustup-home/toolchains/beta-2023-12-22-x86_64-unknown-linux-gnu/lib/rustlib/x86_64-unknown-linux-gnu/lib/librustc_std_workspace_alloc-1ef460949b49da4b.rlib" "/opt/rustwide/rustup-home/toolchains/beta-2023-12-22-x86_64-unknown-linux-gnu/lib/rustlib/x86_64-unknown-linux-gnu/lib/libminiz_oxide-2cb0c0ffe4f87514.rlib" "/opt/rustwide/rustup-home/toolchains/beta-2023-12-22-x86_64-unknown-linux-gnu/lib/rustlib/x86_64-unknown-linux-gnu/lib/libadler-58d841eb322a11a2.rlib" "/opt/rustwide/rustup-home/toolchains/beta-2023-12-22-x86_64-unknown-linux-gnu/lib/rustlib/x86_64-unknown-linux-gnu/lib/libunwind-aa2ae0b0a9d11533.rlib" "/opt/rustwide/rustup-home/toolchains/beta-2023-12-22-x86_64-unknown-linux-gnu/lib/rustlib/x86_64-unknown-linux-gnu/lib/libcfg_if-23874e15830ed336.rlib" "/opt/rustwide/rustup-home/toolchains/beta-2023-12-22-x86_64-unknown-linux-gnu/lib/rustlib/x86_64-unknown-linux-gnu/lib/liblibc-e47cddc003bce885.rlib" "/opt/rustwide/rustup-home/toolchains/beta-2023-12-22-x86_64-unknown-linux-gnu/lib/rustlib/x86_64-unknown-linux-gnu/lib/liballoc-c22b13b48a8f128e.rlib" "/opt/rustwide/rustup-home/toolchains/beta-2023-12-22-x86_64-unknown-linux-gnu/lib/rustlib/x86_64-unknown-linux-gnu/lib/librustc_std_workspace_core-e46bc3da6d7c462f.rlib" "/opt/rustwide/rustup-home/toolchains/beta-2023-12-22-x86_64-unknown-linux-gnu/lib/rustlib/x86_64-unknown-linux-gnu/lib/libcore-8d1ac131d3cb2645.rlib" "/opt/rustwide/rustup-home/toolchains/beta-2023-12-22-x86_64-unknown-linux-gnu/lib/rustlib/x86_64-unknown-linux-gnu/lib/libcompiler_builtins-a1b43df8c6899c1f.rlib" "-Wl,-Bdynamic" "-lssl" "-lcrypto" "-lgcc_s" "-lutil" "-lrt" "-lpthread" "-lm" "-ldl" "-lc" "-Wl,--eh-frame-hdr" "-Wl,-z,noexecstack" "-L" "/opt/rustwide/rustup-home/toolchains/beta-2023-12-22-x86_64-unknown-linux-gnu/lib/rustlib/x86_64-unknown-linux-gnu/lib" "-o" "/opt/rustwide/target/debug/examples/networks-2b9bf5279514eeba" "-Wl,--gc-sections" "-pie" "-Wl,-z,relro,-z,now" "-nodefaultlibs"
[INFO] [stdout]   = note: collect2: fatal error: ld terminated with signal 9 [Killed]
[INFO] [stdout]           compilation terminated.
[INFO] [stdout]           
[INFO] [stdout] 
[INFO] [stdout] 
[INFO] [stdout] error: aborting due to 1 previous error
[INFO] [stdout] 
[INFO] [stdout] 
[INFO] [stderr] error: could not compile `docker-sdk` (example "networks") due to 2 previous errors
[INFO] [stdout] error: linking with `cc` failed: exit status: 1
[INFO] [stdout]   |
[INFO] [stdout]   = note: LC_ALL="C" PATH="/opt/rustwide/rustup-home/toolchains/beta-2023-12-22-x86_64-unknown-linux-gnu/lib/rustlib/x86_64-unknown-linux-gnu/bin:/opt/rustwide/cargo-home/bin:/usr/local/sbin:/usr/local/bin:/usr/sbin:/usr/bin:/sbin:/bin" VSLANG="1033" "cc" "-m64" "/tmp/rustcpVoW45/symbols.o" "/opt/rustwide/target/debug/examples/execresize-c63a26fa4308f065.execresize.68ba7cbf6392492f-cgu.00.rcgu.o" "/opt/rustwide/target/debug/examples/execresize-c63a26fa4308f065.execresize.68ba7cbf6392492f-cgu.01.rcgu.o" "/opt/rustwide/target/debug/examples/execresize-c63a26fa4308f065.execresize.68ba7cbf6392492f-cgu.02.rcgu.o" "/opt/rustwide/target/debug/examples/execresize-c63a26fa4308f065.execresize.68ba7cbf6392492f-cgu.03.rcgu.o" "/opt/rustwide/target/debug/examples/execresize-c63a26fa4308f065.execresize.68ba7cbf6392492f-cgu.04.rcgu.o" "/opt/rustwide/target/debug/examples/execresize-c63a26fa4308f065.execresize.68ba7cbf6392492f-cgu.05.rcgu.o" "/opt/rustwide/target/debug/examples/execresize-c63a26fa4308f065.execresize.68ba7cbf6392492f-cgu.06.rcgu.o" "/opt/rustwide/target/debug/examples/execresize-c63a26fa4308f065.execresize.68ba7cbf6392492f-cgu.07.rcgu.o" "/opt/rustwide/target/debug/examples/execresize-c63a26fa4308f065.execresize.68ba7cbf6392492f-cgu.08.rcgu.o" "/opt/rustwide/target/debug/examples/execresize-c63a26fa4308f065.execresize.68ba7cbf6392492f-cgu.09.rcgu.o" "/opt/rustwide/target/debug/examples/execresize-c63a26fa4308f065.execresize.68ba7cbf6392492f-cgu.10.rcgu.o" "/opt/rustwide/target/debug/examples/execresize-c63a26fa4308f065.execresize.68ba7cbf6392492f-cgu.11.rcgu.o" "/opt/rustwide/target/debug/examples/execresize-c63a26fa4308f065.execresize.68ba7cbf6392492f-cgu.12.rcgu.o" "/opt/rustwide/target/debug/examples/execresize-c63a26fa4308f065.execresize.68ba7cbf6392492f-cgu.13.rcgu.o" "/opt/rustwide/target/debug/examples/execresize-c63a26fa4308f065.execresize.68ba7cbf6392492f-cgu.14.rcgu.o" "/opt/rustwide/target/debug/examples/execresize-c63a26fa4308f065.execresize.68ba7cbf6392492f-cgu.15.rcgu.o" "/opt/rustwide/target/debug/examples/execresize-c63a26fa4308f065.38ufg5htxsxgnrta.rcgu.o" "-Wl,--as-needed" "-L" "/opt/rustwide/target/debug/deps" "-L" "/opt/rustwide/rustup-home/toolchains/beta-2023-12-22-x86_64-unknown-linux-gnu/lib/rustlib/x86_64-unknown-linux-gnu/lib" "-Wl,-Bstatic" "/opt/rustwide/target/debug/deps/libdocker_sdk-8d00c225e1f23234.rlib" "/opt/rustwide/target/debug/deps/libbase64-fca76a9e376e88b4.rlib" "/opt/rustwide/target/debug/deps/libfutures_codec-e38b2f6184a45139.rlib" "/opt/rustwide/target/debug/deps/libpin_project-5ef4d49a0314a4ff.rlib" "/opt/rustwide/target/debug/deps/libfutures-c57eb672b6731220.rlib" "/opt/rustwide/target/debug/deps/libfutures_executor-366d1dd24529d736.rlib" "/opt/rustwide/target/debug/deps/libbytes-de5719fbf9674f6a.rlib" "/opt/rustwide/target/debug/deps/libtar-55fdcd12a1e0fa74.rlib" "/opt/rustwide/target/debug/deps/libxattr-72969646a2cc0970.rlib" "/opt/rustwide/target/debug/deps/libfiletime-7f9e2018fc238bf7.rlib" "/opt/rustwide/target/debug/deps/libflate2-d1c76d99f74e2354.rlib" "/opt/rustwide/target/debug/deps/libminiz_oxide-41d91a8cd80bb78a.rlib" "/opt/rustwide/target/debug/deps/libadler-eba61f23bb3cdb48.rlib" "/opt/rustwide/target/debug/deps/libcrc32fast-dbea8ee6fb11ce73.rlib" "/opt/rustwide/target/debug/deps/libchrono-b7900e62eedfeb33.rlib" "/opt/rustwide/target/debug/deps/libiana_time_zone-a08d7576f2ea4cb5.rlib" "/opt/rustwide/target/debug/deps/libnum_integer-4f6a54ffc94feb12.rlib" "/opt/rustwide/target/debug/deps/libnum_traits-b277a111beb39735.rlib" "/opt/rustwide/target/debug/deps/libtime-7a3ca8c0d37c407c.rlib" "/opt/rustwide/target/debug/deps/liburl-c27420e289672182.rlib" "/opt/rustwide/target/debug/deps/libidna-f5ec19a924db9307.rlib" "/opt/rustwide/target/debug/deps/libunicode_normalization-d46a9be84e5a96bd.rlib" "/opt/rustwide/target/debug/deps/libtinyvec-e7dc63e82263080a.rlib" "/opt/rustwide/target/debug/deps/libtinyvec_macros-2b90caf71be257df.rlib" "/opt/rustwide/target/debug/deps/libunicode_bidi-dff3380632f62c6d.rlib" "/opt/rustwide/target/debug/deps/libform_urlencoded-2e6be29729763aa6.rlib" "/opt/rustwide/target/debug/deps/libpercent_encoding-52ba3d834e28489d.rlib" "/opt/rustwide/target/debug/deps/libpin_project-08b7695144802a1e.rlib" "/opt/rustwide/target/debug/deps/libmime-d5b83fc07afe1071.rlib" "/opt/rustwide/target/debug/deps/libhyper_openssl-2d6d116283a00797.rlib" "/opt/rustwide/target/debug/deps/liblinked_hash_set-1179250414fdf6d9.rlib" "/opt/rustwide/target/debug/deps/liblinked_hash_map-d832c69510805464.rlib" "/opt/rustwide/target/debug/deps/libtower_layer-66a55883bc31ce2e.rlib" "/opt/rustwide/target/debug/deps/libtokio_openssl-84b586213e36a1f9.rlib" "/opt/rustwide/target/debug/deps/libparking_lot-55d30dd550c907c2.rlib" "/opt/rustwide/target/debug/deps/libparking_lot_core-5f6f59a27c4d1414.rlib" "/opt/rustwide/target/debug/deps/libsmallvec-5f186dbb2829e135.rlib" "/opt/rustwide/target/debug/deps/liblock_api-7efc9c602b898216.rlib" "/opt/rustwide/target/debug/deps/libscopeguard-31f1b56a39f2a372.rlib" "/opt/rustwide/target/debug/deps/libopenssl-22a85df54714163b.rlib" "/opt/rustwide/target/debug/deps/libbitflags-85e13ed1e0c6d910.rlib" "/opt/rustwide/target/debug/deps/libforeign_types-34162016ad32c65c.rlib" "/opt/rustwide/target/debug/deps/libforeign_types_shared-6c481fa47d8ef87b.rlib" "/opt/rustwide/target/debug/deps/libopenssl_sys-6aac3a68878d144a.rlib" "/opt/rustwide/target/debug/deps/libserde_json-7ededf94e97b400c.rlib" "/opt/rustwide/target/debug/deps/libryu-71a7e639e7459b62.rlib" "/opt/rustwide/target/debug/deps/libserde-49a0cc17ac9daec3.rlib" "/opt/rustwide/target/debug/deps/libhyper-a8264b557fac61d3.rlib" "/opt/rustwide/target/debug/deps/libwant-983356c22b235329.rlib" "/opt/rustwide/target/debug/deps/libtry_lock-da79cbb67b0e5d22.rlib" "/opt/rustwide/target/debug/deps/libhttparse-2dbc320ca65411a3.rlib" "/opt/rustwide/target/debug/deps/libtower_service-92bbc7b5a1dd8782.rlib" "/opt/rustwide/target/debug/deps/libtracing-293a9d55633b757b.rlib" "/opt/rustwide/target/debug/deps/libtracing_core-bd8d97dcd41b02fd.rlib" "/opt/rustwide/target/debug/deps/libonce_cell-ef1409d54228c1c0.rlib" "/opt/rustwide/target/debug/deps/libhttp_body-d57b65fef9ea4bb3.rlib" "/opt/rustwide/target/debug/deps/libfutures_util-e633dcd2346433dc.rlib" "/opt/rustwide/target/debug/deps/libmemchr-33d05ae5bba76030.rlib" "/opt/rustwide/target/debug/deps/libfutures_io-71cd5128c90d7d08.rlib" "/opt/rustwide/target/debug/deps/libslab-ce952e4d8ebf26c9.rlib" "/opt/rustwide/target/debug/deps/libfutures_channel-28b38c4b9e100e3e.rlib" "/opt/rustwide/target/debug/deps/libfutures_sink-86bbe3df958fd5fd.rlib" "/opt/rustwide/target/debug/deps/libfutures_task-a89347c5f688dfaa.rlib" "/opt/rustwide/target/debug/deps/libpin_utils-9c5dcf17efb91bff.rlib" "/opt/rustwide/target/debug/deps/libfutures_core-6a0ac59ccc687a02.rlib" "/opt/rustwide/target/debug/deps/libtokio-d62c438986d3050e.rlib" "/opt/rustwide/target/debug/deps/libnum_cpus-599fbd22d5e30b4e.rlib" "/opt/rustwide/target/debug/deps/libsocket2-829a88469f3c099d.rlib" "/opt/rustwide/target/debug/deps/libpin_project_lite-e8b15c1d45637ce8.rlib" "/opt/rustwide/target/debug/deps/libmio-557038dbbcf6cd95.rlib" "/opt/rustwide/target/debug/deps/liblibc-0d89f30447149ec8.rlib" "/opt/rustwide/target/debug/deps/liblog-5dd7ca7285786d5e.rlib" "/opt/rustwide/target/debug/deps/libcfg_if-e7002d307f97bc56.rlib" "/opt/rustwide/target/debug/deps/libhttp-50178d983a9c4704.rlib" "/opt/rustwide/target/debug/deps/libitoa-d2276dfc04de0749.rlib" "/opt/rustwide/target/debug/deps/libbytes-f67657259700e1e6.rlib" "/opt/rustwide/target/debug/deps/libfnv-953831fe314029b4.rlib" "/opt/rustwide/rustup-home/toolchains/beta-2023-12-22-x86_64-unknown-linux-gnu/lib/rustlib/x86_64-unknown-linux-gnu/lib/libstd-0672489a78b613de.rlib" "/opt/rustwide/rustup-home/toolchains/beta-2023-12-22-x86_64-unknown-linux-gnu/lib/rustlib/x86_64-unknown-linux-gnu/lib/libpanic_unwind-7eb3ffc34a49f675.rlib" "/opt/rustwide/rustup-home/toolchains/beta-2023-12-22-x86_64-unknown-linux-gnu/lib/rustlib/x86_64-unknown-linux-gnu/lib/libobject-6478a9daa4bee8e2.rlib" "/opt/rustwide/rustup-home/toolchains/beta-2023-12-22-x86_64-unknown-linux-gnu/lib/rustlib/x86_64-unknown-linux-gnu/lib/libmemchr-0c75d871a5c3923d.rlib" "/opt/rustwide/rustup-home/toolchains/beta-2023-12-22-x86_64-unknown-linux-gnu/lib/rustlib/x86_64-unknown-linux-gnu/lib/libaddr2line-d163ef63ad37bb71.rlib" "/opt/rustwide/rustup-home/toolchains/beta-2023-12-22-x86_64-unknown-linux-gnu/lib/rustlib/x86_64-unknown-linux-gnu/lib/libgimli-8a3fd810a85b9f4c.rlib" "/opt/rustwide/rustup-home/toolchains/beta-2023-12-22-x86_64-unknown-linux-gnu/lib/rustlib/x86_64-unknown-linux-gnu/lib/librustc_demangle-462a2cde8c5dfc10.rlib" "/opt/rustwide/rustup-home/toolchains/beta-2023-12-22-x86_64-unknown-linux-gnu/lib/rustlib/x86_64-unknown-linux-gnu/lib/libstd_detect-cb06ac9f54713f71.rlib" "/opt/rustwide/rustup-home/toolchains/beta-2023-12-22-x86_64-unknown-linux-gnu/lib/rustlib/x86_64-unknown-linux-gnu/lib/libhashbrown-f20bfd1f8e59b393.rlib" "/opt/rustwide/rustup-home/toolchains/beta-2023-12-22-x86_64-unknown-linux-gnu/lib/rustlib/x86_64-unknown-linux-gnu/lib/librustc_std_workspace_alloc-1ef460949b49da4b.rlib" "/opt/rustwide/rustup-home/toolchains/beta-2023-12-22-x86_64-unknown-linux-gnu/lib/rustlib/x86_64-unknown-linux-gnu/lib/libminiz_oxide-2cb0c0ffe4f87514.rlib" "/opt/rustwide/rustup-home/toolchains/beta-2023-12-22-x86_64-unknown-linux-gnu/lib/rustlib/x86_64-unknown-linux-gnu/lib/libadler-58d841eb322a11a2.rlib" "/opt/rustwide/rustup-home/toolchains/beta-2023-12-22-x86_64-unknown-linux-gnu/lib/rustlib/x86_64-unknown-linux-gnu/lib/libunwind-aa2ae0b0a9d11533.rlib" "/opt/rustwide/rustup-home/toolchains/beta-2023-12-22-x86_64-unknown-linux-gnu/lib/rustlib/x86_64-unknown-linux-gnu/lib/libcfg_if-23874e15830ed336.rlib" "/opt/rustwide/rustup-home/toolchains/beta-2023-12-22-x86_64-unknown-linux-gnu/lib/rustlib/x86_64-unknown-linux-gnu/lib/liblibc-e47cddc003bce885.rlib" "/opt/rustwide/rustup-home/toolchains/beta-2023-12-22-x86_64-unknown-linux-gnu/lib/rustlib/x86_64-unknown-linux-gnu/lib/liballoc-c22b13b48a8f128e.rlib" "/opt/rustwide/rustup-home/toolchains/beta-2023-12-22-x86_64-unknown-linux-gnu/lib/rustlib/x86_64-unknown-linux-gnu/lib/librustc_std_workspace_core-e46bc3da6d7c462f.rlib" "/opt/rustwide/rustup-home/toolchains/beta-2023-12-22-x86_64-unknown-linux-gnu/lib/rustlib/x86_64-unknown-linux-gnu/lib/libcore-8d1ac131d3cb2645.rlib" "/opt/rustwide/rustup-home/toolchains/beta-2023-12-22-x86_64-unknown-linux-gnu/lib/rustlib/x86_64-unknown-linux-gnu/lib/libcompiler_builtins-a1b43df8c6899c1f.rlib" "-Wl,-Bdynamic" "-lssl" "-lcrypto" "-lgcc_s" "-lutil" "-lrt" "-lpthread" "-lm" "-ldl" "-lc" "-Wl,--eh-frame-hdr" "-Wl,-z,noexecstack" "-L" "/opt/rustwide/rustup-home/toolchains/beta-2023-12-22-x86_64-unknown-linux-gnu/lib/rustlib/x86_64-unknown-linux-gnu/lib" "-o" "/opt/rustwide/target/debug/examples/execresize-c63a26fa4308f065" "-Wl,--gc-sections" "-pie" "-Wl,-z,relro,-z,now" "-nodefaultlibs"
[INFO] [stdout]   = note: collect2: fatal error: ld terminated with signal 9 [Killed]
[INFO] [stdout]           compilation terminated.
[INFO] [stdout]           
[INFO] [stdout] 
[INFO] [stdout] 
[INFO] [stdout] error: aborting due to 1 previous error
[INFO] [stdout] 
[INFO] [stdout] 
[INFO] [stderr] error: could not compile `docker-sdk` (example "execresize") due to 2 previous errors
[INFO] running `Command { std: "docker" "inspect" "8d04d1487ab9f85b75dbc88c8fd30099cf8a638b809513472d838831dc951f31", kill_on_drop: false }`
[INFO] running `Command { std: "docker" "rm" "-f" "8d04d1487ab9f85b75dbc88c8fd30099cf8a638b809513472d838831dc951f31", kill_on_drop: false }`
[INFO] [stdout] 8d04d1487ab9f85b75dbc88c8fd30099cf8a638b809513472d838831dc951f31
