[INFO] fetching crate docker-api 0.14.0...
[INFO] testing docker-api-0.14.0 against 1.75.0 for beta-1.76-1
[INFO] extracting crate docker-api 0.14.0 into /workspace/builds/worker-1-tc1/source
[INFO] validating manifest of crates.io crate docker-api 0.14.0 on toolchain 1.75.0
[INFO] running `Command { std: CARGO_HOME="/workspace/cargo-home" RUSTUP_HOME="/workspace/rustup-home" "/workspace/cargo-home/bin/cargo" "+1.75.0" "metadata" "--manifest-path" "Cargo.toml" "--no-deps", kill_on_drop: false }`
[INFO] started tweaking crates.io crate docker-api 0.14.0
[INFO] finished tweaking crates.io crate docker-api 0.14.0
[INFO] tweaked toml for crates.io crate docker-api 0.14.0 written to /workspace/builds/worker-1-tc1/source/Cargo.toml
[INFO] crate crates.io crate docker-api 0.14.0 already has a lockfile, it will not be regenerated
[INFO] running `Command { std: CARGO_HOME="/workspace/cargo-home" RUSTUP_HOME="/workspace/rustup-home" "/workspace/cargo-home/bin/cargo" "+1.75.0" "fetch" "--manifest-path" "Cargo.toml", kill_on_drop: false }`
[INFO] [stderr]     Blocking waiting for file lock on package cache
[INFO] [stderr]     Updating crates.io index
[INFO] [stderr]  Downloading crates ...
[INFO] [stderr]   Downloaded cmake v0.1.49
[INFO] [stderr]   Downloaded serde_with_macros v2.2.0
[INFO] [stderr]   Downloaded hyper-openssl v0.9.2
[INFO] [stderr]   Downloaded libdeflater v0.12.0
[INFO] [stderr]   Downloaded containers-api v0.9.0
[INFO] [stderr]   Downloaded core_affinity v0.8.0
[INFO] [stderr]   Downloaded linked_hash_set v0.1.4
[INFO] [stderr]   Downloaded memfile v0.2.1
[INFO] [stderr]   Downloaded spin v0.9.5
[INFO] [stderr]   Downloaded docker-api-stubs v0.5.0
[INFO] [stderr]   Downloaded asynchronous-codec v0.6.1
[INFO] [stderr]   Downloaded serde_with v2.2.0
[INFO] [stderr]   Downloaded libdeflate-sys v0.12.0
[INFO] [stderr]   Downloaded clap v4.1.6
[INFO] [stderr]   Downloaded gzp v0.11.3
[INFO] [stderr]   Downloaded openssl-src v111.25.0+1.1.1t
[INFO] running `Command { std: "docker" "create" "-v" "/var/lib/crater-agent-workspace/builds/worker-1-tc1/target:/opt/rustwide/target:rw,Z" "-v" "/var/lib/crater-agent-workspace/builds/worker-1-tc1/source:/opt/rustwide/workdir:ro,Z" "-v" "/var/lib/crater-agent-workspace/cargo-home:/opt/rustwide/cargo-home:ro,Z" "-v" "/var/lib/crater-agent-workspace/rustup-home:/opt/rustwide/rustup-home:ro,Z" "-e" "SOURCE_DIR=/opt/rustwide/workdir" "-e" "CARGO_TARGET_DIR=/opt/rustwide/target" "-e" "CARGO_HOME=/opt/rustwide/cargo-home" "-e" "RUSTUP_HOME=/opt/rustwide/rustup-home" "-w" "/opt/rustwide/workdir" "-m" "1610612736" "--user" "0:0" "--network" "none" "ghcr.io/rust-lang/crates-build-env/linux@sha256:2788e3201cd34a07e3172128adcd8b3090168a8e3bcc40d7c032b9dda1df7d1c" "/opt/rustwide/cargo-home/bin/cargo" "+1.75.0" "metadata" "--no-deps" "--format-version=1", kill_on_drop: false }`
[INFO] [stdout] d2746f3d1014ea21ac0ffafaef067e882898e54a2d69559d343cfb017e4f487d
[INFO] running `Command { std: "docker" "start" "-a" "d2746f3d1014ea21ac0ffafaef067e882898e54a2d69559d343cfb017e4f487d", kill_on_drop: false }`
[INFO] running `Command { std: "docker" "inspect" "d2746f3d1014ea21ac0ffafaef067e882898e54a2d69559d343cfb017e4f487d", kill_on_drop: false }`
[INFO] running `Command { std: "docker" "rm" "-f" "d2746f3d1014ea21ac0ffafaef067e882898e54a2d69559d343cfb017e4f487d", kill_on_drop: false }`
[INFO] [stdout] d2746f3d1014ea21ac0ffafaef067e882898e54a2d69559d343cfb017e4f487d
[INFO] running `Command { std: "docker" "create" "-v" "/var/lib/crater-agent-workspace/builds/worker-1-tc1/target:/opt/rustwide/target:rw,Z" "-v" "/var/lib/crater-agent-workspace/builds/worker-1-tc1/source:/opt/rustwide/workdir:ro,Z" "-v" "/var/lib/crater-agent-workspace/cargo-home:/opt/rustwide/cargo-home:ro,Z" "-v" "/var/lib/crater-agent-workspace/rustup-home:/opt/rustwide/rustup-home:ro,Z" "-e" "SOURCE_DIR=/opt/rustwide/workdir" "-e" "CARGO_TARGET_DIR=/opt/rustwide/target" "-e" "CARGO_INCREMENTAL=0" "-e" "RUST_BACKTRACE=full" "-e" "RUSTFLAGS=--cap-lints=warn" "-e" "RUSTDOCFLAGS=--cap-lints=warn" "-e" "CARGO_HOME=/opt/rustwide/cargo-home" "-e" "RUSTUP_HOME=/opt/rustwide/rustup-home" "-w" "/opt/rustwide/workdir" "-m" "1610612736" "--user" "0:0" "--network" "none" "ghcr.io/rust-lang/crates-build-env/linux@sha256:2788e3201cd34a07e3172128adcd8b3090168a8e3bcc40d7c032b9dda1df7d1c" "/opt/rustwide/cargo-home/bin/cargo" "+1.75.0" "build" "--frozen" "--message-format=json", kill_on_drop: false }`
[INFO] [stdout] 4941ff5f71090f7bed12ae0f524679cef8109a237ed299a024e807955f3c2931
[INFO] running `Command { std: "docker" "start" "-a" "4941ff5f71090f7bed12ae0f524679cef8109a237ed299a024e807955f3c2931", kill_on_drop: false }`
[INFO] [stderr]    Compiling proc-macro2 v1.0.51
[INFO] [stderr]    Compiling quote v1.0.23
[INFO] [stderr]    Compiling unicode-ident v1.0.6
[INFO] [stderr]    Compiling syn v1.0.107
[INFO] [stderr]    Compiling libc v0.2.139
[INFO] [stderr]    Compiling log v0.4.17
[INFO] [stderr]    Compiling futures-core v0.3.26
[INFO] [stderr]    Compiling serde_derive v1.0.152
[INFO] [stderr]    Compiling futures-task v0.3.26
[INFO] [stderr]    Compiling itoa v1.0.5
[INFO] [stderr]    Compiling serde v1.0.152
[INFO] [stderr]    Compiling slab v0.4.8
[INFO] [stderr]    Compiling ident_case v1.0.1
[INFO] [stderr]    Compiling futures-util v0.3.26
[INFO] [stderr]    Compiling strsim v0.10.0
[INFO] [stderr]    Compiling bytes v1.4.0
[INFO] [stderr]    Compiling tokio v1.25.0
[INFO] [stderr]    Compiling num-integer v0.1.45
[INFO] [stderr]    Compiling futures-io v0.3.26
[INFO] [stderr]    Compiling futures-channel v0.3.26
[INFO] [stderr]    Compiling once_cell v1.17.1
[INFO] [stderr]    Compiling serde_json v1.0.93
[INFO] [stderr]    Compiling try-lock v0.2.4
[INFO] [stderr]    Compiling unicode-bidi v0.3.10
[INFO] [stderr]    Compiling paste v1.0.11
[INFO] [stderr]    Compiling ryu v1.0.12
[INFO] [stderr]    Compiling thiserror v1.0.38
[INFO] [stderr]    Compiling want v0.3.0
[INFO] [stderr]    Compiling iana-time-zone v0.1.53
[INFO] [stderr]    Compiling tracing-core v0.1.30
[INFO] [stderr]    Compiling miniz_oxide v0.6.2
[INFO] [stderr]    Compiling http v0.2.9
[INFO] [stderr]    Compiling hex v0.4.3
[INFO] [stderr]    Compiling futures-sink v0.3.26
[INFO] [stderr]    Compiling byteorder v1.4.3
[INFO] [stderr]    Compiling base64 v0.13.1
[INFO] [stderr]    Compiling idna v0.3.0
[INFO] [stderr]    Compiling tracing v0.1.37
[INFO] [stderr]    Compiling flate2 v1.0.25
[INFO] [stderr]    Compiling num_cpus v1.15.0
[INFO] [stderr]    Compiling socket2 v0.4.7
[INFO] [stderr]    Compiling mio v0.8.6
[INFO] [stderr]    Compiling time v0.1.45
[INFO] [stderr]    Compiling xattr v0.2.3
[INFO] [stderr]    Compiling filetime v0.2.20
[INFO] [stderr]    Compiling url v2.3.1
[INFO] [stderr]    Compiling tar v0.4.38
[INFO] [stderr]    Compiling http-body v0.4.5
[INFO] [stderr]    Compiling darling_core v0.14.3
[INFO] [stderr]    Compiling futures-macro v0.3.26
[INFO] [stderr]    Compiling pin-project-internal v1.0.12
[INFO] [stderr]    Compiling thiserror-impl v1.0.38
[INFO] [stderr]    Compiling darling_macro v0.14.3
[INFO] [stderr]    Compiling pin-project v1.0.12
[INFO] [stderr]    Compiling darling v0.14.3
[INFO] [stderr]    Compiling serde_with_macros v2.2.0
[INFO] [stderr]    Compiling hyper v0.14.24
[INFO] [stderr]    Compiling asynchronous-codec v0.6.1
[INFO] [stderr]    Compiling chrono v0.4.23
[INFO] [stderr]    Compiling serde_with v2.2.0
[INFO] [stderr]    Compiling hyperlocal v0.8.0
[INFO] [stderr]    Compiling containers-api v0.9.0
[INFO] [stderr]    Compiling docker-api-stubs v0.5.0
[INFO] [stderr]    Compiling docker-api v0.14.0 (/opt/rustwide/workdir)
[INFO] [stdout] warning: unused import: `system::*`
[INFO] [stdout]   --> src/api/mod.rs:31:55
[INFO] [stdout]    |
[INFO] [stdout] 31 | pub use {container::*, exec::*, image::*, network::*, system::*, volume::*};
[INFO] [stdout]    |                                                       ^^^^^^^^^
[INFO] [stdout]    |
[INFO] [stdout]    = note: `#[warn(unused_imports)]` on by default
[INFO] [stdout] 
[INFO] [stdout] 
[INFO] [stdout] warning: 1 warning emitted
[INFO] [stdout] 
[INFO] [stdout] 
[INFO] [stderr]     Finished dev [unoptimized + debuginfo] target(s) in 24.31s
[INFO] running `Command { std: "docker" "inspect" "4941ff5f71090f7bed12ae0f524679cef8109a237ed299a024e807955f3c2931", kill_on_drop: false }`
[INFO] running `Command { std: "docker" "rm" "-f" "4941ff5f71090f7bed12ae0f524679cef8109a237ed299a024e807955f3c2931", kill_on_drop: false }`
[INFO] [stdout] 4941ff5f71090f7bed12ae0f524679cef8109a237ed299a024e807955f3c2931
[INFO] running `Command { std: "docker" "create" "-v" "/var/lib/crater-agent-workspace/builds/worker-1-tc1/target:/opt/rustwide/target:rw,Z" "-v" "/var/lib/crater-agent-workspace/builds/worker-1-tc1/source:/opt/rustwide/workdir:ro,Z" "-v" "/var/lib/crater-agent-workspace/cargo-home:/opt/rustwide/cargo-home:ro,Z" "-v" "/var/lib/crater-agent-workspace/rustup-home:/opt/rustwide/rustup-home:ro,Z" "-e" "SOURCE_DIR=/opt/rustwide/workdir" "-e" "CARGO_TARGET_DIR=/opt/rustwide/target" "-e" "CARGO_INCREMENTAL=0" "-e" "RUST_BACKTRACE=full" "-e" "RUSTFLAGS=--cap-lints=warn" "-e" "RUSTDOCFLAGS=--cap-lints=warn" "-e" "CARGO_HOME=/opt/rustwide/cargo-home" "-e" "RUSTUP_HOME=/opt/rustwide/rustup-home" "-w" "/opt/rustwide/workdir" "-m" "1610612736" "--user" "0:0" "--network" "none" "ghcr.io/rust-lang/crates-build-env/linux@sha256:2788e3201cd34a07e3172128adcd8b3090168a8e3bcc40d7c032b9dda1df7d1c" "/opt/rustwide/cargo-home/bin/cargo" "+1.75.0" "test" "--frozen" "--no-run" "--message-format=json", kill_on_drop: false }`
[INFO] [stdout] 4bed845a31bb6f65d9cc38eeca6aa0f0b97d631591495f2a96f13697436cf94b
[INFO] running `Command { std: "docker" "start" "-a" "4bed845a31bb6f65d9cc38eeca6aa0f0b97d631591495f2a96f13697436cf94b", kill_on_drop: false }`
[INFO] [stderr]    Compiling libc v0.2.139
[INFO] [stderr]    Compiling futures-channel v0.3.26
[INFO] [stderr]    Compiling futures-util v0.3.26
[INFO] [stderr]    Compiling tokio v1.25.0
[INFO] [stderr]    Compiling darling_core v0.14.3
[INFO] [stderr]    Compiling tokio-macros v1.8.2
[INFO] [stderr]    Compiling io-lifetimes v1.0.5
[INFO] [stderr]    Compiling want v0.3.0
[INFO] [stderr]    Compiling rustix v0.36.8
[INFO] [stderr]    Compiling proc-macro-error-attr v1.0.4
[INFO] [stderr]    Compiling memoffset v0.6.5
[INFO] [stderr]    Compiling linux-raw-sys v0.1.4
[INFO] [stderr]    Compiling aho-corasick v0.7.20
[INFO] [stderr]    Compiling os_str_bytes v6.4.1
[INFO] [stderr]    Compiling termcolor v1.2.0
[INFO] [stderr]    Compiling heck v0.4.1
[INFO] [stderr]    Compiling regex-syntax v0.6.28
[INFO] [stderr]    Compiling clap_lex v0.3.1
[INFO] [stderr]    Compiling diff v0.1.13
[INFO] [stderr]    Compiling yansi v0.5.1
[INFO] [stderr]    Compiling remove_dir_all v0.5.3
[INFO] [stderr]    Compiling fastrand v1.9.0
[INFO] [stderr]    Compiling humantime v2.1.0
[INFO] [stderr]    Compiling pretty_assertions v1.3.0
[INFO] [stderr]    Compiling proc-macro-error v1.0.4
[INFO] [stderr]    Compiling clap_derive v4.1.0
[INFO] [stderr]    Compiling regex v1.7.1
[INFO] [stderr]    Compiling mio v0.8.6
[INFO] [stderr]    Compiling socket2 v0.4.7
[INFO] [stderr]    Compiling num_cpus v1.15.0
[INFO] [stderr]    Compiling time v0.1.45
[INFO] [stderr]    Compiling xattr v0.2.3
[INFO] [stderr]    Compiling darling_macro v0.14.3
[INFO] [stderr]    Compiling filetime v0.2.20
[INFO] [stderr]    Compiling atty v0.2.14
[INFO] [stderr]    Compiling tar v0.4.38
[INFO] [stderr]    Compiling chrono v0.4.23
[INFO] [stderr]    Compiling nix v0.25.1
[INFO] [stderr]    Compiling gethostname v0.2.3
[INFO] [stderr]    Compiling tempfile v3.3.0
[INFO] [stderr]    Compiling env_logger v0.9.3
[INFO] [stderr]    Compiling darling v0.14.3
[INFO] [stderr]    Compiling serde_with_macros v2.2.0
[INFO] [stderr]    Compiling asynchronous-codec v0.6.1
[INFO] [stderr]    Compiling futures-executor v0.3.26
[INFO] [stderr]    Compiling is-terminal v0.4.3
[INFO] [stderr]    Compiling clap v4.1.6
[INFO] [stderr]    Compiling futures v0.3.26
[INFO] [stderr]    Compiling serde_with v2.2.0
[INFO] [stderr]    Compiling hyper v0.14.24
[INFO] [stderr]    Compiling docker-api-stubs v0.5.0
[INFO] [stderr]    Compiling hyperlocal v0.8.0
[INFO] [stderr]    Compiling containers-api v0.9.0
[INFO] [stderr]    Compiling docker-api v0.14.0 (/opt/rustwide/workdir)
[INFO] [stdout] warning: unused import: `system::*`
[INFO] [stdout]   --> src/api/mod.rs:31:55
[INFO] [stdout]    |
[INFO] [stdout] 31 | pub use {container::*, exec::*, image::*, network::*, system::*, volume::*};
[INFO] [stdout]    |                                                       ^^^^^^^^^
[INFO] [stdout]    |
[INFO] [stdout]    = note: `#[warn(unused_imports)]` on by default
[INFO] [stdout] 
[INFO] [stdout] 
[INFO] [stdout] warning: unused import: `system::*`
[INFO] [stdout]   --> src/api/mod.rs:31:55
[INFO] [stdout]    |
[INFO] [stdout] 31 | pub use {container::*, exec::*, image::*, network::*, system::*, volume::*};
[INFO] [stdout]    |                                                       ^^^^^^^^^
[INFO] [stdout]    |
[INFO] [stdout]    = note: `#[warn(unused_imports)]` on by default
[INFO] [stdout] 
[INFO] [stdout] 
[INFO] [stdout] warning: 1 warning emitted
[INFO] [stdout] 
[INFO] [stdout] 
[INFO] [stdout] warning: unused import: `conn`
[INFO] [stdout]  --> tests/common.rs:6:27
[INFO] [stdout]   |
[INFO] [stdout] 6 | pub use docker_api::{api, conn, models, models::ImageBuildChunk, opts, Docker};
[INFO] [stdout]   |                           ^^^^
[INFO] [stdout]   |
[INFO] [stdout]   = note: `#[warn(unused_imports)]` on by default
[INFO] [stdout] 
[INFO] [stdout] 
[INFO] [stdout] warning: unused import: `conn`
[INFO] [stdout]  --> tests/common.rs:6:27
[INFO] [stdout]   |
[INFO] [stdout] 6 | pub use docker_api::{api, conn, models, models::ImageBuildChunk, opts, Docker};
[INFO] [stdout]   |                           ^^^^
[INFO] [stdout]   |
[INFO] [stdout]   = note: `#[warn(unused_imports)]` on by default
[INFO] [stdout] 
[INFO] [stdout] 
[INFO] [stdout] warning: unused import: `TryStreamExt`
[INFO] [stdout]  --> tests/common.rs:7:35
[INFO] [stdout]   |
[INFO] [stdout] 7 | pub use futures_util::{StreamExt, TryStreamExt};
[INFO] [stdout]   |                                   ^^^^^^^^^^^^
[INFO] [stdout] 
[INFO] [stdout] 
[INFO] [stdout] warning: unused import: `conn`
[INFO] [stdout]  --> tests/common.rs:6:27
[INFO] [stdout]   |
[INFO] [stdout] 6 | pub use docker_api::{api, conn, models, models::ImageBuildChunk, opts, Docker};
[INFO] [stdout]   |                           ^^^^
[INFO] [stdout]   |
[INFO] [stdout]   = note: `#[warn(unused_imports)]` on by default
[INFO] [stdout] 
[INFO] [stdout] 
[INFO] [stdout] warning: unused import: `TryStreamExt`
[INFO] [stdout]  --> tests/common.rs:7:35
[INFO] [stdout]   |
[INFO] [stdout] 7 | pub use futures_util::{StreamExt, TryStreamExt};
[INFO] [stdout]   |                                   ^^^^^^^^^^^^
[INFO] [stdout] 
[INFO] [stdout] 
[INFO] [stdout] warning: 1 warning emitted
[INFO] [stdout] 
[INFO] [stdout] 
[INFO] [stderr] error: could not compile `docker-api` (example "system")
[INFO] [stderr] 
[INFO] [stderr] Caused by:
[INFO] [stderr]   process didn't exit successfully: `/opt/rustwide/rustup-home/toolchains/1.75.0-x86_64-unknown-linux-gnu/bin/rustc --crate-name system --edition=2021 examples/system.rs --error-format=json --json=diagnostic-rendered-ansi,artifacts,future-incompat --crate-type bin --emit=dep-info,link -C embed-bitcode=no -C debuginfo=2 --cfg 'feature="chrono"' --cfg 'feature="default"' -C metadata=5fd7b9aba8173b55 -C extra-filename=-5fd7b9aba8173b55 --out-dir /opt/rustwide/target/debug/examples -L dependency=/opt/rustwide/target/debug/deps --extern asynchronous_codec=/opt/rustwide/target/debug/deps/libasynchronous_codec-39c046e456b255c8.rlib --extern base64=/opt/rustwide/target/debug/deps/libbase64-b09bba5046b087ce.rlib --extern byteorder=/opt/rustwide/target/debug/deps/libbyteorder-b7588b59c1d17615.rlib --extern bytes=/opt/rustwide/target/debug/deps/libbytes-3fc98b508f6e4a28.rlib --extern chrono=/opt/rustwide/target/debug/deps/libchrono-756f8501361db07d.rlib --extern clap=/opt/rustwide/target/debug/deps/libclap-7550d942d376932d.rlib --extern containers_api=/opt/rustwide/target/debug/deps/libcontainers_api-21a573f233a70973.rlib --extern docker_api=/opt/rustwide/target/debug/deps/libdocker_api-95e0092365f4556b.rlib --extern docker_api_stubs=/opt/rustwide/target/debug/deps/libdocker_api_stubs-9e49ee8d46126227.rlib --extern env_logger=/opt/rustwide/target/debug/deps/libenv_logger-3362e084104ffe21.rlib --extern futures=/opt/rustwide/target/debug/deps/libfutures-90d3838742d12fe6.rlib --extern futures_util=/opt/rustwide/target/debug/deps/libfutures_util-897ec10410e66962.rlib --extern gethostname=/opt/rustwide/target/debug/deps/libgethostname-f63acad53162c784.rlib --extern http=/opt/rustwide/target/debug/deps/libhttp-00fab7d826a55fab.rlib --extern hyper=/opt/rustwide/target/debug/deps/libhyper-2107a14cef0d6359.rlib --extern log=/opt/rustwide/target/debug/deps/liblog-d88d404ed4a3e8b9.rlib --extern nix=/opt/rustwide/target/debug/deps/libnix-32af0fc180595edb.rlib --extern paste=/opt/rustwide/target/debug/deps/libpaste-f962b5d9f496fff9.so --extern pretty_assertions=/opt/rustwide/target/debug/deps/libpretty_assertions-c195ac61f7d18fcc.rlib --extern serde=/opt/rustwide/target/debug/deps/libserde-7e1c1ef4ec2d4491.rlib --extern serde_json=/opt/rustwide/target/debug/deps/libserde_json-823df714586e9996.rlib --extern tar=/opt/rustwide/target/debug/deps/libtar-591236602c3c1879.rlib --extern tempfile=/opt/rustwide/target/debug/deps/libtempfile-33fb01c8a5fac735.rlib --extern thiserror=/opt/rustwide/target/debug/deps/libthiserror-66a99e60403913c0.rlib --extern tokio=/opt/rustwide/target/debug/deps/libtokio-276d1a87c0cd75dd.rlib --extern url=/opt/rustwide/target/debug/deps/liburl-7de698eaba5316fd.rlib --cap-lints=warn` (signal: 9, SIGKILL: kill)
[INFO] [stderr] warning: build failed, waiting for other jobs to finish...
[INFO] [stderr] error: could not compile `docker-api` (example "container")
[INFO] [stderr] 
[INFO] [stderr] Caused by:
[INFO] [stderr]   process didn't exit successfully: `/opt/rustwide/rustup-home/toolchains/1.75.0-x86_64-unknown-linux-gnu/bin/rustc --crate-name container --edition=2021 examples/container.rs --error-format=json --json=diagnostic-rendered-ansi,artifacts,future-incompat --crate-type bin --emit=dep-info,link -C embed-bitcode=no -C debuginfo=2 --cfg 'feature="chrono"' --cfg 'feature="default"' -C metadata=403cb5f5846e5c11 -C extra-filename=-403cb5f5846e5c11 --out-dir /opt/rustwide/target/debug/examples -L dependency=/opt/rustwide/target/debug/deps --extern asynchronous_codec=/opt/rustwide/target/debug/deps/libasynchronous_codec-39c046e456b255c8.rlib --extern base64=/opt/rustwide/target/debug/deps/libbase64-b09bba5046b087ce.rlib --extern byteorder=/opt/rustwide/target/debug/deps/libbyteorder-b7588b59c1d17615.rlib --extern bytes=/opt/rustwide/target/debug/deps/libbytes-3fc98b508f6e4a28.rlib --extern chrono=/opt/rustwide/target/debug/deps/libchrono-756f8501361db07d.rlib --extern clap=/opt/rustwide/target/debug/deps/libclap-7550d942d376932d.rlib --extern containers_api=/opt/rustwide/target/debug/deps/libcontainers_api-21a573f233a70973.rlib --extern docker_api=/opt/rustwide/target/debug/deps/libdocker_api-95e0092365f4556b.rlib --extern docker_api_stubs=/opt/rustwide/target/debug/deps/libdocker_api_stubs-9e49ee8d46126227.rlib --extern env_logger=/opt/rustwide/target/debug/deps/libenv_logger-3362e084104ffe21.rlib --extern futures=/opt/rustwide/target/debug/deps/libfutures-90d3838742d12fe6.rlib --extern futures_util=/opt/rustwide/target/debug/deps/libfutures_util-897ec10410e66962.rlib --extern gethostname=/opt/rustwide/target/debug/deps/libgethostname-f63acad53162c784.rlib --extern http=/opt/rustwide/target/debug/deps/libhttp-00fab7d826a55fab.rlib --extern hyper=/opt/rustwide/target/debug/deps/libhyper-2107a14cef0d6359.rlib --extern log=/opt/rustwide/target/debug/deps/liblog-d88d404ed4a3e8b9.rlib --extern nix=/opt/rustwide/target/debug/deps/libnix-32af0fc180595edb.rlib --extern paste=/opt/rustwide/target/debug/deps/libpaste-f962b5d9f496fff9.so --extern pretty_assertions=/opt/rustwide/target/debug/deps/libpretty_assertions-c195ac61f7d18fcc.rlib --extern serde=/opt/rustwide/target/debug/deps/libserde-7e1c1ef4ec2d4491.rlib --extern serde_json=/opt/rustwide/target/debug/deps/libserde_json-823df714586e9996.rlib --extern tar=/opt/rustwide/target/debug/deps/libtar-591236602c3c1879.rlib --extern tempfile=/opt/rustwide/target/debug/deps/libtempfile-33fb01c8a5fac735.rlib --extern thiserror=/opt/rustwide/target/debug/deps/libthiserror-66a99e60403913c0.rlib --extern tokio=/opt/rustwide/target/debug/deps/libtokio-276d1a87c0cd75dd.rlib --extern url=/opt/rustwide/target/debug/deps/liburl-7de698eaba5316fd.rlib --cap-lints=warn` (signal: 9, SIGKILL: kill)
[INFO] [stderr] error: could not compile `docker-api` (example "image")
[INFO] [stderr] 
[INFO] [stderr] Caused by:
[INFO] [stderr]   process didn't exit successfully: `/opt/rustwide/rustup-home/toolchains/1.75.0-x86_64-unknown-linux-gnu/bin/rustc --crate-name image --edition=2021 examples/image.rs --error-format=json --json=diagnostic-rendered-ansi,artifacts,future-incompat --crate-type bin --emit=dep-info,link -C embed-bitcode=no -C debuginfo=2 --cfg 'feature="chrono"' --cfg 'feature="default"' -C metadata=f3aeac351553cbb7 -C extra-filename=-f3aeac351553cbb7 --out-dir /opt/rustwide/target/debug/examples -L dependency=/opt/rustwide/target/debug/deps --extern asynchronous_codec=/opt/rustwide/target/debug/deps/libasynchronous_codec-39c046e456b255c8.rlib --extern base64=/opt/rustwide/target/debug/deps/libbase64-b09bba5046b087ce.rlib --extern byteorder=/opt/rustwide/target/debug/deps/libbyteorder-b7588b59c1d17615.rlib --extern bytes=/opt/rustwide/target/debug/deps/libbytes-3fc98b508f6e4a28.rlib --extern chrono=/opt/rustwide/target/debug/deps/libchrono-756f8501361db07d.rlib --extern clap=/opt/rustwide/target/debug/deps/libclap-7550d942d376932d.rlib --extern containers_api=/opt/rustwide/target/debug/deps/libcontainers_api-21a573f233a70973.rlib --extern docker_api=/opt/rustwide/target/debug/deps/libdocker_api-95e0092365f4556b.rlib --extern docker_api_stubs=/opt/rustwide/target/debug/deps/libdocker_api_stubs-9e49ee8d46126227.rlib --extern env_logger=/opt/rustwide/target/debug/deps/libenv_logger-3362e084104ffe21.rlib --extern futures=/opt/rustwide/target/debug/deps/libfutures-90d3838742d12fe6.rlib --extern futures_util=/opt/rustwide/target/debug/deps/libfutures_util-897ec10410e66962.rlib --extern gethostname=/opt/rustwide/target/debug/deps/libgethostname-f63acad53162c784.rlib --extern http=/opt/rustwide/target/debug/deps/libhttp-00fab7d826a55fab.rlib --extern hyper=/opt/rustwide/target/debug/deps/libhyper-2107a14cef0d6359.rlib --extern log=/opt/rustwide/target/debug/deps/liblog-d88d404ed4a3e8b9.rlib --extern nix=/opt/rustwide/target/debug/deps/libnix-32af0fc180595edb.rlib --extern paste=/opt/rustwide/target/debug/deps/libpaste-f962b5d9f496fff9.so --extern pretty_assertions=/opt/rustwide/target/debug/deps/libpretty_assertions-c195ac61f7d18fcc.rlib --extern serde=/opt/rustwide/target/debug/deps/libserde-7e1c1ef4ec2d4491.rlib --extern serde_json=/opt/rustwide/target/debug/deps/libserde_json-823df714586e9996.rlib --extern tar=/opt/rustwide/target/debug/deps/libtar-591236602c3c1879.rlib --extern tempfile=/opt/rustwide/target/debug/deps/libtempfile-33fb01c8a5fac735.rlib --extern thiserror=/opt/rustwide/target/debug/deps/libthiserror-66a99e60403913c0.rlib --extern tokio=/opt/rustwide/target/debug/deps/libtokio-276d1a87c0cd75dd.rlib --extern url=/opt/rustwide/target/debug/deps/liburl-7de698eaba5316fd.rlib --cap-lints=warn` (signal: 9, SIGKILL: kill)
[INFO] [stdout] error: linking with `cc` failed: exit status: 1
[INFO] [stdout]   |
[INFO] [stdout]   = note: LC_ALL="C" PATH="/opt/rustwide/rustup-home/toolchains/1.75.0-x86_64-unknown-linux-gnu/lib/rustlib/x86_64-unknown-linux-gnu/bin:/opt/rustwide/cargo-home/bin:/usr/local/sbin:/usr/local/bin:/usr/sbin:/usr/bin:/sbin:/bin" VSLANG="1033" "cc" "-m64" "/tmp/rustcFse7cq/symbols.o" "/opt/rustwide/target/debug/deps/network_tests-9682af36af3c28dc.network_tests.3de4f2b2f3b1b718-cgu.00.rcgu.o" "/opt/rustwide/target/debug/deps/network_tests-9682af36af3c28dc.network_tests.3de4f2b2f3b1b718-cgu.01.rcgu.o" "/opt/rustwide/target/debug/deps/network_tests-9682af36af3c28dc.network_tests.3de4f2b2f3b1b718-cgu.02.rcgu.o" "/opt/rustwide/target/debug/deps/network_tests-9682af36af3c28dc.network_tests.3de4f2b2f3b1b718-cgu.03.rcgu.o" "/opt/rustwide/target/debug/deps/network_tests-9682af36af3c28dc.network_tests.3de4f2b2f3b1b718-cgu.04.rcgu.o" "/opt/rustwide/target/debug/deps/network_tests-9682af36af3c28dc.network_tests.3de4f2b2f3b1b718-cgu.05.rcgu.o" "/opt/rustwide/target/debug/deps/network_tests-9682af36af3c28dc.network_tests.3de4f2b2f3b1b718-cgu.06.rcgu.o" "/opt/rustwide/target/debug/deps/network_tests-9682af36af3c28dc.network_tests.3de4f2b2f3b1b718-cgu.07.rcgu.o" "/opt/rustwide/target/debug/deps/network_tests-9682af36af3c28dc.network_tests.3de4f2b2f3b1b718-cgu.08.rcgu.o" "/opt/rustwide/target/debug/deps/network_tests-9682af36af3c28dc.network_tests.3de4f2b2f3b1b718-cgu.09.rcgu.o" "/opt/rustwide/target/debug/deps/network_tests-9682af36af3c28dc.network_tests.3de4f2b2f3b1b718-cgu.10.rcgu.o" "/opt/rustwide/target/debug/deps/network_tests-9682af36af3c28dc.network_tests.3de4f2b2f3b1b718-cgu.11.rcgu.o" "/opt/rustwide/target/debug/deps/network_tests-9682af36af3c28dc.network_tests.3de4f2b2f3b1b718-cgu.12.rcgu.o" "/opt/rustwide/target/debug/deps/network_tests-9682af36af3c28dc.network_tests.3de4f2b2f3b1b718-cgu.13.rcgu.o" "/opt/rustwide/target/debug/deps/network_tests-9682af36af3c28dc.network_tests.3de4f2b2f3b1b718-cgu.14.rcgu.o" "/opt/rustwide/target/debug/deps/network_tests-9682af36af3c28dc.network_tests.3de4f2b2f3b1b718-cgu.15.rcgu.o" "/opt/rustwide/target/debug/deps/network_tests-9682af36af3c28dc.3i53j8jpkcsp6p8u.rcgu.o" "-Wl,--as-needed" "-L" "/opt/rustwide/target/debug/deps" "-L" "/opt/rustwide/rustup-home/toolchains/1.75.0-x86_64-unknown-linux-gnu/lib/rustlib/x86_64-unknown-linux-gnu/lib" "-Wl,-Bstatic" "/opt/rustwide/target/debug/deps/libnix-32af0fc180595edb.rlib" "/opt/rustwide/target/debug/deps/libmemoffset-c7b1b1cc44d01308.rlib" "/opt/rustwide/target/debug/deps/libbitflags-b7cee2ca4fb438d0.rlib" "/opt/rustwide/target/debug/deps/libenv_logger-3362e084104ffe21.rlib" "/opt/rustwide/target/debug/deps/libatty-4bded463f68da596.rlib" "/opt/rustwide/target/debug/deps/libtermcolor-c45be6d4018c8de7.rlib" "/opt/rustwide/target/debug/deps/libhumantime-e2a10e0b2bfa2002.rlib" "/opt/rustwide/target/debug/deps/libregex-6e5d779d5cdb20b7.rlib" "/opt/rustwide/target/debug/deps/libaho_corasick-fec14e281eb19588.rlib" "/opt/rustwide/target/debug/deps/libregex_syntax-37609f52f7ae0307.rlib" "/opt/rustwide/rustup-home/toolchains/1.75.0-x86_64-unknown-linux-gnu/lib/rustlib/x86_64-unknown-linux-gnu/lib/libtest-3df1bed8075ce1de.rlib" "/opt/rustwide/rustup-home/toolchains/1.75.0-x86_64-unknown-linux-gnu/lib/rustlib/x86_64-unknown-linux-gnu/lib/libgetopts-2076fd86b325cb5d.rlib" "/opt/rustwide/rustup-home/toolchains/1.75.0-x86_64-unknown-linux-gnu/lib/rustlib/x86_64-unknown-linux-gnu/lib/libunicode_width-caa7152ee70c190f.rlib" "/opt/rustwide/rustup-home/toolchains/1.75.0-x86_64-unknown-linux-gnu/lib/rustlib/x86_64-unknown-linux-gnu/lib/librustc_std_workspace_std-04e6425e07f02a3c.rlib" "/opt/rustwide/target/debug/deps/libtempfile-33fb01c8a5fac735.rlib" "/opt/rustwide/target/debug/deps/libfastrand-b53203d729799780.rlib" "/opt/rustwide/target/debug/deps/libremove_dir_all-8b88a3ed6f308927.rlib" "/opt/rustwide/target/debug/deps/libdocker_api-95e0092365f4556b.rlib" "/opt/rustwide/target/debug/deps/libbase64-b09bba5046b087ce.rlib" "/opt/rustwide/target/debug/deps/libasynchronous_codec-39c046e456b255c8.rlib" "/opt/rustwide/target/debug/deps/libdocker_api_stubs-9e49ee8d46126227.rlib" "/opt/rustwide/target/debug/deps/libcontainers_api-21a573f233a70973.rlib" "/opt/rustwide/target/debug/deps/libmime-450b243d21db2a61.rlib" "/opt/rustwide/target/debug/deps/libtar-591236602c3c1879.rlib" "/opt/rustwide/target/debug/deps/libxattr-3c657efc6be2a5cf.rlib" "/opt/rustwide/target/debug/deps/libfiletime-3224a88ddeaa7d01.rlib" "/opt/rustwide/target/debug/deps/libflate2-13e2a107f9bc208d.rlib" "/opt/rustwide/target/debug/deps/libminiz_oxide-b9e7209c302d6c74.rlib" "/opt/rustwide/target/debug/deps/libadler-c8f2240c56a0abca.rlib" "/opt/rustwide/target/debug/deps/libcrc32fast-664446237529ebff.rlib" "/opt/rustwide/target/debug/deps/libchrono-756f8501361db07d.rlib" "/opt/rustwide/target/debug/deps/libiana_time_zone-52186f3860fc37b6.rlib" "/opt/rustwide/target/debug/deps/libnum_integer-36ed574e93fbcdb4.rlib" "/opt/rustwide/target/debug/deps/libnum_traits-6de3d77aa3f73440.rlib" "/opt/rustwide/target/debug/deps/libtime-0610d9149f9b2e30.rlib" "/opt/rustwide/target/debug/deps/libthiserror-66a99e60403913c0.rlib" "/opt/rustwide/target/debug/deps/libserde_json-823df714586e9996.rlib" "/opt/rustwide/target/debug/deps/libryu-c770e4eb8410b4e4.rlib" "/opt/rustwide/target/debug/deps/liburl-7de698eaba5316fd.rlib" "/opt/rustwide/target/debug/deps/libidna-c73c19433ac42807.rlib" "/opt/rustwide/target/debug/deps/libunicode_normalization-e1c1be84a555e587.rlib" "/opt/rustwide/target/debug/deps/libtinyvec-cf6c9f6b792a5507.rlib" "/opt/rustwide/target/debug/deps/libtinyvec_macros-b1cb7f53f58c9f87.rlib" "/opt/rustwide/target/debug/deps/libunicode_bidi-cbe1be37fef7c2aa.rlib" "/opt/rustwide/target/debug/deps/libform_urlencoded-e8c43e838ad28fa4.rlib" "/opt/rustwide/target/debug/deps/libpercent_encoding-c39f6500503dd269.rlib" "/opt/rustwide/target/debug/deps/libhyperlocal-c61af148a8fb2d69.rlib" "/opt/rustwide/target/debug/deps/libhex-05644b5497b79c5b.rlib" "/opt/rustwide/target/debug/deps/libpin_project-ddc8118e432396ce.rlib" "/opt/rustwide/target/debug/deps/libserde-7e1c1ef4ec2d4491.rlib" "/opt/rustwide/target/debug/deps/libhyper-2107a14cef0d6359.rlib" "/opt/rustwide/target/debug/deps/libwant-5f88f8e077ad1961.rlib" "/opt/rustwide/target/debug/deps/libtry_lock-51271589248cd7d9.rlib" "/opt/rustwide/target/debug/deps/libhttparse-64f1ffbeda450424.rlib" "/opt/rustwide/target/debug/deps/libtower_service-104d6e83d5ce383d.rlib" "/opt/rustwide/target/debug/deps/libtracing-668659c19909380c.rlib" "/opt/rustwide/target/debug/deps/libtracing_core-298e25f98621a58a.rlib" "/opt/rustwide/target/debug/deps/libonce_cell-a1c572e34ca85e55.rlib" "/opt/rustwide/target/debug/deps/libhttp_body-34a9bf1cf01b39f9.rlib" "/opt/rustwide/target/debug/deps/libtokio-276d1a87c0cd75dd.rlib" "/opt/rustwide/target/debug/deps/libnum_cpus-b5e4d0acee7243a0.rlib" "/opt/rustwide/target/debug/deps/libsocket2-ee895306aa4cb51a.rlib" "/opt/rustwide/target/debug/deps/libmio-a0edf046fc0e86f7.rlib" "/opt/rustwide/target/debug/deps/liblibc-c96cefc0954ad71b.rlib" "/opt/rustwide/target/debug/deps/liblog-d88d404ed4a3e8b9.rlib" "/opt/rustwide/target/debug/deps/libcfg_if-61dc7a6799e72b18.rlib" "/opt/rustwide/target/debug/deps/libhttpdate-07ccb2bff48c32b9.rlib" "/opt/rustwide/target/debug/deps/libhttp-00fab7d826a55fab.rlib" "/opt/rustwide/target/debug/deps/libitoa-a6ef745b0a0d98d5.rlib" "/opt/rustwide/target/debug/deps/libbytes-3fc98b508f6e4a28.rlib" "/opt/rustwide/target/debug/deps/libfnv-18bf5144d055e772.rlib" "/opt/rustwide/target/debug/deps/libfutures_util-897ec10410e66962.rlib" "/opt/rustwide/target/debug/deps/libmemchr-4fdcfd9ddfba30cb.rlib" "/opt/rustwide/target/debug/deps/libfutures_io-344da203d699062f.rlib" "/opt/rustwide/target/debug/deps/libslab-7742106a97732125.rlib" "/opt/rustwide/target/debug/deps/libfutures_channel-2fb1a82d8942cc89.rlib" "/opt/rustwide/target/debug/deps/libpin_project_lite-cead9f5d94689600.rlib" "/opt/rustwide/target/debug/deps/libfutures_sink-b308aa1400486ad0.rlib" "/opt/rustwide/target/debug/deps/libfutures_task-df2b711dcc4c9905.rlib" "/opt/rustwide/target/debug/deps/libpin_utils-741f7d9d160e4a16.rlib" "/opt/rustwide/target/debug/deps/libfutures_core-57408c2c9c4dfc28.rlib" "/opt/rustwide/rustup-home/toolchains/1.75.0-x86_64-unknown-linux-gnu/lib/rustlib/x86_64-unknown-linux-gnu/lib/libstd-90f6ddbf82de36ec.rlib" "/opt/rustwide/rustup-home/toolchains/1.75.0-x86_64-unknown-linux-gnu/lib/rustlib/x86_64-unknown-linux-gnu/lib/libpanic_unwind-480c41e9d4e1f677.rlib" "/opt/rustwide/rustup-home/toolchains/1.75.0-x86_64-unknown-linux-gnu/lib/rustlib/x86_64-unknown-linux-gnu/lib/libobject-db744c0ca03eed1d.rlib" "/opt/rustwide/rustup-home/toolchains/1.75.0-x86_64-unknown-linux-gnu/lib/rustlib/x86_64-unknown-linux-gnu/lib/libmemchr-8ba652dc7d4b285a.rlib" "/opt/rustwide/rustup-home/toolchains/1.75.0-x86_64-unknown-linux-gnu/lib/rustlib/x86_64-unknown-linux-gnu/lib/libaddr2line-d5f4520a9ebc0d58.rlib" "/opt/rustwide/rustup-home/toolchains/1.75.0-x86_64-unknown-linux-gnu/lib/rustlib/x86_64-unknown-linux-gnu/lib/libgimli-4ad84de58f0cb463.rlib" "/opt/rustwide/rustup-home/toolchains/1.75.0-x86_64-unknown-linux-gnu/lib/rustlib/x86_64-unknown-linux-gnu/lib/librustc_demangle-0d10aae2e0f38735.rlib" "/opt/rustwide/rustup-home/toolchains/1.75.0-x86_64-unknown-linux-gnu/lib/rustlib/x86_64-unknown-linux-gnu/lib/libstd_detect-0c17cff739e6745b.rlib" "/opt/rustwide/rustup-home/toolchains/1.75.0-x86_64-unknown-linux-gnu/lib/rustlib/x86_64-unknown-linux-gnu/lib/libhashbrown-b29e17139dde1aa8.rlib" "/opt/rustwide/rustup-home/toolchains/1.75.0-x86_64-unknown-linux-gnu/lib/rustlib/x86_64-unknown-linux-gnu/lib/librustc_std_workspace_alloc-1f975299829cc7bd.rlib" "/opt/rustwide/rustup-home/toolchains/1.75.0-x86_64-unknown-linux-gnu/lib/rustlib/x86_64-unknown-linux-gnu/lib/libminiz_oxide-86bae3bc3079f89b.rlib" "/opt/rustwide/rustup-home/toolchains/1.75.0-x86_64-unknown-linux-gnu/lib/rustlib/x86_64-unknown-linux-gnu/lib/libadler-321b82c30dffdf5f.rlib" "/opt/rustwide/rustup-home/toolchains/1.75.0-x86_64-unknown-linux-gnu/lib/rustlib/x86_64-unknown-linux-gnu/lib/libunwind-3dd8a6810a0bdfef.rlib" "/opt/rustwide/rustup-home/toolchains/1.75.0-x86_64-unknown-linux-gnu/lib/rustlib/x86_64-unknown-linux-gnu/lib/libcfg_if-eb39a61c0c879984.rlib" "/opt/rustwide/rustup-home/toolchains/1.75.0-x86_64-unknown-linux-gnu/lib/rustlib/x86_64-unknown-linux-gnu/lib/liblibc-aa769569f91c3548.rlib" "/opt/rustwide/rustup-home/toolchains/1.75.0-x86_64-unknown-linux-gnu/lib/rustlib/x86_64-unknown-linux-gnu/lib/liballoc-510a192a50a983ed.rlib" "/opt/rustwide/rustup-home/toolchains/1.75.0-x86_64-unknown-linux-gnu/lib/rustlib/x86_64-unknown-linux-gnu/lib/librustc_std_workspace_core-0577018320f99037.rlib" "/opt/rustwide/rustup-home/toolchains/1.75.0-x86_64-unknown-linux-gnu/lib/rustlib/x86_64-unknown-linux-gnu/lib/libcore-193cf992125ccd4c.rlib" "/opt/rustwide/rustup-home/toolchains/1.75.0-x86_64-unknown-linux-gnu/lib/rustlib/x86_64-unknown-linux-gnu/lib/libcompiler_builtins-8e138eaf26ebb4a8.rlib" "-Wl,-Bdynamic" "-lgcc_s" "-lutil" "-lrt" "-lpthread" "-lm" "-ldl" "-lc" "-Wl,--eh-frame-hdr" "-Wl,-z,noexecstack" "-L" "/opt/rustwide/rustup-home/toolchains/1.75.0-x86_64-unknown-linux-gnu/lib/rustlib/x86_64-unknown-linux-gnu/lib" "-o" "/opt/rustwide/target/debug/deps/network_tests-9682af36af3c28dc" "-Wl,--gc-sections" "-pie" "-Wl,-z,relro,-z,now" "-nodefaultlibs"
[INFO] [stdout]   = note: collect2: fatal error: ld terminated with signal 9 [Killed]
[INFO] [stdout]           compilation terminated.
[INFO] [stdout]           
[INFO] [stdout] 
[INFO] [stdout] 
[INFO] [stdout] error: aborting due to previous error; 2 warnings emitted
[INFO] [stdout] 
[INFO] [stdout] 
[INFO] [stderr] error: could not compile `docker-api` (test "network_tests") due to 2 previous errors; 2 warnings emitted
[INFO] [stderr] error: could not compile `docker-api` (test "container_tests")
[INFO] [stderr] 
[INFO] [stderr] Caused by:
[INFO] [stderr]   process didn't exit successfully: `/opt/rustwide/rustup-home/toolchains/1.75.0-x86_64-unknown-linux-gnu/bin/rustc --crate-name container_tests --edition=2021 tests/container_tests.rs --error-format=json --json=diagnostic-rendered-ansi,artifacts,future-incompat --emit=dep-info,link -C embed-bitcode=no -C debuginfo=2 --test --cfg 'feature="chrono"' --cfg 'feature="default"' -C metadata=95d374bd8c097e7e -C extra-filename=-95d374bd8c097e7e --out-dir /opt/rustwide/target/debug/deps -L dependency=/opt/rustwide/target/debug/deps --extern asynchronous_codec=/opt/rustwide/target/debug/deps/libasynchronous_codec-39c046e456b255c8.rlib --extern base64=/opt/rustwide/target/debug/deps/libbase64-b09bba5046b087ce.rlib --extern byteorder=/opt/rustwide/target/debug/deps/libbyteorder-b7588b59c1d17615.rlib --extern bytes=/opt/rustwide/target/debug/deps/libbytes-3fc98b508f6e4a28.rlib --extern chrono=/opt/rustwide/target/debug/deps/libchrono-756f8501361db07d.rlib --extern clap=/opt/rustwide/target/debug/deps/libclap-7550d942d376932d.rlib --extern containers_api=/opt/rustwide/target/debug/deps/libcontainers_api-21a573f233a70973.rlib --extern docker_api=/opt/rustwide/target/debug/deps/libdocker_api-95e0092365f4556b.rlib --extern docker_api_stubs=/opt/rustwide/target/debug/deps/libdocker_api_stubs-9e49ee8d46126227.rlib --extern env_logger=/opt/rustwide/target/debug/deps/libenv_logger-3362e084104ffe21.rlib --extern futures=/opt/rustwide/target/debug/deps/libfutures-90d3838742d12fe6.rlib --extern futures_util=/opt/rustwide/target/debug/deps/libfutures_util-897ec10410e66962.rlib --extern gethostname=/opt/rustwide/target/debug/deps/libgethostname-f63acad53162c784.rlib --extern http=/opt/rustwide/target/debug/deps/libhttp-00fab7d826a55fab.rlib --extern hyper=/opt/rustwide/target/debug/deps/libhyper-2107a14cef0d6359.rlib --extern log=/opt/rustwide/target/debug/deps/liblog-d88d404ed4a3e8b9.rlib --extern nix=/opt/rustwide/target/debug/deps/libnix-32af0fc180595edb.rlib --extern paste=/opt/rustwide/target/debug/deps/libpaste-f962b5d9f496fff9.so --extern pretty_assertions=/opt/rustwide/target/debug/deps/libpretty_assertions-c195ac61f7d18fcc.rlib --extern serde=/opt/rustwide/target/debug/deps/libserde-7e1c1ef4ec2d4491.rlib --extern serde_json=/opt/rustwide/target/debug/deps/libserde_json-823df714586e9996.rlib --extern tar=/opt/rustwide/target/debug/deps/libtar-591236602c3c1879.rlib --extern tempfile=/opt/rustwide/target/debug/deps/libtempfile-33fb01c8a5fac735.rlib --extern thiserror=/opt/rustwide/target/debug/deps/libthiserror-66a99e60403913c0.rlib --extern tokio=/opt/rustwide/target/debug/deps/libtokio-276d1a87c0cd75dd.rlib --extern url=/opt/rustwide/target/debug/deps/liburl-7de698eaba5316fd.rlib --cap-lints=warn` (signal: 9, SIGKILL: kill)
[INFO] [stdout] error: linking with `cc` failed: exit status: 1
[INFO] [stdout]   |
[INFO] [stdout]   = note: LC_ALL="C" PATH="/opt/rustwide/rustup-home/toolchains/1.75.0-x86_64-unknown-linux-gnu/lib/rustlib/x86_64-unknown-linux-gnu/bin:/opt/rustwide/cargo-home/bin:/usr/local/sbin:/usr/local/bin:/usr/sbin:/usr/bin:/sbin:/bin" VSLANG="1033" "cc" "-m64" "/tmp/rustcRWcOSf/symbols.o" "/opt/rustwide/target/debug/deps/docker_tests-192edea7e15fdc89.docker_tests.b23c516b13a0ff8-cgu.00.rcgu.o" "/opt/rustwide/target/debug/deps/docker_tests-192edea7e15fdc89.docker_tests.b23c516b13a0ff8-cgu.01.rcgu.o" "/opt/rustwide/target/debug/deps/docker_tests-192edea7e15fdc89.docker_tests.b23c516b13a0ff8-cgu.02.rcgu.o" "/opt/rustwide/target/debug/deps/docker_tests-192edea7e15fdc89.docker_tests.b23c516b13a0ff8-cgu.03.rcgu.o" "/opt/rustwide/target/debug/deps/docker_tests-192edea7e15fdc89.docker_tests.b23c516b13a0ff8-cgu.04.rcgu.o" "/opt/rustwide/target/debug/deps/docker_tests-192edea7e15fdc89.docker_tests.b23c516b13a0ff8-cgu.05.rcgu.o" "/opt/rustwide/target/debug/deps/docker_tests-192edea7e15fdc89.docker_tests.b23c516b13a0ff8-cgu.06.rcgu.o" "/opt/rustwide/target/debug/deps/docker_tests-192edea7e15fdc89.docker_tests.b23c516b13a0ff8-cgu.07.rcgu.o" "/opt/rustwide/target/debug/deps/docker_tests-192edea7e15fdc89.docker_tests.b23c516b13a0ff8-cgu.08.rcgu.o" "/opt/rustwide/target/debug/deps/docker_tests-192edea7e15fdc89.docker_tests.b23c516b13a0ff8-cgu.09.rcgu.o" "/opt/rustwide/target/debug/deps/docker_tests-192edea7e15fdc89.docker_tests.b23c516b13a0ff8-cgu.10.rcgu.o" "/opt/rustwide/target/debug/deps/docker_tests-192edea7e15fdc89.docker_tests.b23c516b13a0ff8-cgu.11.rcgu.o" "/opt/rustwide/target/debug/deps/docker_tests-192edea7e15fdc89.docker_tests.b23c516b13a0ff8-cgu.12.rcgu.o" "/opt/rustwide/target/debug/deps/docker_tests-192edea7e15fdc89.docker_tests.b23c516b13a0ff8-cgu.13.rcgu.o" "/opt/rustwide/target/debug/deps/docker_tests-192edea7e15fdc89.docker_tests.b23c516b13a0ff8-cgu.14.rcgu.o" "/opt/rustwide/target/debug/deps/docker_tests-192edea7e15fdc89.docker_tests.b23c516b13a0ff8-cgu.15.rcgu.o" "/opt/rustwide/target/debug/deps/docker_tests-192edea7e15fdc89.1jk17apnh9yuoncf.rcgu.o" "-Wl,--as-needed" "-L" "/opt/rustwide/target/debug/deps" "-L" "/opt/rustwide/rustup-home/toolchains/1.75.0-x86_64-unknown-linux-gnu/lib/rustlib/x86_64-unknown-linux-gnu/lib" "-Wl,-Bstatic" "/opt/rustwide/target/debug/deps/libgethostname-f63acad53162c784.rlib" "/opt/rustwide/target/debug/deps/libnix-32af0fc180595edb.rlib" "/opt/rustwide/target/debug/deps/libmemoffset-c7b1b1cc44d01308.rlib" "/opt/rustwide/target/debug/deps/libbitflags-b7cee2ca4fb438d0.rlib" "/opt/rustwide/target/debug/deps/libenv_logger-3362e084104ffe21.rlib" "/opt/rustwide/target/debug/deps/libatty-4bded463f68da596.rlib" "/opt/rustwide/target/debug/deps/libtermcolor-c45be6d4018c8de7.rlib" "/opt/rustwide/target/debug/deps/libhumantime-e2a10e0b2bfa2002.rlib" "/opt/rustwide/target/debug/deps/libregex-6e5d779d5cdb20b7.rlib" "/opt/rustwide/target/debug/deps/libaho_corasick-fec14e281eb19588.rlib" "/opt/rustwide/target/debug/deps/libregex_syntax-37609f52f7ae0307.rlib" "/opt/rustwide/rustup-home/toolchains/1.75.0-x86_64-unknown-linux-gnu/lib/rustlib/x86_64-unknown-linux-gnu/lib/libtest-3df1bed8075ce1de.rlib" "/opt/rustwide/rustup-home/toolchains/1.75.0-x86_64-unknown-linux-gnu/lib/rustlib/x86_64-unknown-linux-gnu/lib/libgetopts-2076fd86b325cb5d.rlib" "/opt/rustwide/rustup-home/toolchains/1.75.0-x86_64-unknown-linux-gnu/lib/rustlib/x86_64-unknown-linux-gnu/lib/libunicode_width-caa7152ee70c190f.rlib" "/opt/rustwide/rustup-home/toolchains/1.75.0-x86_64-unknown-linux-gnu/lib/rustlib/x86_64-unknown-linux-gnu/lib/librustc_std_workspace_std-04e6425e07f02a3c.rlib" "/opt/rustwide/target/debug/deps/libtempfile-33fb01c8a5fac735.rlib" "/opt/rustwide/target/debug/deps/libfastrand-b53203d729799780.rlib" "/opt/rustwide/target/debug/deps/libremove_dir_all-8b88a3ed6f308927.rlib" "/opt/rustwide/target/debug/deps/libdocker_api-95e0092365f4556b.rlib" "/opt/rustwide/target/debug/deps/libbase64-b09bba5046b087ce.rlib" "/opt/rustwide/target/debug/deps/libasynchronous_codec-39c046e456b255c8.rlib" "/opt/rustwide/target/debug/deps/libdocker_api_stubs-9e49ee8d46126227.rlib" "/opt/rustwide/target/debug/deps/libcontainers_api-21a573f233a70973.rlib" "/opt/rustwide/target/debug/deps/libmime-450b243d21db2a61.rlib" "/opt/rustwide/target/debug/deps/libtar-591236602c3c1879.rlib" "/opt/rustwide/target/debug/deps/libxattr-3c657efc6be2a5cf.rlib" "/opt/rustwide/target/debug/deps/libfiletime-3224a88ddeaa7d01.rlib" "/opt/rustwide/target/debug/deps/libflate2-13e2a107f9bc208d.rlib" "/opt/rustwide/target/debug/deps/libminiz_oxide-b9e7209c302d6c74.rlib" "/opt/rustwide/target/debug/deps/libadler-c8f2240c56a0abca.rlib" "/opt/rustwide/target/debug/deps/libcrc32fast-664446237529ebff.rlib" "/opt/rustwide/target/debug/deps/libchrono-756f8501361db07d.rlib" "/opt/rustwide/target/debug/deps/libiana_time_zone-52186f3860fc37b6.rlib" "/opt/rustwide/target/debug/deps/libnum_integer-36ed574e93fbcdb4.rlib" "/opt/rustwide/target/debug/deps/libnum_traits-6de3d77aa3f73440.rlib" "/opt/rustwide/target/debug/deps/libtime-0610d9149f9b2e30.rlib" "/opt/rustwide/target/debug/deps/libthiserror-66a99e60403913c0.rlib" "/opt/rustwide/target/debug/deps/libserde_json-823df714586e9996.rlib" "/opt/rustwide/target/debug/deps/libryu-c770e4eb8410b4e4.rlib" "/opt/rustwide/target/debug/deps/liburl-7de698eaba5316fd.rlib" "/opt/rustwide/target/debug/deps/libidna-c73c19433ac42807.rlib" "/opt/rustwide/target/debug/deps/libunicode_normalization-e1c1be84a555e587.rlib" "/opt/rustwide/target/debug/deps/libtinyvec-cf6c9f6b792a5507.rlib" "/opt/rustwide/target/debug/deps/libtinyvec_macros-b1cb7f53f58c9f87.rlib" "/opt/rustwide/target/debug/deps/libunicode_bidi-cbe1be37fef7c2aa.rlib" "/opt/rustwide/target/debug/deps/libform_urlencoded-e8c43e838ad28fa4.rlib" "/opt/rustwide/target/debug/deps/libpercent_encoding-c39f6500503dd269.rlib" "/opt/rustwide/target/debug/deps/libhyperlocal-c61af148a8fb2d69.rlib" "/opt/rustwide/target/debug/deps/libhex-05644b5497b79c5b.rlib" "/opt/rustwide/target/debug/deps/libpin_project-ddc8118e432396ce.rlib" "/opt/rustwide/target/debug/deps/libserde-7e1c1ef4ec2d4491.rlib" "/opt/rustwide/target/debug/deps/libhyper-2107a14cef0d6359.rlib" "/opt/rustwide/target/debug/deps/libwant-5f88f8e077ad1961.rlib" "/opt/rustwide/target/debug/deps/libtry_lock-51271589248cd7d9.rlib" "/opt/rustwide/target/debug/deps/libhttparse-64f1ffbeda450424.rlib" "/opt/rustwide/target/debug/deps/libtower_service-104d6e83d5ce383d.rlib" "/opt/rustwide/target/debug/deps/libtracing-668659c19909380c.rlib" "/opt/rustwide/target/debug/deps/libtracing_core-298e25f98621a58a.rlib" "/opt/rustwide/target/debug/deps/libonce_cell-a1c572e34ca85e55.rlib" "/opt/rustwide/target/debug/deps/libhttp_body-34a9bf1cf01b39f9.rlib" "/opt/rustwide/target/debug/deps/libtokio-276d1a87c0cd75dd.rlib" "/opt/rustwide/target/debug/deps/libnum_cpus-b5e4d0acee7243a0.rlib" "/opt/rustwide/target/debug/deps/libsocket2-ee895306aa4cb51a.rlib" "/opt/rustwide/target/debug/deps/libmio-a0edf046fc0e86f7.rlib" "/opt/rustwide/target/debug/deps/liblibc-c96cefc0954ad71b.rlib" "/opt/rustwide/target/debug/deps/liblog-d88d404ed4a3e8b9.rlib" "/opt/rustwide/target/debug/deps/libcfg_if-61dc7a6799e72b18.rlib" "/opt/rustwide/target/debug/deps/libhttpdate-07ccb2bff48c32b9.rlib" "/opt/rustwide/target/debug/deps/libhttp-00fab7d826a55fab.rlib" "/opt/rustwide/target/debug/deps/libitoa-a6ef745b0a0d98d5.rlib" "/opt/rustwide/target/debug/deps/libbytes-3fc98b508f6e4a28.rlib" "/opt/rustwide/target/debug/deps/libfnv-18bf5144d055e772.rlib" "/opt/rustwide/target/debug/deps/libfutures_util-897ec10410e66962.rlib" "/opt/rustwide/target/debug/deps/libmemchr-4fdcfd9ddfba30cb.rlib" "/opt/rustwide/target/debug/deps/libfutures_io-344da203d699062f.rlib" "/opt/rustwide/target/debug/deps/libslab-7742106a97732125.rlib" "/opt/rustwide/target/debug/deps/libfutures_channel-2fb1a82d8942cc89.rlib" "/opt/rustwide/target/debug/deps/libpin_project_lite-cead9f5d94689600.rlib" "/opt/rustwide/target/debug/deps/libfutures_sink-b308aa1400486ad0.rlib" "/opt/rustwide/target/debug/deps/libfutures_task-df2b711dcc4c9905.rlib" "/opt/rustwide/target/debug/deps/libpin_utils-741f7d9d160e4a16.rlib" "/opt/rustwide/target/debug/deps/libfutures_core-57408c2c9c4dfc28.rlib" "/opt/rustwide/rustup-home/toolchains/1.75.0-x86_64-unknown-linux-gnu/lib/rustlib/x86_64-unknown-linux-gnu/lib/libstd-90f6ddbf82de36ec.rlib" "/opt/rustwide/rustup-home/toolchains/1.75.0-x86_64-unknown-linux-gnu/lib/rustlib/x86_64-unknown-linux-gnu/lib/libpanic_unwind-480c41e9d4e1f677.rlib" "/opt/rustwide/rustup-home/toolchains/1.75.0-x86_64-unknown-linux-gnu/lib/rustlib/x86_64-unknown-linux-gnu/lib/libobject-db744c0ca03eed1d.rlib" "/opt/rustwide/rustup-home/toolchains/1.75.0-x86_64-unknown-linux-gnu/lib/rustlib/x86_64-unknown-linux-gnu/lib/libmemchr-8ba652dc7d4b285a.rlib" "/opt/rustwide/rustup-home/toolchains/1.75.0-x86_64-unknown-linux-gnu/lib/rustlib/x86_64-unknown-linux-gnu/lib/libaddr2line-d5f4520a9ebc0d58.rlib" "/opt/rustwide/rustup-home/toolchains/1.75.0-x86_64-unknown-linux-gnu/lib/rustlib/x86_64-unknown-linux-gnu/lib/libgimli-4ad84de58f0cb463.rlib" "/opt/rustwide/rustup-home/toolchains/1.75.0-x86_64-unknown-linux-gnu/lib/rustlib/x86_64-unknown-linux-gnu/lib/librustc_demangle-0d10aae2e0f38735.rlib" "/opt/rustwide/rustup-home/toolchains/1.75.0-x86_64-unknown-linux-gnu/lib/rustlib/x86_64-unknown-linux-gnu/lib/libstd_detect-0c17cff739e6745b.rlib" "/opt/rustwide/rustup-home/toolchains/1.75.0-x86_64-unknown-linux-gnu/lib/rustlib/x86_64-unknown-linux-gnu/lib/libhashbrown-b29e17139dde1aa8.rlib" "/opt/rustwide/rustup-home/toolchains/1.75.0-x86_64-unknown-linux-gnu/lib/rustlib/x86_64-unknown-linux-gnu/lib/librustc_std_workspace_alloc-1f975299829cc7bd.rlib" "/opt/rustwide/rustup-home/toolchains/1.75.0-x86_64-unknown-linux-gnu/lib/rustlib/x86_64-unknown-linux-gnu/lib/libminiz_oxide-86bae3bc3079f89b.rlib" "/opt/rustwide/rustup-home/toolchains/1.75.0-x86_64-unknown-linux-gnu/lib/rustlib/x86_64-unknown-linux-gnu/lib/libadler-321b82c30dffdf5f.rlib" "/opt/rustwide/rustup-home/toolchains/1.75.0-x86_64-unknown-linux-gnu/lib/rustlib/x86_64-unknown-linux-gnu/lib/libunwind-3dd8a6810a0bdfef.rlib" "/opt/rustwide/rustup-home/toolchains/1.75.0-x86_64-unknown-linux-gnu/lib/rustlib/x86_64-unknown-linux-gnu/lib/libcfg_if-eb39a61c0c879984.rlib" "/opt/rustwide/rustup-home/toolchains/1.75.0-x86_64-unknown-linux-gnu/lib/rustlib/x86_64-unknown-linux-gnu/lib/liblibc-aa769569f91c3548.rlib" "/opt/rustwide/rustup-home/toolchains/1.75.0-x86_64-unknown-linux-gnu/lib/rustlib/x86_64-unknown-linux-gnu/lib/liballoc-510a192a50a983ed.rlib" "/opt/rustwide/rustup-home/toolchains/1.75.0-x86_64-unknown-linux-gnu/lib/rustlib/x86_64-unknown-linux-gnu/lib/librustc_std_workspace_core-0577018320f99037.rlib" "/opt/rustwide/rustup-home/toolchains/1.75.0-x86_64-unknown-linux-gnu/lib/rustlib/x86_64-unknown-linux-gnu/lib/libcore-193cf992125ccd4c.rlib" "/opt/rustwide/rustup-home/toolchains/1.75.0-x86_64-unknown-linux-gnu/lib/rustlib/x86_64-unknown-linux-gnu/lib/libcompiler_builtins-8e138eaf26ebb4a8.rlib" "-Wl,-Bdynamic" "-lgcc_s" "-lutil" "-lrt" "-lpthread" "-lm" "-ldl" "-lc" "-Wl,--eh-frame-hdr" "-Wl,-z,noexecstack" "-L" "/opt/rustwide/rustup-home/toolchains/1.75.0-x86_64-unknown-linux-gnu/lib/rustlib/x86_64-unknown-linux-gnu/lib" "-o" "/opt/rustwide/target/debug/deps/docker_tests-192edea7e15fdc89" "-Wl,--gc-sections" "-pie" "-Wl,-z,relro,-z,now" "-nodefaultlibs"
[INFO] [stdout]   = note: collect2: fatal error: ld terminated with signal 9 [Killed]
[INFO] [stdout]           compilation terminated.
[INFO] [stdout]           
[INFO] [stdout] 
[INFO] [stdout] 
[INFO] [stdout] error: aborting due to previous error; 2 warnings emitted
[INFO] [stdout] 
[INFO] [stdout] 
[INFO] [stderr] error: could not compile `docker-api` (test "docker_tests") due to 2 previous errors; 2 warnings emitted
[INFO] [stdout] error: linking with `cc` failed: exit status: 1
[INFO] [stdout]   |
[INFO] [stdout]   = note: LC_ALL="C" PATH="/opt/rustwide/rustup-home/toolchains/1.75.0-x86_64-unknown-linux-gnu/lib/rustlib/x86_64-unknown-linux-gnu/bin:/opt/rustwide/cargo-home/bin:/usr/local/sbin:/usr/local/bin:/usr/sbin:/usr/bin:/sbin:/bin" VSLANG="1033" "cc" "-m64" "/tmp/rustc67gCeA/symbols.o" "/opt/rustwide/target/debug/examples/volume-22185e75a80b89a3.volume.76be9bd9d87ca891-cgu.00.rcgu.o" "/opt/rustwide/target/debug/examples/volume-22185e75a80b89a3.volume.76be9bd9d87ca891-cgu.01.rcgu.o" "/opt/rustwide/target/debug/examples/volume-22185e75a80b89a3.volume.76be9bd9d87ca891-cgu.02.rcgu.o" "/opt/rustwide/target/debug/examples/volume-22185e75a80b89a3.volume.76be9bd9d87ca891-cgu.03.rcgu.o" "/opt/rustwide/target/debug/examples/volume-22185e75a80b89a3.volume.76be9bd9d87ca891-cgu.04.rcgu.o" "/opt/rustwide/target/debug/examples/volume-22185e75a80b89a3.volume.76be9bd9d87ca891-cgu.05.rcgu.o" "/opt/rustwide/target/debug/examples/volume-22185e75a80b89a3.volume.76be9bd9d87ca891-cgu.06.rcgu.o" "/opt/rustwide/target/debug/examples/volume-22185e75a80b89a3.volume.76be9bd9d87ca891-cgu.07.rcgu.o" "/opt/rustwide/target/debug/examples/volume-22185e75a80b89a3.volume.76be9bd9d87ca891-cgu.08.rcgu.o" "/opt/rustwide/target/debug/examples/volume-22185e75a80b89a3.volume.76be9bd9d87ca891-cgu.09.rcgu.o" "/opt/rustwide/target/debug/examples/volume-22185e75a80b89a3.volume.76be9bd9d87ca891-cgu.10.rcgu.o" "/opt/rustwide/target/debug/examples/volume-22185e75a80b89a3.volume.76be9bd9d87ca891-cgu.11.rcgu.o" "/opt/rustwide/target/debug/examples/volume-22185e75a80b89a3.volume.76be9bd9d87ca891-cgu.12.rcgu.o" "/opt/rustwide/target/debug/examples/volume-22185e75a80b89a3.volume.76be9bd9d87ca891-cgu.13.rcgu.o" "/opt/rustwide/target/debug/examples/volume-22185e75a80b89a3.volume.76be9bd9d87ca891-cgu.14.rcgu.o" "/opt/rustwide/target/debug/examples/volume-22185e75a80b89a3.volume.76be9bd9d87ca891-cgu.15.rcgu.o" "/opt/rustwide/target/debug/examples/volume-22185e75a80b89a3.4995i8d85pv0k5uz.rcgu.o" "-Wl,--as-needed" "-L" "/opt/rustwide/target/debug/deps" "-L" "/opt/rustwide/rustup-home/toolchains/1.75.0-x86_64-unknown-linux-gnu/lib/rustlib/x86_64-unknown-linux-gnu/lib" "-Wl,-Bstatic" "/opt/rustwide/target/debug/deps/libenv_logger-3362e084104ffe21.rlib" "/opt/rustwide/target/debug/deps/libatty-4bded463f68da596.rlib" "/opt/rustwide/target/debug/deps/libhumantime-e2a10e0b2bfa2002.rlib" "/opt/rustwide/target/debug/deps/libregex-6e5d779d5cdb20b7.rlib" "/opt/rustwide/target/debug/deps/libaho_corasick-fec14e281eb19588.rlib" "/opt/rustwide/target/debug/deps/libregex_syntax-37609f52f7ae0307.rlib" "/opt/rustwide/target/debug/deps/libclap-7550d942d376932d.rlib" "/opt/rustwide/target/debug/deps/libstrsim-dec2701ee913c7f9.rlib" "/opt/rustwide/target/debug/deps/libis_terminal-422f4279a2d1a621.rlib" "/opt/rustwide/target/debug/deps/librustix-93985ce24c615a14.rlib" "/opt/rustwide/target/debug/deps/liblinux_raw_sys-6c69fc13c9aacd1b.rlib" "/opt/rustwide/target/debug/deps/libio_lifetimes-e082e34ff207fc5a.rlib" "/opt/rustwide/target/debug/deps/libclap_lex-386ec7a7f5ff3012.rlib" "/opt/rustwide/target/debug/deps/libos_str_bytes-2f1fb86699886406.rlib" "/opt/rustwide/target/debug/deps/libtermcolor-c45be6d4018c8de7.rlib" "/opt/rustwide/target/debug/deps/libbitflags-b7cee2ca4fb438d0.rlib" "/opt/rustwide/target/debug/deps/libdocker_api-95e0092365f4556b.rlib" "/opt/rustwide/target/debug/deps/libbase64-b09bba5046b087ce.rlib" "/opt/rustwide/target/debug/deps/libasynchronous_codec-39c046e456b255c8.rlib" "/opt/rustwide/target/debug/deps/libdocker_api_stubs-9e49ee8d46126227.rlib" "/opt/rustwide/target/debug/deps/libcontainers_api-21a573f233a70973.rlib" "/opt/rustwide/target/debug/deps/libmime-450b243d21db2a61.rlib" "/opt/rustwide/target/debug/deps/libtar-591236602c3c1879.rlib" "/opt/rustwide/target/debug/deps/libxattr-3c657efc6be2a5cf.rlib" "/opt/rustwide/target/debug/deps/libfiletime-3224a88ddeaa7d01.rlib" "/opt/rustwide/target/debug/deps/libflate2-13e2a107f9bc208d.rlib" "/opt/rustwide/target/debug/deps/libminiz_oxide-b9e7209c302d6c74.rlib" "/opt/rustwide/target/debug/deps/libadler-c8f2240c56a0abca.rlib" "/opt/rustwide/target/debug/deps/libcrc32fast-664446237529ebff.rlib" "/opt/rustwide/target/debug/deps/libchrono-756f8501361db07d.rlib" "/opt/rustwide/target/debug/deps/libiana_time_zone-52186f3860fc37b6.rlib" "/opt/rustwide/target/debug/deps/libnum_integer-36ed574e93fbcdb4.rlib" "/opt/rustwide/target/debug/deps/libnum_traits-6de3d77aa3f73440.rlib" "/opt/rustwide/target/debug/deps/libtime-0610d9149f9b2e30.rlib" "/opt/rustwide/target/debug/deps/libthiserror-66a99e60403913c0.rlib" "/opt/rustwide/target/debug/deps/libserde_json-823df714586e9996.rlib" "/opt/rustwide/target/debug/deps/libryu-c770e4eb8410b4e4.rlib" "/opt/rustwide/target/debug/deps/liburl-7de698eaba5316fd.rlib" "/opt/rustwide/target/debug/deps/libidna-c73c19433ac42807.rlib" "/opt/rustwide/target/debug/deps/libunicode_normalization-e1c1be84a555e587.rlib" "/opt/rustwide/target/debug/deps/libtinyvec-cf6c9f6b792a5507.rlib" "/opt/rustwide/target/debug/deps/libtinyvec_macros-b1cb7f53f58c9f87.rlib" "/opt/rustwide/target/debug/deps/libunicode_bidi-cbe1be37fef7c2aa.rlib" "/opt/rustwide/target/debug/deps/libform_urlencoded-e8c43e838ad28fa4.rlib" "/opt/rustwide/target/debug/deps/libpercent_encoding-c39f6500503dd269.rlib" "/opt/rustwide/target/debug/deps/libhyperlocal-c61af148a8fb2d69.rlib" "/opt/rustwide/target/debug/deps/libhex-05644b5497b79c5b.rlib" "/opt/rustwide/target/debug/deps/libpin_project-ddc8118e432396ce.rlib" "/opt/rustwide/target/debug/deps/libserde-7e1c1ef4ec2d4491.rlib" "/opt/rustwide/target/debug/deps/libhyper-2107a14cef0d6359.rlib" "/opt/rustwide/target/debug/deps/libwant-5f88f8e077ad1961.rlib" "/opt/rustwide/target/debug/deps/libtry_lock-51271589248cd7d9.rlib" "/opt/rustwide/target/debug/deps/libhttparse-64f1ffbeda450424.rlib" "/opt/rustwide/target/debug/deps/libtower_service-104d6e83d5ce383d.rlib" "/opt/rustwide/target/debug/deps/libtracing-668659c19909380c.rlib" "/opt/rustwide/target/debug/deps/libtracing_core-298e25f98621a58a.rlib" "/opt/rustwide/target/debug/deps/libonce_cell-a1c572e34ca85e55.rlib" "/opt/rustwide/target/debug/deps/libhttp_body-34a9bf1cf01b39f9.rlib" "/opt/rustwide/target/debug/deps/libtokio-276d1a87c0cd75dd.rlib" "/opt/rustwide/target/debug/deps/libnum_cpus-b5e4d0acee7243a0.rlib" "/opt/rustwide/target/debug/deps/libsocket2-ee895306aa4cb51a.rlib" "/opt/rustwide/target/debug/deps/libmio-a0edf046fc0e86f7.rlib" "/opt/rustwide/target/debug/deps/liblibc-c96cefc0954ad71b.rlib" "/opt/rustwide/target/debug/deps/liblog-d88d404ed4a3e8b9.rlib" "/opt/rustwide/target/debug/deps/libcfg_if-61dc7a6799e72b18.rlib" "/opt/rustwide/target/debug/deps/libhttpdate-07ccb2bff48c32b9.rlib" "/opt/rustwide/target/debug/deps/libhttp-00fab7d826a55fab.rlib" "/opt/rustwide/target/debug/deps/libitoa-a6ef745b0a0d98d5.rlib" "/opt/rustwide/target/debug/deps/libbytes-3fc98b508f6e4a28.rlib" "/opt/rustwide/target/debug/deps/libfnv-18bf5144d055e772.rlib" "/opt/rustwide/target/debug/deps/libfutures_util-897ec10410e66962.rlib" "/opt/rustwide/target/debug/deps/libmemchr-4fdcfd9ddfba30cb.rlib" "/opt/rustwide/target/debug/deps/libfutures_io-344da203d699062f.rlib" "/opt/rustwide/target/debug/deps/libslab-7742106a97732125.rlib" "/opt/rustwide/target/debug/deps/libfutures_channel-2fb1a82d8942cc89.rlib" "/opt/rustwide/target/debug/deps/libpin_project_lite-cead9f5d94689600.rlib" "/opt/rustwide/target/debug/deps/libfutures_sink-b308aa1400486ad0.rlib" "/opt/rustwide/target/debug/deps/libfutures_task-df2b711dcc4c9905.rlib" "/opt/rustwide/target/debug/deps/libpin_utils-741f7d9d160e4a16.rlib" "/opt/rustwide/target/debug/deps/libfutures_core-57408c2c9c4dfc28.rlib" "/opt/rustwide/rustup-home/toolchains/1.75.0-x86_64-unknown-linux-gnu/lib/rustlib/x86_64-unknown-linux-gnu/lib/libstd-90f6ddbf82de36ec.rlib" "/opt/rustwide/rustup-home/toolchains/1.75.0-x86_64-unknown-linux-gnu/lib/rustlib/x86_64-unknown-linux-gnu/lib/libpanic_unwind-480c41e9d4e1f677.rlib" "/opt/rustwide/rustup-home/toolchains/1.75.0-x86_64-unknown-linux-gnu/lib/rustlib/x86_64-unknown-linux-gnu/lib/libobject-db744c0ca03eed1d.rlib" "/opt/rustwide/rustup-home/toolchains/1.75.0-x86_64-unknown-linux-gnu/lib/rustlib/x86_64-unknown-linux-gnu/lib/libmemchr-8ba652dc7d4b285a.rlib" "/opt/rustwide/rustup-home/toolchains/1.75.0-x86_64-unknown-linux-gnu/lib/rustlib/x86_64-unknown-linux-gnu/lib/libaddr2line-d5f4520a9ebc0d58.rlib" "/opt/rustwide/rustup-home/toolchains/1.75.0-x86_64-unknown-linux-gnu/lib/rustlib/x86_64-unknown-linux-gnu/lib/libgimli-4ad84de58f0cb463.rlib" "/opt/rustwide/rustup-home/toolchains/1.75.0-x86_64-unknown-linux-gnu/lib/rustlib/x86_64-unknown-linux-gnu/lib/librustc_demangle-0d10aae2e0f38735.rlib" "/opt/rustwide/rustup-home/toolchains/1.75.0-x86_64-unknown-linux-gnu/lib/rustlib/x86_64-unknown-linux-gnu/lib/libstd_detect-0c17cff739e6745b.rlib" "/opt/rustwide/rustup-home/toolchains/1.75.0-x86_64-unknown-linux-gnu/lib/rustlib/x86_64-unknown-linux-gnu/lib/libhashbrown-b29e17139dde1aa8.rlib" "/opt/rustwide/rustup-home/toolchains/1.75.0-x86_64-unknown-linux-gnu/lib/rustlib/x86_64-unknown-linux-gnu/lib/librustc_std_workspace_alloc-1f975299829cc7bd.rlib" "/opt/rustwide/rustup-home/toolchains/1.75.0-x86_64-unknown-linux-gnu/lib/rustlib/x86_64-unknown-linux-gnu/lib/libminiz_oxide-86bae3bc3079f89b.rlib" "/opt/rustwide/rustup-home/toolchains/1.75.0-x86_64-unknown-linux-gnu/lib/rustlib/x86_64-unknown-linux-gnu/lib/libadler-321b82c30dffdf5f.rlib" "/opt/rustwide/rustup-home/toolchains/1.75.0-x86_64-unknown-linux-gnu/lib/rustlib/x86_64-unknown-linux-gnu/lib/libunwind-3dd8a6810a0bdfef.rlib" "/opt/rustwide/rustup-home/toolchains/1.75.0-x86_64-unknown-linux-gnu/lib/rustlib/x86_64-unknown-linux-gnu/lib/libcfg_if-eb39a61c0c879984.rlib" "/opt/rustwide/rustup-home/toolchains/1.75.0-x86_64-unknown-linux-gnu/lib/rustlib/x86_64-unknown-linux-gnu/lib/liblibc-aa769569f91c3548.rlib" "/opt/rustwide/rustup-home/toolchains/1.75.0-x86_64-unknown-linux-gnu/lib/rustlib/x86_64-unknown-linux-gnu/lib/liballoc-510a192a50a983ed.rlib" "/opt/rustwide/rustup-home/toolchains/1.75.0-x86_64-unknown-linux-gnu/lib/rustlib/x86_64-unknown-linux-gnu/lib/librustc_std_workspace_core-0577018320f99037.rlib" "/opt/rustwide/rustup-home/toolchains/1.75.0-x86_64-unknown-linux-gnu/lib/rustlib/x86_64-unknown-linux-gnu/lib/libcore-193cf992125ccd4c.rlib" "/opt/rustwide/rustup-home/toolchains/1.75.0-x86_64-unknown-linux-gnu/lib/rustlib/x86_64-unknown-linux-gnu/lib/libcompiler_builtins-8e138eaf26ebb4a8.rlib" "-Wl,-Bdynamic" "-lgcc_s" "-lutil" "-lrt" "-lpthread" "-lm" "-ldl" "-lc" "-Wl,--eh-frame-hdr" "-Wl,-z,noexecstack" "-L" "/opt/rustwide/rustup-home/toolchains/1.75.0-x86_64-unknown-linux-gnu/lib/rustlib/x86_64-unknown-linux-gnu/lib" "-o" "/opt/rustwide/target/debug/examples/volume-22185e75a80b89a3" "-Wl,--gc-sections" "-pie" "-Wl,-z,relro,-z,now" "-nodefaultlibs"
[INFO] [stdout]   = note: collect2: fatal error: ld terminated with signal 9 [Killed]
[INFO] [stdout]           compilation terminated.
[INFO] [stdout]           
[INFO] [stdout] 
[INFO] [stdout] 
[INFO] [stdout] error: aborting due to previous error
[INFO] [stdout] 
[INFO] [stdout] 
[INFO] [stderr] error: could not compile `docker-api` (example "volume") due to 2 previous errors
[INFO] [stdout] warning: 1 warning emitted
[INFO] [stdout] 
[INFO] [stdout] 
[INFO] running `Command { std: "docker" "inspect" "4bed845a31bb6f65d9cc38eeca6aa0f0b97d631591495f2a96f13697436cf94b", kill_on_drop: false }`
[INFO] running `Command { std: "docker" "rm" "-f" "4bed845a31bb6f65d9cc38eeca6aa0f0b97d631591495f2a96f13697436cf94b", kill_on_drop: false }`
[INFO] [stdout] 4bed845a31bb6f65d9cc38eeca6aa0f0b97d631591495f2a96f13697436cf94b
