[INFO] fetching crate do-with-in-internal-macros 0.1.2...
[INFO] testing do-with-in-internal-macros-0.1.2 against 1.75.0 for beta-1.76-1
[INFO] extracting crate do-with-in-internal-macros 0.1.2 into /workspace/builds/worker-5-tc1/source
[INFO] validating manifest of crates.io crate do-with-in-internal-macros 0.1.2 on toolchain 1.75.0
[INFO] running `Command { std: CARGO_HOME="/workspace/cargo-home" RUSTUP_HOME="/workspace/rustup-home" "/workspace/cargo-home/bin/cargo" "+1.75.0" "metadata" "--manifest-path" "Cargo.toml" "--no-deps", kill_on_drop: false }`
[INFO] started tweaking crates.io crate do-with-in-internal-macros 0.1.2
[INFO] finished tweaking crates.io crate do-with-in-internal-macros 0.1.2
[INFO] tweaked toml for crates.io crate do-with-in-internal-macros 0.1.2 written to /workspace/builds/worker-5-tc1/source/Cargo.toml
[INFO] running `Command { std: CARGO_HOME="/workspace/cargo-home" RUSTUP_HOME="/workspace/rustup-home" "/workspace/cargo-home/bin/cargo" "+1.75.0" "generate-lockfile" "--manifest-path" "Cargo.toml", kill_on_drop: false }`
[INFO] [stderr]     Updating crates.io index
[INFO] running `Command { std: CARGO_HOME="/workspace/cargo-home" RUSTUP_HOME="/workspace/rustup-home" "/workspace/cargo-home/bin/cargo" "+1.75.0" "fetch" "--manifest-path" "Cargo.toml", kill_on_drop: false }`
[INFO] [stderr]  Downloading crates ...
[INFO] [stderr]   Downloaded do-with-in-base v0.1.2
[INFO] running `Command { std: "docker" "create" "-v" "/var/lib/crater-agent-workspace/builds/worker-5-tc1/target:/opt/rustwide/target:rw,Z" "-v" "/var/lib/crater-agent-workspace/builds/worker-5-tc1/source:/opt/rustwide/workdir:ro,Z" "-v" "/var/lib/crater-agent-workspace/cargo-home:/opt/rustwide/cargo-home:ro,Z" "-v" "/var/lib/crater-agent-workspace/rustup-home:/opt/rustwide/rustup-home:ro,Z" "-e" "SOURCE_DIR=/opt/rustwide/workdir" "-e" "CARGO_TARGET_DIR=/opt/rustwide/target" "-e" "CARGO_HOME=/opt/rustwide/cargo-home" "-e" "RUSTUP_HOME=/opt/rustwide/rustup-home" "-w" "/opt/rustwide/workdir" "-m" "1610612736" "--user" "0:0" "--network" "none" "ghcr.io/rust-lang/crates-build-env/linux@sha256:2788e3201cd34a07e3172128adcd8b3090168a8e3bcc40d7c032b9dda1df7d1c" "/opt/rustwide/cargo-home/bin/cargo" "+1.75.0" "metadata" "--no-deps" "--format-version=1", kill_on_drop: false }`
[INFO] [stdout] c8488fc4733ea9560c70f083be73db8989ce7a22932fc4fafa2f6f8250a442b8
[INFO] running `Command { std: "docker" "start" "-a" "c8488fc4733ea9560c70f083be73db8989ce7a22932fc4fafa2f6f8250a442b8", kill_on_drop: false }`
[INFO] running `Command { std: "docker" "inspect" "c8488fc4733ea9560c70f083be73db8989ce7a22932fc4fafa2f6f8250a442b8", kill_on_drop: false }`
[INFO] running `Command { std: "docker" "rm" "-f" "c8488fc4733ea9560c70f083be73db8989ce7a22932fc4fafa2f6f8250a442b8", kill_on_drop: false }`
[INFO] [stdout] c8488fc4733ea9560c70f083be73db8989ce7a22932fc4fafa2f6f8250a442b8
[INFO] running `Command { std: "docker" "create" "-v" "/var/lib/crater-agent-workspace/builds/worker-5-tc1/target:/opt/rustwide/target:rw,Z" "-v" "/var/lib/crater-agent-workspace/builds/worker-5-tc1/source:/opt/rustwide/workdir:ro,Z" "-v" "/var/lib/crater-agent-workspace/cargo-home:/opt/rustwide/cargo-home:ro,Z" "-v" "/var/lib/crater-agent-workspace/rustup-home:/opt/rustwide/rustup-home:ro,Z" "-e" "SOURCE_DIR=/opt/rustwide/workdir" "-e" "CARGO_TARGET_DIR=/opt/rustwide/target" "-e" "CARGO_INCREMENTAL=0" "-e" "RUST_BACKTRACE=full" "-e" "RUSTFLAGS=--cap-lints=warn" "-e" "RUSTDOCFLAGS=--cap-lints=warn" "-e" "CARGO_HOME=/opt/rustwide/cargo-home" "-e" "RUSTUP_HOME=/opt/rustwide/rustup-home" "-w" "/opt/rustwide/workdir" "-m" "1610612736" "--user" "0:0" "--network" "none" "ghcr.io/rust-lang/crates-build-env/linux@sha256:2788e3201cd34a07e3172128adcd8b3090168a8e3bcc40d7c032b9dda1df7d1c" "/opt/rustwide/cargo-home/bin/cargo" "+1.75.0" "build" "--frozen" "--message-format=json", kill_on_drop: false }`
[INFO] [stdout] 06b26c2999bf3b238be3438d8d7ebb247383a5ab2febea69cc2b6f4a49f06581
[INFO] running `Command { std: "docker" "start" "-a" "06b26c2999bf3b238be3438d8d7ebb247383a5ab2febea69cc2b6f4a49f06581", kill_on_drop: false }`
[INFO] [stderr]    Compiling bimap v0.6.3
[INFO] [stderr]    Compiling syn v2.0.48
[INFO] [stderr]    Compiling do-with-in-base v0.1.2
[INFO] [stderr]    Compiling do-with-in-internal-macros v0.1.2 (/opt/rustwide/workdir)
[INFO] [stdout] warning: unused `#[macro_use]` import
[INFO] [stdout]  --> src/lib.rs:3:1
[INFO] [stdout]   |
[INFO] [stdout] 3 | #[macro_use] extern crate quote;
[INFO] [stdout]   | ^^^^^^^^^^^^
[INFO] [stdout]   |
[INFO] [stdout]   = note: `#[warn(unused_imports)]` on by default
[INFO] [stdout] 
[INFO] [stdout] 
[INFO] [stdout] warning: unused import: `TokenTree`
[INFO] [stdout]  --> src/lib.rs:6:31
[INFO] [stdout]   |
[INFO] [stdout] 6 | use proc_macro::{TokenStream, TokenTree};
[INFO] [stdout]   |                               ^^^^^^^^^
[INFO] [stdout] 
[INFO] [stdout] 
[INFO] [stdout] warning: unused import: `quote::ToTokens`
[INFO] [stdout]   --> src/lib.rs:10:5
[INFO] [stdout]    |
[INFO] [stdout] 10 | use quote::ToTokens;
[INFO] [stdout]    |     ^^^^^^^^^^^^^^^
[INFO] [stdout] 
[INFO] [stdout] 
[INFO] [stdout] warning: unused imports: `Attribute`, `PathSegment`, `Token`, `parse`
[INFO] [stdout]   --> src/lib.rs:11:11
[INFO] [stdout]    |
[INFO] [stdout] 11 | use syn::{parse, Attribute, PathSegment, Result, Token};
[INFO] [stdout]    |           ^^^^^  ^^^^^^^^^  ^^^^^^^^^^^          ^^^^^
[INFO] [stdout] 
[INFO] [stdout] 
[INFO] [stdout] warning: unused imports: `Parser`, `Peek`
[INFO] [stdout]   --> src/lib.rs:12:38
[INFO] [stdout]    |
[INFO] [stdout] 12 | use syn::parse::{Parse, ParseStream, Parser, Peek};
[INFO] [stdout]    |                                      ^^^^^^  ^^^^
[INFO] [stdout] 
[INFO] [stdout] 
[INFO] [stdout] warning: unused import: `syn::spanned::Spanned`
[INFO] [stdout]   --> src/lib.rs:13:5
[INFO] [stdout]    |
[INFO] [stdout] 13 | use syn::spanned::Spanned;
[INFO] [stdout]    |     ^^^^^^^^^^^^^^^^^^^^^
[INFO] [stdout] 
[INFO] [stdout] 
[INFO] [stdout] warning: unused imports: `Expr`, `Ident`, `Type`, `Visibility`
[INFO] [stdout]   --> src/lib.rs:14:11
[INFO] [stdout]    |
[INFO] [stdout] 14 | use syn::{Expr, Ident, Type, Visibility};
[INFO] [stdout]    |           ^^^^  ^^^^^  ^^^^  ^^^^^^^^^^
[INFO] [stdout] 
[INFO] [stdout] 
[INFO] [stdout] warning: unused import: `syn::punctuated::Punctuated`
[INFO] [stdout]   --> src/lib.rs:15:5
[INFO] [stdout]    |
[INFO] [stdout] 15 | use syn::punctuated::Punctuated;
[INFO] [stdout]    |     ^^^^^^^^^^^^^^^^^^^^^^^^^^^
[INFO] [stdout] 
[INFO] [stdout] 
[INFO] [stdout] warning: unused import: `syn::parenthesized`
[INFO] [stdout]   --> src/lib.rs:16:5
[INFO] [stdout]    |
[INFO] [stdout] 16 | use syn::parenthesized;
[INFO] [stdout]    |     ^^^^^^^^^^^^^^^^^^
[INFO] [stdout] 
[INFO] [stdout] 
[INFO] [stdout] warning: unused import: `syn::token::Token`
[INFO] [stdout]   --> src/lib.rs:17:5
[INFO] [stdout]    |
[INFO] [stdout] 17 | use syn::token::Token;
[INFO] [stdout]    |     ^^^^^^^^^^^^^^^^^
[INFO] [stdout] 
[INFO] [stdout] 
[INFO] [stdout] warning: unused import: `syn::buffer::Cursor`
[INFO] [stdout]   --> src/lib.rs:18:5
[INFO] [stdout]    |
[INFO] [stdout] 18 | use syn::buffer::Cursor;
[INFO] [stdout]    |     ^^^^^^^^^^^^^^^^^^^
[INFO] [stdout] 
[INFO] [stdout] 
[INFO] [stdout] warning: unused import: `std::marker::PhantomData`
[INFO] [stdout]   --> src/lib.rs:20:5
[INFO] [stdout]    |
[INFO] [stdout] 20 | use std::marker::PhantomData;
[INFO] [stdout]    |     ^^^^^^^^^^^^^^^^^^^^^^^^
[INFO] [stdout] 
[INFO] [stdout] 
[INFO] [stdout] warning: unused import: `std::collections::HashMap`
[INFO] [stdout]   --> src/lib.rs:22:5
[INFO] [stdout]    |
[INFO] [stdout] 22 | use std::collections::HashMap;
[INFO] [stdout]    |     ^^^^^^^^^^^^^^^^^^^^^^^^^
[INFO] [stdout] 
[INFO] [stdout] 
[INFO] [stdout] warning: unused import: `std::fmt::format`
[INFO] [stdout]   --> src/lib.rs:23:5
[INFO] [stdout]    |
[INFO] [stdout] 23 | use std::fmt::format;
[INFO] [stdout]    |     ^^^^^^^^^^^^^^^^
[INFO] [stdout] 
[INFO] [stdout] 
[INFO] [stdout] warning: unused variable: `has_prelude`
[INFO] [stdout]    --> src/lib.rs:130:11
[INFO] [stdout]     |
[INFO] [stdout] 130 |   let mut has_prelude = true;
[INFO] [stdout]     |           ^^^^^^^^^^^ help: if this is intentional, prefix it with an underscore: `_has_prelude`
[INFO] [stdout]     |
[INFO] [stdout]     = note: `#[warn(unused_variables)]` on by default
[INFO] [stdout] 
[INFO] [stdout] 
[INFO] [stdout] warning: unused variable: `postlude_marker`
[INFO] [stdout]    --> src/lib.rs:131:11
[INFO] [stdout]     |
[INFO] [stdout] 131 |   let mut postlude_marker = quote!{DoMarker};
[INFO] [stdout]     |           ^^^^^^^^^^^^^^^ help: if this is intentional, prefix it with an underscore: `_postlude_marker`
[INFO] [stdout] 
[INFO] [stdout] 
[INFO] [stdout] warning: unused variable: `sigil`
[INFO] [stdout]    --> src/lib.rs:134:11
[INFO] [stdout]     |
[INFO] [stdout] 134 |   let mut sigil = default_sigil.clone();
[INFO] [stdout]     |           ^^^^^ help: if this is intentional, prefix it with an underscore: `_sigil`
[INFO] [stdout] 
[INFO] [stdout] 
[INFO] [stdout] warning: unused variable: `a`
[INFO] [stdout]    --> src/lib.rs:135:7
[INFO] [stdout]     |
[INFO] [stdout] 135 |   let a: TokenStream2 = attr.into();
[INFO] [stdout]     |       ^ help: if this is intentional, prefix it with an underscore: `_a`
[INFO] [stdout] 
[INFO] [stdout] 
[INFO] [stdout] warning: variable does not need to be mutable
[INFO] [stdout]    --> src/lib.rs:130:7
[INFO] [stdout]     |
[INFO] [stdout] 130 |   let mut has_prelude = true;
[INFO] [stdout]     |       ----^^^^^^^^^^^
[INFO] [stdout]     |       |
[INFO] [stdout]     |       help: remove this `mut`
[INFO] [stdout]     |
[INFO] [stdout]     = note: `#[warn(unused_mut)]` on by default
[INFO] [stdout] 
[INFO] [stdout] 
[INFO] [stdout] warning: variable does not need to be mutable
[INFO] [stdout]    --> src/lib.rs:131:7
[INFO] [stdout]     |
[INFO] [stdout] 131 |   let mut postlude_marker = quote!{DoMarker};
[INFO] [stdout]     |       ----^^^^^^^^^^^^^^^
[INFO] [stdout]     |       |
[INFO] [stdout]     |       help: remove this `mut`
[INFO] [stdout] 
[INFO] [stdout] 
[INFO] [stdout] warning: variable does not need to be mutable
[INFO] [stdout]    --> src/lib.rs:133:7
[INFO] [stdout]     |
[INFO] [stdout] 133 |   let mut default_sigil = default_default.clone();
[INFO] [stdout]     |       ----^^^^^^^^^^^^^
[INFO] [stdout]     |       |
[INFO] [stdout]     |       help: remove this `mut`
[INFO] [stdout] 
[INFO] [stdout] 
[INFO] [stdout] warning: variable does not need to be mutable
[INFO] [stdout]    --> src/lib.rs:134:7
[INFO] [stdout]     |
[INFO] [stdout] 134 |   let mut sigil = default_sigil.clone();
[INFO] [stdout]     |       ----^^^^^
[INFO] [stdout]     |       |
[INFO] [stdout]     |       help: remove this `mut`
[INFO] [stdout] 
[INFO] [stdout] 
[INFO] [stdout] warning: field `fat` is never read
[INFO] [stdout]   --> src/lib.rs:28:3
[INFO] [stdout]    |
[INFO] [stdout] 27 | struct Fatuous {
[INFO] [stdout]    |        ------- field in this struct
[INFO] [stdout] 28 |   fat: TokenStream,
[INFO] [stdout]    |   ^^^
[INFO] [stdout]    |
[INFO] [stdout]    = note: `#[warn(dead_code)]` on by default
[INFO] [stdout] 
[INFO] [stdout] 
[INFO] [stdout] warning: unused `Result` that must be used
[INFO] [stdout]   --> src/lib.rs:34:5
[INFO] [stdout]    |
[INFO] [stdout] 34 | /     input.step(|cursor| {
[INFO] [stdout] 35 | |       let mut rest = *cursor;
[INFO] [stdout] 36 | |       while let Some((tt, next)) = rest.token_tree() {
[INFO] [stdout] 37 | |         fat.extend(TokenStream2::from(tt).into_iter());
[INFO] [stdout] ...  |
[INFO] [stdout] 40 | |       Ok(((), rest))
[INFO] [stdout] 41 | |     });
[INFO] [stdout]    | |______^
[INFO] [stdout]    |
[INFO] [stdout]    = note: this `Result` may be an `Err` variant, which should be handled
[INFO] [stdout]    = note: `#[warn(unused_must_use)]` on by default
[INFO] [stdout] help: use `let _ = ...` to ignore the resulting value
[INFO] [stdout]    |
[INFO] [stdout] 34 |     let _ = input.step(|cursor| {
[INFO] [stdout]    |     +++++++
[INFO] [stdout] 
[INFO] [stdout] 
[INFO] [stdout] warning: 24 warnings emitted
[INFO] [stdout] 
[INFO] [stdout] 
[INFO] [stderr]     Finished dev [unoptimized + debuginfo] target(s) in 5.91s
[INFO] running `Command { std: "docker" "inspect" "06b26c2999bf3b238be3438d8d7ebb247383a5ab2febea69cc2b6f4a49f06581", kill_on_drop: false }`
[INFO] running `Command { std: "docker" "rm" "-f" "06b26c2999bf3b238be3438d8d7ebb247383a5ab2febea69cc2b6f4a49f06581", kill_on_drop: false }`
[INFO] [stdout] 06b26c2999bf3b238be3438d8d7ebb247383a5ab2febea69cc2b6f4a49f06581
[INFO] running `Command { std: "docker" "create" "-v" "/var/lib/crater-agent-workspace/builds/worker-5-tc1/target:/opt/rustwide/target:rw,Z" "-v" "/var/lib/crater-agent-workspace/builds/worker-5-tc1/source:/opt/rustwide/workdir:ro,Z" "-v" "/var/lib/crater-agent-workspace/cargo-home:/opt/rustwide/cargo-home:ro,Z" "-v" "/var/lib/crater-agent-workspace/rustup-home:/opt/rustwide/rustup-home:ro,Z" "-e" "SOURCE_DIR=/opt/rustwide/workdir" "-e" "CARGO_TARGET_DIR=/opt/rustwide/target" "-e" "CARGO_INCREMENTAL=0" "-e" "RUST_BACKTRACE=full" "-e" "RUSTFLAGS=--cap-lints=warn" "-e" "RUSTDOCFLAGS=--cap-lints=warn" "-e" "CARGO_HOME=/opt/rustwide/cargo-home" "-e" "RUSTUP_HOME=/opt/rustwide/rustup-home" "-w" "/opt/rustwide/workdir" "-m" "1610612736" "--user" "0:0" "--network" "none" "ghcr.io/rust-lang/crates-build-env/linux@sha256:2788e3201cd34a07e3172128adcd8b3090168a8e3bcc40d7c032b9dda1df7d1c" "/opt/rustwide/cargo-home/bin/cargo" "+1.75.0" "test" "--frozen" "--no-run" "--message-format=json", kill_on_drop: false }`
[INFO] [stdout] 4847ea66983126791e8bf65907d3f56ed3e1cb77564ca64e7d43e987e45379c6
[INFO] running `Command { std: "docker" "start" "-a" "4847ea66983126791e8bf65907d3f56ed3e1cb77564ca64e7d43e987e45379c6", kill_on_drop: false }`
[INFO] [stderr]    Compiling proc-macro2 v1.0.75
[INFO] [stderr]    Compiling bimap v0.6.3
[INFO] [stderr]    Compiling quote v1.0.35
[INFO] [stderr]    Compiling syn v2.0.48
[INFO] [stderr]    Compiling do-with-in-base v0.1.2
[INFO] [stderr]    Compiling do-with-in-internal-macros v0.1.2 (/opt/rustwide/workdir)
[INFO] [stdout] warning: unused `#[macro_use]` import
[INFO] [stdout]  --> src/lib.rs:3:1
[INFO] [stdout]   |
[INFO] [stdout] 3 | #[macro_use] extern crate quote;
[INFO] [stdout]   | ^^^^^^^^^^^^
[INFO] [stdout]   |
[INFO] [stdout]   = note: `#[warn(unused_imports)]` on by default
[INFO] [stdout] 
[INFO] [stdout] 
[INFO] [stdout] warning: unused `#[macro_use]` import
[INFO] [stdout]  --> src/lib.rs:3:1
[INFO] [stdout]   |
[INFO] [stdout] 3 | #[macro_use] extern crate quote;
[INFO] [stdout]   | ^^^^^^^^^^^^
[INFO] [stdout]   |
[INFO] [stdout]   = note: `#[warn(unused_imports)]` on by default
[INFO] [stdout] 
[INFO] [stdout] 
[INFO] [stdout] warning: unused import: `TokenTree`
[INFO] [stdout]  --> src/lib.rs:6:31
[INFO] [stdout]   |
[INFO] [stdout] 6 | use proc_macro::{TokenStream, TokenTree};
[INFO] [stdout]   |                               ^^^^^^^^^
[INFO] [stdout] 
[INFO] [stdout] 
[INFO] [stdout] warning: unused import: `quote::ToTokens`
[INFO] [stdout]   --> src/lib.rs:10:5
[INFO] [stdout]    |
[INFO] [stdout] 10 | use quote::ToTokens;
[INFO] [stdout]    |     ^^^^^^^^^^^^^^^
[INFO] [stdout] 
[INFO] [stdout] 
[INFO] [stdout] warning: unused import: `TokenTree`
[INFO] [stdout]  --> src/lib.rs:6:31
[INFO] [stdout]   |
[INFO] [stdout] 6 | use proc_macro::{TokenStream, TokenTree};
[INFO] [stdout]   |                               ^^^^^^^^^
[INFO] [stdout] 
[INFO] [stdout] 
[INFO] [stdout] warning: unused imports: `Attribute`, `PathSegment`, `Token`, `parse`
[INFO] [stdout]   --> src/lib.rs:11:11
[INFO] [stdout]    |
[INFO] [stdout] 11 | use syn::{parse, Attribute, PathSegment, Result, Token};
[INFO] [stdout]    |           ^^^^^  ^^^^^^^^^  ^^^^^^^^^^^          ^^^^^
[INFO] [stdout] 
[INFO] [stdout] 
[INFO] [stdout] warning: unused import: `quote::ToTokens`
[INFO] [stdout]   --> src/lib.rs:10:5
[INFO] [stdout]    |
[INFO] [stdout] 10 | use quote::ToTokens;
[INFO] [stdout]    |     ^^^^^^^^^^^^^^^
[INFO] [stdout] 
[INFO] [stdout] 
[INFO] [stdout] warning: unused imports: `Parser`, `Peek`
[INFO] [stdout]   --> src/lib.rs:12:38
[INFO] [stdout]    |
[INFO] [stdout] 12 | use syn::parse::{Parse, ParseStream, Parser, Peek};
[INFO] [stdout]    |                                      ^^^^^^  ^^^^
[INFO] [stdout] 
[INFO] [stdout] 
[INFO] [stdout] warning: unused import: `syn::spanned::Spanned`
[INFO] [stdout]   --> src/lib.rs:13:5
[INFO] [stdout]    |
[INFO] [stdout] 13 | use syn::spanned::Spanned;
[INFO] [stdout]    |     ^^^^^^^^^^^^^^^^^^^^^
[INFO] [stdout] 
[INFO] [stdout] 
[INFO] [stdout] warning: unused imports: `Attribute`, `PathSegment`, `Token`, `parse`
[INFO] [stdout]   --> src/lib.rs:11:11
[INFO] [stdout]    |
[INFO] [stdout] 11 | use syn::{parse, Attribute, PathSegment, Result, Token};
[INFO] [stdout]    |           ^^^^^  ^^^^^^^^^  ^^^^^^^^^^^          ^^^^^
[INFO] [stdout] 
[INFO] [stdout] 
[INFO] [stdout] warning: unused imports: `Parser`, `Peek`
[INFO] [stdout]   --> src/lib.rs:12:38
[INFO] [stdout]    |
[INFO] [stdout] 12 | use syn::parse::{Parse, ParseStream, Parser, Peek};
[INFO] [stdout]    |                                      ^^^^^^  ^^^^
[INFO] [stdout] 
[INFO] [stdout] 
[INFO] [stdout] warning: unused imports: `Expr`, `Ident`, `Type`, `Visibility`
[INFO] [stdout]   --> src/lib.rs:14:11
[INFO] [stdout]    |
[INFO] [stdout] 14 | use syn::{Expr, Ident, Type, Visibility};
[INFO] [stdout]    |           ^^^^  ^^^^^  ^^^^  ^^^^^^^^^^
[INFO] [stdout] 
[INFO] [stdout] 
[INFO] [stdout] warning: unused import: `syn::spanned::Spanned`
[INFO] [stdout]   --> src/lib.rs:13:5
[INFO] [stdout]    |
[INFO] [stdout] 13 | use syn::spanned::Spanned;
[INFO] [stdout]    |     ^^^^^^^^^^^^^^^^^^^^^
[INFO] [stdout] 
[INFO] [stdout] 
[INFO] [stdout] warning: unused import: `syn::punctuated::Punctuated`
[INFO] [stdout]   --> src/lib.rs:15:5
[INFO] [stdout]    |
[INFO] [stdout] 15 | use syn::punctuated::Punctuated;
[INFO] [stdout]    |     ^^^^^^^^^^^^^^^^^^^^^^^^^^^
[INFO] [stdout] 
[INFO] [stdout] 
[INFO] [stdout] warning: unused import: `syn::parenthesized`
[INFO] [stdout]   --> src/lib.rs:16:5
[INFO] [stdout]    |
[INFO] [stdout] 16 | use syn::parenthesized;
[INFO] [stdout]    |     ^^^^^^^^^^^^^^^^^^
[INFO] [stdout] 
[INFO] [stdout] 
[INFO] [stdout] warning: unused imports: `Expr`, `Ident`, `Type`, `Visibility`
[INFO] [stdout]   --> src/lib.rs:14:11
[INFO] [stdout]    |
[INFO] [stdout] 14 | use syn::{Expr, Ident, Type, Visibility};
[INFO] [stdout]    |           ^^^^  ^^^^^  ^^^^  ^^^^^^^^^^
[INFO] [stdout] 
[INFO] [stdout] 
[INFO] [stdout] warning: unused import: `syn::token::Token`
[INFO] [stdout]   --> src/lib.rs:17:5
[INFO] [stdout]    |
[INFO] [stdout] 17 | use syn::token::Token;
[INFO] [stdout]    |     ^^^^^^^^^^^^^^^^^
[INFO] [stdout] 
[INFO] [stdout] 
[INFO] [stdout] warning: unused import: `syn::punctuated::Punctuated`
[INFO] [stdout]   --> src/lib.rs:15:5
[INFO] [stdout]    |
[INFO] [stdout] 15 | use syn::punctuated::Punctuated;
[INFO] [stdout]    |     ^^^^^^^^^^^^^^^^^^^^^^^^^^^
[INFO] [stdout] 
[INFO] [stdout] 
[INFO] [stdout] warning: unused import: `syn::buffer::Cursor`
[INFO] [stdout]   --> src/lib.rs:18:5
[INFO] [stdout]    |
[INFO] [stdout] 18 | use syn::buffer::Cursor;
[INFO] [stdout]    |     ^^^^^^^^^^^^^^^^^^^
[INFO] [stdout] 
[INFO] [stdout] 
[INFO] [stdout] warning: unused import: `syn::parenthesized`
[INFO] [stdout]   --> src/lib.rs:16:5
[INFO] [stdout]    |
[INFO] [stdout] 16 | use syn::parenthesized;
[INFO] [stdout]    |     ^^^^^^^^^^^^^^^^^^
[INFO] [stdout] 
[INFO] [stdout] 
[INFO] [stdout] warning: unused import: `syn::token::Token`
[INFO] [stdout]   --> src/lib.rs:17:5
[INFO] [stdout]    |
[INFO] [stdout] 17 | use syn::token::Token;
[INFO] [stdout]    |     ^^^^^^^^^^^^^^^^^
[INFO] [stdout] 
[INFO] [stdout] 
[INFO] [stdout] warning: unused import: `std::marker::PhantomData`
[INFO] [stdout]   --> src/lib.rs:20:5
[INFO] [stdout]    |
[INFO] [stdout] 20 | use std::marker::PhantomData;
[INFO] [stdout]    |     ^^^^^^^^^^^^^^^^^^^^^^^^
[INFO] [stdout] 
[INFO] [stdout] 
[INFO] [stdout] warning: unused import: `syn::buffer::Cursor`
[INFO] [stdout]   --> src/lib.rs:18:5
[INFO] [stdout]    |
[INFO] [stdout] 18 | use syn::buffer::Cursor;
[INFO] [stdout]    |     ^^^^^^^^^^^^^^^^^^^
[INFO] [stdout] 
[INFO] [stdout] 
[INFO] [stdout] warning: unused import: `std::collections::HashMap`
[INFO] [stdout]   --> src/lib.rs:22:5
[INFO] [stdout]    |
[INFO] [stdout] 22 | use std::collections::HashMap;
[INFO] [stdout]    |     ^^^^^^^^^^^^^^^^^^^^^^^^^
[INFO] [stdout] 
[INFO] [stdout] 
[INFO] [stdout] warning: unused import: `std::marker::PhantomData`
[INFO] [stdout]   --> src/lib.rs:20:5
[INFO] [stdout]    |
[INFO] [stdout] 20 | use std::marker::PhantomData;
[INFO] [stdout]    |     ^^^^^^^^^^^^^^^^^^^^^^^^
[INFO] [stdout] 
[INFO] [stdout] 
[INFO] [stdout] warning: unused import: `std::fmt::format`
[INFO] [stdout]   --> src/lib.rs:23:5
[INFO] [stdout]    |
[INFO] [stdout] 23 | use std::fmt::format;
[INFO] [stdout]    |     ^^^^^^^^^^^^^^^^
[INFO] [stdout] 
[INFO] [stdout] 
[INFO] [stdout] warning: unused import: `std::collections::HashMap`
[INFO] [stdout]   --> src/lib.rs:22:5
[INFO] [stdout]    |
[INFO] [stdout] 22 | use std::collections::HashMap;
[INFO] [stdout]    |     ^^^^^^^^^^^^^^^^^^^^^^^^^
[INFO] [stdout] 
[INFO] [stdout] 
[INFO] [stdout] warning: unused import: `std::fmt::format`
[INFO] [stdout]   --> src/lib.rs:23:5
[INFO] [stdout]    |
[INFO] [stdout] 23 | use std::fmt::format;
[INFO] [stdout]    |     ^^^^^^^^^^^^^^^^
[INFO] [stdout] 
[INFO] [stdout] 
[INFO] [stdout] warning: unused variable: `has_prelude`
[INFO] [stdout]    --> src/lib.rs:130:11
[INFO] [stdout]     |
[INFO] [stdout] 130 |   let mut has_prelude = true;
[INFO] [stdout]     |           ^^^^^^^^^^^ help: if this is intentional, prefix it with an underscore: `_has_prelude`
[INFO] [stdout]     |
[INFO] [stdout]     = note: `#[warn(unused_variables)]` on by default
[INFO] [stdout] 
[INFO] [stdout] 
[INFO] [stdout] warning: unused variable: `postlude_marker`
[INFO] [stdout]    --> src/lib.rs:131:11
[INFO] [stdout]     |
[INFO] [stdout] 131 |   let mut postlude_marker = quote!{DoMarker};
[INFO] [stdout]     |           ^^^^^^^^^^^^^^^ help: if this is intentional, prefix it with an underscore: `_postlude_marker`
[INFO] [stdout] 
[INFO] [stdout] 
[INFO] [stdout] warning: unused variable: `sigil`
[INFO] [stdout]    --> src/lib.rs:134:11
[INFO] [stdout]     |
[INFO] [stdout] 134 |   let mut sigil = default_sigil.clone();
[INFO] [stdout]     |           ^^^^^ help: if this is intentional, prefix it with an underscore: `_sigil`
[INFO] [stdout] 
[INFO] [stdout] 
[INFO] [stdout] warning: unused variable: `a`
[INFO] [stdout]    --> src/lib.rs:135:7
[INFO] [stdout]     |
[INFO] [stdout] 135 |   let a: TokenStream2 = attr.into();
[INFO] [stdout]     |       ^ help: if this is intentional, prefix it with an underscore: `_a`
[INFO] [stdout] 
[INFO] [stdout] 
[INFO] [stdout] warning: unused variable: `has_prelude`
[INFO] [stdout]    --> src/lib.rs:130:11
[INFO] [stdout]     |
[INFO] [stdout] 130 |   let mut has_prelude = true;
[INFO] [stdout]     |           ^^^^^^^^^^^ help: if this is intentional, prefix it with an underscore: `_has_prelude`
[INFO] [stdout]     |
[INFO] [stdout]     = note: `#[warn(unused_variables)]` on by default
[INFO] [stdout] 
[INFO] [stdout] 
[INFO] [stdout] warning: unused variable: `postlude_marker`
[INFO] [stdout]    --> src/lib.rs:131:11
[INFO] [stdout]     |
[INFO] [stdout] 131 |   let mut postlude_marker = quote!{DoMarker};
[INFO] [stdout]     |           ^^^^^^^^^^^^^^^ help: if this is intentional, prefix it with an underscore: `_postlude_marker`
[INFO] [stdout] 
[INFO] [stdout] 
[INFO] [stdout] warning: unused variable: `sigil`
[INFO] [stdout]    --> src/lib.rs:134:11
[INFO] [stdout]     |
[INFO] [stdout] 134 |   let mut sigil = default_sigil.clone();
[INFO] [stdout]     |           ^^^^^ help: if this is intentional, prefix it with an underscore: `_sigil`
[INFO] [stdout] 
[INFO] [stdout] 
[INFO] [stdout] warning: unused variable: `a`
[INFO] [stdout]    --> src/lib.rs:135:7
[INFO] [stdout]     |
[INFO] [stdout] 135 |   let a: TokenStream2 = attr.into();
[INFO] [stdout]     |       ^ help: if this is intentional, prefix it with an underscore: `_a`
[INFO] [stdout] 
[INFO] [stdout] 
[INFO] [stdout] warning: variable does not need to be mutable
[INFO] [stdout]    --> src/lib.rs:130:7
[INFO] [stdout]     |
[INFO] [stdout] 130 |   let mut has_prelude = true;
[INFO] [stdout]     |       ----^^^^^^^^^^^
[INFO] [stdout]     |       |
[INFO] [stdout]     |       help: remove this `mut`
[INFO] [stdout]     |
[INFO] [stdout]     = note: `#[warn(unused_mut)]` on by default
[INFO] [stdout] 
[INFO] [stdout] 
[INFO] [stdout] warning: variable does not need to be mutable
[INFO] [stdout]    --> src/lib.rs:131:7
[INFO] [stdout]     |
[INFO] [stdout] 131 |   let mut postlude_marker = quote!{DoMarker};
[INFO] [stdout]     |       ----^^^^^^^^^^^^^^^
[INFO] [stdout]     |       |
[INFO] [stdout]     |       help: remove this `mut`
[INFO] [stdout] 
[INFO] [stdout] 
[INFO] [stdout] warning: variable does not need to be mutable
[INFO] [stdout]    --> src/lib.rs:133:7
[INFO] [stdout]     |
[INFO] [stdout] 133 |   let mut default_sigil = default_default.clone();
[INFO] [stdout]     |       ----^^^^^^^^^^^^^
[INFO] [stdout]     |       |
[INFO] [stdout]     |       help: remove this `mut`
[INFO] [stdout] 
[INFO] [stdout] 
[INFO] [stdout] warning: variable does not need to be mutable
[INFO] [stdout]    --> src/lib.rs:134:7
[INFO] [stdout]     |
[INFO] [stdout] 134 |   let mut sigil = default_sigil.clone();
[INFO] [stdout]     |       ----^^^^^
[INFO] [stdout]     |       |
[INFO] [stdout]     |       help: remove this `mut`
[INFO] [stdout] 
[INFO] [stdout] 
[INFO] [stdout] warning: variable does not need to be mutable
[INFO] [stdout]    --> src/lib.rs:130:7
[INFO] [stdout]     |
[INFO] [stdout] 130 |   let mut has_prelude = true;
[INFO] [stdout]     |       ----^^^^^^^^^^^
[INFO] [stdout]     |       |
[INFO] [stdout]     |       help: remove this `mut`
[INFO] [stdout]     |
[INFO] [stdout]     = note: `#[warn(unused_mut)]` on by default
[INFO] [stdout] 
[INFO] [stdout] 
[INFO] [stdout] warning: variable does not need to be mutable
[INFO] [stdout]    --> src/lib.rs:131:7
[INFO] [stdout]     |
[INFO] [stdout] 131 |   let mut postlude_marker = quote!{DoMarker};
[INFO] [stdout]     |       ----^^^^^^^^^^^^^^^
[INFO] [stdout]     |       |
[INFO] [stdout]     |       help: remove this `mut`
[INFO] [stdout] 
[INFO] [stdout] 
[INFO] [stdout] warning: variable does not need to be mutable
[INFO] [stdout]    --> src/lib.rs:133:7
[INFO] [stdout]     |
[INFO] [stdout] 133 |   let mut default_sigil = default_default.clone();
[INFO] [stdout]     |       ----^^^^^^^^^^^^^
[INFO] [stdout]     |       |
[INFO] [stdout]     |       help: remove this `mut`
[INFO] [stdout] 
[INFO] [stdout] 
[INFO] [stdout] warning: variable does not need to be mutable
[INFO] [stdout]    --> src/lib.rs:134:7
[INFO] [stdout]     |
[INFO] [stdout] 134 |   let mut sigil = default_sigil.clone();
[INFO] [stdout]     |       ----^^^^^
[INFO] [stdout]     |       |
[INFO] [stdout]     |       help: remove this `mut`
[INFO] [stdout] 
[INFO] [stdout] 
[INFO] [stdout] warning: field `fat` is never read
[INFO] [stdout]   --> src/lib.rs:28:3
[INFO] [stdout]    |
[INFO] [stdout] 27 | struct Fatuous {
[INFO] [stdout]    |        ------- field in this struct
[INFO] [stdout] 28 |   fat: TokenStream,
[INFO] [stdout]    |   ^^^
[INFO] [stdout]    |
[INFO] [stdout]    = note: `#[warn(dead_code)]` on by default
[INFO] [stdout] 
[INFO] [stdout] 
[INFO] [stdout] warning: field `fat` is never read
[INFO] [stdout]   --> src/lib.rs:28:3
[INFO] [stdout]    |
[INFO] [stdout] 27 | struct Fatuous {
[INFO] [stdout]    |        ------- field in this struct
[INFO] [stdout] 28 |   fat: TokenStream,
[INFO] [stdout]    |   ^^^
[INFO] [stdout]    |
[INFO] [stdout]    = note: `#[warn(dead_code)]` on by default
[INFO] [stdout] 
[INFO] [stdout] 
[INFO] [stdout] warning: unused `Result` that must be used
[INFO] [stdout]   --> src/lib.rs:34:5
[INFO] [stdout]    |
[INFO] [stdout] 34 | /     input.step(|cursor| {
[INFO] [stdout] 35 | |       let mut rest = *cursor;
[INFO] [stdout] 36 | |       while let Some((tt, next)) = rest.token_tree() {
[INFO] [stdout] 37 | |         fat.extend(TokenStream2::from(tt).into_iter());
[INFO] [stdout] ...  |
[INFO] [stdout] 40 | |       Ok(((), rest))
[INFO] [stdout] 41 | |     });
[INFO] [stdout]    | |______^
[INFO] [stdout]    |
[INFO] [stdout]    = note: this `Result` may be an `Err` variant, which should be handled
[INFO] [stdout]    = note: `#[warn(unused_must_use)]` on by default
[INFO] [stdout] help: use `let _ = ...` to ignore the resulting value
[INFO] [stdout]    |
[INFO] [stdout] 34 |     let _ = input.step(|cursor| {
[INFO] [stdout]    |     +++++++
[INFO] [stdout] 
[INFO] [stdout] 
[INFO] [stdout] warning: unused `Result` that must be used
[INFO] [stdout]   --> src/lib.rs:34:5
[INFO] [stdout]    |
[INFO] [stdout] 34 | /     input.step(|cursor| {
[INFO] [stdout] 35 | |       let mut rest = *cursor;
[INFO] [stdout] 36 | |       while let Some((tt, next)) = rest.token_tree() {
[INFO] [stdout] 37 | |         fat.extend(TokenStream2::from(tt).into_iter());
[INFO] [stdout] ...  |
[INFO] [stdout] 40 | |       Ok(((), rest))
[INFO] [stdout] 41 | |     });
[INFO] [stdout]    | |______^
[INFO] [stdout]    |
[INFO] [stdout]    = note: this `Result` may be an `Err` variant, which should be handled
[INFO] [stdout]    = note: `#[warn(unused_must_use)]` on by default
[INFO] [stdout] help: use `let _ = ...` to ignore the resulting value
[INFO] [stdout]    |
[INFO] [stdout] 34 |     let _ = input.step(|cursor| {
[INFO] [stdout]    |     +++++++
[INFO] [stdout] 
[INFO] [stdout] 
[INFO] [stdout] warning: 24 warnings emitted
[INFO] [stdout] 
[INFO] [stdout] 
[INFO] [stdout] warning: 24 warnings emitted
[INFO] [stdout] 
[INFO] [stdout] 
[INFO] [stdout] error: Failure to import; got error: No such file or directory (os error 2)
[INFO] [stdout]         Could not open file: "do_with_in_internal_macros/tests/import.$"
[INFO] [stdout]    --> tests/do_with_in_test.rs:563:7
[INFO] [stdout]     |
[INFO] [stdout] 563 |     $(import "import.$")
[INFO] [stdout]     |       ^^^^^^
[INFO] [stdout] 
[INFO] [stdout] 
[INFO] [stdout] error: No such variable: b defined.
[INFO] [stdout]    --> tests/do_with_in_test.rs:564:10
[INFO] [stdout]     |
[INFO] [stdout] 564 |     let $b = $a;
[INFO] [stdout]     |          ^
[INFO] [stdout] 
[INFO] [stdout] 
[INFO] [stdout] error: No such variable: a defined.
[INFO] [stdout]    --> tests/do_with_in_test.rs:564:15
[INFO] [stdout]     |
[INFO] [stdout] 564 |     let $b = $a;
[INFO] [stdout]     |               ^
[INFO] [stdout] 
[INFO] [stdout] 
[INFO] [stdout] error: Failure to import; got error: No such file or directory (os error 2)
[INFO] [stdout]         Could not open file: "do_with_in_internal_macros/tests/import.$"
[INFO] [stdout]    --> tests/do_with_in_test.rs:575:7
[INFO] [stdout]     |
[INFO] [stdout] 575 |     $(import "import.$")
[INFO] [stdout]     |       ^^^^^^
[INFO] [stdout] 
[INFO] [stdout] 
[INFO] [stdout] error: Failure to import; got error: No such file or directory (os error 2)
[INFO] [stdout]         Could not open file: "do_with_in_internal_macros/tests/import.%"
[INFO] [stdout]    --> tests/do_with_in_test.rs:576:21
[INFO] [stdout]     |
[INFO] [stdout] 576 |     $(withSigil % %(import "import.%"))
[INFO] [stdout]     |                     ^^^^^^
[INFO] [stdout] 
[INFO] [stdout] 
[INFO] [stdout] error: No such variable: b defined.
[INFO] [stdout]    --> tests/do_with_in_test.rs:577:10
[INFO] [stdout]     |
[INFO] [stdout] 577 |     let $b = $a;
[INFO] [stdout]     |          ^
[INFO] [stdout] 
[INFO] [stdout] 
[INFO] [stdout] error: No such variable: a defined.
[INFO] [stdout]    --> tests/do_with_in_test.rs:577:15
[INFO] [stdout]     |
[INFO] [stdout] 577 |     let $b = $a;
[INFO] [stdout]     |               ^
[INFO] [stdout] 
[INFO] [stdout] 
[INFO] [stdout] error: No such variable: s defined.
[INFO] [stdout]    --> tests/do_with_in_test.rs:578:10
[INFO] [stdout]     |
[INFO] [stdout] 578 |     let $s = $r;
[INFO] [stdout]     |          ^
[INFO] [stdout] 
[INFO] [stdout] 
[INFO] [stdout] error: No such variable: r defined.
[INFO] [stdout]    --> tests/do_with_in_test.rs:578:15
[INFO] [stdout]     |
[INFO] [stdout] 578 |     let $s = $r;
[INFO] [stdout]     |               ^
[INFO] [stdout] 
[INFO] [stdout] 
[INFO] [stdout] error: Failure to import; got error: No such file or directory (os error 2)
[INFO] [stdout]         Could not open file: "do_with_in_internal_macros/tests/import.$"
[INFO] [stdout]    --> tests/do_with_in_test.rs:589:7
[INFO] [stdout]     |
[INFO] [stdout] 589 |     $(import Base "do_with_in_internal_macros" "tests" "import.$")
[INFO] [stdout]     |       ^^^^^^
[INFO] [stdout] 
[INFO] [stdout] 
[INFO] [stdout] error: No such variable: b defined.
[INFO] [stdout]    --> tests/do_with_in_test.rs:591:10
[INFO] [stdout]     |
[INFO] [stdout] 591 |     let $b = $a;
[INFO] [stdout]     |          ^
[INFO] [stdout] 
[INFO] [stdout] 
[INFO] [stdout] error: No such variable: a defined.
[INFO] [stdout]    --> tests/do_with_in_test.rs:591:15
[INFO] [stdout]     |
[INFO] [stdout] 591 |     let $b = $a;
[INFO] [stdout]     |               ^
[INFO] [stdout] 
[INFO] [stdout] 
[INFO] [stdout] error: Failure to import; got error: No such file or directory (os error 2)
[INFO] [stdout]         Could not open file: "import_base_test.$"
[INFO] [stdout]    --> tests/do_with_in_test.rs:601:7
[INFO] [stdout]     |
[INFO] [stdout] 601 |     $(import Base "import_base_test.$")
[INFO] [stdout]     |       ^^^^^^
[INFO] [stdout] 
[INFO] [stdout] 
[INFO] [stdout] error: No such variable: b defined.
[INFO] [stdout]    --> tests/do_with_in_test.rs:603:10
[INFO] [stdout]     |
[INFO] [stdout] 603 |     let $b = $a;
[INFO] [stdout]     |          ^
[INFO] [stdout] 
[INFO] [stdout] 
[INFO] [stdout] error: No such variable: a defined.
[INFO] [stdout]    --> tests/do_with_in_test.rs:603:15
[INFO] [stdout]     |
[INFO] [stdout] 603 |     let $b = $a;
[INFO] [stdout]     |               ^
[INFO] [stdout] 
[INFO] [stdout] 
[INFO] [stdout] error: Failure to import; got error: No such file or directory (os error 2)
[INFO] [stdout]         Could not open file: "import_base_test2.$"
[INFO] [stdout]    --> tests/do_with_in_test.rs:613:7
[INFO] [stdout]     |
[INFO] [stdout] 613 |     $(import Base "import_base_test2.$")
[INFO] [stdout]     |       ^^^^^^
[INFO] [stdout] 
[INFO] [stdout] 
[INFO] [stdout] error: No such variable: z defined.
[INFO] [stdout]    --> tests/do_with_in_test.rs:614:10
[INFO] [stdout]     |
[INFO] [stdout] 614 |     let $z = $c;
[INFO] [stdout]     |          ^
[INFO] [stdout] 
[INFO] [stdout] 
[INFO] [stdout] error: No such variable: c defined.
[INFO] [stdout]    --> tests/do_with_in_test.rs:614:15
[INFO] [stdout]     |
[INFO] [stdout] 614 |     let $z = $c;
[INFO] [stdout]     |               ^
[INFO] [stdout] 
[INFO] [stdout] 
[INFO] [stdout] error: Failure to import; got error: No such file or directory (os error 2)
[INFO] [stdout]         Could not open file: "do_with_in_internal_macros/tests/do_with_in_test.rs"
[INFO] [stdout]    --> tests/do_with_in_test.rs:669:7
[INFO] [stdout]     |
[INFO] [stdout] 669 |     $(runMarkers Base "do_with_in_internal_macros" "tests" "do_with_in_test.rs")
[INFO] [stdout]     |       ^^^^^^^^^^
[INFO] [stdout] 
[INFO] [stdout] 
[INFO] [stdout] error: Failure to import; got error: No such file or directory (os error 2)
[INFO] [stdout]         Could not open file: "do_with_in_internal_macros/tests/do_with_in_test.rs"
[INFO] [stdout]    --> tests/do_with_in_test.rs:670:7
[INFO] [stdout]     |
[INFO] [stdout] 670 |     $(runMarkers Base "do_with_in_internal_macros" "tests" "do_with_in_test.rs" => "foo")
[INFO] [stdout]     |       ^^^^^^^^^^
[INFO] [stdout] 
[INFO] [stdout] 
[INFO] [stdout] error: Failure to import; got error: No such file or directory (os error 2)
[INFO] [stdout]         Could not open file: "do_with_in_internal_macros/tests/do_with_in_test.rs"
[INFO] [stdout]    --> tests/do_with_in_test.rs:809:7
[INFO] [stdout]     |
[INFO] [stdout] 809 |     $(runMarkers Base "do_with_in_internal_macros" "tests" "do_with_in_test.rs")
[INFO] [stdout]     |       ^^^^^^^^^^
[INFO] [stdout] 
[INFO] [stdout] 
[INFO] [stdout] error: Undefined handler referenced: foo
[INFO] [stdout]        List of all known handlers: , "arithmetic", "marker", "unescape", "var", "fn", "concat", "naiveStringifier", "logic", "unquote", "run", "let", "string_to_ident", "escape", "import", "withSigil", "quote", "mk", "if", "array", "runMarkers"
[INFO] [stdout]    --> tests/do_with_in_test.rs:810:6
[INFO] [stdout]     |
[INFO] [stdout] 810 |     $(foo g 2)
[INFO] [stdout]     |      ^^^^^^^^^
[INFO] [stdout] 
[INFO] [stdout] 
[INFO] [stdout] error: Failure to import; got error: No such file or directory (os error 2)
[INFO] [stdout]         Could not open file: "do_with_in_internal_macros/tests/do_with_in_test.rs"
[INFO] [stdout]    --> tests/do_with_in_test.rs:820:7
[INFO] [stdout]     |
[INFO] [stdout] 820 |     $(runMarkers Base "do_with_in_internal_macros" "tests" "do_with_in_test.rs" => "first test")
[INFO] [stdout]     |       ^^^^^^^^^^
[INFO] [stdout] 
[INFO] [stdout] 
[INFO] [stdout] error: Undefined handler referenced: foo
[INFO] [stdout]        List of all known handlers: , "mk", "string_to_ident", "arithmetic", "fn", "unquote", "withSigil", "run", "naiveStringifier", "logic", "quote", "escape", "var", "if", "array", "marker", "runMarkers", "let", "concat", "unescape", "import"
[INFO] [stdout]    --> tests/do_with_in_test.rs:821:6
[INFO] [stdout]     |
[INFO] [stdout] 821 |     $(foo g 2)
[INFO] [stdout]     |      ^^^^^^^^^
[INFO] [stdout] 
[INFO] [stdout] 
[INFO] [stdout] error: Failure to import; got error: No such file or directory (os error 2)
[INFO] [stdout]         Could not open file: "do_with_in_internal_macros/tests/do_with_in_test.rs"
[INFO] [stdout]    --> tests/do_with_in_test.rs:831:7
[INFO] [stdout]     |
[INFO] [stdout] 831 |     $(runMarkers Base "do_with_in_internal_macros" "tests" "do_with_in_test.rs" => "second test")
[INFO] [stdout]     |       ^^^^^^^^^^
[INFO] [stdout] 
[INFO] [stdout] 
[INFO] [stdout] error: Undefined handler referenced: foo
[INFO] [stdout]        List of all known handlers: , "if", "string_to_ident", "concat", "unescape", "naiveStringifier", "array", "let", "arithmetic", "var", "fn", "import", "runMarkers", "withSigil", "marker", "quote", "run", "unquote", "escape", "mk", "logic"
[INFO] [stdout]    --> tests/do_with_in_test.rs:832:6
[INFO] [stdout]     |
[INFO] [stdout] 832 |     $(foo g 2)
[INFO] [stdout]     |      ^^^^^^^^^
[INFO] [stdout] 
[INFO] [stdout] 
[INFO] [stdout] error[E0425]: cannot find value `c` in this scope
[INFO] [stdout]    --> tests/do_with_in_test.rs:566:14
[INFO] [stdout]     |
[INFO] [stdout] 566 |   assert_eq!(c, 1);
[INFO] [stdout]     |              ^ not found in this scope
[INFO] [stdout] 
[INFO] [stdout] 
[INFO] [stdout] error[E0425]: cannot find value `c` in this scope
[INFO] [stdout]    --> tests/do_with_in_test.rs:580:14
[INFO] [stdout]     |
[INFO] [stdout] 580 |   assert_eq!(c, 1);
[INFO] [stdout]     |              ^ not found in this scope
[INFO] [stdout] 
[INFO] [stdout] 
[INFO] [stdout] error[E0425]: cannot find value `a` in this scope
[INFO] [stdout]    --> tests/do_with_in_test.rs:581:14
[INFO] [stdout]     |
[INFO] [stdout] 581 |   assert_eq!(a, 1);
[INFO] [stdout]     |              ^ not found in this scope
[INFO] [stdout] 
[INFO] [stdout] 
[INFO] [stdout] error[E0425]: cannot find value `c` in this scope
[INFO] [stdout]    --> tests/do_with_in_test.rs:593:14
[INFO] [stdout]     |
[INFO] [stdout] 593 |   assert_eq!(c, 1);
[INFO] [stdout]     |              ^ not found in this scope
[INFO] [stdout] 
[INFO] [stdout] 
[INFO] [stdout] error[E0425]: cannot find value `c` in this scope
[INFO] [stdout]    --> tests/do_with_in_test.rs:605:14
[INFO] [stdout]     |
[INFO] [stdout] 605 |   assert_eq!(c, 1);
[INFO] [stdout]     |              ^ not found in this scope
[INFO] [stdout] 
[INFO] [stdout] 
[INFO] [stdout] error[E0425]: cannot find value `twelve` in this scope
[INFO] [stdout]    --> tests/do_with_in_test.rs:616:14
[INFO] [stdout]     |
[INFO] [stdout] 616 |   assert_eq!(twelve, 12);
[INFO] [stdout]     |              ^^^^^^ not found in this scope
[INFO] [stdout] 
[INFO] [stdout] 
[INFO] [stdout] error[E0425]: cannot find value `g` in this scope
[INFO] [stdout]    --> tests/do_with_in_test.rs:812:14
[INFO] [stdout]     |
[INFO] [stdout] 812 |   assert_eq!(g, 6);
[INFO] [stdout]     |              ^ not found in this scope
[INFO] [stdout] 
[INFO] [stdout] 
[INFO] [stdout] error[E0425]: cannot find value `g` in this scope
[INFO] [stdout]    --> tests/do_with_in_test.rs:823:14
[INFO] [stdout]     |
[INFO] [stdout] 823 |   assert_eq!(g, 8);
[INFO] [stdout]     |              ^ not found in this scope
[INFO] [stdout] 
[INFO] [stdout] 
[INFO] [stdout] error[E0425]: cannot find value `g` in this scope
[INFO] [stdout]    --> tests/do_with_in_test.rs:834:14
[INFO] [stdout]     |
[INFO] [stdout] 834 |   assert_eq!(g, 7);
[INFO] [stdout]     |              ^ not found in this scope
[INFO] [stdout] 
[INFO] [stdout] 
[INFO] [stdout] warning: unnecessary trailing semicolon
[INFO] [stdout]   --> tests/do_with_in_test.rs:45:13
[INFO] [stdout]    |
[INFO] [stdout] 45 |     x = %foo;
[INFO] [stdout]    |             ^ help: remove this semicolon
[INFO] [stdout]    |
[INFO] [stdout]    = note: `#[warn(redundant_semicolons)]` on by default
[INFO] [stdout] 
[INFO] [stdout] 
[INFO] [stdout] warning: unnecessary trailing semicolon
[INFO] [stdout]   --> tests/do_with_in_test.rs:91:40
[INFO] [stdout]    |
[INFO] [stdout] 91 |     $(var x = {$(concat "foo" "_" $i)});
[INFO] [stdout]    |                                        ^ help: remove this semicolon
[INFO] [stdout] 
[INFO] [stdout] 
[INFO] [stdout] error: aborting due to 35 previous errors; 2 warnings emitted
[INFO] [stdout] 
[INFO] [stdout] 
[INFO] [stdout] For more information about this error, try `rustc --explain E0425`.
[INFO] [stdout] 
[INFO] [stderr] error: could not compile `do-with-in-internal-macros` (test "do_with_in_test") due to 36 previous errors; 2 warnings emitted
[INFO] running `Command { std: "docker" "inspect" "4847ea66983126791e8bf65907d3f56ed3e1cb77564ca64e7d43e987e45379c6", kill_on_drop: false }`
[INFO] running `Command { std: "docker" "rm" "-f" "4847ea66983126791e8bf65907d3f56ed3e1cb77564ca64e7d43e987e45379c6", kill_on_drop: false }`
[INFO] [stdout] 4847ea66983126791e8bf65907d3f56ed3e1cb77564ca64e7d43e987e45379c6
[INFO] testing do-with-in-internal-macros-0.1.2 against beta-2023-12-22 for beta-1.76-1
[INFO] extracting crate do-with-in-internal-macros 0.1.2 into /workspace/builds/worker-5-tc2/source
[INFO] validating manifest of crates.io crate do-with-in-internal-macros 0.1.2 on toolchain beta-2023-12-22
[INFO] running `Command { std: CARGO_HOME="/workspace/cargo-home" RUSTUP_HOME="/workspace/rustup-home" "/workspace/cargo-home/bin/cargo" "+beta-2023-12-22" "metadata" "--manifest-path" "Cargo.toml" "--no-deps", kill_on_drop: false }`
[INFO] started tweaking crates.io crate do-with-in-internal-macros 0.1.2
[INFO] finished tweaking crates.io crate do-with-in-internal-macros 0.1.2
[INFO] tweaked toml for crates.io crate do-with-in-internal-macros 0.1.2 written to /workspace/builds/worker-5-tc2/source/Cargo.toml
[INFO] running `Command { std: CARGO_HOME="/workspace/cargo-home" RUSTUP_HOME="/workspace/rustup-home" "/workspace/cargo-home/bin/cargo" "+beta-2023-12-22" "generate-lockfile" "--manifest-path" "Cargo.toml", kill_on_drop: false }`
[INFO] [stderr]     Blocking waiting for file lock on package cache
[INFO] [stderr]     Updating crates.io index
[INFO] running `Command { std: CARGO_HOME="/workspace/cargo-home" RUSTUP_HOME="/workspace/rustup-home" "/workspace/cargo-home/bin/cargo" "+beta-2023-12-22" "fetch" "--manifest-path" "Cargo.toml", kill_on_drop: false }`
[INFO] [stderr]     Blocking waiting for file lock on package cache
[INFO] [stderr]     Blocking waiting for file lock on package cache
[INFO] running `Command { std: "docker" "create" "-v" "/var/lib/crater-agent-workspace/builds/worker-5-tc2/target:/opt/rustwide/target:rw,Z" "-v" "/var/lib/crater-agent-workspace/builds/worker-5-tc2/source:/opt/rustwide/workdir:ro,Z" "-v" "/var/lib/crater-agent-workspace/cargo-home:/opt/rustwide/cargo-home:ro,Z" "-v" "/var/lib/crater-agent-workspace/rustup-home:/opt/rustwide/rustup-home:ro,Z" "-e" "SOURCE_DIR=/opt/rustwide/workdir" "-e" "CARGO_TARGET_DIR=/opt/rustwide/target" "-e" "CARGO_HOME=/opt/rustwide/cargo-home" "-e" "RUSTUP_HOME=/opt/rustwide/rustup-home" "-w" "/opt/rustwide/workdir" "-m" "1610612736" "--user" "0:0" "--network" "none" "ghcr.io/rust-lang/crates-build-env/linux@sha256:2788e3201cd34a07e3172128adcd8b3090168a8e3bcc40d7c032b9dda1df7d1c" "/opt/rustwide/cargo-home/bin/cargo" "+beta-2023-12-22" "metadata" "--no-deps" "--format-version=1", kill_on_drop: false }`
[INFO] [stdout] 24a02972d91dd7f2c21fbc2a0fb63177523a56facaf797c9e9242069b4bc296c
[INFO] running `Command { std: "docker" "start" "-a" "24a02972d91dd7f2c21fbc2a0fb63177523a56facaf797c9e9242069b4bc296c", kill_on_drop: false }`
[INFO] running `Command { std: "docker" "inspect" "24a02972d91dd7f2c21fbc2a0fb63177523a56facaf797c9e9242069b4bc296c", kill_on_drop: false }`
[INFO] running `Command { std: "docker" "rm" "-f" "24a02972d91dd7f2c21fbc2a0fb63177523a56facaf797c9e9242069b4bc296c", kill_on_drop: false }`
[INFO] [stdout] 24a02972d91dd7f2c21fbc2a0fb63177523a56facaf797c9e9242069b4bc296c
[INFO] running `Command { std: "docker" "create" "-v" "/var/lib/crater-agent-workspace/builds/worker-5-tc2/target:/opt/rustwide/target:rw,Z" "-v" "/var/lib/crater-agent-workspace/builds/worker-5-tc2/source:/opt/rustwide/workdir:ro,Z" "-v" "/var/lib/crater-agent-workspace/cargo-home:/opt/rustwide/cargo-home:ro,Z" "-v" "/var/lib/crater-agent-workspace/rustup-home:/opt/rustwide/rustup-home:ro,Z" "-e" "SOURCE_DIR=/opt/rustwide/workdir" "-e" "CARGO_TARGET_DIR=/opt/rustwide/target" "-e" "CARGO_INCREMENTAL=0" "-e" "RUST_BACKTRACE=full" "-e" "RUSTFLAGS=--cap-lints=warn" "-e" "RUSTDOCFLAGS=--cap-lints=warn" "-e" "CARGO_HOME=/opt/rustwide/cargo-home" "-e" "RUSTUP_HOME=/opt/rustwide/rustup-home" "-w" "/opt/rustwide/workdir" "-m" "1610612736" "--user" "0:0" "--network" "none" "ghcr.io/rust-lang/crates-build-env/linux@sha256:2788e3201cd34a07e3172128adcd8b3090168a8e3bcc40d7c032b9dda1df7d1c" "/opt/rustwide/cargo-home/bin/cargo" "+beta-2023-12-22" "build" "--frozen" "--message-format=json", kill_on_drop: false }`
[INFO] [stdout] 561bd3f39db113c081f48c46c30a77f930d4ea4fb8a44676294b75bdbcecece2
[INFO] running `Command { std: "docker" "start" "-a" "561bd3f39db113c081f48c46c30a77f930d4ea4fb8a44676294b75bdbcecece2", kill_on_drop: false }`
[INFO] [stderr]    Compiling bimap v0.6.3
[INFO] [stderr]    Compiling syn v2.0.48
[INFO] [stderr]    Compiling do-with-in-base v0.1.2
[INFO] [stderr]    Compiling do-with-in-internal-macros v0.1.2 (/opt/rustwide/workdir)
[INFO] [stdout] warning: unused `#[macro_use]` import
[INFO] [stdout]  --> src/lib.rs:3:1
[INFO] [stdout]   |
[INFO] [stdout] 3 | #[macro_use] extern crate quote;
[INFO] [stdout]   | ^^^^^^^^^^^^
[INFO] [stdout]   |
[INFO] [stdout]   = note: `#[warn(unused_imports)]` on by default
[INFO] [stdout] 
[INFO] [stdout] 
[INFO] [stdout] warning: unused import: `TokenTree`
[INFO] [stdout]  --> src/lib.rs:6:31
[INFO] [stdout]   |
[INFO] [stdout] 6 | use proc_macro::{TokenStream, TokenTree};
[INFO] [stdout]   |                               ^^^^^^^^^
[INFO] [stdout] 
[INFO] [stdout] 
[INFO] [stdout] warning: unused import: `quote::ToTokens`
[INFO] [stdout]   --> src/lib.rs:10:5
[INFO] [stdout]    |
[INFO] [stdout] 10 | use quote::ToTokens;
[INFO] [stdout]    |     ^^^^^^^^^^^^^^^
[INFO] [stdout] 
[INFO] [stdout] 
[INFO] [stdout] warning: unused imports: `Attribute`, `PathSegment`, `Token`, `parse`
[INFO] [stdout]   --> src/lib.rs:11:11
[INFO] [stdout]    |
[INFO] [stdout] 11 | use syn::{parse, Attribute, PathSegment, Result, Token};
[INFO] [stdout]    |           ^^^^^  ^^^^^^^^^  ^^^^^^^^^^^          ^^^^^
[INFO] [stdout] 
[INFO] [stdout] 
[INFO] [stdout] warning: unused imports: `Parser`, `Peek`
[INFO] [stdout]   --> src/lib.rs:12:38
[INFO] [stdout]    |
[INFO] [stdout] 12 | use syn::parse::{Parse, ParseStream, Parser, Peek};
[INFO] [stdout]    |                                      ^^^^^^  ^^^^
[INFO] [stdout] 
[INFO] [stdout] 
[INFO] [stdout] warning: unused import: `syn::spanned::Spanned`
[INFO] [stdout]   --> src/lib.rs:13:5
[INFO] [stdout]    |
[INFO] [stdout] 13 | use syn::spanned::Spanned;
[INFO] [stdout]    |     ^^^^^^^^^^^^^^^^^^^^^
[INFO] [stdout] 
[INFO] [stdout] 
[INFO] [stdout] warning: unused imports: `Expr`, `Ident`, `Type`, `Visibility`
[INFO] [stdout]   --> src/lib.rs:14:11
[INFO] [stdout]    |
[INFO] [stdout] 14 | use syn::{Expr, Ident, Type, Visibility};
[INFO] [stdout]    |           ^^^^  ^^^^^  ^^^^  ^^^^^^^^^^
[INFO] [stdout] 
[INFO] [stdout] 
[INFO] [stdout] warning: unused import: `syn::punctuated::Punctuated`
[INFO] [stdout]   --> src/lib.rs:15:5
[INFO] [stdout]    |
[INFO] [stdout] 15 | use syn::punctuated::Punctuated;
[INFO] [stdout]    |     ^^^^^^^^^^^^^^^^^^^^^^^^^^^
[INFO] [stdout] 
[INFO] [stdout] 
[INFO] [stdout] warning: unused import: `syn::parenthesized`
[INFO] [stdout]   --> src/lib.rs:16:5
[INFO] [stdout]    |
[INFO] [stdout] 16 | use syn::parenthesized;
[INFO] [stdout]    |     ^^^^^^^^^^^^^^^^^^
[INFO] [stdout] 
[INFO] [stdout] 
[INFO] [stdout] warning: unused import: `syn::token::Token`
[INFO] [stdout]   --> src/lib.rs:17:5
[INFO] [stdout]    |
[INFO] [stdout] 17 | use syn::token::Token;
[INFO] [stdout]    |     ^^^^^^^^^^^^^^^^^
[INFO] [stdout] 
[INFO] [stdout] 
[INFO] [stdout] warning: unused import: `syn::buffer::Cursor`
[INFO] [stdout]   --> src/lib.rs:18:5
[INFO] [stdout]    |
[INFO] [stdout] 18 | use syn::buffer::Cursor;
[INFO] [stdout]    |     ^^^^^^^^^^^^^^^^^^^
[INFO] [stdout] 
[INFO] [stdout] 
[INFO] [stdout] warning: unused import: `std::marker::PhantomData`
[INFO] [stdout]   --> src/lib.rs:20:5
[INFO] [stdout]    |
[INFO] [stdout] 20 | use std::marker::PhantomData;
[INFO] [stdout]    |     ^^^^^^^^^^^^^^^^^^^^^^^^
[INFO] [stdout] 
[INFO] [stdout] 
[INFO] [stdout] warning: unused import: `std::collections::HashMap`
[INFO] [stdout]   --> src/lib.rs:22:5
[INFO] [stdout]    |
[INFO] [stdout] 22 | use std::collections::HashMap;
[INFO] [stdout]    |     ^^^^^^^^^^^^^^^^^^^^^^^^^
[INFO] [stdout] 
[INFO] [stdout] 
[INFO] [stdout] warning: unused import: `std::fmt::format`
[INFO] [stdout]   --> src/lib.rs:23:5
[INFO] [stdout]    |
[INFO] [stdout] 23 | use std::fmt::format;
[INFO] [stdout]    |     ^^^^^^^^^^^^^^^^
[INFO] [stdout] 
[INFO] [stdout] 
[INFO] [stdout] warning: unused variable: `has_prelude`
[INFO] [stdout]    --> src/lib.rs:130:11
[INFO] [stdout]     |
[INFO] [stdout] 130 |   let mut has_prelude = true;
[INFO] [stdout]     |           ^^^^^^^^^^^ help: if this is intentional, prefix it with an underscore: `_has_prelude`
[INFO] [stdout]     |
[INFO] [stdout]     = note: `#[warn(unused_variables)]` on by default
[INFO] [stdout] 
[INFO] [stdout] 
[INFO] [stdout] warning: unused variable: `postlude_marker`
[INFO] [stdout]    --> src/lib.rs:131:11
[INFO] [stdout]     |
[INFO] [stdout] 131 |   let mut postlude_marker = quote!{DoMarker};
[INFO] [stdout]     |           ^^^^^^^^^^^^^^^ help: if this is intentional, prefix it with an underscore: `_postlude_marker`
[INFO] [stdout] 
[INFO] [stdout] 
[INFO] [stdout] warning: unused variable: `sigil`
[INFO] [stdout]    --> src/lib.rs:134:11
[INFO] [stdout]     |
[INFO] [stdout] 134 |   let mut sigil = default_sigil.clone();
[INFO] [stdout]     |           ^^^^^ help: if this is intentional, prefix it with an underscore: `_sigil`
[INFO] [stdout] 
[INFO] [stdout] 
[INFO] [stdout] warning: unused variable: `a`
[INFO] [stdout]    --> src/lib.rs:135:7
[INFO] [stdout]     |
[INFO] [stdout] 135 |   let a: TokenStream2 = attr.into();
[INFO] [stdout]     |       ^ help: if this is intentional, prefix it with an underscore: `_a`
[INFO] [stdout] 
[INFO] [stdout] 
[INFO] [stdout] warning: variable does not need to be mutable
[INFO] [stdout]    --> src/lib.rs:130:7
[INFO] [stdout]     |
[INFO] [stdout] 130 |   let mut has_prelude = true;
[INFO] [stdout]     |       ----^^^^^^^^^^^
[INFO] [stdout]     |       |
[INFO] [stdout]     |       help: remove this `mut`
[INFO] [stdout]     |
[INFO] [stdout]     = note: `#[warn(unused_mut)]` on by default
[INFO] [stdout] 
[INFO] [stdout] 
[INFO] [stdout] warning: variable does not need to be mutable
[INFO] [stdout]    --> src/lib.rs:131:7
[INFO] [stdout]     |
[INFO] [stdout] 131 |   let mut postlude_marker = quote!{DoMarker};
[INFO] [stdout]     |       ----^^^^^^^^^^^^^^^
[INFO] [stdout]     |       |
[INFO] [stdout]     |       help: remove this `mut`
[INFO] [stdout] 
[INFO] [stdout] 
[INFO] [stdout] warning: variable does not need to be mutable
[INFO] [stdout]    --> src/lib.rs:133:7
[INFO] [stdout]     |
[INFO] [stdout] 133 |   let mut default_sigil = default_default.clone();
[INFO] [stdout]     |       ----^^^^^^^^^^^^^
[INFO] [stdout]     |       |
[INFO] [stdout]     |       help: remove this `mut`
[INFO] [stdout] 
[INFO] [stdout] 
[INFO] [stdout] warning: variable does not need to be mutable
[INFO] [stdout]    --> src/lib.rs:134:7
[INFO] [stdout]     |
[INFO] [stdout] 134 |   let mut sigil = default_sigil.clone();
[INFO] [stdout]     |       ----^^^^^
[INFO] [stdout]     |       |
[INFO] [stdout]     |       help: remove this `mut`
[INFO] [stdout] 
[INFO] [stdout] 
[INFO] [stdout] warning: field `fat` is never read
[INFO] [stdout]   --> src/lib.rs:28:3
[INFO] [stdout]    |
[INFO] [stdout] 27 | struct Fatuous {
[INFO] [stdout]    |        ------- field in this struct
[INFO] [stdout] 28 |   fat: TokenStream,
[INFO] [stdout]    |   ^^^
[INFO] [stdout]    |
[INFO] [stdout]    = note: `#[warn(dead_code)]` on by default
[INFO] [stdout] 
[INFO] [stdout] 
[INFO] [stdout] warning: unused `Result` that must be used
[INFO] [stdout]   --> src/lib.rs:34:5
[INFO] [stdout]    |
[INFO] [stdout] 34 | /     input.step(|cursor| {
[INFO] [stdout] 35 | |       let mut rest = *cursor;
[INFO] [stdout] 36 | |       while let Some((tt, next)) = rest.token_tree() {
[INFO] [stdout] 37 | |         fat.extend(TokenStream2::from(tt).into_iter());
[INFO] [stdout] ...  |
[INFO] [stdout] 40 | |       Ok(((), rest))
[INFO] [stdout] 41 | |     });
[INFO] [stdout]    | |______^
[INFO] [stdout]    |
[INFO] [stdout]    = note: this `Result` may be an `Err` variant, which should be handled
[INFO] [stdout]    = note: `#[warn(unused_must_use)]` on by default
[INFO] [stdout] help: use `let _ = ...` to ignore the resulting value
[INFO] [stdout]    |
[INFO] [stdout] 34 |     let _ = input.step(|cursor| {
[INFO] [stdout]    |     +++++++
[INFO] [stdout] 
[INFO] [stdout] 
[INFO] [stdout] warning: 24 warnings emitted
[INFO] [stdout] 
[INFO] [stdout] 
[INFO] [stderr]     Finished dev [unoptimized + debuginfo] target(s) in 6.67s
[INFO] running `Command { std: "docker" "inspect" "561bd3f39db113c081f48c46c30a77f930d4ea4fb8a44676294b75bdbcecece2", kill_on_drop: false }`
[INFO] running `Command { std: "docker" "rm" "-f" "561bd3f39db113c081f48c46c30a77f930d4ea4fb8a44676294b75bdbcecece2", kill_on_drop: false }`
[INFO] [stdout] 561bd3f39db113c081f48c46c30a77f930d4ea4fb8a44676294b75bdbcecece2
[INFO] running `Command { std: "docker" "create" "-v" "/var/lib/crater-agent-workspace/builds/worker-5-tc2/target:/opt/rustwide/target:rw,Z" "-v" "/var/lib/crater-agent-workspace/builds/worker-5-tc2/source:/opt/rustwide/workdir:ro,Z" "-v" "/var/lib/crater-agent-workspace/cargo-home:/opt/rustwide/cargo-home:ro,Z" "-v" "/var/lib/crater-agent-workspace/rustup-home:/opt/rustwide/rustup-home:ro,Z" "-e" "SOURCE_DIR=/opt/rustwide/workdir" "-e" "CARGO_TARGET_DIR=/opt/rustwide/target" "-e" "CARGO_INCREMENTAL=0" "-e" "RUST_BACKTRACE=full" "-e" "RUSTFLAGS=--cap-lints=warn" "-e" "RUSTDOCFLAGS=--cap-lints=warn" "-e" "CARGO_HOME=/opt/rustwide/cargo-home" "-e" "RUSTUP_HOME=/opt/rustwide/rustup-home" "-w" "/opt/rustwide/workdir" "-m" "1610612736" "--user" "0:0" "--network" "none" "ghcr.io/rust-lang/crates-build-env/linux@sha256:2788e3201cd34a07e3172128adcd8b3090168a8e3bcc40d7c032b9dda1df7d1c" "/opt/rustwide/cargo-home/bin/cargo" "+beta-2023-12-22" "test" "--frozen" "--no-run" "--message-format=json", kill_on_drop: false }`
[INFO] [stdout] 66764ef1b30c445bb0ad275fcd962697f5c6b1011de4ee1637494cb5f7ff91c9
[INFO] running `Command { std: "docker" "start" "-a" "66764ef1b30c445bb0ad275fcd962697f5c6b1011de4ee1637494cb5f7ff91c9", kill_on_drop: false }`
[INFO] [stderr]    Compiling proc-macro2 v1.0.75
[INFO] [stderr]    Compiling bimap v0.6.3
[INFO] [stderr]    Compiling quote v1.0.35
[INFO] [stderr]    Compiling syn v2.0.48
[INFO] [stderr]    Compiling do-with-in-base v0.1.2
[INFO] [stderr]    Compiling do-with-in-internal-macros v0.1.2 (/opt/rustwide/workdir)
[INFO] [stdout] warning: unused `#[macro_use]` import
[INFO] [stdout]  --> src/lib.rs:3:1
[INFO] [stdout]   |
[INFO] [stdout] 3 | #[macro_use] extern crate quote;
[INFO] [stdout]   | ^^^^^^^^^^^^
[INFO] [stdout]   |
[INFO] [stdout]   = note: `#[warn(unused_imports)]` on by default
[INFO] [stdout] 
[INFO] [stdout] 
[INFO] [stdout] warning: unused import: `TokenTree`
[INFO] [stdout]  --> src/lib.rs:6:31
[INFO] [stdout]   |
[INFO] [stdout] 6 | use proc_macro::{TokenStream, TokenTree};
[INFO] [stdout]   |                               ^^^^^^^^^
[INFO] [stdout] 
[INFO] [stdout] 
[INFO] [stdout] warning: unused import: `quote::ToTokens`
[INFO] [stdout]   --> src/lib.rs:10:5
[INFO] [stdout]    |
[INFO] [stdout] 10 | use quote::ToTokens;
[INFO] [stdout]    |     ^^^^^^^^^^^^^^^
[INFO] [stdout] 
[INFO] [stdout] 
[INFO] [stdout] warning: unused imports: `Attribute`, `PathSegment`, `Token`, `parse`
[INFO] [stdout]   --> src/lib.rs:11:11
[INFO] [stdout]    |
[INFO] [stdout] 11 | use syn::{parse, Attribute, PathSegment, Result, Token};
[INFO] [stdout]    |           ^^^^^  ^^^^^^^^^  ^^^^^^^^^^^          ^^^^^
[INFO] [stdout] 
[INFO] [stdout] 
[INFO] [stdout] warning: unused imports: `Parser`, `Peek`
[INFO] [stdout]   --> src/lib.rs:12:38
[INFO] [stdout]    |
[INFO] [stdout] 12 | use syn::parse::{Parse, ParseStream, Parser, Peek};
[INFO] [stdout]    |                                      ^^^^^^  ^^^^
[INFO] [stdout] 
[INFO] [stdout] 
[INFO] [stdout] warning: unused import: `syn::spanned::Spanned`
[INFO] [stdout]   --> src/lib.rs:13:5
[INFO] [stdout]    |
[INFO] [stdout] 13 | use syn::spanned::Spanned;
[INFO] [stdout]    |     ^^^^^^^^^^^^^^^^^^^^^
[INFO] [stdout] 
[INFO] [stdout] 
[INFO] [stdout] warning: unused imports: `Expr`, `Ident`, `Type`, `Visibility`
[INFO] [stdout]   --> src/lib.rs:14:11
[INFO] [stdout]    |
[INFO] [stdout] 14 | use syn::{Expr, Ident, Type, Visibility};
[INFO] [stdout]    |           ^^^^  ^^^^^  ^^^^  ^^^^^^^^^^
[INFO] [stdout] 
[INFO] [stdout] 
[INFO] [stdout] warning: unused import: `syn::punctuated::Punctuated`
[INFO] [stdout]   --> src/lib.rs:15:5
[INFO] [stdout]    |
[INFO] [stdout] 15 | use syn::punctuated::Punctuated;
[INFO] [stdout]    |     ^^^^^^^^^^^^^^^^^^^^^^^^^^^
[INFO] [stdout] 
[INFO] [stdout] 
[INFO] [stdout] warning: unused import: `syn::parenthesized`
[INFO] [stdout]   --> src/lib.rs:16:5
[INFO] [stdout]    |
[INFO] [stdout] 16 | use syn::parenthesized;
[INFO] [stdout]    |     ^^^^^^^^^^^^^^^^^^
[INFO] [stdout] 
[INFO] [stdout] 
[INFO] [stdout] warning: unused import: `syn::token::Token`
[INFO] [stdout]   --> src/lib.rs:17:5
[INFO] [stdout]    |
[INFO] [stdout] 17 | use syn::token::Token;
[INFO] [stdout]    |     ^^^^^^^^^^^^^^^^^
[INFO] [stdout] 
[INFO] [stdout] 
[INFO] [stdout] warning: unused import: `syn::buffer::Cursor`
[INFO] [stdout]   --> src/lib.rs:18:5
[INFO] [stdout]    |
[INFO] [stdout] 18 | use syn::buffer::Cursor;
[INFO] [stdout]    |     ^^^^^^^^^^^^^^^^^^^
[INFO] [stdout] 
[INFO] [stdout] 
[INFO] [stdout] warning: unused import: `std::marker::PhantomData`
[INFO] [stdout]   --> src/lib.rs:20:5
[INFO] [stdout]    |
[INFO] [stdout] 20 | use std::marker::PhantomData;
[INFO] [stdout]    |     ^^^^^^^^^^^^^^^^^^^^^^^^
[INFO] [stdout] 
[INFO] [stdout] 
[INFO] [stdout] warning: unused import: `std::collections::HashMap`
[INFO] [stdout]   --> src/lib.rs:22:5
[INFO] [stdout]    |
[INFO] [stdout] 22 | use std::collections::HashMap;
[INFO] [stdout]    |     ^^^^^^^^^^^^^^^^^^^^^^^^^
[INFO] [stdout] 
[INFO] [stdout] 
[INFO] [stdout] warning: unused import: `std::fmt::format`
[INFO] [stdout]   --> src/lib.rs:23:5
[INFO] [stdout]    |
[INFO] [stdout] 23 | use std::fmt::format;
[INFO] [stdout]    |     ^^^^^^^^^^^^^^^^
[INFO] [stdout] 
[INFO] [stdout] 
[INFO] [stdout] warning: unused `#[macro_use]` import
[INFO] [stdout]  --> src/lib.rs:3:1
[INFO] [stdout]   |
[INFO] [stdout] 3 | #[macro_use] extern crate quote;
[INFO] [stdout]   | ^^^^^^^^^^^^
[INFO] [stdout]   |
[INFO] [stdout]   = note: `#[warn(unused_imports)]` on by default
[INFO] [stdout] 
[INFO] [stdout] 
[INFO] [stdout] warning: unused import: `TokenTree`
[INFO] [stdout]  --> src/lib.rs:6:31
[INFO] [stdout]   |
[INFO] [stdout] 6 | use proc_macro::{TokenStream, TokenTree};
[INFO] [stdout]   |                               ^^^^^^^^^
[INFO] [stdout] 
[INFO] [stdout] 
[INFO] [stdout] warning: unused import: `quote::ToTokens`
[INFO] [stdout]   --> src/lib.rs:10:5
[INFO] [stdout]    |
[INFO] [stdout] 10 | use quote::ToTokens;
[INFO] [stdout]    |     ^^^^^^^^^^^^^^^
[INFO] [stdout] 
[INFO] [stdout] 
[INFO] [stdout] warning: unused imports: `Attribute`, `PathSegment`, `Token`, `parse`
[INFO] [stdout]   --> src/lib.rs:11:11
[INFO] [stdout]    |
[INFO] [stdout] 11 | use syn::{parse, Attribute, PathSegment, Result, Token};
[INFO] [stdout]    |           ^^^^^  ^^^^^^^^^  ^^^^^^^^^^^          ^^^^^
[INFO] [stdout] 
[INFO] [stdout] 
[INFO] [stdout] warning: unused imports: `Parser`, `Peek`
[INFO] [stdout]   --> src/lib.rs:12:38
[INFO] [stdout]    |
[INFO] [stdout] 12 | use syn::parse::{Parse, ParseStream, Parser, Peek};
[INFO] [stdout]    |                                      ^^^^^^  ^^^^
[INFO] [stdout] 
[INFO] [stdout] 
[INFO] [stdout] warning: unused import: `syn::spanned::Spanned`
[INFO] [stdout]   --> src/lib.rs:13:5
[INFO] [stdout]    |
[INFO] [stdout] 13 | use syn::spanned::Spanned;
[INFO] [stdout]    |     ^^^^^^^^^^^^^^^^^^^^^
[INFO] [stdout] 
[INFO] [stdout] 
[INFO] [stdout] warning: unused imports: `Expr`, `Ident`, `Type`, `Visibility`
[INFO] [stdout]   --> src/lib.rs:14:11
[INFO] [stdout]    |
[INFO] [stdout] 14 | use syn::{Expr, Ident, Type, Visibility};
[INFO] [stdout]    |           ^^^^  ^^^^^  ^^^^  ^^^^^^^^^^
[INFO] [stdout] 
[INFO] [stdout] 
[INFO] [stdout] warning: unused import: `syn::punctuated::Punctuated`
[INFO] [stdout]   --> src/lib.rs:15:5
[INFO] [stdout]    |
[INFO] [stdout] 15 | use syn::punctuated::Punctuated;
[INFO] [stdout]    |     ^^^^^^^^^^^^^^^^^^^^^^^^^^^
[INFO] [stdout] 
[INFO] [stdout] 
[INFO] [stdout] warning: unused import: `syn::parenthesized`
[INFO] [stdout]   --> src/lib.rs:16:5
[INFO] [stdout]    |
[INFO] [stdout] 16 | use syn::parenthesized;
[INFO] [stdout]    |     ^^^^^^^^^^^^^^^^^^
[INFO] [stdout] 
[INFO] [stdout] 
[INFO] [stdout] warning: unused import: `syn::token::Token`
[INFO] [stdout]   --> src/lib.rs:17:5
[INFO] [stdout]    |
[INFO] [stdout] 17 | use syn::token::Token;
[INFO] [stdout]    |     ^^^^^^^^^^^^^^^^^
[INFO] [stdout] 
[INFO] [stdout] 
[INFO] [stdout] warning: unused import: `syn::buffer::Cursor`
[INFO] [stdout]   --> src/lib.rs:18:5
[INFO] [stdout]    |
[INFO] [stdout] 18 | use syn::buffer::Cursor;
[INFO] [stdout]    |     ^^^^^^^^^^^^^^^^^^^
[INFO] [stdout] 
[INFO] [stdout] 
[INFO] [stdout] warning: unused import: `std::marker::PhantomData`
[INFO] [stdout]   --> src/lib.rs:20:5
[INFO] [stdout]    |
[INFO] [stdout] 20 | use std::marker::PhantomData;
[INFO] [stdout]    |     ^^^^^^^^^^^^^^^^^^^^^^^^
[INFO] [stdout] 
[INFO] [stdout] 
[INFO] [stdout] warning: unused import: `std::collections::HashMap`
[INFO] [stdout]   --> src/lib.rs:22:5
[INFO] [stdout]    |
[INFO] [stdout] 22 | use std::collections::HashMap;
[INFO] [stdout]    |     ^^^^^^^^^^^^^^^^^^^^^^^^^
[INFO] [stdout] 
[INFO] [stdout] 
[INFO] [stdout] warning: unused import: `std::fmt::format`
[INFO] [stdout]   --> src/lib.rs:23:5
[INFO] [stdout]    |
[INFO] [stdout] 23 | use std::fmt::format;
[INFO] [stdout]    |     ^^^^^^^^^^^^^^^^
[INFO] [stdout] 
[INFO] [stdout] 
[INFO] [stdout] warning: unused variable: `has_prelude`
[INFO] [stdout]    --> src/lib.rs:130:11
[INFO] [stdout]     |
[INFO] [stdout] 130 |   let mut has_prelude = true;
[INFO] [stdout]     |           ^^^^^^^^^^^ help: if this is intentional, prefix it with an underscore: `_has_prelude`
[INFO] [stdout]     |
[INFO] [stdout]     = note: `#[warn(unused_variables)]` on by default
[INFO] [stdout] 
[INFO] [stdout] 
[INFO] [stdout] warning: unused variable: `postlude_marker`
[INFO] [stdout]    --> src/lib.rs:131:11
[INFO] [stdout]     |
[INFO] [stdout] 131 |   let mut postlude_marker = quote!{DoMarker};
[INFO] [stdout]     |           ^^^^^^^^^^^^^^^ help: if this is intentional, prefix it with an underscore: `_postlude_marker`
[INFO] [stdout] 
[INFO] [stdout] 
[INFO] [stdout] warning: unused variable: `sigil`
[INFO] [stdout]    --> src/lib.rs:134:11
[INFO] [stdout]     |
[INFO] [stdout] 134 |   let mut sigil = default_sigil.clone();
[INFO] [stdout]     |           ^^^^^ help: if this is intentional, prefix it with an underscore: `_sigil`
[INFO] [stdout] 
[INFO] [stdout] 
[INFO] [stdout] warning: unused variable: `a`
[INFO] [stdout]    --> src/lib.rs:135:7
[INFO] [stdout]     |
[INFO] [stdout] 135 |   let a: TokenStream2 = attr.into();
[INFO] [stdout]     |       ^ help: if this is intentional, prefix it with an underscore: `_a`
[INFO] [stdout] 
[INFO] [stdout] 
[INFO] [stdout] warning: unused variable: `has_prelude`
[INFO] [stdout]    --> src/lib.rs:130:11
[INFO] [stdout]     |
[INFO] [stdout] 130 |   let mut has_prelude = true;
[INFO] [stdout]     |           ^^^^^^^^^^^ help: if this is intentional, prefix it with an underscore: `_has_prelude`
[INFO] [stdout]     |
[INFO] [stdout]     = note: `#[warn(unused_variables)]` on by default
[INFO] [stdout] 
[INFO] [stdout] 
[INFO] [stdout] warning: unused variable: `postlude_marker`
[INFO] [stdout]    --> src/lib.rs:131:11
[INFO] [stdout]     |
[INFO] [stdout] 131 |   let mut postlude_marker = quote!{DoMarker};
[INFO] [stdout]     |           ^^^^^^^^^^^^^^^ help: if this is intentional, prefix it with an underscore: `_postlude_marker`
[INFO] [stdout] 
[INFO] [stdout] 
[INFO] [stdout] warning: unused variable: `sigil`
[INFO] [stdout]    --> src/lib.rs:134:11
[INFO] [stdout]     |
[INFO] [stdout] 134 |   let mut sigil = default_sigil.clone();
[INFO] [stdout]     |           ^^^^^ help: if this is intentional, prefix it with an underscore: `_sigil`
[INFO] [stdout] 
[INFO] [stdout] 
[INFO] [stdout] warning: unused variable: `a`
[INFO] [stdout]    --> src/lib.rs:135:7
[INFO] [stdout]     |
[INFO] [stdout] 135 |   let a: TokenStream2 = attr.into();
[INFO] [stdout]     |       ^ help: if this is intentional, prefix it with an underscore: `_a`
[INFO] [stdout] 
[INFO] [stdout] 
[INFO] [stdout] warning: variable does not need to be mutable
[INFO] [stdout]    --> src/lib.rs:130:7
[INFO] [stdout]     |
[INFO] [stdout] 130 |   let mut has_prelude = true;
[INFO] [stdout]     |       ----^^^^^^^^^^^
[INFO] [stdout]     |       |
[INFO] [stdout]     |       help: remove this `mut`
[INFO] [stdout]     |
[INFO] [stdout]     = note: `#[warn(unused_mut)]` on by default
[INFO] [stdout] 
[INFO] [stdout] 
[INFO] [stdout] warning: variable does not need to be mutable
[INFO] [stdout]    --> src/lib.rs:131:7
[INFO] [stdout]     |
[INFO] [stdout] 131 |   let mut postlude_marker = quote!{DoMarker};
[INFO] [stdout]     |       ----^^^^^^^^^^^^^^^
[INFO] [stdout]     |       |
[INFO] [stdout]     |       help: remove this `mut`
[INFO] [stdout] 
[INFO] [stdout] 
[INFO] [stdout] warning: variable does not need to be mutable
[INFO] [stdout]    --> src/lib.rs:133:7
[INFO] [stdout]     |
[INFO] [stdout] 133 |   let mut default_sigil = default_default.clone();
[INFO] [stdout]     |       ----^^^^^^^^^^^^^
[INFO] [stdout]     |       |
[INFO] [stdout]     |       help: remove this `mut`
[INFO] [stdout] 
[INFO] [stdout] 
[INFO] [stdout] warning: variable does not need to be mutable
[INFO] [stdout]    --> src/lib.rs:134:7
[INFO] [stdout]     |
[INFO] [stdout] 134 |   let mut sigil = default_sigil.clone();
[INFO] [stdout]     |       ----^^^^^
[INFO] [stdout]     |       |
[INFO] [stdout]     |       help: remove this `mut`
[INFO] [stdout] 
[INFO] [stdout] 
[INFO] [stdout] warning: variable does not need to be mutable
[INFO] [stdout]    --> src/lib.rs:130:7
[INFO] [stdout]     |
[INFO] [stdout] 130 |   let mut has_prelude = true;
[INFO] [stdout]     |       ----^^^^^^^^^^^
[INFO] [stdout]     |       |
[INFO] [stdout]     |       help: remove this `mut`
[INFO] [stdout]     |
[INFO] [stdout]     = note: `#[warn(unused_mut)]` on by default
[INFO] [stdout] 
[INFO] [stdout] 
[INFO] [stdout] warning: variable does not need to be mutable
[INFO] [stdout]    --> src/lib.rs:131:7
[INFO] [stdout]     |
[INFO] [stdout] 131 |   let mut postlude_marker = quote!{DoMarker};
[INFO] [stdout]     |       ----^^^^^^^^^^^^^^^
[INFO] [stdout]     |       |
[INFO] [stdout]     |       help: remove this `mut`
[INFO] [stdout] 
[INFO] [stdout] 
[INFO] [stdout] warning: variable does not need to be mutable
[INFO] [stdout]    --> src/lib.rs:133:7
[INFO] [stdout]     |
[INFO] [stdout] 133 |   let mut default_sigil = default_default.clone();
[INFO] [stdout]     |       ----^^^^^^^^^^^^^
[INFO] [stdout]     |       |
[INFO] [stdout]     |       help: remove this `mut`
[INFO] [stdout] 
[INFO] [stdout] 
[INFO] [stdout] warning: variable does not need to be mutable
[INFO] [stdout]    --> src/lib.rs:134:7
[INFO] [stdout]     |
[INFO] [stdout] 134 |   let mut sigil = default_sigil.clone();
[INFO] [stdout]     |       ----^^^^^
[INFO] [stdout]     |       |
[INFO] [stdout]     |       help: remove this `mut`
[INFO] [stdout] 
[INFO] [stdout] 
[INFO] [stdout] warning: field `fat` is never read
[INFO] [stdout]   --> src/lib.rs:28:3
[INFO] [stdout]    |
[INFO] [stdout] 27 | struct Fatuous {
[INFO] [stdout]    |        ------- field in this struct
[INFO] [stdout] 28 |   fat: TokenStream,
[INFO] [stdout]    |   ^^^
[INFO] [stdout]    |
[INFO] [stdout]    = note: `#[warn(dead_code)]` on by default
[INFO] [stdout] 
[INFO] [stdout] 
[INFO] [stdout] warning: field `fat` is never read
[INFO] [stdout]   --> src/lib.rs:28:3
[INFO] [stdout]    |
[INFO] [stdout] 27 | struct Fatuous {
[INFO] [stdout]    |        ------- field in this struct
[INFO] [stdout] 28 |   fat: TokenStream,
[INFO] [stdout]    |   ^^^
[INFO] [stdout]    |
[INFO] [stdout]    = note: `#[warn(dead_code)]` on by default
[INFO] [stdout] 
[INFO] [stdout] 
[INFO] [stdout] warning: unused `Result` that must be used
[INFO] [stdout]   --> src/lib.rs:34:5
[INFO] [stdout]    |
[INFO] [stdout] 34 | /     input.step(|cursor| {
[INFO] [stdout] 35 | |       let mut rest = *cursor;
[INFO] [stdout] 36 | |       while let Some((tt, next)) = rest.token_tree() {
[INFO] [stdout] 37 | |         fat.extend(TokenStream2::from(tt).into_iter());
[INFO] [stdout] ...  |
[INFO] [stdout] 40 | |       Ok(((), rest))
[INFO] [stdout] 41 | |     });
[INFO] [stdout]    | |______^
[INFO] [stdout]    |
[INFO] [stdout]    = note: this `Result` may be an `Err` variant, which should be handled
[INFO] [stdout]    = note: `#[warn(unused_must_use)]` on by default
[INFO] [stdout] help: use `let _ = ...` to ignore the resulting value
[INFO] [stdout]    |
[INFO] [stdout] 34 |     let _ = input.step(|cursor| {
[INFO] [stdout]    |     +++++++
[INFO] [stdout] 
[INFO] [stdout] 
[INFO] [stdout] warning: unused `Result` that must be used
[INFO] [stdout]   --> src/lib.rs:34:5
[INFO] [stdout]    |
[INFO] [stdout] 34 | /     input.step(|cursor| {
[INFO] [stdout] 35 | |       let mut rest = *cursor;
[INFO] [stdout] 36 | |       while let Some((tt, next)) = rest.token_tree() {
[INFO] [stdout] 37 | |         fat.extend(TokenStream2::from(tt).into_iter());
[INFO] [stdout] ...  |
[INFO] [stdout] 40 | |       Ok(((), rest))
[INFO] [stdout] 41 | |     });
[INFO] [stdout]    | |______^
[INFO] [stdout]    |
[INFO] [stdout]    = note: this `Result` may be an `Err` variant, which should be handled
[INFO] [stdout]    = note: `#[warn(unused_must_use)]` on by default
[INFO] [stdout] help: use `let _ = ...` to ignore the resulting value
[INFO] [stdout]    |
[INFO] [stdout] 34 |     let _ = input.step(|cursor| {
[INFO] [stdout]    |     +++++++
[INFO] [stdout] 
[INFO] [stdout] 
[INFO] [stdout] warning: 24 warnings emitted
[INFO] [stdout] 
[INFO] [stdout] 
[INFO] [stdout] warning: 24 warnings emitted
[INFO] [stdout] 
[INFO] [stdout] 
[INFO] [stdout] error: Failure to import; got error: No such file or directory (os error 2)
[INFO] [stdout]         Could not open file: "do_with_in_internal_macros/tests/import.$"
[INFO] [stdout]    --> tests/do_with_in_test.rs:563:7
[INFO] [stdout]     |
[INFO] [stdout] 563 |     $(import "import.$")
[INFO] [stdout]     |       ^^^^^^
[INFO] [stdout] 
[INFO] [stdout] 
[INFO] [stdout] error: No such variable: b defined.
[INFO] [stdout]    --> tests/do_with_in_test.rs:564:10
[INFO] [stdout]     |
[INFO] [stdout] 564 |     let $b = $a;
[INFO] [stdout]     |          ^
[INFO] [stdout] 
[INFO] [stdout] 
[INFO] [stdout] error: No such variable: a defined.
[INFO] [stdout]    --> tests/do_with_in_test.rs:564:15
[INFO] [stdout]     |
[INFO] [stdout] 564 |     let $b = $a;
[INFO] [stdout]     |               ^
[INFO] [stdout] 
[INFO] [stdout] 
[INFO] [stdout] error: Failure to import; got error: No such file or directory (os error 2)
[INFO] [stdout]         Could not open file: "do_with_in_internal_macros/tests/import.$"
[INFO] [stdout]    --> tests/do_with_in_test.rs:575:7
[INFO] [stdout]     |
[INFO] [stdout] 575 |     $(import "import.$")
[INFO] [stdout]     |       ^^^^^^
[INFO] [stdout] 
[INFO] [stdout] 
[INFO] [stdout] error: Failure to import; got error: No such file or directory (os error 2)
[INFO] [stdout]         Could not open file: "do_with_in_internal_macros/tests/import.%"
[INFO] [stdout]    --> tests/do_with_in_test.rs:576:21
[INFO] [stdout]     |
[INFO] [stdout] 576 |     $(withSigil % %(import "import.%"))
[INFO] [stdout]     |                     ^^^^^^
[INFO] [stdout] 
[INFO] [stdout] 
[INFO] [stdout] error: No such variable: b defined.
[INFO] [stdout]    --> tests/do_with_in_test.rs:577:10
[INFO] [stdout]     |
[INFO] [stdout] 577 |     let $b = $a;
[INFO] [stdout]     |          ^
[INFO] [stdout] 
[INFO] [stdout] 
[INFO] [stdout] error: No such variable: a defined.
[INFO] [stdout]    --> tests/do_with_in_test.rs:577:15
[INFO] [stdout]     |
[INFO] [stdout] 577 |     let $b = $a;
[INFO] [stdout]     |               ^
[INFO] [stdout] 
[INFO] [stdout] 
[INFO] [stdout] error: No such variable: s defined.
[INFO] [stdout]    --> tests/do_with_in_test.rs:578:10
[INFO] [stdout]     |
[INFO] [stdout] 578 |     let $s = $r;
[INFO] [stdout]     |          ^
[INFO] [stdout] 
[INFO] [stdout] 
[INFO] [stdout] error: No such variable: r defined.
[INFO] [stdout]    --> tests/do_with_in_test.rs:578:15
[INFO] [stdout]     |
[INFO] [stdout] 578 |     let $s = $r;
[INFO] [stdout]     |               ^
[INFO] [stdout] 
[INFO] [stdout] 
[INFO] [stdout] error: Failure to import; got error: No such file or directory (os error 2)
[INFO] [stdout]         Could not open file: "do_with_in_internal_macros/tests/import.$"
[INFO] [stdout]    --> tests/do_with_in_test.rs:589:7
[INFO] [stdout]     |
[INFO] [stdout] 589 |     $(import Base "do_with_in_internal_macros" "tests" "import.$")
[INFO] [stdout]     |       ^^^^^^
[INFO] [stdout] 
[INFO] [stdout] 
[INFO] [stdout] error: No such variable: b defined.
[INFO] [stdout]    --> tests/do_with_in_test.rs:591:10
[INFO] [stdout]     |
[INFO] [stdout] 591 |     let $b = $a;
[INFO] [stdout]     |          ^
[INFO] [stdout] 
[INFO] [stdout] 
[INFO] [stdout] error: No such variable: a defined.
[INFO] [stdout]    --> tests/do_with_in_test.rs:591:15
[INFO] [stdout]     |
[INFO] [stdout] 591 |     let $b = $a;
[INFO] [stdout]     |               ^
[INFO] [stdout] 
[INFO] [stdout] 
[INFO] [stdout] error: Failure to import; got error: No such file or directory (os error 2)
[INFO] [stdout]         Could not open file: "import_base_test.$"
[INFO] [stdout]    --> tests/do_with_in_test.rs:601:7
[INFO] [stdout]     |
[INFO] [stdout] 601 |     $(import Base "import_base_test.$")
[INFO] [stdout]     |       ^^^^^^
[INFO] [stdout] 
[INFO] [stdout] 
[INFO] [stdout] error: No such variable: b defined.
[INFO] [stdout]    --> tests/do_with_in_test.rs:603:10
[INFO] [stdout]     |
[INFO] [stdout] 603 |     let $b = $a;
[INFO] [stdout]     |          ^
[INFO] [stdout] 
[INFO] [stdout] 
[INFO] [stdout] error: No such variable: a defined.
[INFO] [stdout]    --> tests/do_with_in_test.rs:603:15
[INFO] [stdout]     |
[INFO] [stdout] 603 |     let $b = $a;
[INFO] [stdout]     |               ^
[INFO] [stdout] 
[INFO] [stdout] 
[INFO] [stdout] error: Failure to import; got error: No such file or directory (os error 2)
[INFO] [stdout]         Could not open file: "import_base_test2.$"
[INFO] [stdout]    --> tests/do_with_in_test.rs:613:7
[INFO] [stdout]     |
[INFO] [stdout] 613 |     $(import Base "import_base_test2.$")
[INFO] [stdout]     |       ^^^^^^
[INFO] [stdout] 
[INFO] [stdout] 
[INFO] [stdout] error: No such variable: z defined.
[INFO] [stdout]    --> tests/do_with_in_test.rs:614:10
[INFO] [stdout]     |
[INFO] [stdout] 614 |     let $z = $c;
[INFO] [stdout]     |          ^
[INFO] [stdout] 
[INFO] [stdout] 
[INFO] [stdout] error: No such variable: c defined.
[INFO] [stdout]    --> tests/do_with_in_test.rs:614:15
[INFO] [stdout]     |
[INFO] [stdout] 614 |     let $z = $c;
[INFO] [stdout]     |               ^
[INFO] [stdout] 
[INFO] [stdout] 
[INFO] [stdout] error: Failure to import; got error: No such file or directory (os error 2)
[INFO] [stdout]         Could not open file: "do_with_in_internal_macros/tests/do_with_in_test.rs"
[INFO] [stdout]    --> tests/do_with_in_test.rs:669:7
[INFO] [stdout]     |
[INFO] [stdout] 669 |     $(runMarkers Base "do_with_in_internal_macros" "tests" "do_with_in_test.rs")
[INFO] [stdout]     |       ^^^^^^^^^^
[INFO] [stdout] 
[INFO] [stdout] 
[INFO] [stdout] error: Failure to import; got error: No such file or directory (os error 2)
[INFO] [stdout]         Could not open file: "do_with_in_internal_macros/tests/do_with_in_test.rs"
[INFO] [stdout]    --> tests/do_with_in_test.rs:670:7
[INFO] [stdout]     |
[INFO] [stdout] 670 |     $(runMarkers Base "do_with_in_internal_macros" "tests" "do_with_in_test.rs" => "foo")
[INFO] [stdout]     |       ^^^^^^^^^^
[INFO] [stdout] 
[INFO] [stdout] 
[INFO] [stdout] error: Failure to import; got error: No such file or directory (os error 2)
[INFO] [stdout]         Could not open file: "do_with_in_internal_macros/tests/do_with_in_test.rs"
[INFO] [stdout]    --> tests/do_with_in_test.rs:809:7
[INFO] [stdout]     |
[INFO] [stdout] 809 |     $(runMarkers Base "do_with_in_internal_macros" "tests" "do_with_in_test.rs")
[INFO] [stdout]     |       ^^^^^^^^^^
[INFO] [stdout] 
[INFO] [stdout] 
[INFO] [stdout] error: Undefined handler referenced: foo
[INFO] [stdout]        List of all known handlers: , "string_to_ident", "escape", "fn", "array", "let", "mk", "unquote", "unescape", "naiveStringifier", "import", "runMarkers", "quote", "var", "arithmetic", "withSigil", "if", "logic", "run", "marker", "concat"
[INFO] [stdout]    --> tests/do_with_in_test.rs:810:6
[INFO] [stdout]     |
[INFO] [stdout] 810 |     $(foo g 2)
[INFO] [stdout]     |      ^^^^^^^^^
[INFO] [stdout] 
[INFO] [stdout] 
[INFO] [stdout] error: Failure to import; got error: No such file or directory (os error 2)
[INFO] [stdout]         Could not open file: "do_with_in_internal_macros/tests/do_with_in_test.rs"
[INFO] [stdout]    --> tests/do_with_in_test.rs:820:7
[INFO] [stdout]     |
[INFO] [stdout] 820 |     $(runMarkers Base "do_with_in_internal_macros" "tests" "do_with_in_test.rs" => "first test")
[INFO] [stdout]     |       ^^^^^^^^^^
[INFO] [stdout] 
[INFO] [stdout] 
[INFO] [stdout] error: Undefined handler referenced: foo
[INFO] [stdout]        List of all known handlers: , "fn", "unescape", "escape", "var", "logic", "unquote", "arithmetic", "runMarkers", "let", "string_to_ident", "array", "mk", "withSigil", "concat", "quote", "import", "marker", "if", "naiveStringifier", "run"
[INFO] [stdout]    --> tests/do_with_in_test.rs:821:6
[INFO] [stdout]     |
[INFO] [stdout] 821 |     $(foo g 2)
[INFO] [stdout]     |      ^^^^^^^^^
[INFO] [stdout] 
[INFO] [stdout] 
[INFO] [stdout] error: Failure to import; got error: No such file or directory (os error 2)
[INFO] [stdout]         Could not open file: "do_with_in_internal_macros/tests/do_with_in_test.rs"
[INFO] [stdout]    --> tests/do_with_in_test.rs:831:7
[INFO] [stdout]     |
[INFO] [stdout] 831 |     $(runMarkers Base "do_with_in_internal_macros" "tests" "do_with_in_test.rs" => "second test")
[INFO] [stdout]     |       ^^^^^^^^^^
[INFO] [stdout] 
[INFO] [stdout] 
[INFO] [stdout] error: Undefined handler referenced: foo
[INFO] [stdout]        List of all known handlers: , "concat", "unescape", "fn", "string_to_ident", "let", "marker", "var", "withSigil", "logic", "quote", "naiveStringifier", "arithmetic", "import", "runMarkers", "unquote", "if", "run", "escape", "array", "mk"
[INFO] [stdout]    --> tests/do_with_in_test.rs:832:6
[INFO] [stdout]     |
[INFO] [stdout] 832 |     $(foo g 2)
[INFO] [stdout]     |      ^^^^^^^^^
[INFO] [stdout] 
[INFO] [stdout] 
[INFO] [stdout] error[E0425]: cannot find value `c` in this scope
[INFO] [stdout]    --> tests/do_with_in_test.rs:566:14
[INFO] [stdout]     |
[INFO] [stdout] 566 |   assert_eq!(c, 1);
[INFO] [stdout]     |              ^ not found in this scope
[INFO] [stdout] 
[INFO] [stdout] 
[INFO] [stdout] error[E0425]: cannot find value `c` in this scope
[INFO] [stdout]    --> tests/do_with_in_test.rs:580:14
[INFO] [stdout]     |
[INFO] [stdout] 580 |   assert_eq!(c, 1);
[INFO] [stdout]     |              ^ not found in this scope
[INFO] [stdout] 
[INFO] [stdout] 
[INFO] [stdout] error[E0425]: cannot find value `a` in this scope
[INFO] [stdout]    --> tests/do_with_in_test.rs:581:14
[INFO] [stdout]     |
[INFO] [stdout] 581 |   assert_eq!(a, 1);
[INFO] [stdout]     |              ^ not found in this scope
[INFO] [stdout] 
[INFO] [stdout] 
[INFO] [stdout] error[E0425]: cannot find value `c` in this scope
[INFO] [stdout]    --> tests/do_with_in_test.rs:593:14
[INFO] [stdout]     |
[INFO] [stdout] 593 |   assert_eq!(c, 1);
[INFO] [stdout]     |              ^ not found in this scope
[INFO] [stdout] 
[INFO] [stdout] 
[INFO] [stdout] error[E0425]: cannot find value `c` in this scope
[INFO] [stdout]    --> tests/do_with_in_test.rs:605:14
[INFO] [stdout]     |
[INFO] [stdout] 605 |   assert_eq!(c, 1);
[INFO] [stdout]     |              ^ not found in this scope
[INFO] [stdout] 
[INFO] [stdout] 
[INFO] [stdout] error[E0425]: cannot find value `twelve` in this scope
[INFO] [stdout]    --> tests/do_with_in_test.rs:616:14
[INFO] [stdout]     |
[INFO] [stdout] 616 |   assert_eq!(twelve, 12);
[INFO] [stdout]     |              ^^^^^^ not found in this scope
[INFO] [stdout] 
[INFO] [stdout] 
[INFO] [stdout] error[E0425]: cannot find value `g` in this scope
[INFO] [stdout]    --> tests/do_with_in_test.rs:812:14
[INFO] [stdout]     |
[INFO] [stdout] 812 |   assert_eq!(g, 6);
[INFO] [stdout]     |              ^ not found in this scope
[INFO] [stdout] 
[INFO] [stdout] 
[INFO] [stdout] error[E0425]: cannot find value `g` in this scope
[INFO] [stdout]    --> tests/do_with_in_test.rs:823:14
[INFO] [stdout]     |
[INFO] [stdout] 823 |   assert_eq!(g, 8);
[INFO] [stdout]     |              ^ not found in this scope
[INFO] [stdout] 
[INFO] [stdout] 
[INFO] [stdout] error[E0425]: cannot find value `g` in this scope
[INFO] [stdout]    --> tests/do_with_in_test.rs:834:14
[INFO] [stdout]     |
[INFO] [stdout] 834 |   assert_eq!(g, 7);
[INFO] [stdout]     |              ^ not found in this scope
[INFO] [stdout] 
[INFO] [stdout] 
[INFO] [stdout] warning: unnecessary trailing semicolon
[INFO] [stdout]   --> tests/do_with_in_test.rs:45:13
[INFO] [stdout]    |
[INFO] [stdout] 45 |     x = %foo;
[INFO] [stdout]    |             ^ help: remove this semicolon
[INFO] [stdout]    |
[INFO] [stdout]    = note: `#[warn(redundant_semicolons)]` on by default
[INFO] [stdout] 
[INFO] [stdout] 
[INFO] [stdout] warning: unnecessary trailing semicolon
[INFO] [stdout]   --> tests/do_with_in_test.rs:91:40
[INFO] [stdout]    |
[INFO] [stdout] 91 |     $(var x = {$(concat "foo" "_" $i)});
[INFO] [stdout]    |                                        ^ help: remove this semicolon
[INFO] [stdout] 
[INFO] [stdout] 
[INFO] [stdout] error: aborting due to 35 previous errors; 2 warnings emitted
[INFO] [stdout] 
[INFO] [stdout] 
[INFO] [stdout] For more information about this error, try `rustc --explain E0425`.
[INFO] [stdout] 
[INFO] [stderr] error: could not compile `do-with-in-internal-macros` (test "do_with_in_test") due to 36 previous errors; 2 warnings emitted
[INFO] running `Command { std: "docker" "inspect" "66764ef1b30c445bb0ad275fcd962697f5c6b1011de4ee1637494cb5f7ff91c9", kill_on_drop: false }`
[INFO] running `Command { std: "docker" "rm" "-f" "66764ef1b30c445bb0ad275fcd962697f5c6b1011de4ee1637494cb5f7ff91c9", kill_on_drop: false }`
[INFO] [stdout] 66764ef1b30c445bb0ad275fcd962697f5c6b1011de4ee1637494cb5f7ff91c9
