[INFO] fetching crate dmv_derive 0.2.2...
[INFO] testing dmv_derive-0.2.2 against 1.75.0 for beta-1.76-1
[INFO] extracting crate dmv_derive 0.2.2 into /workspace/builds/worker-3-tc1/source
[INFO] validating manifest of crates.io crate dmv_derive 0.2.2 on toolchain 1.75.0
[INFO] running `Command { std: CARGO_HOME="/workspace/cargo-home" RUSTUP_HOME="/workspace/rustup-home" "/workspace/cargo-home/bin/cargo" "+1.75.0" "metadata" "--manifest-path" "Cargo.toml" "--no-deps", kill_on_drop: false }`
[INFO] started tweaking crates.io crate dmv_derive 0.2.2
[INFO] finished tweaking crates.io crate dmv_derive 0.2.2
[INFO] tweaked toml for crates.io crate dmv_derive 0.2.2 written to /workspace/builds/worker-3-tc1/source/Cargo.toml
[INFO] running `Command { std: CARGO_HOME="/workspace/cargo-home" RUSTUP_HOME="/workspace/rustup-home" "/workspace/cargo-home/bin/cargo" "+1.75.0" "generate-lockfile" "--manifest-path" "Cargo.toml", kill_on_drop: false }`
[INFO] [stderr]     Updating crates.io index
[INFO] running `Command { std: CARGO_HOME="/workspace/cargo-home" RUSTUP_HOME="/workspace/rustup-home" "/workspace/cargo-home/bin/cargo" "+1.75.0" "fetch" "--manifest-path" "Cargo.toml", kill_on_drop: false }`
[INFO] running `Command { std: "docker" "create" "-v" "/var/lib/crater-agent-workspace/builds/worker-3-tc1/target:/opt/rustwide/target:rw,Z" "-v" "/var/lib/crater-agent-workspace/builds/worker-3-tc1/source:/opt/rustwide/workdir:ro,Z" "-v" "/var/lib/crater-agent-workspace/cargo-home:/opt/rustwide/cargo-home:ro,Z" "-v" "/var/lib/crater-agent-workspace/rustup-home:/opt/rustwide/rustup-home:ro,Z" "-e" "SOURCE_DIR=/opt/rustwide/workdir" "-e" "CARGO_TARGET_DIR=/opt/rustwide/target" "-e" "CARGO_HOME=/opt/rustwide/cargo-home" "-e" "RUSTUP_HOME=/opt/rustwide/rustup-home" "-w" "/opt/rustwide/workdir" "-m" "1610612736" "--user" "0:0" "--network" "none" "ghcr.io/rust-lang/crates-build-env/linux@sha256:2788e3201cd34a07e3172128adcd8b3090168a8e3bcc40d7c032b9dda1df7d1c" "/opt/rustwide/cargo-home/bin/cargo" "+1.75.0" "metadata" "--no-deps" "--format-version=1", kill_on_drop: false }`
[INFO] [stdout] c30040a6f7c03335d88b00243aef1d50bf7e36f821bf7ac04d093317f6e9879c
[INFO] running `Command { std: "docker" "start" "-a" "c30040a6f7c03335d88b00243aef1d50bf7e36f821bf7ac04d093317f6e9879c", kill_on_drop: false }`
[INFO] running `Command { std: "docker" "inspect" "c30040a6f7c03335d88b00243aef1d50bf7e36f821bf7ac04d093317f6e9879c", kill_on_drop: false }`
[INFO] running `Command { std: "docker" "rm" "-f" "c30040a6f7c03335d88b00243aef1d50bf7e36f821bf7ac04d093317f6e9879c", kill_on_drop: false }`
[INFO] [stdout] c30040a6f7c03335d88b00243aef1d50bf7e36f821bf7ac04d093317f6e9879c
[INFO] running `Command { std: "docker" "create" "-v" "/var/lib/crater-agent-workspace/builds/worker-3-tc1/target:/opt/rustwide/target:rw,Z" "-v" "/var/lib/crater-agent-workspace/builds/worker-3-tc1/source:/opt/rustwide/workdir:ro,Z" "-v" "/var/lib/crater-agent-workspace/cargo-home:/opt/rustwide/cargo-home:ro,Z" "-v" "/var/lib/crater-agent-workspace/rustup-home:/opt/rustwide/rustup-home:ro,Z" "-e" "SOURCE_DIR=/opt/rustwide/workdir" "-e" "CARGO_TARGET_DIR=/opt/rustwide/target" "-e" "CARGO_INCREMENTAL=0" "-e" "RUST_BACKTRACE=full" "-e" "RUSTFLAGS=--cap-lints=warn" "-e" "RUSTDOCFLAGS=--cap-lints=warn" "-e" "CARGO_HOME=/opt/rustwide/cargo-home" "-e" "RUSTUP_HOME=/opt/rustwide/rustup-home" "-w" "/opt/rustwide/workdir" "-m" "1610612736" "--user" "0:0" "--network" "none" "ghcr.io/rust-lang/crates-build-env/linux@sha256:2788e3201cd34a07e3172128adcd8b3090168a8e3bcc40d7c032b9dda1df7d1c" "/opt/rustwide/cargo-home/bin/cargo" "+1.75.0" "build" "--frozen" "--message-format=json", kill_on_drop: false }`
[INFO] [stdout] ed7eb73bd5cc1dafc5a09e4540b31deb2e85955a2004c43144141806a942cdad
[INFO] running `Command { std: "docker" "start" "-a" "ed7eb73bd5cc1dafc5a09e4540b31deb2e85955a2004c43144141806a942cdad", kill_on_drop: false }`
[INFO] [stderr]    Compiling proc-macro2 v1.0.75
[INFO] [stderr]    Compiling syn v1.0.109
[INFO] [stderr]    Compiling quote v1.0.35
[INFO] [stderr]    Compiling dmv_derive v0.2.2 (/opt/rustwide/workdir)
[INFO] [stderr]     Finished dev [unoptimized + debuginfo] target(s) in 2.64s
[INFO] running `Command { std: "docker" "inspect" "ed7eb73bd5cc1dafc5a09e4540b31deb2e85955a2004c43144141806a942cdad", kill_on_drop: false }`
[INFO] running `Command { std: "docker" "rm" "-f" "ed7eb73bd5cc1dafc5a09e4540b31deb2e85955a2004c43144141806a942cdad", kill_on_drop: false }`
[INFO] [stdout] ed7eb73bd5cc1dafc5a09e4540b31deb2e85955a2004c43144141806a942cdad
[INFO] running `Command { std: "docker" "create" "-v" "/var/lib/crater-agent-workspace/builds/worker-3-tc1/target:/opt/rustwide/target:rw,Z" "-v" "/var/lib/crater-agent-workspace/builds/worker-3-tc1/source:/opt/rustwide/workdir:ro,Z" "-v" "/var/lib/crater-agent-workspace/cargo-home:/opt/rustwide/cargo-home:ro,Z" "-v" "/var/lib/crater-agent-workspace/rustup-home:/opt/rustwide/rustup-home:ro,Z" "-e" "SOURCE_DIR=/opt/rustwide/workdir" "-e" "CARGO_TARGET_DIR=/opt/rustwide/target" "-e" "CARGO_INCREMENTAL=0" "-e" "RUST_BACKTRACE=full" "-e" "RUSTFLAGS=--cap-lints=warn" "-e" "RUSTDOCFLAGS=--cap-lints=warn" "-e" "CARGO_HOME=/opt/rustwide/cargo-home" "-e" "RUSTUP_HOME=/opt/rustwide/rustup-home" "-w" "/opt/rustwide/workdir" "-m" "1610612736" "--user" "0:0" "--network" "none" "ghcr.io/rust-lang/crates-build-env/linux@sha256:2788e3201cd34a07e3172128adcd8b3090168a8e3bcc40d7c032b9dda1df7d1c" "/opt/rustwide/cargo-home/bin/cargo" "+1.75.0" "test" "--frozen" "--no-run" "--message-format=json", kill_on_drop: false }`
[INFO] [stdout] 30d55261966ce6d6cd06b5140dceb1b6da79ae960437301ba67baa11214710dd
[INFO] running `Command { std: "docker" "start" "-a" "30d55261966ce6d6cd06b5140dceb1b6da79ae960437301ba67baa11214710dd", kill_on_drop: false }`
[INFO] [stderr]    Compiling proc-macro2 v1.0.75
[INFO] [stderr]    Compiling unicode-ident v1.0.12
[INFO] [stderr]    Compiling syn v1.0.109
[INFO] [stderr]    Compiling quote v1.0.35
[INFO] [stderr]    Compiling dmv_derive v0.2.2 (/opt/rustwide/workdir)
[INFO] [stdout] error[E0432]: unresolved import `dmv`
[INFO] [stdout]  --> tests/simple.rs:1:5
[INFO] [stdout]   |
[INFO] [stdout] 1 | use dmv::*;
[INFO] [stdout]   |     ^^^ use of undeclared crate or module `dmv`
[INFO] [stdout] 
[INFO] [stdout] 
[INFO] [stdout] error: cannot find derive macro `Dmv` in this scope
[INFO] [stdout]  --> tests/simple.rs:3:10
[INFO] [stdout]   |
[INFO] [stdout] 3 | #[derive(Dmv)]
[INFO] [stdout]   |          ^^^
[INFO] [stdout]   |
[INFO] [stdout] help: consider importing this derive macro
[INFO] [stdout]   |
[INFO] [stdout] 1 + use dmv_derive::Dmv;
[INFO] [stdout]   |
[INFO] [stdout] 
[INFO] [stdout] 
[INFO] [stdout] error[E0412]: cannot find type `SimpleScope` in this scope
[INFO] [stdout]  --> tests/simple.rs:8:26
[INFO] [stdout]   |
[INFO] [stdout] 8 |     let id1 = register::<SimpleScope>();
[INFO] [stdout]   |                          ^^^^^^^^^^^ not found in this scope
[INFO] [stdout]   |
[INFO] [stdout] help: you might be missing a type parameter
[INFO] [stdout]   |
[INFO] [stdout] 7 | fn test<SimpleScope>() {
[INFO] [stdout]   |        +++++++++++++
[INFO] [stdout] 
[INFO] [stdout] 
[INFO] [stdout] error[E0412]: cannot find type `Id` in this scope
[INFO] [stdout]  --> tests/simple.rs:9:14
[INFO] [stdout]   |
[INFO] [stdout] 9 |     let id2: Id<SimpleScope> = register();
[INFO] [stdout]   |              ^^ not found in this scope
[INFO] [stdout] 
[INFO] [stdout] 
[INFO] [stdout] error[E0412]: cannot find type `SimpleScope` in this scope
[INFO] [stdout]  --> tests/simple.rs:9:17
[INFO] [stdout]   |
[INFO] [stdout] 9 |     let id2: Id<SimpleScope> = register();
[INFO] [stdout]   |                 ^^^^^^^^^^^ not found in this scope
[INFO] [stdout]   |
[INFO] [stdout] help: you might be missing a type parameter
[INFO] [stdout]   |
[INFO] [stdout] 7 | fn test<SimpleScope>() {
[INFO] [stdout]   |        +++++++++++++
[INFO] [stdout] 
[INFO] [stdout] 
[INFO] [stdout] error[E0425]: cannot find function `register` in this scope
[INFO] [stdout]  --> tests/simple.rs:8:15
[INFO] [stdout]   |
[INFO] [stdout] 8 |     let id1 = register::<SimpleScope>();
[INFO] [stdout]   |               ^^^^^^^^ not found in this scope
[INFO] [stdout] 
[INFO] [stdout] 
[INFO] [stdout] error[E0425]: cannot find function `register` in this scope
[INFO] [stdout]  --> tests/simple.rs:9:32
[INFO] [stdout]   |
[INFO] [stdout] 9 |     let id2: Id<SimpleScope> = register();
[INFO] [stdout]   |                                ^^^^^^^^ not found in this scope
[INFO] [stdout] 
[INFO] [stdout] 
[INFO] [stdout] error: aborting due to 7 previous errors
[INFO] [stdout] 
[INFO] [stdout] 
[INFO] [stdout] Some errors have detailed explanations: E0412, E0425, E0432.
[INFO] [stdout] 
[INFO] [stdout] For more information about an error, try `rustc --explain E0412`.
[INFO] [stdout] 
[INFO] [stderr] error: could not compile `dmv_derive` (test "simple") due to 8 previous errors
[INFO] running `Command { std: "docker" "inspect" "30d55261966ce6d6cd06b5140dceb1b6da79ae960437301ba67baa11214710dd", kill_on_drop: false }`
[INFO] running `Command { std: "docker" "rm" "-f" "30d55261966ce6d6cd06b5140dceb1b6da79ae960437301ba67baa11214710dd", kill_on_drop: false }`
[INFO] [stdout] 30d55261966ce6d6cd06b5140dceb1b6da79ae960437301ba67baa11214710dd
