[INFO] fetching crate dll-hijack 1.0.1...
[INFO] testing dll-hijack-1.0.1 against 1.75.0 for beta-1.76-1
[INFO] extracting crate dll-hijack 1.0.1 into /workspace/builds/worker-5-tc1/source
[INFO] validating manifest of crates.io crate dll-hijack 1.0.1 on toolchain 1.75.0
[INFO] running `Command { std: CARGO_HOME="/workspace/cargo-home" RUSTUP_HOME="/workspace/rustup-home" "/workspace/cargo-home/bin/cargo" "+1.75.0" "metadata" "--manifest-path" "Cargo.toml" "--no-deps", kill_on_drop: false }`
[INFO] started tweaking crates.io crate dll-hijack 1.0.1
[INFO] finished tweaking crates.io crate dll-hijack 1.0.1
[INFO] tweaked toml for crates.io crate dll-hijack 1.0.1 written to /workspace/builds/worker-5-tc1/source/Cargo.toml
[INFO] running `Command { std: CARGO_HOME="/workspace/cargo-home" RUSTUP_HOME="/workspace/rustup-home" "/workspace/cargo-home/bin/cargo" "+1.75.0" "generate-lockfile" "--manifest-path" "Cargo.toml", kill_on_drop: false }`
[INFO] [stderr]     Updating crates.io index
[INFO] running `Command { std: CARGO_HOME="/workspace/cargo-home" RUSTUP_HOME="/workspace/rustup-home" "/workspace/cargo-home/bin/cargo" "+1.75.0" "fetch" "--manifest-path" "Cargo.toml", kill_on_drop: false }`
[INFO] [stderr]  Downloading crates ...
[INFO] [stderr]   Downloaded dll-hijack-derive v1.0.0
[INFO] running `Command { std: "docker" "create" "-v" "/var/lib/crater-agent-workspace/builds/worker-5-tc1/target:/opt/rustwide/target:rw,Z" "-v" "/var/lib/crater-agent-workspace/builds/worker-5-tc1/source:/opt/rustwide/workdir:ro,Z" "-v" "/var/lib/crater-agent-workspace/cargo-home:/opt/rustwide/cargo-home:ro,Z" "-v" "/var/lib/crater-agent-workspace/rustup-home:/opt/rustwide/rustup-home:ro,Z" "-e" "SOURCE_DIR=/opt/rustwide/workdir" "-e" "CARGO_TARGET_DIR=/opt/rustwide/target" "-e" "CARGO_HOME=/opt/rustwide/cargo-home" "-e" "RUSTUP_HOME=/opt/rustwide/rustup-home" "-w" "/opt/rustwide/workdir" "-m" "1610612736" "--user" "0:0" "--network" "none" "ghcr.io/rust-lang/crates-build-env/linux@sha256:2788e3201cd34a07e3172128adcd8b3090168a8e3bcc40d7c032b9dda1df7d1c" "/opt/rustwide/cargo-home/bin/cargo" "+1.75.0" "metadata" "--no-deps" "--format-version=1", kill_on_drop: false }`
[INFO] [stdout] 6039727112c135bb84f4ea204bb7ad535ce50eae7eb330a8eea83a7952ea8b9c
[INFO] running `Command { std: "docker" "start" "-a" "6039727112c135bb84f4ea204bb7ad535ce50eae7eb330a8eea83a7952ea8b9c", kill_on_drop: false }`
[INFO] running `Command { std: "docker" "inspect" "6039727112c135bb84f4ea204bb7ad535ce50eae7eb330a8eea83a7952ea8b9c", kill_on_drop: false }`
[INFO] running `Command { std: "docker" "rm" "-f" "6039727112c135bb84f4ea204bb7ad535ce50eae7eb330a8eea83a7952ea8b9c", kill_on_drop: false }`
[INFO] [stdout] 6039727112c135bb84f4ea204bb7ad535ce50eae7eb330a8eea83a7952ea8b9c
[INFO] running `Command { std: "docker" "create" "-v" "/var/lib/crater-agent-workspace/builds/worker-5-tc1/target:/opt/rustwide/target:rw,Z" "-v" "/var/lib/crater-agent-workspace/builds/worker-5-tc1/source:/opt/rustwide/workdir:ro,Z" "-v" "/var/lib/crater-agent-workspace/cargo-home:/opt/rustwide/cargo-home:ro,Z" "-v" "/var/lib/crater-agent-workspace/rustup-home:/opt/rustwide/rustup-home:ro,Z" "-e" "SOURCE_DIR=/opt/rustwide/workdir" "-e" "CARGO_TARGET_DIR=/opt/rustwide/target" "-e" "CARGO_INCREMENTAL=0" "-e" "RUST_BACKTRACE=full" "-e" "RUSTFLAGS=--cap-lints=warn" "-e" "RUSTDOCFLAGS=--cap-lints=warn" "-e" "CARGO_HOME=/opt/rustwide/cargo-home" "-e" "RUSTUP_HOME=/opt/rustwide/rustup-home" "-w" "/opt/rustwide/workdir" "-m" "1610612736" "--user" "0:0" "--network" "none" "ghcr.io/rust-lang/crates-build-env/linux@sha256:2788e3201cd34a07e3172128adcd8b3090168a8e3bcc40d7c032b9dda1df7d1c" "/opt/rustwide/cargo-home/bin/cargo" "+1.75.0" "build" "--frozen" "--message-format=json", kill_on_drop: false }`
[INFO] [stdout] 8aceecb0f144224abfece995e25879de99f61ac581c7a9929b50ce6c710efa0d
[INFO] running `Command { std: "docker" "start" "-a" "8aceecb0f144224abfece995e25879de99f61ac581c7a9929b50ce6c710efa0d", kill_on_drop: false }`
[INFO] [stderr]    Compiling proc-macro2 v1.0.75
[INFO] [stderr]    Compiling windows_x86_64_gnu v0.48.5
[INFO] [stderr]    Compiling windows-targets v0.48.5
[INFO] [stderr]    Compiling windows-sys v0.48.0
[INFO] [stderr]    Compiling quote v1.0.35
[INFO] [stderr]    Compiling syn v2.0.48
[INFO] [stderr]    Compiling dll-hijack-derive v1.0.0
[INFO] [stderr]    Compiling dll-hijack v1.0.1 (/opt/rustwide/workdir)
[INFO] [stdout] error[E0433]: failed to resolve: could not find `windows` in `os`
[INFO] [stdout]  --> src/lib.rs:4:14
[INFO] [stdout]   |
[INFO] [stdout] 4 | use std::os::windows::ffi::OsStrExt;
[INFO] [stdout]   |              ^^^^^^^ could not find `windows` in `os`
[INFO] [stdout] 
[INFO] [stdout] 
[INFO] [stdout] error[E0599]: no method named `encode_wide` found for struct `OsString` in the current scope
[INFO] [stdout]   --> src/lib.rs:83:10
[INFO] [stdout]    |
[INFO] [stdout] 81 |       let mut evil_dll_name: Vec<u16> = OsString::from_str(evil_dll_name)
[INFO] [stdout]    |  _______________________________________-
[INFO] [stdout] 82 | |         .unwrap()
[INFO] [stdout] 83 | |         .encode_wide()
[INFO] [stdout]    | |         -^^^^^^^^^^^ method not found in `OsString`
[INFO] [stdout]    | |_________|
[INFO] [stdout]    | 
[INFO] [stdout] 
[INFO] [stdout] 
[INFO] [stdout] error[E0599]: no method named `encode_wide` found for struct `OsString` in the current scope
[INFO] [stdout]   --> src/lib.rs:87:10
[INFO] [stdout]    |
[INFO] [stdout] 85 |       let mut orig_dll_name: Vec<u16> = OsString::from_str(orig_dll_name)
[INFO] [stdout]    |  _______________________________________-
[INFO] [stdout] 86 | |         .unwrap()
[INFO] [stdout] 87 | |         .encode_wide()
[INFO] [stdout]    | |         -^^^^^^^^^^^ method not found in `OsString`
[INFO] [stdout]    | |_________|
[INFO] [stdout]    | 
[INFO] [stdout] 
[INFO] [stdout] 
[INFO] [stdout] error: aborting due to 3 previous errors
[INFO] [stdout] 
[INFO] [stdout] 
[INFO] [stdout] Some errors have detailed explanations: E0433, E0599.
[INFO] [stdout] 
[INFO] [stdout] For more information about an error, try `rustc --explain E0433`.
[INFO] [stdout] 
[INFO] [stderr] error: could not compile `dll-hijack` (lib) due to 4 previous errors
[INFO] running `Command { std: "docker" "inspect" "8aceecb0f144224abfece995e25879de99f61ac581c7a9929b50ce6c710efa0d", kill_on_drop: false }`
[INFO] running `Command { std: "docker" "rm" "-f" "8aceecb0f144224abfece995e25879de99f61ac581c7a9929b50ce6c710efa0d", kill_on_drop: false }`
[INFO] [stdout] 8aceecb0f144224abfece995e25879de99f61ac581c7a9929b50ce6c710efa0d
[INFO] testing dll-hijack-1.0.1 against beta-2023-12-22 for beta-1.76-1
[INFO] extracting crate dll-hijack 1.0.1 into /workspace/builds/worker-5-tc2/source
[INFO] validating manifest of crates.io crate dll-hijack 1.0.1 on toolchain beta-2023-12-22
[INFO] running `Command { std: CARGO_HOME="/workspace/cargo-home" RUSTUP_HOME="/workspace/rustup-home" "/workspace/cargo-home/bin/cargo" "+beta-2023-12-22" "metadata" "--manifest-path" "Cargo.toml" "--no-deps", kill_on_drop: false }`
[INFO] started tweaking crates.io crate dll-hijack 1.0.1
[INFO] finished tweaking crates.io crate dll-hijack 1.0.1
[INFO] tweaked toml for crates.io crate dll-hijack 1.0.1 written to /workspace/builds/worker-5-tc2/source/Cargo.toml
[INFO] running `Command { std: CARGO_HOME="/workspace/cargo-home" RUSTUP_HOME="/workspace/rustup-home" "/workspace/cargo-home/bin/cargo" "+beta-2023-12-22" "generate-lockfile" "--manifest-path" "Cargo.toml", kill_on_drop: false }`
[INFO] [stderr]     Updating crates.io index
[INFO] running `Command { std: CARGO_HOME="/workspace/cargo-home" RUSTUP_HOME="/workspace/rustup-home" "/workspace/cargo-home/bin/cargo" "+beta-2023-12-22" "fetch" "--manifest-path" "Cargo.toml", kill_on_drop: false }`
[INFO] running `Command { std: "docker" "create" "-v" "/var/lib/crater-agent-workspace/builds/worker-5-tc2/target:/opt/rustwide/target:rw,Z" "-v" "/var/lib/crater-agent-workspace/builds/worker-5-tc2/source:/opt/rustwide/workdir:ro,Z" "-v" "/var/lib/crater-agent-workspace/cargo-home:/opt/rustwide/cargo-home:ro,Z" "-v" "/var/lib/crater-agent-workspace/rustup-home:/opt/rustwide/rustup-home:ro,Z" "-e" "SOURCE_DIR=/opt/rustwide/workdir" "-e" "CARGO_TARGET_DIR=/opt/rustwide/target" "-e" "CARGO_HOME=/opt/rustwide/cargo-home" "-e" "RUSTUP_HOME=/opt/rustwide/rustup-home" "-w" "/opt/rustwide/workdir" "-m" "1610612736" "--user" "0:0" "--network" "none" "ghcr.io/rust-lang/crates-build-env/linux@sha256:2788e3201cd34a07e3172128adcd8b3090168a8e3bcc40d7c032b9dda1df7d1c" "/opt/rustwide/cargo-home/bin/cargo" "+beta-2023-12-22" "metadata" "--no-deps" "--format-version=1", kill_on_drop: false }`
[INFO] [stdout] c4f176b6a4442bf60fb521e4fab890e89f79da84fa704708677b3cdeb7b41933
[INFO] running `Command { std: "docker" "start" "-a" "c4f176b6a4442bf60fb521e4fab890e89f79da84fa704708677b3cdeb7b41933", kill_on_drop: false }`
[INFO] running `Command { std: "docker" "inspect" "c4f176b6a4442bf60fb521e4fab890e89f79da84fa704708677b3cdeb7b41933", kill_on_drop: false }`
[INFO] running `Command { std: "docker" "rm" "-f" "c4f176b6a4442bf60fb521e4fab890e89f79da84fa704708677b3cdeb7b41933", kill_on_drop: false }`
[INFO] [stdout] c4f176b6a4442bf60fb521e4fab890e89f79da84fa704708677b3cdeb7b41933
[INFO] running `Command { std: "docker" "create" "-v" "/var/lib/crater-agent-workspace/builds/worker-5-tc2/target:/opt/rustwide/target:rw,Z" "-v" "/var/lib/crater-agent-workspace/builds/worker-5-tc2/source:/opt/rustwide/workdir:ro,Z" "-v" "/var/lib/crater-agent-workspace/cargo-home:/opt/rustwide/cargo-home:ro,Z" "-v" "/var/lib/crater-agent-workspace/rustup-home:/opt/rustwide/rustup-home:ro,Z" "-e" "SOURCE_DIR=/opt/rustwide/workdir" "-e" "CARGO_TARGET_DIR=/opt/rustwide/target" "-e" "CARGO_INCREMENTAL=0" "-e" "RUST_BACKTRACE=full" "-e" "RUSTFLAGS=--cap-lints=warn" "-e" "RUSTDOCFLAGS=--cap-lints=warn" "-e" "CARGO_HOME=/opt/rustwide/cargo-home" "-e" "RUSTUP_HOME=/opt/rustwide/rustup-home" "-w" "/opt/rustwide/workdir" "-m" "1610612736" "--user" "0:0" "--network" "none" "ghcr.io/rust-lang/crates-build-env/linux@sha256:2788e3201cd34a07e3172128adcd8b3090168a8e3bcc40d7c032b9dda1df7d1c" "/opt/rustwide/cargo-home/bin/cargo" "+beta-2023-12-22" "build" "--frozen" "--message-format=json", kill_on_drop: false }`
[INFO] [stdout] 464b954bcdda331fc09e93e2dafca1fc593a054c8765b7993b857fba42a8b2f4
[INFO] running `Command { std: "docker" "start" "-a" "464b954bcdda331fc09e93e2dafca1fc593a054c8765b7993b857fba42a8b2f4", kill_on_drop: false }`
[INFO] [stderr]    Compiling proc-macro2 v1.0.75
[INFO] [stderr]    Compiling windows_x86_64_gnu v0.48.5
[INFO] [stderr]    Compiling windows-targets v0.48.5
[INFO] [stderr]    Compiling windows-sys v0.48.0
[INFO] [stderr]    Compiling quote v1.0.35
[INFO] [stderr]    Compiling syn v2.0.48
[INFO] [stderr]    Compiling dll-hijack-derive v1.0.0
[INFO] [stderr]    Compiling dll-hijack v1.0.1 (/opt/rustwide/workdir)
[INFO] [stdout] error[E0433]: failed to resolve: could not find `windows` in `os`
[INFO] [stdout]  --> src/lib.rs:4:14
[INFO] [stdout]   |
[INFO] [stdout] 4 | use std::os::windows::ffi::OsStrExt;
[INFO] [stdout]   |              ^^^^^^^ could not find `windows` in `os`
[INFO] [stdout] 
[INFO] [stdout] 
[INFO] [stdout] error[E0599]: no method named `encode_wide` found for struct `OsString` in the current scope
[INFO] [stdout]   --> src/lib.rs:83:10
[INFO] [stdout]    |
[INFO] [stdout] 81 |       let mut evil_dll_name: Vec<u16> = OsString::from_str(evil_dll_name)
[INFO] [stdout]    |  _______________________________________-
[INFO] [stdout] 82 | |         .unwrap()
[INFO] [stdout] 83 | |         .encode_wide()
[INFO] [stdout]    | |         -^^^^^^^^^^^ method not found in `OsString`
[INFO] [stdout]    | |_________|
[INFO] [stdout]    | 
[INFO] [stdout] 
[INFO] [stdout] 
[INFO] [stdout] error[E0599]: no method named `encode_wide` found for struct `OsString` in the current scope
[INFO] [stdout]   --> src/lib.rs:87:10
[INFO] [stdout]    |
[INFO] [stdout] 85 |       let mut orig_dll_name: Vec<u16> = OsString::from_str(orig_dll_name)
[INFO] [stdout]    |  _______________________________________-
[INFO] [stdout] 86 | |         .unwrap()
[INFO] [stdout] 87 | |         .encode_wide()
[INFO] [stdout]    | |         -^^^^^^^^^^^ method not found in `OsString`
[INFO] [stdout]    | |_________|
[INFO] [stdout]    | 
[INFO] [stdout] 
[INFO] [stdout] 
[INFO] [stdout] error: aborting due to 3 previous errors
[INFO] [stdout] 
[INFO] [stdout] 
[INFO] [stdout] Some errors have detailed explanations: E0433, E0599.
[INFO] [stdout] 
[INFO] [stdout] For more information about an error, try `rustc --explain E0433`.
[INFO] [stdout] 
[INFO] [stderr] error: could not compile `dll-hijack` (lib) due to 4 previous errors
[INFO] running `Command { std: "docker" "inspect" "464b954bcdda331fc09e93e2dafca1fc593a054c8765b7993b857fba42a8b2f4", kill_on_drop: false }`
[INFO] running `Command { std: "docker" "rm" "-f" "464b954bcdda331fc09e93e2dafca1fc593a054c8765b7993b857fba42a8b2f4", kill_on_drop: false }`
[INFO] [stdout] 464b954bcdda331fc09e93e2dafca1fc593a054c8765b7993b857fba42a8b2f4
