[INFO] fetching crate divoom 0.1.42...
[INFO] testing divoom-0.1.42 against 1.75.0 for beta-1.76-1
[INFO] extracting crate divoom 0.1.42 into /workspace/builds/worker-0-tc1/source
[INFO] validating manifest of crates.io crate divoom 0.1.42 on toolchain 1.75.0
[INFO] running `Command { std: CARGO_HOME="/workspace/cargo-home" RUSTUP_HOME="/workspace/rustup-home" "/workspace/cargo-home/bin/cargo" "+1.75.0" "metadata" "--manifest-path" "Cargo.toml" "--no-deps", kill_on_drop: false }`
[INFO] started tweaking crates.io crate divoom 0.1.42
[INFO] finished tweaking crates.io crate divoom 0.1.42
[INFO] tweaked toml for crates.io crate divoom 0.1.42 written to /workspace/builds/worker-0-tc1/source/Cargo.toml
[INFO] running `Command { std: CARGO_HOME="/workspace/cargo-home" RUSTUP_HOME="/workspace/rustup-home" "/workspace/cargo-home/bin/cargo" "+1.75.0" "generate-lockfile" "--manifest-path" "Cargo.toml", kill_on_drop: false }`
[INFO] [stderr]     Updating crates.io index
[INFO] running `Command { std: CARGO_HOME="/workspace/cargo-home" RUSTUP_HOME="/workspace/rustup-home" "/workspace/cargo-home/bin/cargo" "+1.75.0" "fetch" "--manifest-path" "Cargo.toml", kill_on_drop: false }`
[INFO] [stderr]  Downloading crates ...
[INFO] [stderr]   Downloaded unicode-general-category v0.4.0
[INFO] [stderr]   Downloaded unicode-ccc v0.1.2
[INFO] [stderr]   Downloaded pico-args v0.5.0
[INFO] [stderr]   Downloaded simplecss v0.2.1
[INFO] [stderr]   Downloaded xmlwriter v0.1.0
[INFO] [stderr]   Downloaded contracts v0.6.3
[INFO] [stderr]   Downloaded shellwords v1.1.0
[INFO] [stderr]   Downloaded unicode-bidi-mirroring v0.1.0
[INFO] [stderr]   Downloaded cron v0.10.1
[INFO] [stderr]   Downloaded unicode-vo v0.1.0
[INFO] [stderr]   Downloaded unicode-script v0.5.5
[INFO] [stderr]   Downloaded tiny-skia v0.6.6
[INFO] [stderr]   Downloaded jpeg-decoder v0.2.6
[INFO] [stderr]   Downloaded rustybuzz v0.5.1
[INFO] [stderr]   Downloaded mockito v0.31.1
[INFO] [stderr]   Downloaded fontconfig-parser v0.5.3
[INFO] [stderr]   Downloaded roxmltree v0.18.1
[INFO] [stderr]   Downloaded usvg v0.23.0
[INFO] [stderr]   Downloaded assert-json-diff v2.0.2
[INFO] [stderr]   Downloaded tokio-cron-scheduler v0.7.6
[INFO] [stderr]   Downloaded rgb v0.8.37
[INFO] [stderr]   Downloaded svgfilters v0.4.0
[INFO] [stderr]   Downloaded svgtypes v0.8.2
[INFO] [stderr]   Downloaded data-url v0.1.1
[INFO] [stderr]   Downloaded fontdb v0.9.3
[INFO] [stderr]   Downloaded rctree v0.4.0
[INFO] [stderr]   Downloaded clap_derive v3.2.25
[INFO] [stderr]   Downloaded kurbo v0.8.3
[INFO] [stderr]   Downloaded resvg v0.23.0
[INFO] running `Command { std: "docker" "create" "-v" "/var/lib/crater-agent-workspace/builds/worker-0-tc1/target:/opt/rustwide/target:rw,Z" "-v" "/var/lib/crater-agent-workspace/builds/worker-0-tc1/source:/opt/rustwide/workdir:ro,Z" "-v" "/var/lib/crater-agent-workspace/cargo-home:/opt/rustwide/cargo-home:ro,Z" "-v" "/var/lib/crater-agent-workspace/rustup-home:/opt/rustwide/rustup-home:ro,Z" "-e" "SOURCE_DIR=/opt/rustwide/workdir" "-e" "CARGO_TARGET_DIR=/opt/rustwide/target" "-e" "CARGO_HOME=/opt/rustwide/cargo-home" "-e" "RUSTUP_HOME=/opt/rustwide/rustup-home" "-w" "/opt/rustwide/workdir" "-m" "1610612736" "--user" "0:0" "--network" "none" "ghcr.io/rust-lang/crates-build-env/linux@sha256:2788e3201cd34a07e3172128adcd8b3090168a8e3bcc40d7c032b9dda1df7d1c" "/opt/rustwide/cargo-home/bin/cargo" "+1.75.0" "metadata" "--no-deps" "--format-version=1", kill_on_drop: false }`
[INFO] [stdout] 49d45226f38387c7313a4747365ec23932b252bfb6833083a1debc937b811e98
[INFO] running `Command { std: "docker" "start" "-a" "49d45226f38387c7313a4747365ec23932b252bfb6833083a1debc937b811e98", kill_on_drop: false }`
[INFO] running `Command { std: "docker" "inspect" "49d45226f38387c7313a4747365ec23932b252bfb6833083a1debc937b811e98", kill_on_drop: false }`
[INFO] running `Command { std: "docker" "rm" "-f" "49d45226f38387c7313a4747365ec23932b252bfb6833083a1debc937b811e98", kill_on_drop: false }`
[INFO] [stdout] 49d45226f38387c7313a4747365ec23932b252bfb6833083a1debc937b811e98
[INFO] running `Command { std: "docker" "create" "-v" "/var/lib/crater-agent-workspace/builds/worker-0-tc1/target:/opt/rustwide/target:rw,Z" "-v" "/var/lib/crater-agent-workspace/builds/worker-0-tc1/source:/opt/rustwide/workdir:ro,Z" "-v" "/var/lib/crater-agent-workspace/cargo-home:/opt/rustwide/cargo-home:ro,Z" "-v" "/var/lib/crater-agent-workspace/rustup-home:/opt/rustwide/rustup-home:ro,Z" "-e" "SOURCE_DIR=/opt/rustwide/workdir" "-e" "CARGO_TARGET_DIR=/opt/rustwide/target" "-e" "CARGO_INCREMENTAL=0" "-e" "RUST_BACKTRACE=full" "-e" "RUSTFLAGS=--cap-lints=warn" "-e" "RUSTDOCFLAGS=--cap-lints=warn" "-e" "CARGO_HOME=/opt/rustwide/cargo-home" "-e" "RUSTUP_HOME=/opt/rustwide/rustup-home" "-w" "/opt/rustwide/workdir" "-m" "1610612736" "--user" "0:0" "--network" "none" "ghcr.io/rust-lang/crates-build-env/linux@sha256:2788e3201cd34a07e3172128adcd8b3090168a8e3bcc40d7c032b9dda1df7d1c" "/opt/rustwide/cargo-home/bin/cargo" "+1.75.0" "build" "--frozen" "--message-format=json", kill_on_drop: false }`
[INFO] [stdout] e184c42de682ebbaeb482c87baaadc45ab5991b456029ebc4cf6aeb543e2f53a
[INFO] running `Command { std: "docker" "start" "-a" "e184c42de682ebbaeb482c87baaadc45ab5991b456029ebc4cf6aeb543e2f53a", kill_on_drop: false }`
[INFO] [stderr]    Compiling proc-macro2 v1.0.75
[INFO] [stderr]    Compiling unicode-ident v1.0.12
[INFO] [stderr]    Compiling libc v0.2.151
[INFO] [stderr]    Compiling log v0.4.20
[INFO] [stderr]    Compiling once_cell v1.19.0
[INFO] [stderr]    Compiling simd-adler32 v0.3.7
[INFO] [stderr]    Compiling pin-project-lite v0.2.13
[INFO] [stderr]    Compiling crossbeam-utils v0.8.18
[INFO] [stderr]    Compiling vcpkg v0.2.15
[INFO] [stderr]    Compiling bytes v1.5.0
[INFO] [stderr]    Compiling pkg-config v0.3.28
[INFO] [stderr]    Compiling bytemuck v1.14.0
[INFO] [stderr]    Compiling adler v1.0.2
[INFO] [stderr]    Compiling itoa v1.0.10
[INFO] [stderr]    Compiling crc32fast v1.3.2
[INFO] [stderr]    Compiling quote v1.0.35
[INFO] [stderr]    Compiling miniz_oxide v0.7.1
[INFO] [stderr]    Compiling syn v2.0.48
[INFO] [stderr]    Compiling cc v1.0.83
[INFO] [stderr]    Compiling socket2 v0.5.5
[INFO] [stderr]    Compiling num_cpus v1.16.0
[INFO] [stderr]    Compiling mio v0.8.10
[INFO] [stderr]    Compiling num-traits v0.2.17
[INFO] [stderr]    Compiling memchr v2.7.1
[INFO] [stderr]    Compiling syn v1.0.109
[INFO] [stderr]    Compiling openssl-src v300.2.1+3.2.0
[INFO] [stderr]    Compiling crossbeam-epoch v0.9.17
[INFO] [stderr]    Compiling tracing-core v0.1.32
[INFO] [stderr]    Compiling rayon-core v1.12.0
[INFO] [stderr]    Compiling futures-core v0.3.30
[INFO] [stderr]    Compiling crossbeam-deque v0.8.4
[INFO] [stderr]    Compiling flate2 v1.0.28
[INFO] [stderr]    Compiling openssl-sys v0.9.98
[INFO] [stderr]    Compiling slab v0.4.9
[INFO] [stderr]    Compiling lock_api v0.4.11
[INFO] [stderr]    Compiling equivalent v1.0.1
[INFO] [stderr]    Compiling hashbrown v0.14.3
[INFO] [stderr]    Compiling openssl v0.10.62
[INFO] [stderr]    Compiling serde v1.0.194
[INFO] [stderr]    Compiling xmlparser v0.13.6
[INFO] [stderr]    Compiling http v0.2.11
[INFO] [stderr]    Compiling proc-macro-error-attr v1.0.4
[INFO] [stderr]    Compiling getrandom v0.2.11
[INFO] [stderr]    Compiling unicode-bidi v0.3.14
[INFO] [stderr]    Compiling indexmap v2.1.0
[INFO] [stderr]    Compiling weezl v0.1.7
[INFO] [stderr]    Compiling futures-sink v0.3.30
[INFO] [stderr]    Compiling bitflags v2.4.1
[INFO] [stderr]    Compiling scopeguard v1.2.0
[INFO] [stderr]    Compiling unicode-general-category v0.4.0
[INFO] [stderr]    Compiling smallvec v1.11.2
[INFO] [stderr]    Compiling futures-task v0.3.30
[INFO] [stderr]    Compiling futures-util v0.3.30
[INFO] [stderr]    Compiling roxmltree v0.18.1
[INFO] [stderr]    Compiling aho-corasick v1.1.2
[INFO] [stderr]    Compiling proc-macro-error v1.0.4
[INFO] [stderr]    Compiling fdeflate v0.3.3
[INFO] [stderr]    Compiling num-integer v0.1.45
[INFO] [stderr]    Compiling percent-encoding v2.3.1
[INFO] [stderr]    Compiling either v1.9.0
[INFO] [stderr]    Compiling try-lock v0.2.5
[INFO] [stderr]    Compiling regex-syntax v0.8.2
[INFO] [stderr]    Compiling color_quant v1.1.0
[INFO] [stderr]    Compiling ryu v1.0.16
[INFO] [stderr]    Compiling want v0.3.1
[INFO] [stderr]    Compiling rayon v1.8.0
[INFO] [stderr]    Compiling form_urlencoded v1.2.1
[INFO] [stderr]    Compiling png v0.17.10
[INFO] [stderr]    Compiling fontconfig-parser v0.5.3
[INFO] [stderr]    Compiling tokio-macros v2.2.0
[INFO] [stderr]    Compiling tracing-attributes v0.1.27
[INFO] [stderr]    Compiling serde_derive v1.0.194
[INFO] [stderr]    Compiling tokio v1.35.1
[INFO] [stderr]    Compiling openssl-macros v0.1.1
[INFO] [stderr]    Compiling regex-automata v0.4.3
[INFO] [stderr]    Compiling spin v0.9.8
[INFO] [stderr]    Compiling tracing v0.1.40
[INFO] [stderr]    Compiling unicode-normalization v0.1.22
[INFO] [stderr]    Compiling http-body v0.4.6
[INFO] [stderr]    Compiling futures-channel v0.3.30
[INFO] [stderr]    Compiling memmap2 v0.5.10
[INFO] [stderr]    Compiling indexmap v1.9.3
[INFO] [stderr]    Compiling num-rational v0.4.1
[INFO] [stderr]    Compiling ttf-parser v0.15.2
[INFO] [stderr]    Compiling httpdate v1.0.3
[INFO] [stderr]    Compiling matches v0.1.10
[INFO] [stderr]    Compiling arrayvec v0.7.4
[INFO] [stderr]    Compiling float-cmp v0.9.0
[INFO] [stderr]    Compiling unicode-script v0.5.5
[INFO] [stderr]    Compiling ttf-parser v0.17.1
[INFO] [stderr]    Compiling minimal-lexical v0.2.1
[INFO] [stderr]    Compiling siphasher v0.3.11
[INFO] [stderr]    Compiling unicode-ccc v0.1.2
[INFO] [stderr]    Compiling unicode-bidi-mirroring v0.1.0
[INFO] [stderr]    Compiling iana-time-zone v0.1.59
[INFO] [stderr]    Compiling svgtypes v0.8.2
[INFO] [stderr]    Compiling chrono v0.4.31
[INFO] [stderr]    Compiling tokio-util v0.7.10
[INFO] [stderr]    Compiling h2 v0.3.22
[INFO] [stderr]    Compiling fontdb v0.9.3
[INFO] [stderr]    Compiling rustybuzz v0.5.1
[INFO] [stderr]    Compiling regex v1.10.2
[INFO] [stderr]    Compiling nom v7.1.3
[INFO] [stderr]    Compiling kurbo v0.8.3
[INFO] [stderr]    Compiling data-url v0.1.1
[INFO] [stderr]    Compiling idna v0.5.0
[INFO] [stderr]    Compiling flume v0.11.0
[INFO] [stderr]    Compiling jpeg-decoder v0.3.0
[INFO] [stderr]    Compiling rand_core v0.6.4
[INFO] [stderr]    Compiling roxmltree v0.14.1
[INFO] [stderr]    Compiling atty v0.2.14
[INFO] [stderr]    Compiling safe_arch v0.5.2
[INFO] [stderr]    Compiling rgb v0.8.37
[INFO] [stderr]    Compiling simplecss v0.2.1
[INFO] [stderr]    Compiling zune-inflate v0.2.54
[INFO] [stderr]    Compiling serde_json v1.0.111
[INFO] [stderr]    Compiling anyhow v1.0.79
[INFO] [stderr]    Compiling lebe v0.5.2
[INFO] [stderr]    Compiling base64 v0.13.1
[INFO] [stderr]    Compiling hyper v0.14.28
[INFO] [stderr]    Compiling os_str_bytes v6.6.1
[INFO] [stderr]    Compiling async-trait v0.1.77
[INFO] [stderr]    Compiling thiserror v1.0.56
[INFO] [stderr]    Compiling half v2.2.1
[INFO] [stderr]    Compiling xmlwriter v0.1.0
[INFO] [stderr]    Compiling arrayvec v0.5.2
[INFO] [stderr]    Compiling arrayref v0.3.7
[INFO] [stderr]    Compiling heck v0.4.1
[INFO] [stderr]    Compiling unicode-vo v0.1.0
[INFO] [stderr]    Compiling tokio-cron-scheduler v0.7.6
[INFO] [stderr]    Compiling termcolor v1.4.0
[INFO] [stderr]    Compiling pico-args v0.5.0
[INFO] [stderr]    Compiling rctree v0.4.0
[INFO] [stderr]    Compiling bit_field v0.10.2
[INFO] [stderr]    Compiling clap_derive v3.2.25
[INFO] [stderr]    Compiling usvg v0.23.0
[INFO] [stderr]    Compiling exr v1.71.0
[INFO] [stderr]    Compiling tiny-skia v0.6.6
[INFO] [stderr]    Compiling rand_chacha v0.3.1
[INFO] [stderr]    Compiling clap_lex v0.2.4
[INFO] [stderr]    Compiling svgfilters v0.4.0
[INFO] [stderr]    Compiling tiff v0.9.0
[INFO] [stderr]    Compiling cron v0.10.1
[INFO] [stderr]    Compiling url v2.5.0
[INFO] [stderr]    Compiling serde_urlencoded v0.7.1
[INFO] [stderr]    Compiling num-derive v0.3.3
[INFO] [stderr]    Compiling thiserror-impl v1.0.56
[INFO] [stderr]    Compiling gif v0.11.4
[INFO] [stderr]    Compiling gif v0.12.0
[INFO] [stderr]    Compiling uuid v1.6.1
[INFO] [stderr]    Compiling time v0.1.45
[INFO] [stderr]    Compiling qoi v0.4.1
[INFO] [stderr]    Compiling encoding_rs v0.8.33
[INFO] [stderr]    Compiling strsim v0.10.0
[INFO] [stderr]    Compiling jpeg-decoder v0.2.6
[INFO] [stderr]    Compiling humantime v2.1.0
[INFO] [stderr]    Compiling textwrap v0.16.0
[INFO] [stderr]    Compiling mime v0.3.17
[INFO] [stderr]    Compiling unsafe-libyaml v0.2.10
[INFO] [stderr]    Compiling ipnet v2.9.0
[INFO] [stderr]    Compiling byteorder v1.5.0
[INFO] [stderr]    Compiling base64 v0.21.5
[INFO] [stderr]    Compiling image v0.24.7
[INFO] [stderr]    Compiling resvg v0.23.0
[INFO] [stderr]    Compiling serde_yaml v0.9.30
[INFO] [stderr]    Compiling shellwords v1.1.0
[INFO] [stderr]    Compiling clap v3.2.25
[INFO] [stderr]    Compiling env_logger v0.9.3
[INFO] [stdout] error[E0308]: mismatched types
[INFO] [stdout]    --> /opt/rustwide/cargo-home/registry/src/index.crates.io-6f17d22bba15001f/tokio-cron-scheduler-0.7.6/src/job/mod.rs:346:41
[INFO] [stdout]     |
[INFO] [stdout] 346 |                       .checked_add_signed(time::Duration::seconds(
[INFO] [stdout]     |  ______________________------------------_^
[INFO] [stdout]     | |                      |
[INFO] [stdout]     | |                      arguments to this method are incorrect
[INFO] [stdout] 347 | |                         instant.duration_since(Instant::now()).as_secs() as i64,
[INFO] [stdout] 348 | |                     ))
[INFO] [stdout]     | |_____________________^ expected `chrono::Duration`, found `time::Duration`
[INFO] [stdout]     |
[INFO] [stdout]     = note: `time::Duration` and `chrono::Duration` have similar names, but are actually distinct types
[INFO] [stdout] note: `time::Duration` is defined in crate `time`
[INFO] [stdout]    --> /opt/rustwide/cargo-home/registry/src/index.crates.io-6f17d22bba15001f/time-0.1.45/src/duration.rs:45:1
[INFO] [stdout]     |
[INFO] [stdout] 45  | pub struct Duration {
[INFO] [stdout]     | ^^^^^^^^^^^^^^^^^^^
[INFO] [stdout] note: `chrono::Duration` is defined in crate `chrono`
[INFO] [stdout]    --> /opt/rustwide/cargo-home/registry/src/index.crates.io-6f17d22bba15001f/chrono-0.4.31/src/duration.rs:55:1
[INFO] [stdout]     |
[INFO] [stdout] 55  | pub struct Duration {
[INFO] [stdout]     | ^^^^^^^^^^^^^^^^^^^
[INFO] [stdout] note: method defined here
[INFO] [stdout]    --> /opt/rustwide/cargo-home/registry/src/index.crates.io-6f17d22bba15001f/chrono-0.4.31/src/datetime/mod.rs:377:12
[INFO] [stdout]     |
[INFO] [stdout] 377 |     pub fn checked_add_signed(self, rhs: OldDuration) -> Option<DateTime<Tz>> {
[INFO] [stdout]     |            ^^^^^^^^^^^^^^^^^^
[INFO] [stdout] 
[INFO] [stdout] 
[INFO] [stdout] error[E0308]: mismatched types
[INFO] [stdout]    --> /opt/rustwide/cargo-home/registry/src/index.crates.io-6f17d22bba15001f/tokio-cron-scheduler-0.7.6/src/job/mod.rs:444:41
[INFO] [stdout]     |
[INFO] [stdout] 444 |                     .checked_add_signed(time::Duration::seconds(duration.as_secs() as i64))
[INFO] [stdout]     |                      ------------------ ^^^^^^^^^^^^^^^^^^^^^^^^^^^^^^^^^^^^^^^^^^^^^^^^^^ expected `chrono::Duration`, found `time::Duration`
[INFO] [stdout]     |                      |
[INFO] [stdout]     |                      arguments to this method are incorrect
[INFO] [stdout]     |
[INFO] [stdout]     = note: `time::Duration` and `chrono::Duration` have similar names, but are actually distinct types
[INFO] [stdout] note: `time::Duration` is defined in crate `time`
[INFO] [stdout]    --> /opt/rustwide/cargo-home/registry/src/index.crates.io-6f17d22bba15001f/time-0.1.45/src/duration.rs:45:1
[INFO] [stdout]     |
[INFO] [stdout] 45  | pub struct Duration {
[INFO] [stdout]     | ^^^^^^^^^^^^^^^^^^^
[INFO] [stdout] note: `chrono::Duration` is defined in crate `chrono`
[INFO] [stdout]    --> /opt/rustwide/cargo-home/registry/src/index.crates.io-6f17d22bba15001f/chrono-0.4.31/src/duration.rs:55:1
[INFO] [stdout]     |
[INFO] [stdout] 55  | pub struct Duration {
[INFO] [stdout]     | ^^^^^^^^^^^^^^^^^^^
[INFO] [stdout] note: method defined here
[INFO] [stdout]    --> /opt/rustwide/cargo-home/registry/src/index.crates.io-6f17d22bba15001f/chrono-0.4.31/src/datetime/mod.rs:377:12
[INFO] [stdout]     |
[INFO] [stdout] 377 |     pub fn checked_add_signed(self, rhs: OldDuration) -> Option<DateTime<Tz>> {
[INFO] [stdout]     |            ^^^^^^^^^^^^^^^^^^
[INFO] [stdout] 
[INFO] [stdout] 
[INFO] [stdout] error[E0308]: mismatched types
[INFO] [stdout]    --> /opt/rustwide/cargo-home/registry/src/index.crates.io-6f17d22bba15001f/tokio-cron-scheduler-0.7.6/src/job/mod.rs:568:62
[INFO] [stdout]     |
[INFO] [stdout] 568 |                         .and_then(|nt| nt.checked_add_signed(time::Duration::seconds(r as i64)))
[INFO] [stdout]     |                                           ------------------ ^^^^^^^^^^^^^^^^^^^^^^^^^^^^^^^^^ expected `chrono::Duration`, found `time::Duration`
[INFO] [stdout]     |                                           |
[INFO] [stdout]     |                                           arguments to this method are incorrect
[INFO] [stdout]     |
[INFO] [stdout]     = note: `time::Duration` and `chrono::Duration` have similar names, but are actually distinct types
[INFO] [stdout] note: `time::Duration` is defined in crate `time`
[INFO] [stdout]    --> /opt/rustwide/cargo-home/registry/src/index.crates.io-6f17d22bba15001f/time-0.1.45/src/duration.rs:45:1
[INFO] [stdout]     |
[INFO] [stdout] 45  | pub struct Duration {
[INFO] [stdout]     | ^^^^^^^^^^^^^^^^^^^
[INFO] [stdout] note: `chrono::Duration` is defined in crate `chrono`
[INFO] [stdout]    --> /opt/rustwide/cargo-home/registry/src/index.crates.io-6f17d22bba15001f/chrono-0.4.31/src/duration.rs:55:1
[INFO] [stdout]     |
[INFO] [stdout] 55  | pub struct Duration {
[INFO] [stdout]     | ^^^^^^^^^^^^^^^^^^^
[INFO] [stdout] note: method defined here
[INFO] [stdout]    --> /opt/rustwide/cargo-home/registry/src/index.crates.io-6f17d22bba15001f/chrono-0.4.31/src/datetime/mod.rs:377:12
[INFO] [stdout]     |
[INFO] [stdout] 377 |     pub fn checked_add_signed(self, rhs: OldDuration) -> Option<DateTime<Tz>> {
[INFO] [stdout]     |            ^^^^^^^^^^^^^^^^^^
[INFO] [stdout] 
[INFO] [stdout] 
[INFO] [stdout] error[E0308]: mismatched types
[INFO] [stdout]    --> /opt/rustwide/cargo-home/registry/src/index.crates.io-6f17d22bba15001f/tokio-cron-scheduler-0.7.6/src/scheduler.rs:167:67
[INFO] [stdout]     |
[INFO] [stdout] 167 | ...                   nt.checked_add_signed(time::Duration::seconds(r as i64))
[INFO] [stdout]     |                          ------------------ ^^^^^^^^^^^^^^^^^^^^^^^^^^^^^^^^^ expected `chrono::Duration`, found `time::Duration`
[INFO] [stdout]     |                          |
[INFO] [stdout]     |                          arguments to this method are incorrect
[INFO] [stdout]     |
[INFO] [stdout]     = note: `time::Duration` and `chrono::Duration` have similar names, but are actually distinct types
[INFO] [stdout] note: `time::Duration` is defined in crate `time`
[INFO] [stdout]    --> /opt/rustwide/cargo-home/registry/src/index.crates.io-6f17d22bba15001f/time-0.1.45/src/duration.rs:45:1
[INFO] [stdout]     |
[INFO] [stdout] 45  | pub struct Duration {
[INFO] [stdout]     | ^^^^^^^^^^^^^^^^^^^
[INFO] [stdout] note: `chrono::Duration` is defined in crate `chrono`
[INFO] [stdout]    --> /opt/rustwide/cargo-home/registry/src/index.crates.io-6f17d22bba15001f/chrono-0.4.31/src/duration.rs:55:1
[INFO] [stdout]     |
[INFO] [stdout] 55  | pub struct Duration {
[INFO] [stdout]     | ^^^^^^^^^^^^^^^^^^^
[INFO] [stdout] note: method defined here
[INFO] [stdout]    --> /opt/rustwide/cargo-home/registry/src/index.crates.io-6f17d22bba15001f/chrono-0.4.31/src/datetime/mod.rs:377:12
[INFO] [stdout]     |
[INFO] [stdout] 377 |     pub fn checked_add_signed(self, rhs: OldDuration) -> Option<DateTime<Tz>> {
[INFO] [stdout]     |            ^^^^^^^^^^^^^^^^^^
[INFO] [stdout] 
[INFO] [stdout] 
[INFO] [stdout] error: aborting due to 4 previous errors
[INFO] [stdout] 
[INFO] [stdout] 
[INFO] [stdout] For more information about this error, try `rustc --explain E0308`.
[INFO] [stdout] 
[INFO] [stderr] error: could not compile `tokio-cron-scheduler` (lib) due to 5 previous errors
[INFO] [stderr] warning: build failed, waiting for other jobs to finish...
[INFO] running `Command { std: "docker" "inspect" "e184c42de682ebbaeb482c87baaadc45ab5991b456029ebc4cf6aeb543e2f53a", kill_on_drop: false }`
[INFO] running `Command { std: "docker" "rm" "-f" "e184c42de682ebbaeb482c87baaadc45ab5991b456029ebc4cf6aeb543e2f53a", kill_on_drop: false }`
[INFO] [stdout] e184c42de682ebbaeb482c87baaadc45ab5991b456029ebc4cf6aeb543e2f53a
