[INFO] fetching crate dipa-derive 0.1.0...
[INFO] testing dipa-derive-0.1.0 against 1.75.0 for beta-1.76-1
[INFO] extracting crate dipa-derive 0.1.0 into /workspace/builds/worker-7-tc1/source
[INFO] validating manifest of crates.io crate dipa-derive 0.1.0 on toolchain 1.75.0
[INFO] running `Command { std: CARGO_HOME="/workspace/cargo-home" RUSTUP_HOME="/workspace/rustup-home" "/workspace/cargo-home/bin/cargo" "+1.75.0" "metadata" "--manifest-path" "Cargo.toml" "--no-deps", kill_on_drop: false }`
[INFO] started tweaking crates.io crate dipa-derive 0.1.0
[INFO] finished tweaking crates.io crate dipa-derive 0.1.0
[INFO] tweaked toml for crates.io crate dipa-derive 0.1.0 written to /workspace/builds/worker-7-tc1/source/Cargo.toml
[INFO] running `Command { std: CARGO_HOME="/workspace/cargo-home" RUSTUP_HOME="/workspace/rustup-home" "/workspace/cargo-home/bin/cargo" "+1.75.0" "generate-lockfile" "--manifest-path" "Cargo.toml", kill_on_drop: false }`
[INFO] [stderr]     Updating crates.io index
[INFO] running `Command { std: CARGO_HOME="/workspace/cargo-home" RUSTUP_HOME="/workspace/rustup-home" "/workspace/cargo-home/bin/cargo" "+1.75.0" "fetch" "--manifest-path" "Cargo.toml", kill_on_drop: false }`
[INFO] running `Command { std: "docker" "create" "-v" "/var/lib/crater-agent-workspace/builds/worker-7-tc1/target:/opt/rustwide/target:rw,Z" "-v" "/var/lib/crater-agent-workspace/builds/worker-7-tc1/source:/opt/rustwide/workdir:ro,Z" "-v" "/var/lib/crater-agent-workspace/cargo-home:/opt/rustwide/cargo-home:ro,Z" "-v" "/var/lib/crater-agent-workspace/rustup-home:/opt/rustwide/rustup-home:ro,Z" "-e" "SOURCE_DIR=/opt/rustwide/workdir" "-e" "CARGO_TARGET_DIR=/opt/rustwide/target" "-e" "CARGO_HOME=/opt/rustwide/cargo-home" "-e" "RUSTUP_HOME=/opt/rustwide/rustup-home" "-w" "/opt/rustwide/workdir" "-m" "1610612736" "--user" "0:0" "--network" "none" "ghcr.io/rust-lang/crates-build-env/linux@sha256:2788e3201cd34a07e3172128adcd8b3090168a8e3bcc40d7c032b9dda1df7d1c" "/opt/rustwide/cargo-home/bin/cargo" "+1.75.0" "metadata" "--no-deps" "--format-version=1", kill_on_drop: false }`
[INFO] [stdout] c9de0b1856a91a34e35bf00af4a986e04dee6706a1287f90b3eb1604929d0042
[INFO] running `Command { std: "docker" "start" "-a" "c9de0b1856a91a34e35bf00af4a986e04dee6706a1287f90b3eb1604929d0042", kill_on_drop: false }`
[INFO] running `Command { std: "docker" "inspect" "c9de0b1856a91a34e35bf00af4a986e04dee6706a1287f90b3eb1604929d0042", kill_on_drop: false }`
[INFO] running `Command { std: "docker" "rm" "-f" "c9de0b1856a91a34e35bf00af4a986e04dee6706a1287f90b3eb1604929d0042", kill_on_drop: false }`
[INFO] [stdout] c9de0b1856a91a34e35bf00af4a986e04dee6706a1287f90b3eb1604929d0042
[INFO] running `Command { std: "docker" "create" "-v" "/var/lib/crater-agent-workspace/builds/worker-7-tc1/target:/opt/rustwide/target:rw,Z" "-v" "/var/lib/crater-agent-workspace/builds/worker-7-tc1/source:/opt/rustwide/workdir:ro,Z" "-v" "/var/lib/crater-agent-workspace/cargo-home:/opt/rustwide/cargo-home:ro,Z" "-v" "/var/lib/crater-agent-workspace/rustup-home:/opt/rustwide/rustup-home:ro,Z" "-e" "SOURCE_DIR=/opt/rustwide/workdir" "-e" "CARGO_TARGET_DIR=/opt/rustwide/target" "-e" "CARGO_INCREMENTAL=0" "-e" "RUST_BACKTRACE=full" "-e" "RUSTFLAGS=--cap-lints=warn" "-e" "RUSTDOCFLAGS=--cap-lints=warn" "-e" "CARGO_HOME=/opt/rustwide/cargo-home" "-e" "RUSTUP_HOME=/opt/rustwide/rustup-home" "-w" "/opt/rustwide/workdir" "-m" "1610612736" "--user" "0:0" "--network" "none" "ghcr.io/rust-lang/crates-build-env/linux@sha256:2788e3201cd34a07e3172128adcd8b3090168a8e3bcc40d7c032b9dda1df7d1c" "/opt/rustwide/cargo-home/bin/cargo" "+1.75.0" "build" "--frozen" "--message-format=json", kill_on_drop: false }`
[INFO] [stdout] 91a17e342cf7f4a1c786567895f41574fad8296547569ec448fac3b2174c8500
[INFO] running `Command { std: "docker" "start" "-a" "91a17e342cf7f4a1c786567895f41574fad8296547569ec448fac3b2174c8500", kill_on_drop: false }`
[INFO] [stderr]    Compiling proc-macro2 v1.0.75
[INFO] [stderr]    Compiling syn v1.0.109
[INFO] [stderr]    Compiling quote v1.0.35
[INFO] [stderr]    Compiling dipa-derive v0.1.0 (/opt/rustwide/workdir)
[INFO] [stderr]     Finished dev [unoptimized + debuginfo] target(s) in 5.80s
[INFO] running `Command { std: "docker" "inspect" "91a17e342cf7f4a1c786567895f41574fad8296547569ec448fac3b2174c8500", kill_on_drop: false }`
[INFO] running `Command { std: "docker" "rm" "-f" "91a17e342cf7f4a1c786567895f41574fad8296547569ec448fac3b2174c8500", kill_on_drop: false }`
[INFO] [stdout] 91a17e342cf7f4a1c786567895f41574fad8296547569ec448fac3b2174c8500
[INFO] running `Command { std: "docker" "create" "-v" "/var/lib/crater-agent-workspace/builds/worker-7-tc1/target:/opt/rustwide/target:rw,Z" "-v" "/var/lib/crater-agent-workspace/builds/worker-7-tc1/source:/opt/rustwide/workdir:ro,Z" "-v" "/var/lib/crater-agent-workspace/cargo-home:/opt/rustwide/cargo-home:ro,Z" "-v" "/var/lib/crater-agent-workspace/rustup-home:/opt/rustwide/rustup-home:ro,Z" "-e" "SOURCE_DIR=/opt/rustwide/workdir" "-e" "CARGO_TARGET_DIR=/opt/rustwide/target" "-e" "CARGO_INCREMENTAL=0" "-e" "RUST_BACKTRACE=full" "-e" "RUSTFLAGS=--cap-lints=warn" "-e" "RUSTDOCFLAGS=--cap-lints=warn" "-e" "CARGO_HOME=/opt/rustwide/cargo-home" "-e" "RUSTUP_HOME=/opt/rustwide/rustup-home" "-w" "/opt/rustwide/workdir" "-m" "1610612736" "--user" "0:0" "--network" "none" "ghcr.io/rust-lang/crates-build-env/linux@sha256:2788e3201cd34a07e3172128adcd8b3090168a8e3bcc40d7c032b9dda1df7d1c" "/opt/rustwide/cargo-home/bin/cargo" "+1.75.0" "test" "--frozen" "--no-run" "--message-format=json", kill_on_drop: false }`
[INFO] [stdout] 5377d95aeac87916b93ae97626ed64ddff072276990008eda07f2be2ed36080c
[INFO] running `Command { std: "docker" "start" "-a" "5377d95aeac87916b93ae97626ed64ddff072276990008eda07f2be2ed36080c", kill_on_drop: false }`
[INFO] [stderr]    Compiling dipa-derive v0.1.0 (/opt/rustwide/workdir)
[INFO] [stdout] error[E0603]: struct `Ident` is private
[INFO] [stdout]   --> src/parsed_enum/enum_variant.rs:51:28
[INFO] [stdout]    |
[INFO] [stdout] 51 |     use quote::__private::{Ident, Span};
[INFO] [stdout]    |                            ^^^^^ private struct
[INFO] [stdout]    |
[INFO] [stdout] note: the struct `Ident` is defined here
[INFO] [stdout]   --> /opt/rustwide/cargo-home/registry/src/index.crates.io-6f17d22bba15001f/quote-1.0.35/src/runtime.rs:6:26
[INFO] [stdout]    |
[INFO] [stdout] 6  | use proc_macro2::{Group, Ident, Punct, Spacing, TokenTree};
[INFO] [stdout]    |                          ^^^^^
[INFO] [stdout] 
[INFO] [stdout] 
[INFO] [stdout] error[E0603]: struct `Ident` is private
[INFO] [stdout]   --> src/parsed_enum.rs:55:28
[INFO] [stdout]    |
[INFO] [stdout] 55 |     use quote::__private::{Ident, Span};
[INFO] [stdout]    |                            ^^^^^ private struct
[INFO] [stdout]    |
[INFO] [stdout] note: the struct `Ident` is defined here
[INFO] [stdout]   --> /opt/rustwide/cargo-home/registry/src/index.crates.io-6f17d22bba15001f/quote-1.0.35/src/runtime.rs:6:26
[INFO] [stdout]    |
[INFO] [stdout] 6  | use proc_macro2::{Group, Ident, Punct, Spacing, TokenTree};
[INFO] [stdout]    |                          ^^^^^
[INFO] [stdout] 
[INFO] [stdout] 
[INFO] [stdout] error: aborting due to 2 previous errors
[INFO] [stdout] 
[INFO] [stdout] 
[INFO] [stdout] For more information about this error, try `rustc --explain E0603`.
[INFO] [stdout] 
[INFO] [stderr] error: could not compile `dipa-derive` (lib test) due to 3 previous errors
[INFO] [stderr] warning: build failed, waiting for other jobs to finish...
[INFO] running `Command { std: "docker" "inspect" "5377d95aeac87916b93ae97626ed64ddff072276990008eda07f2be2ed36080c", kill_on_drop: false }`
[INFO] running `Command { std: "docker" "rm" "-f" "5377d95aeac87916b93ae97626ed64ddff072276990008eda07f2be2ed36080c", kill_on_drop: false }`
[INFO] [stdout] 5377d95aeac87916b93ae97626ed64ddff072276990008eda07f2be2ed36080c
[INFO] testing dipa-derive-0.1.0 against beta-2023-12-22 for beta-1.76-1
[INFO] extracting crate dipa-derive 0.1.0 into /workspace/builds/worker-7-tc2/source
[INFO] validating manifest of crates.io crate dipa-derive 0.1.0 on toolchain beta-2023-12-22
[INFO] running `Command { std: CARGO_HOME="/workspace/cargo-home" RUSTUP_HOME="/workspace/rustup-home" "/workspace/cargo-home/bin/cargo" "+beta-2023-12-22" "metadata" "--manifest-path" "Cargo.toml" "--no-deps", kill_on_drop: false }`
[INFO] started tweaking crates.io crate dipa-derive 0.1.0
[INFO] finished tweaking crates.io crate dipa-derive 0.1.0
[INFO] tweaked toml for crates.io crate dipa-derive 0.1.0 written to /workspace/builds/worker-7-tc2/source/Cargo.toml
[INFO] running `Command { std: CARGO_HOME="/workspace/cargo-home" RUSTUP_HOME="/workspace/rustup-home" "/workspace/cargo-home/bin/cargo" "+beta-2023-12-22" "generate-lockfile" "--manifest-path" "Cargo.toml", kill_on_drop: false }`
[INFO] [stderr]     Updating crates.io index
[INFO] running `Command { std: CARGO_HOME="/workspace/cargo-home" RUSTUP_HOME="/workspace/rustup-home" "/workspace/cargo-home/bin/cargo" "+beta-2023-12-22" "fetch" "--manifest-path" "Cargo.toml", kill_on_drop: false }`
[INFO] running `Command { std: "docker" "create" "-v" "/var/lib/crater-agent-workspace/builds/worker-7-tc2/target:/opt/rustwide/target:rw,Z" "-v" "/var/lib/crater-agent-workspace/builds/worker-7-tc2/source:/opt/rustwide/workdir:ro,Z" "-v" "/var/lib/crater-agent-workspace/cargo-home:/opt/rustwide/cargo-home:ro,Z" "-v" "/var/lib/crater-agent-workspace/rustup-home:/opt/rustwide/rustup-home:ro,Z" "-e" "SOURCE_DIR=/opt/rustwide/workdir" "-e" "CARGO_TARGET_DIR=/opt/rustwide/target" "-e" "CARGO_HOME=/opt/rustwide/cargo-home" "-e" "RUSTUP_HOME=/opt/rustwide/rustup-home" "-w" "/opt/rustwide/workdir" "-m" "1610612736" "--user" "0:0" "--network" "none" "ghcr.io/rust-lang/crates-build-env/linux@sha256:2788e3201cd34a07e3172128adcd8b3090168a8e3bcc40d7c032b9dda1df7d1c" "/opt/rustwide/cargo-home/bin/cargo" "+beta-2023-12-22" "metadata" "--no-deps" "--format-version=1", kill_on_drop: false }`
[INFO] [stdout] 62e267abefd0dd002a70d2ec1a4b44b89ba7f6bd46acd8d4c152c38659bf9cb0
[INFO] running `Command { std: "docker" "start" "-a" "62e267abefd0dd002a70d2ec1a4b44b89ba7f6bd46acd8d4c152c38659bf9cb0", kill_on_drop: false }`
[INFO] running `Command { std: "docker" "inspect" "62e267abefd0dd002a70d2ec1a4b44b89ba7f6bd46acd8d4c152c38659bf9cb0", kill_on_drop: false }`
[INFO] running `Command { std: "docker" "rm" "-f" "62e267abefd0dd002a70d2ec1a4b44b89ba7f6bd46acd8d4c152c38659bf9cb0", kill_on_drop: false }`
[INFO] [stdout] 62e267abefd0dd002a70d2ec1a4b44b89ba7f6bd46acd8d4c152c38659bf9cb0
[INFO] running `Command { std: "docker" "create" "-v" "/var/lib/crater-agent-workspace/builds/worker-7-tc2/target:/opt/rustwide/target:rw,Z" "-v" "/var/lib/crater-agent-workspace/builds/worker-7-tc2/source:/opt/rustwide/workdir:ro,Z" "-v" "/var/lib/crater-agent-workspace/cargo-home:/opt/rustwide/cargo-home:ro,Z" "-v" "/var/lib/crater-agent-workspace/rustup-home:/opt/rustwide/rustup-home:ro,Z" "-e" "SOURCE_DIR=/opt/rustwide/workdir" "-e" "CARGO_TARGET_DIR=/opt/rustwide/target" "-e" "CARGO_INCREMENTAL=0" "-e" "RUST_BACKTRACE=full" "-e" "RUSTFLAGS=--cap-lints=warn" "-e" "RUSTDOCFLAGS=--cap-lints=warn" "-e" "CARGO_HOME=/opt/rustwide/cargo-home" "-e" "RUSTUP_HOME=/opt/rustwide/rustup-home" "-w" "/opt/rustwide/workdir" "-m" "1610612736" "--user" "0:0" "--network" "none" "ghcr.io/rust-lang/crates-build-env/linux@sha256:2788e3201cd34a07e3172128adcd8b3090168a8e3bcc40d7c032b9dda1df7d1c" "/opt/rustwide/cargo-home/bin/cargo" "+beta-2023-12-22" "build" "--frozen" "--message-format=json", kill_on_drop: false }`
[INFO] [stdout] 1449f3a3006c0a630e8268af847c3c3e728fb9e896295f1e4d9114dd511c6f4d
[INFO] running `Command { std: "docker" "start" "-a" "1449f3a3006c0a630e8268af847c3c3e728fb9e896295f1e4d9114dd511c6f4d", kill_on_drop: false }`
[INFO] [stderr]    Compiling proc-macro2 v1.0.75
[INFO] [stderr]    Compiling syn v1.0.109
[INFO] [stderr]    Compiling quote v1.0.35
[INFO] [stderr]    Compiling dipa-derive v0.1.0 (/opt/rustwide/workdir)
[INFO] [stderr]     Finished dev [unoptimized + debuginfo] target(s) in 6.28s
[INFO] running `Command { std: "docker" "inspect" "1449f3a3006c0a630e8268af847c3c3e728fb9e896295f1e4d9114dd511c6f4d", kill_on_drop: false }`
[INFO] running `Command { std: "docker" "rm" "-f" "1449f3a3006c0a630e8268af847c3c3e728fb9e896295f1e4d9114dd511c6f4d", kill_on_drop: false }`
[INFO] [stdout] 1449f3a3006c0a630e8268af847c3c3e728fb9e896295f1e4d9114dd511c6f4d
[INFO] running `Command { std: "docker" "create" "-v" "/var/lib/crater-agent-workspace/builds/worker-7-tc2/target:/opt/rustwide/target:rw,Z" "-v" "/var/lib/crater-agent-workspace/builds/worker-7-tc2/source:/opt/rustwide/workdir:ro,Z" "-v" "/var/lib/crater-agent-workspace/cargo-home:/opt/rustwide/cargo-home:ro,Z" "-v" "/var/lib/crater-agent-workspace/rustup-home:/opt/rustwide/rustup-home:ro,Z" "-e" "SOURCE_DIR=/opt/rustwide/workdir" "-e" "CARGO_TARGET_DIR=/opt/rustwide/target" "-e" "CARGO_INCREMENTAL=0" "-e" "RUST_BACKTRACE=full" "-e" "RUSTFLAGS=--cap-lints=warn" "-e" "RUSTDOCFLAGS=--cap-lints=warn" "-e" "CARGO_HOME=/opt/rustwide/cargo-home" "-e" "RUSTUP_HOME=/opt/rustwide/rustup-home" "-w" "/opt/rustwide/workdir" "-m" "1610612736" "--user" "0:0" "--network" "none" "ghcr.io/rust-lang/crates-build-env/linux@sha256:2788e3201cd34a07e3172128adcd8b3090168a8e3bcc40d7c032b9dda1df7d1c" "/opt/rustwide/cargo-home/bin/cargo" "+beta-2023-12-22" "test" "--frozen" "--no-run" "--message-format=json", kill_on_drop: false }`
[INFO] [stdout] 767318fad1fbfac4b361bc600918a72bc172764f1e1617d6048db1a40f4c6cdb
[INFO] running `Command { std: "docker" "start" "-a" "767318fad1fbfac4b361bc600918a72bc172764f1e1617d6048db1a40f4c6cdb", kill_on_drop: false }`
[INFO] [stderr]    Compiling dipa-derive v0.1.0 (/opt/rustwide/workdir)
[INFO] [stdout] error[E0603]: struct `Ident` is private
[INFO] [stdout]   --> src/parsed_enum/enum_variant.rs:51:28
[INFO] [stdout]    |
[INFO] [stdout] 51 |     use quote::__private::{Ident, Span};
[INFO] [stdout]    |                            ^^^^^ private struct
[INFO] [stdout]    |
[INFO] [stdout] note: the struct `Ident` is defined here
[INFO] [stdout]   --> /opt/rustwide/cargo-home/registry/src/index.crates.io-6f17d22bba15001f/quote-1.0.35/src/runtime.rs:6:26
[INFO] [stdout]    |
[INFO] [stdout] 6  | use proc_macro2::{Group, Ident, Punct, Spacing, TokenTree};
[INFO] [stdout]    |                          ^^^^^
[INFO] [stdout] help: import `Ident` directly
[INFO] [stdout]    |
[INFO] [stdout] 51 |     use quote::__private::{proc_macro2::Ident, Span};
[INFO] [stdout]    |                            ~~~~~~~~~~~~~~~~~~
[INFO] [stdout] 
[INFO] [stdout] 
[INFO] [stdout] error[E0603]: struct `Ident` is private
[INFO] [stdout]   --> src/parsed_enum.rs:55:28
[INFO] [stdout]    |
[INFO] [stdout] 55 |     use quote::__private::{Ident, Span};
[INFO] [stdout]    |                            ^^^^^ private struct
[INFO] [stdout]    |
[INFO] [stdout] note: the struct `Ident` is defined here
[INFO] [stdout]   --> /opt/rustwide/cargo-home/registry/src/index.crates.io-6f17d22bba15001f/quote-1.0.35/src/runtime.rs:6:26
[INFO] [stdout]    |
[INFO] [stdout] 6  | use proc_macro2::{Group, Ident, Punct, Spacing, TokenTree};
[INFO] [stdout]    |                          ^^^^^
[INFO] [stdout] help: import `Ident` directly
[INFO] [stdout]    |
[INFO] [stdout] 55 |     use quote::__private::{proc_macro2::Ident, Span};
[INFO] [stdout]    |                            ~~~~~~~~~~~~~~~~~~
[INFO] [stdout] 
[INFO] [stdout] 
[INFO] [stdout] error: aborting due to 2 previous errors
[INFO] [stdout] 
[INFO] [stdout] 
[INFO] [stdout] For more information about this error, try `rustc --explain E0603`.
[INFO] [stdout] 
[INFO] [stderr] error: could not compile `dipa-derive` (lib test) due to 3 previous errors
[INFO] [stderr] warning: build failed, waiting for other jobs to finish...
[INFO] running `Command { std: "docker" "inspect" "767318fad1fbfac4b361bc600918a72bc172764f1e1617d6048db1a40f4c6cdb", kill_on_drop: false }`
[INFO] running `Command { std: "docker" "rm" "-f" "767318fad1fbfac4b361bc600918a72bc172764f1e1617d6048db1a40f4c6cdb", kill_on_drop: false }`
[INFO] [stdout] 767318fad1fbfac4b361bc600918a72bc172764f1e1617d6048db1a40f4c6cdb
