[INFO] fetching crate dioxus-web 0.4.0...
[INFO] testing dioxus-web-0.4.0 against 1.75.0 for beta-1.76-1
[INFO] extracting crate dioxus-web 0.4.0 into /workspace/builds/worker-2-tc1/source
[INFO] validating manifest of crates.io crate dioxus-web 0.4.0 on toolchain 1.75.0
[INFO] running `Command { std: CARGO_HOME="/workspace/cargo-home" RUSTUP_HOME="/workspace/rustup-home" "/workspace/cargo-home/bin/cargo" "+1.75.0" "metadata" "--manifest-path" "Cargo.toml" "--no-deps", kill_on_drop: false }`
[INFO] started tweaking crates.io crate dioxus-web 0.4.0
[INFO] finished tweaking crates.io crate dioxus-web 0.4.0
[INFO] tweaked toml for crates.io crate dioxus-web 0.4.0 written to /workspace/builds/worker-2-tc1/source/Cargo.toml
[INFO] crate crates.io crate dioxus-web 0.4.0 already has a lockfile, it will not be regenerated
[INFO] running `Command { std: CARGO_HOME="/workspace/cargo-home" RUSTUP_HOME="/workspace/rustup-home" "/workspace/cargo-home/bin/cargo" "+1.75.0" "fetch" "--manifest-path" "Cargo.toml", kill_on_drop: false }`
[INFO] [stderr]     Updating crates.io index
[INFO] [stderr]  Downloading crates ...
[INFO] [stderr]   Downloaded smallbox v0.8.1
[INFO] [stderr]   Downloaded ordered-float v2.10.0
[INFO] [stderr]   Downloaded wasm-bindgen-test v0.3.37
[INFO] [stderr]   Downloaded wasm-bindgen-test-macro v0.3.37
[INFO] [stderr]   Downloaded serde_repr v0.1.14
[INFO] [stderr]   Downloaded dioxus-ssr v0.4.0
[INFO] [stderr]   Downloaded dioxus-core v0.4.0
[INFO] running `Command { std: "docker" "create" "-v" "/var/lib/crater-agent-workspace/builds/worker-2-tc1/target:/opt/rustwide/target:rw,Z" "-v" "/var/lib/crater-agent-workspace/builds/worker-2-tc1/source:/opt/rustwide/workdir:ro,Z" "-v" "/var/lib/crater-agent-workspace/cargo-home:/opt/rustwide/cargo-home:ro,Z" "-v" "/var/lib/crater-agent-workspace/rustup-home:/opt/rustwide/rustup-home:ro,Z" "-e" "SOURCE_DIR=/opt/rustwide/workdir" "-e" "CARGO_TARGET_DIR=/opt/rustwide/target" "-e" "CARGO_HOME=/opt/rustwide/cargo-home" "-e" "RUSTUP_HOME=/opt/rustwide/rustup-home" "-w" "/opt/rustwide/workdir" "-m" "1610612736" "--user" "0:0" "--network" "none" "ghcr.io/rust-lang/crates-build-env/linux@sha256:2788e3201cd34a07e3172128adcd8b3090168a8e3bcc40d7c032b9dda1df7d1c" "/opt/rustwide/cargo-home/bin/cargo" "+1.75.0" "metadata" "--no-deps" "--format-version=1", kill_on_drop: false }`
[INFO] [stdout] 6cec51208d255429e7c3c2d4781c93d35cf31f60083578f50a8eee672330dbca
[INFO] running `Command { std: "docker" "start" "-a" "6cec51208d255429e7c3c2d4781c93d35cf31f60083578f50a8eee672330dbca", kill_on_drop: false }`
[INFO] running `Command { std: "docker" "inspect" "6cec51208d255429e7c3c2d4781c93d35cf31f60083578f50a8eee672330dbca", kill_on_drop: false }`
[INFO] running `Command { std: "docker" "rm" "-f" "6cec51208d255429e7c3c2d4781c93d35cf31f60083578f50a8eee672330dbca", kill_on_drop: false }`
[INFO] [stdout] 6cec51208d255429e7c3c2d4781c93d35cf31f60083578f50a8eee672330dbca
[INFO] running `Command { std: "docker" "create" "-v" "/var/lib/crater-agent-workspace/builds/worker-2-tc1/target:/opt/rustwide/target:rw,Z" "-v" "/var/lib/crater-agent-workspace/builds/worker-2-tc1/source:/opt/rustwide/workdir:ro,Z" "-v" "/var/lib/crater-agent-workspace/cargo-home:/opt/rustwide/cargo-home:ro,Z" "-v" "/var/lib/crater-agent-workspace/rustup-home:/opt/rustwide/rustup-home:ro,Z" "-e" "SOURCE_DIR=/opt/rustwide/workdir" "-e" "CARGO_TARGET_DIR=/opt/rustwide/target" "-e" "CARGO_INCREMENTAL=0" "-e" "RUST_BACKTRACE=full" "-e" "RUSTFLAGS=--cap-lints=warn" "-e" "RUSTDOCFLAGS=--cap-lints=warn" "-e" "CARGO_HOME=/opt/rustwide/cargo-home" "-e" "RUSTUP_HOME=/opt/rustwide/rustup-home" "-w" "/opt/rustwide/workdir" "-m" "1610612736" "--user" "0:0" "--network" "none" "ghcr.io/rust-lang/crates-build-env/linux@sha256:2788e3201cd34a07e3172128adcd8b3090168a8e3bcc40d7c032b9dda1df7d1c" "/opt/rustwide/cargo-home/bin/cargo" "+1.75.0" "build" "--frozen" "--message-format=json", kill_on_drop: false }`
[INFO] [stdout] ae99a90126e929cdaab50269c75956f7d36350ab6f3a2d54c980541bf6cde6f6
[INFO] running `Command { std: "docker" "start" "-a" "ae99a90126e929cdaab50269c75956f7d36350ab6f3a2d54c980541bf6cde6f6", kill_on_drop: false }`
[INFO] [stderr]    Compiling proc-macro2 v1.0.66
[INFO] [stderr]    Compiling unicode-ident v1.0.11
[INFO] [stderr]    Compiling wasm-bindgen-shared v0.2.87
[INFO] [stderr]    Compiling log v0.4.19
[INFO] [stderr]    Compiling bumpalo v3.13.0
[INFO] [stderr]    Compiling wasm-bindgen v0.2.87
[INFO] [stderr]    Compiling serde v1.0.173
[INFO] [stderr]    Compiling libc v0.2.147
[INFO] [stderr]    Compiling serde_derive v1.0.173
[INFO] [stderr]    Compiling num-traits v0.2.15
[INFO] [stderr]    Compiling crossbeam-utils v0.8.16
[INFO] [stderr]    Compiling futures-util v0.3.28
[INFO] [stderr]    Compiling rustc-hash v1.1.0
[INFO] [stderr]    Compiling async-trait v0.1.71
[INFO] [stderr]    Compiling serde_json v1.0.103
[INFO] [stderr]    Compiling itoa v1.0.9
[INFO] [stderr]    Compiling ryu v1.0.15
[INFO] [stderr]    Compiling smallbox v0.8.1
[INFO] [stderr]    Compiling longest-increasing-subsequence v0.1.0
[INFO] [stderr]    Compiling concurrent-queue v2.2.0
[INFO] [stderr]    Compiling async-channel v1.9.0
[INFO] [stderr]    Compiling quote v1.0.31
[INFO] [stderr]    Compiling getrandom v0.2.10
[INFO] [stderr]    Compiling syn v2.0.26
[INFO] [stderr]    Compiling ahash v0.7.6
[INFO] [stderr]    Compiling hashbrown v0.12.3
[INFO] [stderr]    Compiling ordered-float v2.10.0
[INFO] [stderr]    Compiling lru v0.8.1
[INFO] [stderr]    Compiling sledgehammer_utils v0.2.0
[INFO] [stderr]    Compiling serde-value v0.7.0
[INFO] [stderr]    Compiling euclid v0.22.9
[INFO] [stderr]    Compiling keyboard-types v0.6.2
[INFO] [stderr]    Compiling wasm-bindgen-backend v0.2.87
[INFO] [stderr]    Compiling darling_core v0.20.3
[INFO] [stderr]    Compiling wasm-bindgen-macro-support v0.2.87
[INFO] [stderr]    Compiling futures-macro v0.3.28
[INFO] [stderr]    Compiling sledgehammer_bindgen v0.2.4
[INFO] [stderr]    Compiling serde_repr v0.1.14
[INFO] [stderr]    Compiling darling_macro v0.20.3
[INFO] [stderr]    Compiling wasm-bindgen-macro v0.2.87
[INFO] [stderr]    Compiling darling v0.20.3
[INFO] [stderr]    Compiling enumset_derive v0.8.1
[INFO] [stderr]    Compiling js-sys v0.3.64
[INFO] [stderr]    Compiling console_error_panic_hook v0.1.7
[INFO] [stderr]    Compiling enumset v1.1.2
[INFO] [stderr]    Compiling dioxus-core v0.4.0
[INFO] [stderr]    Compiling web-sys v0.3.64
[INFO] [stderr]    Compiling wasm-bindgen-futures v0.4.37
[INFO] [stderr]    Compiling serde-wasm-bindgen v0.5.0
[INFO] [stderr]    Compiling dioxus-html v0.4.0
[INFO] [stderr]    Compiling dioxus-interpreter-js v0.4.0
[INFO] [stderr]    Compiling dioxus-web v0.4.0 (/opt/rustwide/workdir)
[INFO] [stderr]     Finished dev [unoptimized + debuginfo] target(s) in 14.25s
[INFO] running `Command { std: "docker" "inspect" "ae99a90126e929cdaab50269c75956f7d36350ab6f3a2d54c980541bf6cde6f6", kill_on_drop: false }`
[INFO] running `Command { std: "docker" "rm" "-f" "ae99a90126e929cdaab50269c75956f7d36350ab6f3a2d54c980541bf6cde6f6", kill_on_drop: false }`
[INFO] [stdout] ae99a90126e929cdaab50269c75956f7d36350ab6f3a2d54c980541bf6cde6f6
[INFO] running `Command { std: "docker" "create" "-v" "/var/lib/crater-agent-workspace/builds/worker-2-tc1/target:/opt/rustwide/target:rw,Z" "-v" "/var/lib/crater-agent-workspace/builds/worker-2-tc1/source:/opt/rustwide/workdir:ro,Z" "-v" "/var/lib/crater-agent-workspace/cargo-home:/opt/rustwide/cargo-home:ro,Z" "-v" "/var/lib/crater-agent-workspace/rustup-home:/opt/rustwide/rustup-home:ro,Z" "-e" "SOURCE_DIR=/opt/rustwide/workdir" "-e" "CARGO_TARGET_DIR=/opt/rustwide/target" "-e" "CARGO_INCREMENTAL=0" "-e" "RUST_BACKTRACE=full" "-e" "RUSTFLAGS=--cap-lints=warn" "-e" "RUSTDOCFLAGS=--cap-lints=warn" "-e" "CARGO_HOME=/opt/rustwide/cargo-home" "-e" "RUSTUP_HOME=/opt/rustwide/rustup-home" "-w" "/opt/rustwide/workdir" "-m" "1610612736" "--user" "0:0" "--network" "none" "ghcr.io/rust-lang/crates-build-env/linux@sha256:2788e3201cd34a07e3172128adcd8b3090168a8e3bcc40d7c032b9dda1df7d1c" "/opt/rustwide/cargo-home/bin/cargo" "+1.75.0" "test" "--frozen" "--no-run" "--message-format=json", kill_on_drop: false }`
[INFO] [stdout] a71ee6654e7a09ba1f6bafc3aad9f21520842b5823081f0a596b927b06b43c10
[INFO] running `Command { std: "docker" "start" "-a" "a71ee6654e7a09ba1f6bafc3aad9f21520842b5823081f0a596b927b06b43c10", kill_on_drop: false }`
[INFO] [stderr]    Compiling libc v0.2.147
[INFO] [stderr]    Compiling once_cell v1.18.0
[INFO] [stderr]    Compiling ahash v0.8.3
[INFO] [stderr]    Compiling darling_core v0.20.3
[INFO] [stderr]    Compiling scopeguard v1.2.0
[INFO] [stderr]    Compiling thiserror v1.0.43
[INFO] [stderr]    Compiling dioxus-core v0.4.0
[INFO] [stderr]    Compiling thiserror-impl v1.0.43
[INFO] [stderr]    Compiling tokio-macros v2.1.0
[INFO] [stderr]    Compiling http v0.2.9
[INFO] [stderr]    Compiling wasm-bindgen-test-macro v0.3.37
[INFO] [stderr]    Compiling scoped-tls v1.0.1
[INFO] [stderr]    Compiling askama_escape v0.10.3
[INFO] [stderr]    Compiling lock_api v0.4.10
[INFO] [stderr]    Compiling wasm-bindgen-backend v0.2.87
[INFO] [stderr]    Compiling hashbrown v0.13.2
[INFO] [stderr]    Compiling lru v0.10.1
[INFO] [stderr]    Compiling wasm-bindgen-macro-support v0.2.87
[INFO] [stderr]    Compiling getrandom v0.2.10
[INFO] [stderr]    Compiling parking_lot_core v0.9.8
[INFO] [stderr]    Compiling signal-hook-registry v1.4.1
[INFO] [stderr]    Compiling mio v0.8.8
[INFO] [stderr]    Compiling num_cpus v1.16.0
[INFO] [stderr]    Compiling socket2 v0.4.9
[INFO] [stderr]    Compiling ahash v0.7.6
[INFO] [stderr]    Compiling parking_lot v0.12.1
[INFO] [stderr]    Compiling hashbrown v0.12.3
[INFO] [stderr]    Compiling tokio v1.29.1
[INFO] [stderr]    Compiling wasm-bindgen-macro v0.2.87
[INFO] [stderr]    Compiling lru v0.8.1
[INFO] [stderr]    Compiling darling_macro v0.20.3
[INFO] [stderr]    Compiling sledgehammer_utils v0.2.0
[INFO] [stderr]    Compiling wasm-bindgen v0.2.87
[INFO] [stderr]    Compiling darling v0.20.3
[INFO] [stderr]    Compiling enumset_derive v0.8.1
[INFO] [stderr]    Compiling js-sys v0.3.64
[INFO] [stderr]    Compiling console_error_panic_hook v0.1.7
[INFO] [stderr]    Compiling enumset v1.1.2
[INFO] [stderr]    Compiling web-sys v0.3.64
[INFO] [stderr]    Compiling wasm-bindgen-futures v0.4.37
[INFO] [stderr]    Compiling serde-wasm-bindgen v0.5.0
[INFO] [stderr]    Compiling gloo-timers v0.2.6
[INFO] [stderr]    Compiling wasm-bindgen-test v0.3.37
[INFO] [stderr]    Compiling dioxus-ssr v0.4.0
[INFO] [stderr]    Compiling dioxus-interpreter-js v0.4.0
[INFO] [stderr]    Compiling dioxus-html v0.4.0
[INFO] [stderr]    Compiling gloo-dialogs v0.1.1
[INFO] [stderr]    Compiling wasm-logger v0.2.0
[INFO] [stderr]    Compiling dioxus-web v0.4.0 (/opt/rustwide/workdir)
[INFO] [stdout] error[E0433]: failed to resolve: use of undeclared crate or module `dioxus`
[INFO] [stdout]  --> examples/timeout_count.rs:2:5
[INFO] [stdout]   |
[INFO] [stdout] 2 | use dioxus::prelude::*;
[INFO] [stdout]   |     ^^^^^^ use of undeclared crate or module `dioxus`
[INFO] [stdout] 
[INFO] [stdout] 
[INFO] [stdout] error[E0433]: failed to resolve: use of undeclared crate or module `dioxus`
[INFO] [stdout]  --> examples/hydrate.rs:1:5
[INFO] [stdout]   |
[INFO] [stdout] 1 | use dioxus::prelude::*;
[INFO] [stdout]   |     ^^^^^^ use of undeclared crate or module `dioxus`
[INFO] [stdout] 
[INFO] [stdout] 
[INFO] [stdout] error[E0433]: failed to resolve: use of undeclared crate or module `dioxus`
[INFO] [stdout]  --> tests/hydrate.rs:1:5
[INFO] [stdout]   |
[INFO] [stdout] 1 | use dioxus::prelude::*;
[INFO] [stdout]   |     ^^^^^^ use of undeclared crate or module `dioxus`
[INFO] [stdout] 
[INFO] [stdout] 
[INFO] [stdout] error: cannot find macro `rsx` in this scope
[INFO] [stdout]   --> examples/timeout_count.rs:21:15
[INFO] [stdout]    |
[INFO] [stdout] 21 |     cx.render(rsx! {
[INFO] [stdout]    |               ^^^
[INFO] [stdout] 
[INFO] [stdout] 
[INFO] [stdout] error: cannot find macro `rsx` in this scope
[INFO] [stdout]  --> examples/hydrate.rs:6:15
[INFO] [stdout]   |
[INFO] [stdout] 6 |     cx.render(rsx! {
[INFO] [stdout]   |               ^^^
[INFO] [stdout] 
[INFO] [stdout] 
[INFO] [stdout] error[E0412]: cannot find type `Scope` in this scope
[INFO] [stdout]  --> examples/timeout_count.rs:8:12
[INFO] [stdout]   |
[INFO] [stdout] 8 | fn app(cx: Scope) -> Element {
[INFO] [stdout]   |            ^^^^^ not found in this scope
[INFO] [stdout]   |
[INFO] [stdout] help: consider importing one of these items
[INFO] [stdout]   |
[INFO] [stdout] 2 + use dioxus_core::Scope;
[INFO] [stdout]   |
[INFO] [stdout] 2 + use std::thread::Scope;
[INFO] [stdout]   |
[INFO] [stdout] 
[INFO] [stdout] 
[INFO] [stdout] error[E0412]: cannot find type `Element` in this scope
[INFO] [stdout]  --> examples/timeout_count.rs:8:22
[INFO] [stdout]   |
[INFO] [stdout] 8 | fn app(cx: Scope) -> Element {
[INFO] [stdout]   |                      ^^^^^^^ not found in this scope
[INFO] [stdout]   |
[INFO] [stdout] help: consider importing one of these items
[INFO] [stdout]   |
[INFO] [stdout] 2 + use dioxus_core::Element;
[INFO] [stdout]   |
[INFO] [stdout] 2 + use web_sys::Element;
[INFO] [stdout]   |
[INFO] [stdout] 
[INFO] [stdout] 
[INFO] [stdout] error: cannot find macro `rsx` in this scope
[INFO] [stdout]   --> examples/hydrate.rs:29:15
[INFO] [stdout]    |
[INFO] [stdout] 29 |     cx.render(rsx! {
[INFO] [stdout]    |               ^^^
[INFO] [stdout] 
[INFO] [stdout] 
[INFO] [stdout] error: cannot find macro `rsx` in this scope
[INFO] [stdout]   --> tests/hydrate.rs:11:19
[INFO] [stdout]    |
[INFO] [stdout] 11 |         cx.render(rsx! {
[INFO] [stdout]    |                   ^^^
[INFO] [stdout] 
[INFO] [stdout] 
[INFO] [stdout] error[E0412]: cannot find type `Scope` in this scope
[INFO] [stdout]  --> examples/hydrate.rs:5:12
[INFO] [stdout]   |
[INFO] [stdout] 5 | fn app(cx: Scope) -> Element {
[INFO] [stdout]   |            ^^^^^ not found in this scope
[INFO] [stdout]   |
[INFO] [stdout] help: consider importing one of these items
[INFO] [stdout]   |
[INFO] [stdout] 1 + use dioxus_core::Scope;
[INFO] [stdout]   |
[INFO] [stdout] 1 + use std::thread::Scope;
[INFO] [stdout]   |
[INFO] [stdout] 
[INFO] [stdout] 
[INFO] [stdout] error[E0412]: cannot find type `Element` in this scope
[INFO] [stdout]  --> examples/hydrate.rs:5:22
[INFO] [stdout]   |
[INFO] [stdout] 5 | fn app(cx: Scope) -> Element {
[INFO] [stdout]   |                      ^^^^^^^ not found in this scope
[INFO] [stdout]   |
[INFO] [stdout] help: consider importing one of these items
[INFO] [stdout]   |
[INFO] [stdout] 1 + use dioxus_core::Element;
[INFO] [stdout]   |
[INFO] [stdout] 1 + use web_sys::Element;
[INFO] [stdout]   |
[INFO] [stdout] 
[INFO] [stdout] 
[INFO] [stdout] error[E0412]: cannot find type `Scope` in this scope
[INFO] [stdout]   --> examples/hydrate.rs:28:13
[INFO] [stdout]    |
[INFO] [stdout] 28 | fn Bapp(cx: Scope) -> Element {
[INFO] [stdout]    |             ^^^^^ not found in this scope
[INFO] [stdout]    |
[INFO] [stdout] help: consider importing one of these items
[INFO] [stdout]    |
[INFO] [stdout] 1  + use dioxus_core::Scope;
[INFO] [stdout]    |
[INFO] [stdout] 1  + use std::thread::Scope;
[INFO] [stdout]    |
[INFO] [stdout] 
[INFO] [stdout] 
[INFO] [stdout] error[E0412]: cannot find type `Element` in this scope
[INFO] [stdout]   --> examples/hydrate.rs:28:23
[INFO] [stdout]    |
[INFO] [stdout] 28 | fn Bapp(cx: Scope) -> Element {
[INFO] [stdout]    |                       ^^^^^^^ not found in this scope
[INFO] [stdout]    |
[INFO] [stdout] help: consider importing one of these items
[INFO] [stdout]    |
[INFO] [stdout] 1  + use dioxus_core::Element;
[INFO] [stdout]    |
[INFO] [stdout] 1  + use web_sys::Element;
[INFO] [stdout]    |
[INFO] [stdout] 
[INFO] [stdout] 
[INFO] [stdout] error[E0433]: failed to resolve: use of undeclared type `VirtualDom`
[INFO] [stdout]   --> examples/hydrate.rs:48:19
[INFO] [stdout]    |
[INFO] [stdout] 48 |     let mut dom = VirtualDom::new(app);
[INFO] [stdout]    |                   ^^^^^^^^^^ use of undeclared type `VirtualDom`
[INFO] [stdout]    |
[INFO] [stdout] help: consider importing this struct
[INFO] [stdout]    |
[INFO] [stdout] 1  + use dioxus_core::VirtualDom;
[INFO] [stdout]    |
[INFO] [stdout] 
[INFO] [stdout] 
[INFO] [stdout] error: cannot find macro `rsx` in this scope
[INFO] [stdout]   --> tests/hydrate.rs:32:19
[INFO] [stdout]    |
[INFO] [stdout] 32 |         cx.render(rsx! {
[INFO] [stdout]    |                   ^^^
[INFO] [stdout] 
[INFO] [stdout] 
[INFO] [stdout] error[E0412]: cannot find type `Scope` in this scope
[INFO] [stdout]   --> tests/hydrate.rs:10:16
[INFO] [stdout]    |
[INFO] [stdout] 10 |     fn app(cx: Scope) -> Element {
[INFO] [stdout]    |                ^^^^^ not found in this scope
[INFO] [stdout]    |
[INFO] [stdout] help: consider importing one of these items
[INFO] [stdout]    |
[INFO] [stdout] 1  + use dioxus_core::Scope;
[INFO] [stdout]    |
[INFO] [stdout] 1  + use std::thread::Scope;
[INFO] [stdout]    |
[INFO] [stdout] 
[INFO] [stdout] 
[INFO] [stdout] error[E0412]: cannot find type `Element` in this scope
[INFO] [stdout]   --> tests/hydrate.rs:10:26
[INFO] [stdout]    |
[INFO] [stdout] 10 |     fn app(cx: Scope) -> Element {
[INFO] [stdout]    |                          ^^^^^^^ not found in this scope
[INFO] [stdout]    |
[INFO] [stdout] help: consider importing one of these items
[INFO] [stdout]    |
[INFO] [stdout] 1  + use dioxus_core::Element;
[INFO] [stdout]    |
[INFO] [stdout] 1  + use web_sys::Element;
[INFO] [stdout]    |
[INFO] [stdout] 
[INFO] [stdout] 
[INFO] [stdout] error[E0433]: failed to resolve: use of undeclared type `VirtualDom`
[INFO] [stdout]   --> tests/hydrate.rs:23:19
[INFO] [stdout]    |
[INFO] [stdout] 23 |     let mut dom = VirtualDom::new(app);
[INFO] [stdout]    |                   ^^^^^^^^^^ use of undeclared type `VirtualDom`
[INFO] [stdout]    |
[INFO] [stdout] help: consider importing this struct
[INFO] [stdout]    |
[INFO] [stdout] 1  + use dioxus_core::VirtualDom;
[INFO] [stdout]    |
[INFO] [stdout] 
[INFO] [stdout] 
[INFO] [stdout] error[E0412]: cannot find type `Scope` in this scope
[INFO] [stdout]   --> tests/hydrate.rs:31:16
[INFO] [stdout]    |
[INFO] [stdout] 31 |     fn app(cx: Scope) -> Element {
[INFO] [stdout]    |                ^^^^^ not found in this scope
[INFO] [stdout]    |
[INFO] [stdout] help: consider importing one of these items
[INFO] [stdout]    |
[INFO] [stdout] 1  + use dioxus_core::Scope;
[INFO] [stdout]    |
[INFO] [stdout] 1  + use std::thread::Scope;
[INFO] [stdout]    |
[INFO] [stdout] 
[INFO] [stdout] 
[INFO] [stdout] error[E0412]: cannot find type `Element` in this scope
[INFO] [stdout]   --> tests/hydrate.rs:31:26
[INFO] [stdout]    |
[INFO] [stdout] 31 |     fn app(cx: Scope) -> Element {
[INFO] [stdout]    |                          ^^^^^^^ not found in this scope
[INFO] [stdout]    |
[INFO] [stdout] help: consider importing one of these items
[INFO] [stdout]    |
[INFO] [stdout] 1  + use dioxus_core::Element;
[INFO] [stdout]    |
[INFO] [stdout] 1  + use web_sys::Element;
[INFO] [stdout]    |
[INFO] [stdout] 
[INFO] [stdout] 
[INFO] [stdout] error[E0433]: failed to resolve: use of undeclared type `VirtualDom`
[INFO] [stdout]   --> tests/hydrate.rs:51:19
[INFO] [stdout]    |
[INFO] [stdout] 51 |     let mut dom = VirtualDom::new(app);
[INFO] [stdout]    |                   ^^^^^^^^^^ use of undeclared type `VirtualDom`
[INFO] [stdout]    |
[INFO] [stdout] help: consider importing this struct
[INFO] [stdout]    |
[INFO] [stdout] 1  + use dioxus_core::VirtualDom;
[INFO] [stdout]    |
[INFO] [stdout] 
[INFO] [stdout] 
[INFO] [stdout] error[E0425]: cannot find function `use_ref` in this scope
[INFO] [stdout]  --> examples/timeout_count.rs:9:17
[INFO] [stdout]   |
[INFO] [stdout] 9 |     let count = use_ref(cx, || 0);
[INFO] [stdout]   |                 ^^^^^^^ not found in this scope
[INFO] [stdout] 
[INFO] [stdout] 
[INFO] [stdout] error[E0599]: no method named `hydrate` found for struct `dioxus_web::Config` in the current scope
[INFO] [stdout]   --> examples/hydrate.rs:64:58
[INFO] [stdout]    |
[INFO] [stdout] 64 |     dioxus_web::launch_with_props(app, (), Config::new().hydrate(true));
[INFO] [stdout]    |                                                          ^^^^^^^ method not found in `Config`
[INFO] [stdout] 
[INFO] [stdout] 
[INFO] [stdout] error[E0599]: no method named `hydrate` found for struct `Config` in the current scope
[INFO] [stdout]   --> tests/hydrate.rs:63:47
[INFO] [stdout]    |
[INFO] [stdout] 63 |     dioxus_web::launch_cfg(app, Config::new().hydrate(true));
[INFO] [stdout]    |                                               ^^^^^^^ method not found in `Config`
[INFO] [stdout] 
[INFO] [stdout] 
[INFO] [stdout] error: aborting due to 9 previous errors
[INFO] [stdout] 
[INFO] [stdout] 
[INFO] [stdout] Some errors have detailed explanations: E0412, E0433, E0599.
[INFO] [stdout] 
[INFO] [stdout] For more information about an error, try `rustc --explain E0412`.
[INFO] [stdout] 
[INFO] [stdout] error: aborting due to 10 previous errors
[INFO] [stdout] 
[INFO] [stdout] 
[INFO] [stdout] Some errors have detailed explanations: E0412, E0433, E0599.
[INFO] [stdout] 
[INFO] [stdout] For more information about an error, try `rustc --explain E0412`.
[INFO] [stdout] 
[INFO] [stderr] error: could not compile `dioxus-web` (example "hydrate") due to 10 previous errors
[INFO] [stderr] warning: build failed, waiting for other jobs to finish...
[INFO] [stderr] error: could not compile `dioxus-web` (test "hydrate") due to 11 previous errors
[INFO] [stderr] error: could not compile `dioxus-web` (example "timeout_count") due to 7 previous errors
[INFO] [stdout] error[E0425]: cannot find function `use_state` in this scope
[INFO] [stdout]   --> examples/timeout_count.rs:10:19
[INFO] [stdout]    |
[INFO] [stdout] 10 |     let started = use_state(cx, || false);
[INFO] [stdout]    |                   ^^^^^^^^^ not found in this scope
[INFO] [stdout] 
[INFO] [stdout] 
[INFO] [stdout] error: aborting due to 6 previous errors
[INFO] [stdout] 
[INFO] [stdout] 
[INFO] [stdout] Some errors have detailed explanations: E0412, E0425, E0433.
[INFO] [stdout] 
[INFO] [stdout] For more information about an error, try `rustc --explain E0412`.
[INFO] [stdout] 
[INFO] running `Command { std: "docker" "inspect" "a71ee6654e7a09ba1f6bafc3aad9f21520842b5823081f0a596b927b06b43c10", kill_on_drop: false }`
[INFO] running `Command { std: "docker" "rm" "-f" "a71ee6654e7a09ba1f6bafc3aad9f21520842b5823081f0a596b927b06b43c10", kill_on_drop: false }`
[INFO] [stdout] a71ee6654e7a09ba1f6bafc3aad9f21520842b5823081f0a596b927b06b43c10
