[INFO] fetching crate dioxus-ssr 0.4.0...
[INFO] testing dioxus-ssr-0.4.0 against 1.75.0 for beta-1.76-1
[INFO] extracting crate dioxus-ssr 0.4.0 into /workspace/builds/worker-1-tc1/source
[INFO] validating manifest of crates.io crate dioxus-ssr 0.4.0 on toolchain 1.75.0
[INFO] running `Command { std: CARGO_HOME="/workspace/cargo-home" RUSTUP_HOME="/workspace/rustup-home" "/workspace/cargo-home/bin/cargo" "+1.75.0" "metadata" "--manifest-path" "Cargo.toml" "--no-deps", kill_on_drop: false }`
[INFO] started tweaking crates.io crate dioxus-ssr 0.4.0
[INFO] finished tweaking crates.io crate dioxus-ssr 0.4.0
[INFO] tweaked toml for crates.io crate dioxus-ssr 0.4.0 written to /workspace/builds/worker-1-tc1/source/Cargo.toml
[INFO] running `Command { std: CARGO_HOME="/workspace/cargo-home" RUSTUP_HOME="/workspace/rustup-home" "/workspace/cargo-home/bin/cargo" "+1.75.0" "generate-lockfile" "--manifest-path" "Cargo.toml", kill_on_drop: false }`
[INFO] [stderr]     Updating crates.io index
[INFO] running `Command { std: CARGO_HOME="/workspace/cargo-home" RUSTUP_HOME="/workspace/rustup-home" "/workspace/cargo-home/bin/cargo" "+1.75.0" "fetch" "--manifest-path" "Cargo.toml", kill_on_drop: false }`
[INFO] [stderr]  Downloading crates ...
[INFO] [stderr]   Downloaded smallbox v0.8.2
[INFO] [stderr]   Downloaded argh_shared v0.1.12
[INFO] [stderr]   Downloaded lru v0.10.1
[INFO] [stderr]   Downloaded argh_derive v0.1.12
[INFO] [stderr]   Downloaded colored v1.9.4
[INFO] [stderr]   Downloaded dioxus-core v0.4.3
[INFO] [stderr]   Downloaded fern v0.6.2
[INFO] [stderr]   Downloaded argh v0.1.12
[INFO] [stderr]   Downloaded longest-increasing-subsequence v0.1.0
[INFO] running `Command { std: "docker" "create" "-v" "/var/lib/crater-agent-workspace/builds/worker-1-tc1/target:/opt/rustwide/target:rw,Z" "-v" "/var/lib/crater-agent-workspace/builds/worker-1-tc1/source:/opt/rustwide/workdir:ro,Z" "-v" "/var/lib/crater-agent-workspace/cargo-home:/opt/rustwide/cargo-home:ro,Z" "-v" "/var/lib/crater-agent-workspace/rustup-home:/opt/rustwide/rustup-home:ro,Z" "-e" "SOURCE_DIR=/opt/rustwide/workdir" "-e" "CARGO_TARGET_DIR=/opt/rustwide/target" "-e" "CARGO_HOME=/opt/rustwide/cargo-home" "-e" "RUSTUP_HOME=/opt/rustwide/rustup-home" "-w" "/opt/rustwide/workdir" "-m" "1610612736" "--user" "0:0" "--network" "none" "ghcr.io/rust-lang/crates-build-env/linux@sha256:2788e3201cd34a07e3172128adcd8b3090168a8e3bcc40d7c032b9dda1df7d1c" "/opt/rustwide/cargo-home/bin/cargo" "+1.75.0" "metadata" "--no-deps" "--format-version=1", kill_on_drop: false }`
[INFO] [stdout] 1a9e22712c7126aa0ec9adb212484558b0c62e516e8d1464521a9e7c70b6fdb9
[INFO] running `Command { std: "docker" "start" "-a" "1a9e22712c7126aa0ec9adb212484558b0c62e516e8d1464521a9e7c70b6fdb9", kill_on_drop: false }`
[INFO] running `Command { std: "docker" "inspect" "1a9e22712c7126aa0ec9adb212484558b0c62e516e8d1464521a9e7c70b6fdb9", kill_on_drop: false }`
[INFO] running `Command { std: "docker" "rm" "-f" "1a9e22712c7126aa0ec9adb212484558b0c62e516e8d1464521a9e7c70b6fdb9", kill_on_drop: false }`
[INFO] [stdout] 1a9e22712c7126aa0ec9adb212484558b0c62e516e8d1464521a9e7c70b6fdb9
[INFO] running `Command { std: "docker" "create" "-v" "/var/lib/crater-agent-workspace/builds/worker-1-tc1/target:/opt/rustwide/target:rw,Z" "-v" "/var/lib/crater-agent-workspace/builds/worker-1-tc1/source:/opt/rustwide/workdir:ro,Z" "-v" "/var/lib/crater-agent-workspace/cargo-home:/opt/rustwide/cargo-home:ro,Z" "-v" "/var/lib/crater-agent-workspace/rustup-home:/opt/rustwide/rustup-home:ro,Z" "-e" "SOURCE_DIR=/opt/rustwide/workdir" "-e" "CARGO_TARGET_DIR=/opt/rustwide/target" "-e" "CARGO_INCREMENTAL=0" "-e" "RUST_BACKTRACE=full" "-e" "RUSTFLAGS=--cap-lints=warn" "-e" "RUSTDOCFLAGS=--cap-lints=warn" "-e" "CARGO_HOME=/opt/rustwide/cargo-home" "-e" "RUSTUP_HOME=/opt/rustwide/rustup-home" "-w" "/opt/rustwide/workdir" "-m" "1610612736" "--user" "0:0" "--network" "none" "ghcr.io/rust-lang/crates-build-env/linux@sha256:2788e3201cd34a07e3172128adcd8b3090168a8e3bcc40d7c032b9dda1df7d1c" "/opt/rustwide/cargo-home/bin/cargo" "+1.75.0" "build" "--frozen" "--message-format=json", kill_on_drop: false }`
[INFO] [stdout] e189d3c154687e22704cf066d3c988cce08d6e786c2012feb13926a758d48baf
[INFO] running `Command { std: "docker" "start" "-a" "e189d3c154687e22704cf066d3c988cce08d6e786c2012feb13926a758d48baf", kill_on_drop: false }`
[INFO] [stderr]    Compiling ahash v0.8.7
[INFO] [stderr]    Compiling pin-project-lite v0.2.13
[INFO] [stderr]    Compiling slab v0.4.9
[INFO] [stderr]    Compiling futures-core v0.3.30
[INFO] [stderr]    Compiling serde v1.0.194
[INFO] [stderr]    Compiling syn v2.0.48
[INFO] [stderr]    Compiling zerocopy v0.7.32
[INFO] [stderr]    Compiling tracing-core v0.1.32
[INFO] [stderr]    Compiling bytes v1.5.0
[INFO] [stderr]    Compiling futures-task v0.3.30
[INFO] [stderr]    Compiling futures-util v0.3.30
[INFO] [stderr]    Compiling futures-channel v0.3.30
[INFO] [stderr]    Compiling socket2 v0.5.5
[INFO] [stderr]    Compiling mio v0.8.10
[INFO] [stderr]    Compiling signal-hook-registry v1.4.1
[INFO] [stderr]    Compiling hashbrown v0.13.2
[INFO] [stderr]    Compiling num_cpus v1.16.0
[INFO] [stderr]    Compiling rustc-hash v1.1.0
[INFO] [stderr]    Compiling smallbox v0.8.2
[INFO] [stderr]    Compiling itoa v1.0.10
[INFO] [stderr]    Compiling longest-increasing-subsequence v0.1.0
[INFO] [stderr]    Compiling bumpalo v3.14.0
[INFO] [stderr]    Compiling http v0.2.11
[INFO] [stderr]    Compiling askama_escape v0.10.3
[INFO] [stderr]    Compiling lru v0.10.1
[INFO] [stderr]    Compiling serde_derive v1.0.194
[INFO] [stderr]    Compiling tracing-attributes v0.1.27
[INFO] [stderr]    Compiling thiserror-impl v1.0.56
[INFO] [stderr]    Compiling tokio-macros v2.2.0
[INFO] [stderr]    Compiling tokio v1.35.1
[INFO] [stderr]    Compiling thiserror v1.0.56
[INFO] [stderr]    Compiling tracing v0.1.40
[INFO] [stderr]    Compiling dioxus-core v0.4.3
[INFO] [stderr]    Compiling dioxus-ssr v0.4.0 (/opt/rustwide/workdir)
[INFO] [stderr]     Finished dev [unoptimized + debuginfo] target(s) in 7.64s
[INFO] running `Command { std: "docker" "inspect" "e189d3c154687e22704cf066d3c988cce08d6e786c2012feb13926a758d48baf", kill_on_drop: false }`
[INFO] running `Command { std: "docker" "rm" "-f" "e189d3c154687e22704cf066d3c988cce08d6e786c2012feb13926a758d48baf", kill_on_drop: false }`
[INFO] [stdout] e189d3c154687e22704cf066d3c988cce08d6e786c2012feb13926a758d48baf
[INFO] running `Command { std: "docker" "create" "-v" "/var/lib/crater-agent-workspace/builds/worker-1-tc1/target:/opt/rustwide/target:rw,Z" "-v" "/var/lib/crater-agent-workspace/builds/worker-1-tc1/source:/opt/rustwide/workdir:ro,Z" "-v" "/var/lib/crater-agent-workspace/cargo-home:/opt/rustwide/cargo-home:ro,Z" "-v" "/var/lib/crater-agent-workspace/rustup-home:/opt/rustwide/rustup-home:ro,Z" "-e" "SOURCE_DIR=/opt/rustwide/workdir" "-e" "CARGO_TARGET_DIR=/opt/rustwide/target" "-e" "CARGO_INCREMENTAL=0" "-e" "RUST_BACKTRACE=full" "-e" "RUSTFLAGS=--cap-lints=warn" "-e" "RUSTDOCFLAGS=--cap-lints=warn" "-e" "CARGO_HOME=/opt/rustwide/cargo-home" "-e" "RUSTUP_HOME=/opt/rustwide/rustup-home" "-w" "/opt/rustwide/workdir" "-m" "1610612736" "--user" "0:0" "--network" "none" "ghcr.io/rust-lang/crates-build-env/linux@sha256:2788e3201cd34a07e3172128adcd8b3090168a8e3bcc40d7c032b9dda1df7d1c" "/opt/rustwide/cargo-home/bin/cargo" "+1.75.0" "test" "--frozen" "--no-run" "--message-format=json", kill_on_drop: false }`
[INFO] [stdout] 63a9d08a74951487736c68ccf086545985a549e1129e265f69699f170cecc1bf
[INFO] running `Command { std: "docker" "start" "-a" "63a9d08a74951487736c68ccf086545985a549e1129e265f69699f170cecc1bf", kill_on_drop: false }`
[INFO] [stderr]    Compiling rustix v0.38.28
[INFO] [stderr]    Compiling bitflags v2.4.1
[INFO] [stderr]    Compiling linux-raw-sys v0.4.12
[INFO] [stderr]    Compiling argh_shared v0.1.12
[INFO] [stderr]    Compiling serde_json v1.0.111
[INFO] [stderr]    Compiling log v0.4.20
[INFO] [stderr]    Compiling anyhow v1.0.79
[INFO] [stderr]    Compiling ryu v1.0.16
[INFO] [stderr]    Compiling fs_extra v1.3.0
[INFO] [stderr]    Compiling dioxus-ssr v0.4.0 (/opt/rustwide/workdir)
[INFO] [stderr]    Compiling argh_derive v0.1.12
[INFO] [stderr]    Compiling is-terminal v0.4.10
[INFO] [stderr]    Compiling colored v1.9.4
[INFO] [stderr]    Compiling fern v0.6.2
[INFO] [stderr]    Compiling argh v0.1.12
[INFO] [stdout] error[E0433]: failed to resolve: use of undeclared crate or module `dioxus`
[INFO] [stdout]  --> tests/simple.rs:1:5
[INFO] [stdout]   |
[INFO] [stdout] 1 | use dioxus::prelude::*;
[INFO] [stdout]   |     ^^^^^^ use of undeclared crate or module `dioxus`
[INFO] [stdout] 
[INFO] [stdout] 
[INFO] [stdout] error[E0433]: failed to resolve: use of undeclared crate or module `dioxus`
[INFO] [stdout]  --> tests/inner_html.rs:1:5
[INFO] [stdout]   |
[INFO] [stdout] 1 | use dioxus::prelude::*;
[INFO] [stdout]   |     ^^^^^^ use of undeclared crate or module `dioxus`
[INFO] [stdout] 
[INFO] [stdout] 
[INFO] [stdout] error[E0433]: failed to resolve: use of undeclared crate or module `dioxus`
[INFO] [stdout]  --> tests/styles.rs:1:5
[INFO] [stdout]   |
[INFO] [stdout] 1 | use dioxus::prelude::*;
[INFO] [stdout]   |     ^^^^^^ use of undeclared crate or module `dioxus`
[INFO] [stdout] 
[INFO] [stdout] 
[INFO] [stdout] error[E0433]: failed to resolve: use of undeclared crate or module `dioxus`
[INFO] [stdout]    --> src/renderer.rs:198:9
[INFO] [stdout]     |
[INFO] [stdout] 198 |     use dioxus::prelude::*;
[INFO] [stdout]     |         ^^^^^^ use of undeclared crate or module `dioxus`
[INFO] [stdout] 
[INFO] [stdout] 
[INFO] [stdout] error: cannot find macro `render` in this scope
[INFO] [stdout]  --> tests/inner_html.rs:6:9
[INFO] [stdout]   |
[INFO] [stdout] 6 |         render! { div { dangerous_inner_html: "<div>1234</div>" } }
[INFO] [stdout]   |         ^^^^^^
[INFO] [stdout] 
[INFO] [stdout] 
[INFO] [stdout] error: cannot find macro `render` in this scope
[INFO] [stdout]   --> tests/inner_html.rs:19:9
[INFO] [stdout]    |
[INFO] [stdout] 19 |         render! { div { dangerous_inner_html: "{inner_html}" } }
[INFO] [stdout]    |         ^^^^^^
[INFO] [stdout] 
[INFO] [stdout] 
[INFO] [stdout] error[E0412]: cannot find type `Scope` in this scope
[INFO] [stdout]  --> tests/inner_html.rs:5:16
[INFO] [stdout]   |
[INFO] [stdout] 5 |     fn app(cx: Scope) -> Element {
[INFO] [stdout]   |                ^^^^^ not found in this scope
[INFO] [stdout]   |
[INFO] [stdout] help: consider importing one of these items
[INFO] [stdout]   |
[INFO] [stdout] 1 + use dioxus_core::Scope;
[INFO] [stdout]   |
[INFO] [stdout] 1 + use std::thread::Scope;
[INFO] [stdout]   |
[INFO] [stdout] 
[INFO] [stdout] 
[INFO] [stdout] error[E0412]: cannot find type `Element` in this scope
[INFO] [stdout]  --> tests/inner_html.rs:5:26
[INFO] [stdout]   |
[INFO] [stdout] 5 |     fn app(cx: Scope) -> Element {
[INFO] [stdout]   |                          ^^^^^^^ not found in this scope
[INFO] [stdout]   |
[INFO] [stdout] help: consider importing this type alias
[INFO] [stdout]   |
[INFO] [stdout] 1 + use dioxus_core::Element;
[INFO] [stdout]   |
[INFO] [stdout] 
[INFO] [stdout] 
[INFO] [stdout] error[E0433]: failed to resolve: use of undeclared type `VirtualDom`
[INFO] [stdout]  --> tests/inner_html.rs:9:19
[INFO] [stdout]   |
[INFO] [stdout] 9 |     let mut dom = VirtualDom::new(app);
[INFO] [stdout]   |                   ^^^^^^^^^^ use of undeclared type `VirtualDom`
[INFO] [stdout]   |
[INFO] [stdout] help: consider importing this struct
[INFO] [stdout]   |
[INFO] [stdout] 1 + use dioxus_core::VirtualDom;
[INFO] [stdout]   |
[INFO] [stdout] 
[INFO] [stdout] 
[INFO] [stdout] error[E0412]: cannot find type `Scope` in this scope
[INFO] [stdout]   --> tests/inner_html.rs:17:16
[INFO] [stdout]    |
[INFO] [stdout] 17 |     fn app(cx: Scope) -> Element {
[INFO] [stdout]    |                ^^^^^ not found in this scope
[INFO] [stdout]    |
[INFO] [stdout] help: consider importing one of these items
[INFO] [stdout]    |
[INFO] [stdout] 1  + use dioxus_core::Scope;
[INFO] [stdout]    |
[INFO] [stdout] 1  + use std::thread::Scope;
[INFO] [stdout]    |
[INFO] [stdout] 
[INFO] [stdout] 
[INFO] [stdout] error[E0412]: cannot find type `Element` in this scope
[INFO] [stdout]   --> tests/inner_html.rs:17:26
[INFO] [stdout]    |
[INFO] [stdout] 17 |     fn app(cx: Scope) -> Element {
[INFO] [stdout]    |                          ^^^^^^^ not found in this scope
[INFO] [stdout]    |
[INFO] [stdout] help: consider importing this type alias
[INFO] [stdout]    |
[INFO] [stdout] 1  + use dioxus_core::Element;
[INFO] [stdout]    |
[INFO] [stdout] 
[INFO] [stdout] 
[INFO] [stdout] error[E0433]: failed to resolve: use of undeclared type `VirtualDom`
[INFO] [stdout]   --> tests/inner_html.rs:22:19
[INFO] [stdout]    |
[INFO] [stdout] 22 |     let mut dom = VirtualDom::new(app);
[INFO] [stdout]    |                   ^^^^^^^^^^ use of undeclared type `VirtualDom`
[INFO] [stdout]    |
[INFO] [stdout] help: consider importing this struct
[INFO] [stdout]    |
[INFO] [stdout] 1  + use dioxus_core::VirtualDom;
[INFO] [stdout]    |
[INFO] [stdout] 
[INFO] [stdout] 
[INFO] [stdout] error: cannot find macro `render` in this scope
[INFO] [stdout]  --> tests/simple.rs:6:9
[INFO] [stdout]   |
[INFO] [stdout] 6 |         render! { div { "hello!" } }
[INFO] [stdout]   |         ^^^^^^
[INFO] [stdout] 
[INFO] [stdout] 
[INFO] [stdout] error: cannot find macro `rsx` in this scope
[INFO] [stdout]   --> tests/simple.rs:15:33
[INFO] [stdout]    |
[INFO] [stdout] 15 |         dioxus_ssr::render_lazy(rsx!( div {"hello!"} )),
[INFO] [stdout]    |                                 ^^^
[INFO] [stdout] 
[INFO] [stdout] 
[INFO] [stdout] error: cannot find macro `rsx` in this scope
[INFO] [stdout]   --> tests/simple.rs:23:33
[INFO] [stdout]    |
[INFO] [stdout] 23 |         dioxus_ssr::render_lazy(rsx! {
[INFO] [stdout]    |                                 ^^^
[INFO] [stdout] 
[INFO] [stdout] 
[INFO] [stdout] error: cannot find macro `rsx` in this scope
[INFO] [stdout]   --> tests/simple.rs:38:33
[INFO] [stdout]    |
[INFO] [stdout] 38 |         dioxus_ssr::render_lazy(rsx! {
[INFO] [stdout]    |                                 ^^^
[INFO] [stdout] 
[INFO] [stdout] 
[INFO] [stdout] error: cannot find attribute `inline_props` in this scope
[INFO] [stdout]   --> tests/simple.rs:47:7
[INFO] [stdout]    |
[INFO] [stdout] 47 |     #[inline_props]
[INFO] [stdout]    |       ^^^^^^^^^^^^
[INFO] [stdout] 
[INFO] [stdout] 
[INFO] [stdout] error: cannot find macro `render` in this scope
[INFO] [stdout]  --> tests/styles.rs:6:9
[INFO] [stdout]   |
[INFO] [stdout] 6 |         render! { div { width: "100px" } }
[INFO] [stdout]   |         ^^^^^^
[INFO] [stdout] 
[INFO] [stdout] 
[INFO] [stdout] error: cannot find macro `render` in this scope
[INFO] [stdout]   --> tests/simple.rs:49:9
[INFO] [stdout]    |
[INFO] [stdout] 49 |         render! {
[INFO] [stdout]    |         ^^^^^^
[INFO] [stdout] 
[INFO] [stdout] 
[INFO] [stdout] error: cannot find macro `rsx` in this scope
[INFO] [stdout]   --> tests/styles.rs:23:33
[INFO] [stdout]    |
[INFO] [stdout] 23 |         dioxus_ssr::render_lazy(rsx! {
[INFO] [stdout]    |                                 ^^^
[INFO] [stdout] 
[INFO] [stdout] 
[INFO] [stdout] error: cannot find macro `rsx` in this scope
[INFO] [stdout]   --> tests/simple.rs:55:33
[INFO] [stdout]    |
[INFO] [stdout] 55 |         dioxus_ssr::render_lazy(rsx! {
[INFO] [stdout]    |                                 ^^^
[INFO] [stdout] 
[INFO] [stdout] 
[INFO] [stdout] error: cannot find macro `rsx` in this scope
[INFO] [stdout]   --> tests/styles.rs:35:33
[INFO] [stdout]    |
[INFO] [stdout] 35 |         dioxus_ssr::render_lazy(rsx! {
[INFO] [stdout]    |                                 ^^^
[INFO] [stdout] 
[INFO] [stdout] 
[INFO] [stdout] error: cannot find macro `rsx` in this scope
[INFO] [stdout]   --> tests/simple.rs:69:33
[INFO] [stdout]    |
[INFO] [stdout] 69 |         dioxus_ssr::render_lazy(rsx! {
[INFO] [stdout]    |                                 ^^^
[INFO] [stdout] 
[INFO] [stdout] 
[INFO] [stdout] error[E0412]: cannot find type `Scope` in this scope
[INFO] [stdout]  --> tests/styles.rs:5:16
[INFO] [stdout]   |
[INFO] [stdout] 5 |     fn app(cx: Scope) -> Element {
[INFO] [stdout]   |                ^^^^^ not found in this scope
[INFO] [stdout]   |
[INFO] [stdout] help: consider importing one of these items
[INFO] [stdout]   |
[INFO] [stdout] 1 + use dioxus_core::Scope;
[INFO] [stdout]   |
[INFO] [stdout] 1 + use std::thread::Scope;
[INFO] [stdout]   |
[INFO] [stdout] 
[INFO] [stdout] 
[INFO] [stdout] error[E0412]: cannot find type `Element` in this scope
[INFO] [stdout]  --> tests/styles.rs:5:26
[INFO] [stdout]   |
[INFO] [stdout] 5 |     fn app(cx: Scope) -> Element {
[INFO] [stdout]   |                          ^^^^^^^ not found in this scope
[INFO] [stdout]   |
[INFO] [stdout] help: consider importing this type alias
[INFO] [stdout]   |
[INFO] [stdout] 1 + use dioxus_core::Element;
[INFO] [stdout]   |
[INFO] [stdout] 
[INFO] [stdout] 
[INFO] [stdout] error[E0433]: failed to resolve: use of undeclared type `VirtualDom`
[INFO] [stdout]  --> tests/styles.rs:9:19
[INFO] [stdout]   |
[INFO] [stdout] 9 |     let mut dom = VirtualDom::new(app);
[INFO] [stdout]   |                   ^^^^^^^^^^ use of undeclared type `VirtualDom`
[INFO] [stdout]   |
[INFO] [stdout] help: consider importing this struct
[INFO] [stdout]   |
[INFO] [stdout] 1 + use dioxus_core::VirtualDom;
[INFO] [stdout]   |
[INFO] [stdout] 
[INFO] [stdout] 
[INFO] [stdout] error: aborting due to 9 previous errors
[INFO] [stdout] 
[INFO] [stdout] 
[INFO] [stdout] Some errors have detailed explanations: E0412, E0433.
[INFO] [stdout] 
[INFO] [stdout] For more information about an error, try `rustc --explain E0412`.
[INFO] [stdout] 
[INFO] [stdout] error[E0412]: cannot find type `Scope` in this scope
[INFO] [stdout]  --> tests/simple.rs:5:16
[INFO] [stdout]   |
[INFO] [stdout] 5 |     fn app(cx: Scope) -> Element {
[INFO] [stdout]   |                ^^^^^ not found in this scope
[INFO] [stdout]   |
[INFO] [stdout] help: consider importing one of these items
[INFO] [stdout]   |
[INFO] [stdout] 1 + use dioxus_core::Scope;
[INFO] [stdout]   |
[INFO] [stdout] 1 + use std::thread::Scope;
[INFO] [stdout]   |
[INFO] [stdout] 
[INFO] [stdout] 
[INFO] [stdout] error[E0412]: cannot find type `Element` in this scope
[INFO] [stdout]  --> tests/simple.rs:5:26
[INFO] [stdout]   |
[INFO] [stdout] 5 |     fn app(cx: Scope) -> Element {
[INFO] [stdout]   |                          ^^^^^^^ not found in this scope
[INFO] [stdout]   |
[INFO] [stdout] help: consider importing this type alias
[INFO] [stdout]   |
[INFO] [stdout] 1 + use dioxus_core::Element;
[INFO] [stdout]   |
[INFO] [stdout] 
[INFO] [stdout] 
[INFO] [stdout] error: cannot find macro `render` in this scope
[INFO] [stdout]    --> src/renderer.rs:204:9
[INFO] [stdout]     |
[INFO] [stdout] 204 |         render! {
[INFO] [stdout]     |         ^^^^^^
[INFO] [stdout] 
[INFO] [stdout] 
[INFO] [stdout] error[E0433]: failed to resolve: use of undeclared type `VirtualDom`
[INFO] [stdout]  --> tests/simple.rs:9:19
[INFO] [stdout]   |
[INFO] [stdout] 9 |     let mut dom = VirtualDom::new(app);
[INFO] [stdout]   |                   ^^^^^^^^^^ use of undeclared type `VirtualDom`
[INFO] [stdout]   |
[INFO] [stdout] help: consider importing this struct
[INFO] [stdout]   |
[INFO] [stdout] 1 + use dioxus_core::VirtualDom;
[INFO] [stdout]   |
[INFO] [stdout] 
[INFO] [stdout] 
[INFO] [stdout] error[E0412]: cannot find type `Scope` in this scope
[INFO] [stdout]   --> tests/simple.rs:48:25
[INFO] [stdout]    |
[INFO] [stdout] 48 |     fn my_component(cx: Scope, name: i32) -> Element {
[INFO] [stdout]    |                         ^^^^^ not found in this scope
[INFO] [stdout]    |
[INFO] [stdout] help: consider importing one of these items
[INFO] [stdout]    |
[INFO] [stdout] 1  + use dioxus_core::Scope;
[INFO] [stdout]    |
[INFO] [stdout] 1  + use std::thread::Scope;
[INFO] [stdout]    |
[INFO] [stdout] 
[INFO] [stdout] 
[INFO] [stdout] error[E0412]: cannot find type `Element` in this scope
[INFO] [stdout]   --> tests/simple.rs:48:46
[INFO] [stdout]    |
[INFO] [stdout] 48 |     fn my_component(cx: Scope, name: i32) -> Element {
[INFO] [stdout]    |                                              ^^^^^^^ not found in this scope
[INFO] [stdout]    |
[INFO] [stdout] help: consider importing this type alias
[INFO] [stdout]    |
[INFO] [stdout] 1  + use dioxus_core::Element;
[INFO] [stdout]    |
[INFO] [stdout] 
[INFO] [stdout] 
[INFO] [stderr] error: could not compile `dioxus-ssr` (test "inner_html") due to 10 previous errors
[INFO] [stderr] warning: build failed, waiting for other jobs to finish...
[INFO] [stdout] error: aborting due to 7 previous errors
[INFO] [stdout] 
[INFO] [stdout] 
[INFO] [stdout] Some errors have detailed explanations: E0412, E0433.
[INFO] [stdout] 
[INFO] [stdout] For more information about an error, try `rustc --explain E0412`.
[INFO] [stdout] 
[INFO] [stdout] error: aborting due to 14 previous errors
[INFO] [stdout] 
[INFO] [stdout] 
[INFO] [stdout] Some errors have detailed explanations: E0412, E0433.
[INFO] [stdout] 
[INFO] [stdout] For more information about an error, try `rustc --explain E0412`.
[INFO] [stdout] 
[INFO] [stderr] error: could not compile `dioxus-ssr` (test "styles") due to 8 previous errors
[INFO] [stderr] error: could not compile `dioxus-ssr` (test "simple") due to 15 previous errors
[INFO] [stdout] error: aborting due to 2 previous errors
[INFO] [stdout] 
[INFO] [stdout] 
[INFO] [stdout] For more information about this error, try `rustc --explain E0433`.
[INFO] [stdout] 
[INFO] [stderr] error: could not compile `dioxus-ssr` (lib test) due to 3 previous errors
[INFO] running `Command { std: "docker" "inspect" "63a9d08a74951487736c68ccf086545985a549e1129e265f69699f170cecc1bf", kill_on_drop: false }`
[INFO] running `Command { std: "docker" "rm" "-f" "63a9d08a74951487736c68ccf086545985a549e1129e265f69699f170cecc1bf", kill_on_drop: false }`
[INFO] [stdout] 63a9d08a74951487736c68ccf086545985a549e1129e265f69699f170cecc1bf
[INFO] testing dioxus-ssr-0.4.0 against beta-2023-12-22 for beta-1.76-1
[INFO] extracting crate dioxus-ssr 0.4.0 into /workspace/builds/worker-1-tc2/source
[INFO] validating manifest of crates.io crate dioxus-ssr 0.4.0 on toolchain beta-2023-12-22
[INFO] running `Command { std: CARGO_HOME="/workspace/cargo-home" RUSTUP_HOME="/workspace/rustup-home" "/workspace/cargo-home/bin/cargo" "+beta-2023-12-22" "metadata" "--manifest-path" "Cargo.toml" "--no-deps", kill_on_drop: false }`
[INFO] started tweaking crates.io crate dioxus-ssr 0.4.0
[INFO] finished tweaking crates.io crate dioxus-ssr 0.4.0
[INFO] tweaked toml for crates.io crate dioxus-ssr 0.4.0 written to /workspace/builds/worker-1-tc2/source/Cargo.toml
[INFO] running `Command { std: CARGO_HOME="/workspace/cargo-home" RUSTUP_HOME="/workspace/rustup-home" "/workspace/cargo-home/bin/cargo" "+beta-2023-12-22" "generate-lockfile" "--manifest-path" "Cargo.toml", kill_on_drop: false }`
[INFO] [stderr]     Updating crates.io index
[INFO] running `Command { std: CARGO_HOME="/workspace/cargo-home" RUSTUP_HOME="/workspace/rustup-home" "/workspace/cargo-home/bin/cargo" "+beta-2023-12-22" "fetch" "--manifest-path" "Cargo.toml", kill_on_drop: false }`
[INFO] running `Command { std: "docker" "create" "-v" "/var/lib/crater-agent-workspace/builds/worker-1-tc2/target:/opt/rustwide/target:rw,Z" "-v" "/var/lib/crater-agent-workspace/builds/worker-1-tc2/source:/opt/rustwide/workdir:ro,Z" "-v" "/var/lib/crater-agent-workspace/cargo-home:/opt/rustwide/cargo-home:ro,Z" "-v" "/var/lib/crater-agent-workspace/rustup-home:/opt/rustwide/rustup-home:ro,Z" "-e" "SOURCE_DIR=/opt/rustwide/workdir" "-e" "CARGO_TARGET_DIR=/opt/rustwide/target" "-e" "CARGO_HOME=/opt/rustwide/cargo-home" "-e" "RUSTUP_HOME=/opt/rustwide/rustup-home" "-w" "/opt/rustwide/workdir" "-m" "1610612736" "--user" "0:0" "--network" "none" "ghcr.io/rust-lang/crates-build-env/linux@sha256:2788e3201cd34a07e3172128adcd8b3090168a8e3bcc40d7c032b9dda1df7d1c" "/opt/rustwide/cargo-home/bin/cargo" "+beta-2023-12-22" "metadata" "--no-deps" "--format-version=1", kill_on_drop: false }`
[INFO] [stdout] 85d9337950976f624b471a90a73e2148ef3b91d6b1bfd1d6357f3ec3462edc7d
[INFO] running `Command { std: "docker" "start" "-a" "85d9337950976f624b471a90a73e2148ef3b91d6b1bfd1d6357f3ec3462edc7d", kill_on_drop: false }`
[INFO] running `Command { std: "docker" "inspect" "85d9337950976f624b471a90a73e2148ef3b91d6b1bfd1d6357f3ec3462edc7d", kill_on_drop: false }`
[INFO] running `Command { std: "docker" "rm" "-f" "85d9337950976f624b471a90a73e2148ef3b91d6b1bfd1d6357f3ec3462edc7d", kill_on_drop: false }`
[INFO] [stdout] 85d9337950976f624b471a90a73e2148ef3b91d6b1bfd1d6357f3ec3462edc7d
[INFO] running `Command { std: "docker" "create" "-v" "/var/lib/crater-agent-workspace/builds/worker-1-tc2/target:/opt/rustwide/target:rw,Z" "-v" "/var/lib/crater-agent-workspace/builds/worker-1-tc2/source:/opt/rustwide/workdir:ro,Z" "-v" "/var/lib/crater-agent-workspace/cargo-home:/opt/rustwide/cargo-home:ro,Z" "-v" "/var/lib/crater-agent-workspace/rustup-home:/opt/rustwide/rustup-home:ro,Z" "-e" "SOURCE_DIR=/opt/rustwide/workdir" "-e" "CARGO_TARGET_DIR=/opt/rustwide/target" "-e" "CARGO_INCREMENTAL=0" "-e" "RUST_BACKTRACE=full" "-e" "RUSTFLAGS=--cap-lints=warn" "-e" "RUSTDOCFLAGS=--cap-lints=warn" "-e" "CARGO_HOME=/opt/rustwide/cargo-home" "-e" "RUSTUP_HOME=/opt/rustwide/rustup-home" "-w" "/opt/rustwide/workdir" "-m" "1610612736" "--user" "0:0" "--network" "none" "ghcr.io/rust-lang/crates-build-env/linux@sha256:2788e3201cd34a07e3172128adcd8b3090168a8e3bcc40d7c032b9dda1df7d1c" "/opt/rustwide/cargo-home/bin/cargo" "+beta-2023-12-22" "build" "--frozen" "--message-format=json", kill_on_drop: false }`
[INFO] [stdout] 25b58cf1aad0159f828ceb51a91666992fc3e973208b90ba65da8788a5a99fee
[INFO] running `Command { std: "docker" "start" "-a" "25b58cf1aad0159f828ceb51a91666992fc3e973208b90ba65da8788a5a99fee", kill_on_drop: false }`
[INFO] [stderr]    Compiling ahash v0.8.7
[INFO] [stderr]    Compiling pin-project-lite v0.2.13
[INFO] [stderr]    Compiling slab v0.4.9
[INFO] [stderr]    Compiling serde v1.0.194
[INFO] [stderr]    Compiling zerocopy v0.7.32
[INFO] [stderr]    Compiling syn v2.0.48
[INFO] [stderr]    Compiling futures-core v0.3.30
[INFO] [stderr]    Compiling tracing-core v0.1.32
[INFO] [stderr]    Compiling futures-task v0.3.30
[INFO] [stderr]    Compiling bytes v1.5.0
[INFO] [stderr]    Compiling futures-util v0.3.30
[INFO] [stderr]    Compiling futures-channel v0.3.30
[INFO] [stderr]    Compiling mio v0.8.10
[INFO] [stderr]    Compiling socket2 v0.5.5
[INFO] [stderr]    Compiling hashbrown v0.13.2
[INFO] [stderr]    Compiling num_cpus v1.16.0
[INFO] [stderr]    Compiling signal-hook-registry v1.4.1
[INFO] [stderr]    Compiling bumpalo v3.14.0
[INFO] [stderr]    Compiling longest-increasing-subsequence v0.1.0
[INFO] [stderr]    Compiling smallbox v0.8.2
[INFO] [stderr]    Compiling itoa v1.0.10
[INFO] [stderr]    Compiling rustc-hash v1.1.0
[INFO] [stderr]    Compiling lru v0.10.1
[INFO] [stderr]    Compiling askama_escape v0.10.3
[INFO] [stderr]    Compiling http v0.2.11
[INFO] [stderr]    Compiling serde_derive v1.0.194
[INFO] [stderr]    Compiling tracing-attributes v0.1.27
[INFO] [stderr]    Compiling tokio-macros v2.2.0
[INFO] [stderr]    Compiling thiserror-impl v1.0.56
[INFO] [stderr]    Compiling tokio v1.35.1
[INFO] [stderr]    Compiling thiserror v1.0.56
[INFO] [stderr]    Compiling tracing v0.1.40
[INFO] [stderr]    Compiling dioxus-core v0.4.3
[INFO] [stderr]    Compiling dioxus-ssr v0.4.0 (/opt/rustwide/workdir)
[INFO] [stderr]     Finished dev [unoptimized + debuginfo] target(s) in 7.75s
[INFO] running `Command { std: "docker" "inspect" "25b58cf1aad0159f828ceb51a91666992fc3e973208b90ba65da8788a5a99fee", kill_on_drop: false }`
[INFO] running `Command { std: "docker" "rm" "-f" "25b58cf1aad0159f828ceb51a91666992fc3e973208b90ba65da8788a5a99fee", kill_on_drop: false }`
[INFO] [stdout] 25b58cf1aad0159f828ceb51a91666992fc3e973208b90ba65da8788a5a99fee
[INFO] running `Command { std: "docker" "create" "-v" "/var/lib/crater-agent-workspace/builds/worker-1-tc2/target:/opt/rustwide/target:rw,Z" "-v" "/var/lib/crater-agent-workspace/builds/worker-1-tc2/source:/opt/rustwide/workdir:ro,Z" "-v" "/var/lib/crater-agent-workspace/cargo-home:/opt/rustwide/cargo-home:ro,Z" "-v" "/var/lib/crater-agent-workspace/rustup-home:/opt/rustwide/rustup-home:ro,Z" "-e" "SOURCE_DIR=/opt/rustwide/workdir" "-e" "CARGO_TARGET_DIR=/opt/rustwide/target" "-e" "CARGO_INCREMENTAL=0" "-e" "RUST_BACKTRACE=full" "-e" "RUSTFLAGS=--cap-lints=warn" "-e" "RUSTDOCFLAGS=--cap-lints=warn" "-e" "CARGO_HOME=/opt/rustwide/cargo-home" "-e" "RUSTUP_HOME=/opt/rustwide/rustup-home" "-w" "/opt/rustwide/workdir" "-m" "1610612736" "--user" "0:0" "--network" "none" "ghcr.io/rust-lang/crates-build-env/linux@sha256:2788e3201cd34a07e3172128adcd8b3090168a8e3bcc40d7c032b9dda1df7d1c" "/opt/rustwide/cargo-home/bin/cargo" "+beta-2023-12-22" "test" "--frozen" "--no-run" "--message-format=json", kill_on_drop: false }`
[INFO] [stdout] 81a39bffc23fe53bd1bd0826d11d76a6b5dbdc3c625768972ec6ca1ae27ee45e
[INFO] running `Command { std: "docker" "start" "-a" "81a39bffc23fe53bd1bd0826d11d76a6b5dbdc3c625768972ec6ca1ae27ee45e", kill_on_drop: false }`
[INFO] [stderr]    Compiling rustix v0.38.28
[INFO] [stderr]    Compiling linux-raw-sys v0.4.12
[INFO] [stderr]    Compiling bitflags v2.4.1
[INFO] [stderr]    Compiling argh_shared v0.1.12
[INFO] [stderr]    Compiling serde_json v1.0.111
[INFO] [stderr]    Compiling anyhow v1.0.79
[INFO] [stderr]    Compiling log v0.4.20
[INFO] [stderr]    Compiling ryu v1.0.16
[INFO] [stderr]    Compiling fs_extra v1.3.0
[INFO] [stderr]    Compiling dioxus-ssr v0.4.0 (/opt/rustwide/workdir)
[INFO] [stderr]    Compiling argh_derive v0.1.12
[INFO] [stderr]    Compiling is-terminal v0.4.10
[INFO] [stderr]    Compiling colored v1.9.4
[INFO] [stderr]    Compiling fern v0.6.2
[INFO] [stderr]    Compiling argh v0.1.12
[INFO] [stdout] error[E0433]: failed to resolve: use of undeclared crate or module `dioxus`
[INFO] [stdout]  --> tests/styles.rs:1:5
[INFO] [stdout]   |
[INFO] [stdout] 1 | use dioxus::prelude::*;
[INFO] [stdout]   |     ^^^^^^ use of undeclared crate or module `dioxus`
[INFO] [stdout] 
[INFO] [stdout] 
[INFO] [stdout] error[E0433]: failed to resolve: use of undeclared crate or module `dioxus`
[INFO] [stdout]  --> tests/inner_html.rs:1:5
[INFO] [stdout]   |
[INFO] [stdout] 1 | use dioxus::prelude::*;
[INFO] [stdout]   |     ^^^^^^ use of undeclared crate or module `dioxus`
[INFO] [stdout] 
[INFO] [stdout] 
[INFO] [stdout] error[E0433]: failed to resolve: use of undeclared crate or module `dioxus`
[INFO] [stdout]  --> tests/simple.rs:1:5
[INFO] [stdout]   |
[INFO] [stdout] 1 | use dioxus::prelude::*;
[INFO] [stdout]   |     ^^^^^^ use of undeclared crate or module `dioxus`
[INFO] [stdout] 
[INFO] [stdout] 
[INFO] [stdout] error[E0433]: failed to resolve: use of undeclared crate or module `dioxus`
[INFO] [stdout]    --> src/renderer.rs:198:9
[INFO] [stdout]     |
[INFO] [stdout] 198 |     use dioxus::prelude::*;
[INFO] [stdout]     |         ^^^^^^ use of undeclared crate or module `dioxus`
[INFO] [stdout] 
[INFO] [stdout] 
[INFO] [stdout] error: cannot find macro `render` in this scope
[INFO] [stdout]  --> tests/simple.rs:6:9
[INFO] [stdout]   |
[INFO] [stdout] 6 |         render! { div { "hello!" } }
[INFO] [stdout]   |         ^^^^^^
[INFO] [stdout] 
[INFO] [stdout] 
[INFO] [stdout] error: cannot find macro `rsx` in this scope
[INFO] [stdout]   --> tests/simple.rs:15:33
[INFO] [stdout]    |
[INFO] [stdout] 15 |         dioxus_ssr::render_lazy(rsx!( div {"hello!"} )),
[INFO] [stdout]    |                                 ^^^
[INFO] [stdout] 
[INFO] [stdout] 
[INFO] [stdout] error: cannot find macro `rsx` in this scope
[INFO] [stdout]   --> tests/simple.rs:23:33
[INFO] [stdout]    |
[INFO] [stdout] 23 |         dioxus_ssr::render_lazy(rsx! {
[INFO] [stdout]    |                                 ^^^
[INFO] [stdout] 
[INFO] [stdout] 
[INFO] [stdout] error: cannot find macro `rsx` in this scope
[INFO] [stdout]   --> tests/simple.rs:38:33
[INFO] [stdout]    |
[INFO] [stdout] 38 |         dioxus_ssr::render_lazy(rsx! {
[INFO] [stdout]    |                                 ^^^
[INFO] [stdout] 
[INFO] [stdout] 
[INFO] [stdout] error: cannot find attribute `inline_props` in this scope
[INFO] [stdout]   --> tests/simple.rs:47:7
[INFO] [stdout]    |
[INFO] [stdout] 47 |     #[inline_props]
[INFO] [stdout]    |       ^^^^^^^^^^^^
[INFO] [stdout] 
[INFO] [stdout] 
[INFO] [stdout] error: cannot find macro `render` in this scope
[INFO] [stdout]   --> tests/simple.rs:49:9
[INFO] [stdout]    |
[INFO] [stdout] 49 |         render! {
[INFO] [stdout]    |         ^^^^^^
[INFO] [stdout] 
[INFO] [stdout] 
[INFO] [stdout] error: cannot find macro `rsx` in this scope
[INFO] [stdout]   --> tests/simple.rs:55:33
[INFO] [stdout]    |
[INFO] [stdout] 55 |         dioxus_ssr::render_lazy(rsx! {
[INFO] [stdout]    |                                 ^^^
[INFO] [stdout] 
[INFO] [stdout] 
[INFO] [stdout] error: cannot find macro `rsx` in this scope
[INFO] [stdout]   --> tests/simple.rs:69:33
[INFO] [stdout]    |
[INFO] [stdout] 69 |         dioxus_ssr::render_lazy(rsx! {
[INFO] [stdout]    |                                 ^^^
[INFO] [stdout] 
[INFO] [stdout] 
[INFO] [stdout] error[E0412]: cannot find type `Scope` in this scope
[INFO] [stdout]  --> tests/simple.rs:5:16
[INFO] [stdout]   |
[INFO] [stdout] 5 |     fn app(cx: Scope) -> Element {
[INFO] [stdout]   |                ^^^^^ not found in this scope
[INFO] [stdout]   |
[INFO] [stdout] help: consider importing one of these items
[INFO] [stdout]   |
[INFO] [stdout] 1 + use dioxus_core::Scope;
[INFO] [stdout]   |
[INFO] [stdout] 1 + use std::thread::Scope;
[INFO] [stdout]   |
[INFO] [stdout] 
[INFO] [stdout] 
[INFO] [stdout] error[E0412]: cannot find type `Element` in this scope
[INFO] [stdout]  --> tests/simple.rs:5:26
[INFO] [stdout]   |
[INFO] [stdout] 5 |     fn app(cx: Scope) -> Element {
[INFO] [stdout]   |                          ^^^^^^^ not found in this scope
[INFO] [stdout]   |
[INFO] [stdout] help: consider importing this type alias
[INFO] [stdout]   |
[INFO] [stdout] 1 + use dioxus_core::Element;
[INFO] [stdout]   |
[INFO] [stdout] 
[INFO] [stdout] 
[INFO] [stdout] error[E0433]: failed to resolve: use of undeclared type `VirtualDom`
[INFO] [stdout]  --> tests/simple.rs:9:19
[INFO] [stdout]   |
[INFO] [stdout] 9 |     let mut dom = VirtualDom::new(app);
[INFO] [stdout]   |                   ^^^^^^^^^^ use of undeclared type `VirtualDom`
[INFO] [stdout]   |
[INFO] [stdout] help: consider importing this struct
[INFO] [stdout]   |
[INFO] [stdout] 1 + use dioxus_core::VirtualDom;
[INFO] [stdout]   |
[INFO] [stdout] 
[INFO] [stdout] 
[INFO] [stdout] error[E0412]: cannot find type `Scope` in this scope
[INFO] [stdout]   --> tests/simple.rs:48:25
[INFO] [stdout]    |
[INFO] [stdout] 48 |     fn my_component(cx: Scope, name: i32) -> Element {
[INFO] [stdout]    |                         ^^^^^ not found in this scope
[INFO] [stdout]    |
[INFO] [stdout] help: consider importing one of these items
[INFO] [stdout]    |
[INFO] [stdout] 1  + use dioxus_core::Scope;
[INFO] [stdout]    |
[INFO] [stdout] 1  + use std::thread::Scope;
[INFO] [stdout]    |
[INFO] [stdout] 
[INFO] [stdout] 
[INFO] [stdout] error[E0412]: cannot find type `Element` in this scope
[INFO] [stdout]   --> tests/simple.rs:48:46
[INFO] [stdout]    |
[INFO] [stdout] 48 |     fn my_component(cx: Scope, name: i32) -> Element {
[INFO] [stdout]    |                                              ^^^^^^^ not found in this scope
[INFO] [stdout]    |
[INFO] [stdout] help: consider importing this type alias
[INFO] [stdout]    |
[INFO] [stdout] 1  + use dioxus_core::Element;
[INFO] [stdout]    |
[INFO] [stdout] 
[INFO] [stdout] 
[INFO] [stdout] error: cannot find macro `render` in this scope
[INFO] [stdout]  --> tests/styles.rs:6:9
[INFO] [stdout]   |
[INFO] [stdout] 6 |         render! { div { width: "100px" } }
[INFO] [stdout]   |         ^^^^^^
[INFO] [stdout] 
[INFO] [stdout] 
[INFO] [stdout] error: cannot find macro `rsx` in this scope
[INFO] [stdout]   --> tests/styles.rs:23:33
[INFO] [stdout]    |
[INFO] [stdout] 23 |         dioxus_ssr::render_lazy(rsx! {
[INFO] [stdout]    |                                 ^^^
[INFO] [stdout] 
[INFO] [stdout] 
[INFO] [stdout] error: cannot find macro `rsx` in this scope
[INFO] [stdout]   --> tests/styles.rs:35:33
[INFO] [stdout]    |
[INFO] [stdout] 35 |         dioxus_ssr::render_lazy(rsx! {
[INFO] [stdout]    |                                 ^^^
[INFO] [stdout] 
[INFO] [stdout] 
[INFO] [stdout] error: cannot find macro `render` in this scope
[INFO] [stdout]  --> tests/inner_html.rs:6:9
[INFO] [stdout]   |
[INFO] [stdout] 6 |         render! { div { dangerous_inner_html: "<div>1234</div>" } }
[INFO] [stdout]   |         ^^^^^^
[INFO] [stdout] 
[INFO] [stdout] 
[INFO] [stdout] error: cannot find macro `render` in this scope
[INFO] [stdout]   --> tests/inner_html.rs:19:9
[INFO] [stdout]    |
[INFO] [stdout] 19 |         render! { div { dangerous_inner_html: "{inner_html}" } }
[INFO] [stdout]    |         ^^^^^^
[INFO] [stdout] 
[INFO] [stdout] 
[INFO] [stdout] error[E0412]: cannot find type `Scope` in this scope
[INFO] [stdout]  --> tests/styles.rs:5:16
[INFO] [stdout]   |
[INFO] [stdout] 5 |     fn app(cx: Scope) -> Element {
[INFO] [stdout]   |                ^^^^^ not found in this scope
[INFO] [stdout]   |
[INFO] [stdout] help: consider importing one of these items
[INFO] [stdout]   |
[INFO] [stdout] 1 + use dioxus_core::Scope;
[INFO] [stdout]   |
[INFO] [stdout] 1 + use std::thread::Scope;
[INFO] [stdout]   |
[INFO] [stdout] 
[INFO] [stdout] 
[INFO] [stdout] error[E0412]: cannot find type `Element` in this scope
[INFO] [stdout]  --> tests/styles.rs:5:26
[INFO] [stdout]   |
[INFO] [stdout] 5 |     fn app(cx: Scope) -> Element {
[INFO] [stdout]   |                          ^^^^^^^ not found in this scope
[INFO] [stdout]   |
[INFO] [stdout] help: consider importing this type alias
[INFO] [stdout]   |
[INFO] [stdout] 1 + use dioxus_core::Element;
[INFO] [stdout]   |
[INFO] [stdout] 
[INFO] [stdout] 
[INFO] [stdout] error[E0433]: failed to resolve: use of undeclared type `VirtualDom`
[INFO] [stdout]  --> tests/styles.rs:9:19
[INFO] [stdout]   |
[INFO] [stdout] 9 |     let mut dom = VirtualDom::new(app);
[INFO] [stdout]   |                   ^^^^^^^^^^ use of undeclared type `VirtualDom`
[INFO] [stdout]   |
[INFO] [stdout] help: consider importing this struct
[INFO] [stdout]   |
[INFO] [stdout] 1 + use dioxus_core::VirtualDom;
[INFO] [stdout]   |
[INFO] [stdout] 
[INFO] [stdout] 
[INFO] [stdout] error[E0412]: cannot find type `Scope` in this scope
[INFO] [stdout]  --> tests/inner_html.rs:5:16
[INFO] [stdout]   |
[INFO] [stdout] 5 |     fn app(cx: Scope) -> Element {
[INFO] [stdout]   |                ^^^^^ not found in this scope
[INFO] [stdout]   |
[INFO] [stdout] help: consider importing one of these items
[INFO] [stdout]   |
[INFO] [stdout] 1 + use dioxus_core::Scope;
[INFO] [stdout]   |
[INFO] [stdout] 1 + use std::thread::Scope;
[INFO] [stdout]   |
[INFO] [stdout] 
[INFO] [stdout] 
[INFO] [stdout] error[E0412]: cannot find type `Element` in this scope
[INFO] [stdout]  --> tests/inner_html.rs:5:26
[INFO] [stdout]   |
[INFO] [stdout] 5 |     fn app(cx: Scope) -> Element {
[INFO] [stdout]   |                          ^^^^^^^ not found in this scope
[INFO] [stdout]   |
[INFO] [stdout] help: consider importing this type alias
[INFO] [stdout]   |
[INFO] [stdout] 1 + use dioxus_core::Element;
[INFO] [stdout]   |
[INFO] [stdout] 
[INFO] [stdout] 
[INFO] [stdout] error[E0433]: failed to resolve: use of undeclared type `VirtualDom`
[INFO] [stdout]  --> tests/inner_html.rs:9:19
[INFO] [stdout]   |
[INFO] [stdout] 9 |     let mut dom = VirtualDom::new(app);
[INFO] [stdout]   |                   ^^^^^^^^^^ use of undeclared type `VirtualDom`
[INFO] [stdout]   |
[INFO] [stdout] help: consider importing this struct
[INFO] [stdout]   |
[INFO] [stdout] 1 + use dioxus_core::VirtualDom;
[INFO] [stdout]   |
[INFO] [stdout] 
[INFO] [stdout] 
[INFO] [stdout] error[E0412]: cannot find type `Scope` in this scope
[INFO] [stdout]   --> tests/inner_html.rs:17:16
[INFO] [stdout]    |
[INFO] [stdout] 17 |     fn app(cx: Scope) -> Element {
[INFO] [stdout]    |                ^^^^^ not found in this scope
[INFO] [stdout]    |
[INFO] [stdout] help: consider importing one of these items
[INFO] [stdout]    |
[INFO] [stdout] 1  + use dioxus_core::Scope;
[INFO] [stdout]    |
[INFO] [stdout] 1  + use std::thread::Scope;
[INFO] [stdout]    |
[INFO] [stdout] 
[INFO] [stdout] 
[INFO] [stdout] error: cannot find macro `render` in this scope
[INFO] [stdout]    --> src/renderer.rs:204:9
[INFO] [stdout]     |
[INFO] [stdout] 204 |         render! {
[INFO] [stdout]     |         ^^^^^^
[INFO] [stdout] 
[INFO] [stdout] 
[INFO] [stdout] error[E0412]: cannot find type `Element` in this scope
[INFO] [stdout]   --> tests/inner_html.rs:17:26
[INFO] [stdout]    |
[INFO] [stdout] 17 |     fn app(cx: Scope) -> Element {
[INFO] [stdout]    |                          ^^^^^^^ not found in this scope
[INFO] [stdout]    |
[INFO] [stdout] help: consider importing this type alias
[INFO] [stdout]    |
[INFO] [stdout] 1  + use dioxus_core::Element;
[INFO] [stdout]    |
[INFO] [stdout] 
[INFO] [stdout] 
[INFO] [stdout] error[E0433]: failed to resolve: use of undeclared type `VirtualDom`
[INFO] [stdout]   --> tests/inner_html.rs:22:19
[INFO] [stdout]    |
[INFO] [stdout] 22 |     let mut dom = VirtualDom::new(app);
[INFO] [stdout]    |                   ^^^^^^^^^^ use of undeclared type `VirtualDom`
[INFO] [stdout]    |
[INFO] [stdout] help: consider importing this struct
[INFO] [stdout]    |
[INFO] [stdout] 1  + use dioxus_core::VirtualDom;
[INFO] [stdout]    |
[INFO] [stdout] 
[INFO] [stdout] 
[INFO] [stdout] error: aborting due to 7 previous errors
[INFO] [stdout] 
[INFO] [stdout] 
[INFO] [stdout] Some errors have detailed explanations: E0412, E0433.
[INFO] [stdout] 
[INFO] [stdout] For more information about an error, try `rustc --explain E0412`.
[INFO] [stdout] 
[INFO] [stdout] error: aborting due to 14 previous errors
[INFO] [stdout] 
[INFO] [stdout] 
[INFO] [stdout] Some errors have detailed explanations: E0412, E0433.
[INFO] [stdout] 
[INFO] [stdout] For more information about an error, try `rustc --explain E0412`.
[INFO] [stdout] 
[INFO] [stdout] error: aborting due to 9 previous errors
[INFO] [stdout] 
[INFO] [stdout] 
[INFO] [stdout] Some errors have detailed explanations: E0412, E0433.
[INFO] [stdout] 
[INFO] [stdout] For more information about an error, try `rustc --explain E0412`.
[INFO] [stdout] 
[INFO] [stderr] error: could not compile `dioxus-ssr` (test "styles") due to 8 previous errors
[INFO] [stderr] warning: build failed, waiting for other jobs to finish...
[INFO] [stderr] error: could not compile `dioxus-ssr` (test "simple") due to 15 previous errors
[INFO] [stderr] error: could not compile `dioxus-ssr` (test "inner_html") due to 10 previous errors
[INFO] [stdout] error: aborting due to 2 previous errors
[INFO] [stdout] 
[INFO] [stdout] 
[INFO] [stdout] For more information about this error, try `rustc --explain E0433`.
[INFO] [stdout] 
[INFO] [stderr] error: could not compile `dioxus-ssr` (lib test) due to 3 previous errors
[INFO] running `Command { std: "docker" "inspect" "81a39bffc23fe53bd1bd0826d11d76a6b5dbdc3c625768972ec6ca1ae27ee45e", kill_on_drop: false }`
[INFO] running `Command { std: "docker" "rm" "-f" "81a39bffc23fe53bd1bd0826d11d76a6b5dbdc3c625768972ec6ca1ae27ee45e", kill_on_drop: false }`
[INFO] [stdout] 81a39bffc23fe53bd1bd0826d11d76a6b5dbdc3c625768972ec6ca1ae27ee45e
