[INFO] fetching crate dioxus-native-core 0.4.0...
[INFO] testing dioxus-native-core-0.4.0 against 1.75.0 for beta-1.76-1
[INFO] extracting crate dioxus-native-core 0.4.0 into /workspace/builds/worker-0-tc1/source
[INFO] validating manifest of crates.io crate dioxus-native-core 0.4.0 on toolchain 1.75.0
[INFO] running `Command { std: CARGO_HOME="/workspace/cargo-home" RUSTUP_HOME="/workspace/rustup-home" "/workspace/cargo-home/bin/cargo" "+1.75.0" "metadata" "--manifest-path" "Cargo.toml" "--no-deps", kill_on_drop: false }`
[INFO] started tweaking crates.io crate dioxus-native-core 0.4.0
[INFO] finished tweaking crates.io crate dioxus-native-core 0.4.0
[INFO] tweaked toml for crates.io crate dioxus-native-core 0.4.0 written to /workspace/builds/worker-0-tc1/source/Cargo.toml
[INFO] crate crates.io crate dioxus-native-core 0.4.0 already has a lockfile, it will not be regenerated
[INFO] running `Command { std: CARGO_HOME="/workspace/cargo-home" RUSTUP_HOME="/workspace/rustup-home" "/workspace/cargo-home/bin/cargo" "+1.75.0" "fetch" "--manifest-path" "Cargo.toml", kill_on_drop: false }`
[INFO] [stderr]     Updating crates.io index
[INFO] [stderr]  Downloading crates ...
[INFO] [stderr]   Downloaded vlq v0.5.1
[INFO] [stderr]   Downloaded keyboard-types v0.6.2
[INFO] [stderr]   Downloaded const-str-proc-macro v0.3.2
[INFO] [stderr]   Downloaded simd-abstraction v0.7.1
[INFO] [stderr]   Downloaded dioxus-native-core-macro v0.4.0
[INFO] [stderr]   Downloaded dtoa-short v0.3.4
[INFO] [stderr]   Downloaded cssparser-macros v0.6.1
[INFO] [stderr]   Downloaded grid v0.9.0
[INFO] [stderr]   Downloaded base64-simd v0.7.0
[INFO] [stderr]   Downloaded longest-increasing-subsequence v0.1.0
[INFO] [stderr]   Downloaded dashmap v5.5.0
[INFO] [stderr]   Downloaded parcel_sourcemap v2.1.1
[INFO] [stderr]   Downloaded anymap v1.0.0-beta.2
[INFO] [stderr]   Downloaded const-str v0.3.2
[INFO] [stderr]   Downloaded serde_json v1.0.103
[INFO] [stderr]   Downloaded syn v2.0.26
[INFO] [stderr]   Downloaded serde_derive v1.0.173
[INFO] [stderr]   Downloaded dioxus-core v0.4.0
[INFO] [stderr]   Downloaded taffy v0.3.12
[INFO] [stderr]   Downloaded serde v1.0.173
[INFO] [stderr]   Downloaded lightningcss v1.0.0-alpha.44
[INFO] [stderr]   Downloaded shipyard v0.6.2
[INFO] [stderr]   Downloaded smallbox v0.8.1
[INFO] [stderr]   Downloaded cssparser v0.29.6
[INFO] [stderr]   Downloaded data-url v0.1.1
[INFO] [stderr]   Downloaded shipyard_proc v0.3.0
[INFO] [stderr]   Downloaded outref v0.1.0
[INFO] [stderr]   Downloaded parcel_selectors v0.26.0
[INFO] running `Command { std: "docker" "create" "-v" "/var/lib/crater-agent-workspace/builds/worker-0-tc1/target:/opt/rustwide/target:rw,Z" "-v" "/var/lib/crater-agent-workspace/builds/worker-0-tc1/source:/opt/rustwide/workdir:ro,Z" "-v" "/var/lib/crater-agent-workspace/cargo-home:/opt/rustwide/cargo-home:ro,Z" "-v" "/var/lib/crater-agent-workspace/rustup-home:/opt/rustwide/rustup-home:ro,Z" "-e" "SOURCE_DIR=/opt/rustwide/workdir" "-e" "CARGO_TARGET_DIR=/opt/rustwide/target" "-e" "CARGO_HOME=/opt/rustwide/cargo-home" "-e" "RUSTUP_HOME=/opt/rustwide/rustup-home" "-w" "/opt/rustwide/workdir" "-m" "1610612736" "--user" "0:0" "--network" "none" "ghcr.io/rust-lang/crates-build-env/linux@sha256:2788e3201cd34a07e3172128adcd8b3090168a8e3bcc40d7c032b9dda1df7d1c" "/opt/rustwide/cargo-home/bin/cargo" "+1.75.0" "metadata" "--no-deps" "--format-version=1", kill_on_drop: false }`
[INFO] [stdout] 1be3833764e6998688eece3b117b954cfcb482589e2c8518cd503f3b5f60171e
[INFO] running `Command { std: "docker" "start" "-a" "1be3833764e6998688eece3b117b954cfcb482589e2c8518cd503f3b5f60171e", kill_on_drop: false }`
[INFO] running `Command { std: "docker" "inspect" "1be3833764e6998688eece3b117b954cfcb482589e2c8518cd503f3b5f60171e", kill_on_drop: false }`
[INFO] running `Command { std: "docker" "rm" "-f" "1be3833764e6998688eece3b117b954cfcb482589e2c8518cd503f3b5f60171e", kill_on_drop: false }`
[INFO] [stdout] 1be3833764e6998688eece3b117b954cfcb482589e2c8518cd503f3b5f60171e
[INFO] running `Command { std: "docker" "create" "-v" "/var/lib/crater-agent-workspace/builds/worker-0-tc1/target:/opt/rustwide/target:rw,Z" "-v" "/var/lib/crater-agent-workspace/builds/worker-0-tc1/source:/opt/rustwide/workdir:ro,Z" "-v" "/var/lib/crater-agent-workspace/cargo-home:/opt/rustwide/cargo-home:ro,Z" "-v" "/var/lib/crater-agent-workspace/rustup-home:/opt/rustwide/rustup-home:ro,Z" "-e" "SOURCE_DIR=/opt/rustwide/workdir" "-e" "CARGO_TARGET_DIR=/opt/rustwide/target" "-e" "CARGO_INCREMENTAL=0" "-e" "RUST_BACKTRACE=full" "-e" "RUSTFLAGS=--cap-lints=warn" "-e" "RUSTDOCFLAGS=--cap-lints=warn" "-e" "CARGO_HOME=/opt/rustwide/cargo-home" "-e" "RUSTUP_HOME=/opt/rustwide/rustup-home" "-w" "/opt/rustwide/workdir" "-m" "1610612736" "--user" "0:0" "--network" "none" "ghcr.io/rust-lang/crates-build-env/linux@sha256:2788e3201cd34a07e3172128adcd8b3090168a8e3bcc40d7c032b9dda1df7d1c" "/opt/rustwide/cargo-home/bin/cargo" "+1.75.0" "build" "--frozen" "--message-format=json", kill_on_drop: false }`
[INFO] [stdout] 78a7facbc6733e1148d93fd05fab6dea08b6547fe5d63fca59bc8f4182d8b94a
[INFO] running `Command { std: "docker" "start" "-a" "78a7facbc6733e1148d93fd05fab6dea08b6547fe5d63fca59bc8f4182d8b94a", kill_on_drop: false }`
[INFO] [stderr]    Compiling libc v0.2.147
[INFO] [stderr]    Compiling scopeguard v1.2.0
[INFO] [stderr]    Compiling crossbeam-utils v0.8.16
[INFO] [stderr]    Compiling memoffset v0.9.0
[INFO] [stderr]    Compiling crossbeam-epoch v0.9.15
[INFO] [stderr]    Compiling lock_api v0.4.10
[INFO] [stderr]    Compiling ahash v0.7.6
[INFO] [stderr]    Compiling parking_lot_core v0.9.8
[INFO] [stderr]    Compiling syn v1.0.109
[INFO] [stderr]    Compiling serde v1.0.173
[INFO] [stderr]    Compiling rayon-core v1.11.0
[INFO] [stderr]    Compiling slab v0.4.8
[INFO] [stderr]    Compiling serde_derive v1.0.173
[INFO] [stderr]    Compiling hashbrown v0.14.0
[INFO] [stderr]    Compiling either v1.8.1
[INFO] [stderr]    Compiling crossbeam-channel v0.5.8
[INFO] [stderr]    Compiling rustc-hash v1.1.0
[INFO] [stderr]    Compiling crossbeam-deque v0.8.3
[INFO] [stderr]    Compiling anymap v1.0.0-beta.2
[INFO] [stderr]    Compiling getrandom v0.2.10
[INFO] [stderr]    Compiling num_cpus v1.16.0
[INFO] [stderr]    Compiling hashbrown v0.12.3
[INFO] [stderr]    Compiling dashmap v5.5.0
[INFO] [stderr]    Compiling parking_lot v0.12.1
[INFO] [stderr]    Compiling rayon v1.7.0
[INFO] [stderr]    Compiling shipyard_proc v0.3.0
[INFO] [stderr]    Compiling shipyard v0.6.2
[INFO] [stderr]    Compiling keyboard-types v0.6.2
[INFO] [stderr]    Compiling dioxus-native-core v0.4.0 (/opt/rustwide/workdir)
[INFO] [stderr]     Finished dev [unoptimized + debuginfo] target(s) in 6.44s
[INFO] running `Command { std: "docker" "inspect" "78a7facbc6733e1148d93fd05fab6dea08b6547fe5d63fca59bc8f4182d8b94a", kill_on_drop: false }`
[INFO] running `Command { std: "docker" "rm" "-f" "78a7facbc6733e1148d93fd05fab6dea08b6547fe5d63fca59bc8f4182d8b94a", kill_on_drop: false }`
[INFO] [stdout] 78a7facbc6733e1148d93fd05fab6dea08b6547fe5d63fca59bc8f4182d8b94a
[INFO] running `Command { std: "docker" "create" "-v" "/var/lib/crater-agent-workspace/builds/worker-0-tc1/target:/opt/rustwide/target:rw,Z" "-v" "/var/lib/crater-agent-workspace/builds/worker-0-tc1/source:/opt/rustwide/workdir:ro,Z" "-v" "/var/lib/crater-agent-workspace/cargo-home:/opt/rustwide/cargo-home:ro,Z" "-v" "/var/lib/crater-agent-workspace/rustup-home:/opt/rustwide/rustup-home:ro,Z" "-e" "SOURCE_DIR=/opt/rustwide/workdir" "-e" "CARGO_TARGET_DIR=/opt/rustwide/target" "-e" "CARGO_INCREMENTAL=0" "-e" "RUST_BACKTRACE=full" "-e" "RUSTFLAGS=--cap-lints=warn" "-e" "RUSTDOCFLAGS=--cap-lints=warn" "-e" "CARGO_HOME=/opt/rustwide/cargo-home" "-e" "RUSTUP_HOME=/opt/rustwide/rustup-home" "-w" "/opt/rustwide/workdir" "-m" "1610612736" "--user" "0:0" "--network" "none" "ghcr.io/rust-lang/crates-build-env/linux@sha256:2788e3201cd34a07e3172128adcd8b3090168a8e3bcc40d7c032b9dda1df7d1c" "/opt/rustwide/cargo-home/bin/cargo" "+1.75.0" "test" "--frozen" "--no-run" "--message-format=json", kill_on_drop: false }`
[INFO] [stdout] 1654088e9cfbcd0798731b097cfd86c76a2bbb5a961de81080fd42fb4d4285a9
[INFO] running `Command { std: "docker" "start" "-a" "1654088e9cfbcd0798731b097cfd86c76a2bbb5a961de81080fd42fb4d4285a9", kill_on_drop: false }`
[INFO] [stderr]    Compiling getrandom v0.2.10
[INFO] [stderr]    Compiling syn v2.0.26
[INFO] [stderr]    Compiling tokio v1.29.1
[INFO] [stderr]    Compiling signal-hook-registry v1.4.1
[INFO] [stderr]    Compiling socket2 v0.4.9
[INFO] [stderr]    Compiling mio v0.8.8
[INFO] [stderr]    Compiling bytes v1.4.0
[INFO] [stderr]    Compiling ahash v0.7.6
[INFO] [stderr]    Compiling rand_core v0.6.4
[INFO] [stderr]    Compiling hashbrown v0.12.3
[INFO] [stderr]    Compiling rand_chacha v0.3.1
[INFO] [stderr]    Compiling rand v0.8.5
[INFO] [stderr]    Compiling shipyard v0.6.2
[INFO] [stderr]    Compiling tokio-macros v2.1.0
[INFO] [stderr]    Compiling dioxus-native-core-macro v0.4.0
[INFO] [stderr]    Compiling dioxus-native-core v0.4.0 (/opt/rustwide/workdir)
[INFO] [stdout] error[E0433]: failed to resolve: use of undeclared crate or module `dioxus`
[INFO] [stdout]  --> tests/miri_native.rs:1:5
[INFO] [stdout]   |
[INFO] [stdout] 1 | use dioxus::prelude::*;
[INFO] [stdout]   |     ^^^^^^ use of undeclared crate or module `dioxus`
[INFO] [stdout] 
[INFO] [stdout] 
[INFO] [stdout] error[E0433]: failed to resolve: use of undeclared crate or module `dioxus`
[INFO] [stdout]  --> tests/called_minimally_on_build.rs:1:5
[INFO] [stdout]   |
[INFO] [stdout] 1 | use dioxus::prelude::*;
[INFO] [stdout]   |     ^^^^^^ use of undeclared crate or module `dioxus`
[INFO] [stdout] 
[INFO] [stdout] 
[INFO] [stdout] error[E0433]: failed to resolve: use of undeclared crate or module `dioxus`
[INFO] [stdout]  --> tests/fuzzing.rs:1:5
[INFO] [stdout]   |
[INFO] [stdout] 1 | use dioxus::prelude::Props;
[INFO] [stdout]   |     ^^^^^^ use of undeclared crate or module `dioxus`
[INFO] [stdout] 
[INFO] [stdout] 
[INFO] [stdout] error[E0432]: unresolved import `dioxus_core`
[INFO] [stdout]  --> tests/fuzzing.rs:2:5
[INFO] [stdout]   |
[INFO] [stdout] 2 | use dioxus_core::*;
[INFO] [stdout]   |     ^^^^^^^^^^^ use of undeclared crate or module `dioxus_core`
[INFO] [stdout] 
[INFO] [stdout] 
[INFO] [stdout] error: cannot determine resolution for the derive macro `Props`
[INFO] [stdout]    --> tests/fuzzing.rs:230:21
[INFO] [stdout]     |
[INFO] [stdout] 230 | #[derive(PartialEq, Props, Component)]
[INFO] [stdout]     |                     ^^^^^
[INFO] [stdout]     |
[INFO] [stdout]     = note: import resolution is stuck, try simplifying macro imports
[INFO] [stdout] 
[INFO] [stdout] 
[INFO] [stdout] error: cannot find macro `render` in this scope
[INFO] [stdout]    --> tests/called_minimally_on_build.rs:119:17
[INFO] [stdout]     |
[INFO] [stdout] 119 |                 render!{
[INFO] [stdout]     |                 ^^^^^^
[INFO] [stdout] ...
[INFO] [stdout] 172 |     test_state!(state: (Child, Node, Parent));
[INFO] [stdout]     |     ----------------------------------------- in this macro invocation
[INFO] [stdout]     |
[INFO] [stdout]     = note: this error originates in the macro `test_state` (in Nightly builds, run with -Z macro-backtrace for more info)
[INFO] [stdout] 
[INFO] [stdout] 
[INFO] [stdout] error[E0433]: failed to resolve: use of undeclared crate or module `dioxus`
[INFO] [stdout]    --> src/utils/persistant_iterator.rs:202:9
[INFO] [stdout]     |
[INFO] [stdout] 202 |     use dioxus::prelude::*;
[INFO] [stdout]     |         ^^^^^^ use of undeclared crate or module `dioxus`
[INFO] [stdout] 
[INFO] [stdout] 
[INFO] [stdout] error: cannot find macro `render` in this scope
[INFO] [stdout]    --> tests/called_minimally_on_build.rs:119:17
[INFO] [stdout]     |
[INFO] [stdout] 119 |                 render!{
[INFO] [stdout]     |                 ^^^^^^
[INFO] [stdout] ...
[INFO] [stdout] 189 |     test_state!(state: (Child, Node, Parent));
[INFO] [stdout]     |     ----------------------------------------- in this macro invocation
[INFO] [stdout]     |
[INFO] [stdout]     = note: this error originates in the macro `test_state` (in Nightly builds, run with -Z macro-backtrace for more info)
[INFO] [stdout] 
[INFO] [stdout] 
[INFO] [stdout] error: cannot find macro `render` in this scope
[INFO] [stdout]    --> tests/called_minimally_on_build.rs:119:17
[INFO] [stdout]     |
[INFO] [stdout] 119 |                 render!{
[INFO] [stdout]     |                 ^^^^^^
[INFO] [stdout] ...
[INFO] [stdout] 206 |     test_state!(state: (Child, Node, Parent));
[INFO] [stdout]     |     ----------------------------------------- in this macro invocation
[INFO] [stdout]     |
[INFO] [stdout]     = note: this error originates in the macro `test_state` (in Nightly builds, run with -Z macro-backtrace for more info)
[INFO] [stdout] 
[INFO] [stdout] 
[INFO] [stdout] error: cannot find macro `render` in this scope
[INFO] [stdout]    --> tests/called_minimally_on_build.rs:119:17
[INFO] [stdout]     |
[INFO] [stdout] 119 |                 render!{
[INFO] [stdout]     |                 ^^^^^^
[INFO] [stdout] ...
[INFO] [stdout] 219 |     test_state!(state: (Node1, Node2));
[INFO] [stdout]     |     ---------------------------------- in this macro invocation
[INFO] [stdout]     |
[INFO] [stdout]     = note: this error originates in the macro `test_state` (in Nightly builds, run with -Z macro-backtrace for more info)
[INFO] [stdout] 
[INFO] [stdout] 
[INFO] [stdout] error[E0432]: unresolved import `crate::dioxus`
[INFO] [stdout]    --> src/utils/persistant_iterator.rs:200:16
[INFO] [stdout]     |
[INFO] [stdout] 200 |     use crate::dioxus::DioxusState;
[INFO] [stdout]     |                ^^^^^^ could not find `dioxus` in the crate root
[INFO] [stdout] 
[INFO] [stdout] 
[INFO] [stdout] error[E0433]: failed to resolve: use of undeclared crate or module `dioxus`
[INFO] [stdout]    --> src/utils/persistant_iterator.rs:300:9
[INFO] [stdout]     |
[INFO] [stdout] 300 |     use dioxus::prelude::*;
[INFO] [stdout]     |         ^^^^^^ use of undeclared crate or module `dioxus`
[INFO] [stdout] 
[INFO] [stdout] 
[INFO] [stdout] error[E0432]: unresolved import `crate::dioxus`
[INFO] [stdout]    --> src/utils/persistant_iterator.rs:298:16
[INFO] [stdout]     |
[INFO] [stdout] 298 |     use crate::dioxus::DioxusState;
[INFO] [stdout]     |                ^^^^^^ could not find `dioxus` in the crate root
[INFO] [stdout] 
[INFO] [stdout] 
[INFO] [stdout] error: cannot find macro `render` in this scope
[INFO] [stdout]    --> tests/called_minimally_on_build.rs:119:17
[INFO] [stdout]     |
[INFO] [stdout] 119 |                 render!{
[INFO] [stdout]     |                 ^^^^^^
[INFO] [stdout] ...
[INFO] [stdout] 236 |     test_state!(state: (Child, Node, Parent));
[INFO] [stdout]     |     ----------------------------------------- in this macro invocation
[INFO] [stdout]     |
[INFO] [stdout]     = note: this error originates in the macro `test_state` (in Nightly builds, run with -Z macro-backtrace for more info)
[INFO] [stdout] 
[INFO] [stdout] 
[INFO] [stdout] error: cannot find macro `rsx` in this scope
[INFO] [stdout]    --> tests/miri_native.rs:123:19
[INFO] [stdout]     |
[INFO] [stdout] 123 |         cx.render(rsx! {
[INFO] [stdout]     |                   ^^^
[INFO] [stdout] 
[INFO] [stdout] 
[INFO] [stdout] error[E0433]: failed to resolve: use of undeclared crate or module `dioxus`
[INFO] [stdout]    --> src/utils/persistant_iterator.rs:381:9
[INFO] [stdout]     |
[INFO] [stdout] 381 |     use dioxus::prelude::*;
[INFO] [stdout]     |         ^^^^^^ use of undeclared crate or module `dioxus`
[INFO] [stdout] 
[INFO] [stdout] 
[INFO] [stdout] error[E0432]: unresolved import `crate::dioxus`
[INFO] [stdout]    --> src/utils/persistant_iterator.rs:379:16
[INFO] [stdout]     |
[INFO] [stdout] 379 |     use crate::dioxus::DioxusState;
[INFO] [stdout]     |                ^^^^^^ could not find `dioxus` in the crate root
[INFO] [stdout] 
[INFO] [stdout] 
[INFO] [stdout] error[E0433]: failed to resolve: use of undeclared crate or module `dioxus`
[INFO] [stdout]    --> src/utils/persistant_iterator.rs:439:9
[INFO] [stdout]     |
[INFO] [stdout] 439 |     use dioxus::prelude::*;
[INFO] [stdout]     |         ^^^^^^ use of undeclared crate or module `dioxus`
[INFO] [stdout] 
[INFO] [stdout] 
[INFO] [stdout] error[E0432]: unresolved import `crate::dioxus`
[INFO] [stdout]    --> src/utils/persistant_iterator.rs:437:16
[INFO] [stdout]     |
[INFO] [stdout] 437 |     use crate::dioxus::DioxusState;
[INFO] [stdout]     |                ^^^^^^ could not find `dioxus` in the crate root
[INFO] [stdout] 
[INFO] [stdout] 
[INFO] [stdout] error: cannot find macro `render` in this scope
[INFO] [stdout]    --> src/utils/persistant_iterator.rs:205:9
[INFO] [stdout]     |
[INFO] [stdout] 205 |         render!(
[INFO] [stdout]     |         ^^^^^^
[INFO] [stdout] 
[INFO] [stdout] 
[INFO] [stdout] error: cannot find macro `render` in this scope
[INFO] [stdout]    --> src/utils/persistant_iterator.rs:308:9
[INFO] [stdout]     |
[INFO] [stdout] 308 |         render!(
[INFO] [stdout]     |         ^^^^^^
[INFO] [stdout] 
[INFO] [stdout] 
[INFO] [stdout] error[E0412]: cannot find type `Scope` in this scope
[INFO] [stdout]   --> tests/miri_native.rs:99:16
[INFO] [stdout]    |
[INFO] [stdout] 99 |     fn app(cx: Scope) -> Element {
[INFO] [stdout]    |                ^^^^^ not found in this scope
[INFO] [stdout]    |
[INFO] [stdout] help: consider importing one of these items
[INFO] [stdout]    |
[INFO] [stdout] 1  + use rayon::Scope;
[INFO] [stdout]    |
[INFO] [stdout] 1  + use std::thread::Scope;
[INFO] [stdout]    |
[INFO] [stdout] 
[INFO] [stdout] 
[INFO] [stdout] error: cannot find macro `render` in this scope
[INFO] [stdout]    --> src/utils/persistant_iterator.rs:389:9
[INFO] [stdout]     |
[INFO] [stdout] 389 |         render!(
[INFO] [stdout]     |         ^^^^^^
[INFO] [stdout] 
[INFO] [stdout] 
[INFO] [stdout] error: cannot find macro `render` in this scope
[INFO] [stdout]    --> src/utils/persistant_iterator.rs:447:9
[INFO] [stdout]     |
[INFO] [stdout] 447 |         render!(
[INFO] [stdout]     |         ^^^^^^
[INFO] [stdout] 
[INFO] [stdout] 
[INFO] [stdout] error[E0412]: cannot find type `Element` in this scope
[INFO] [stdout]   --> tests/miri_native.rs:99:26
[INFO] [stdout]    |
[INFO] [stdout] 99 |     fn app(cx: Scope) -> Element {
[INFO] [stdout]    |                          ^^^^^^^ not found in this scope
[INFO] [stdout]    |
[INFO] [stdout] help: there is an enum variant `crate::NodeType::Element` and 3 others; try using the variant's enum
[INFO] [stdout]    |
[INFO] [stdout] 99 |     fn app(cx: Scope) -> crate::NodeType {
[INFO] [stdout]    |                          ~~~~~~~~~~~~~~~
[INFO] [stdout] 99 |     fn app(cx: Scope) -> dioxus_native_core::prelude::NodeType {
[INFO] [stdout]    |                          ~~~~~~~~~~~~~~~~~~~~~~~~~~~~~~~~~~~~~
[INFO] [stdout] 99 |     fn app(cx: Scope) -> dioxus_native_core::real_dom::NodeTypeMut {
[INFO] [stdout]    |                          ~~~~~~~~~~~~~~~~~~~~~~~~~~~~~~~~~~~~~~~~~
[INFO] [stdout] 
[INFO] [stdout] 
[INFO] [stdout] error[E0412]: cannot find type `Scope` in this scope
[INFO] [stdout]    --> tests/called_minimally_on_build.rs:118:25
[INFO] [stdout]     |
[INFO] [stdout] 118 |             fn Base(cx: Scope) -> Element {
[INFO] [stdout]     |                         ^^^^^ not found in this scope
[INFO] [stdout] ...
[INFO] [stdout] 172 |     test_state!(state: (Child, Node, Parent));
[INFO] [stdout]     |     ----------------------------------------- in this macro invocation
[INFO] [stdout]     |
[INFO] [stdout]     = note: this error originates in the macro `test_state` (in Nightly builds, run with -Z macro-backtrace for more info)
[INFO] [stdout] help: consider importing one of these items
[INFO] [stdout]     |
[INFO] [stdout] 159 +     use rayon::Scope;
[INFO] [stdout]     |
[INFO] [stdout] 159 +     use std::thread::Scope;
[INFO] [stdout]     |
[INFO] [stdout] 
[INFO] [stdout] 
[INFO] [stdout] error[E0412]: cannot find type `Element` in this scope
[INFO] [stdout]    --> tests/called_minimally_on_build.rs:118:35
[INFO] [stdout]     |
[INFO] [stdout] 118 |             fn Base(cx: Scope) -> Element {
[INFO] [stdout]     |                                   ^^^^^^^ not found in this scope
[INFO] [stdout] ...
[INFO] [stdout] 172 |     test_state!(state: (Child, Node, Parent));
[INFO] [stdout]     |     ----------------------------------------- in this macro invocation
[INFO] [stdout]     |
[INFO] [stdout]     = note: this error originates in the macro `test_state` (in Nightly builds, run with -Z macro-backtrace for more info)
[INFO] [stdout] help: there is an enum variant `crate::NodeType::Element` and 3 others; try using the variant's enum
[INFO] [stdout]     |
[INFO] [stdout] 118 |             fn Base(cx: Scope) -> crate::NodeType {
[INFO] [stdout]     |                                   ~~~~~~~~~~~~~~~
[INFO] [stdout] 118 |             fn Base(cx: Scope) -> dioxus_native_core::prelude::NodeType {
[INFO] [stdout]     |                                   ~~~~~~~~~~~~~~~~~~~~~~~~~~~~~~~~~~~~~
[INFO] [stdout] 118 |             fn Base(cx: Scope) -> dioxus_native_core::real_dom::NodeTypeMut {
[INFO] [stdout]     |                                   ~~~~~~~~~~~~~~~~~~~~~~~~~~~~~~~~~~~~~~~~~
[INFO] [stdout] 
[INFO] [stdout] 
[INFO] [stdout] error[E0412]: cannot find type `Scope` in this scope
[INFO] [stdout]    --> tests/called_minimally_on_build.rs:118:25
[INFO] [stdout]     |
[INFO] [stdout] 118 |             fn Base(cx: Scope) -> Element {
[INFO] [stdout]     |                         ^^^^^ not found in this scope
[INFO] [stdout] ...
[INFO] [stdout] 189 |     test_state!(state: (Child, Node, Parent));
[INFO] [stdout]     |     ----------------------------------------- in this macro invocation
[INFO] [stdout]     |
[INFO] [stdout]     = note: this error originates in the macro `test_state` (in Nightly builds, run with -Z macro-backtrace for more info)
[INFO] [stdout] help: consider importing one of these items
[INFO] [stdout]     |
[INFO] [stdout] 176 +     use rayon::Scope;
[INFO] [stdout]     |
[INFO] [stdout] 176 +     use std::thread::Scope;
[INFO] [stdout]     |
[INFO] [stdout] 
[INFO] [stdout] 
[INFO] [stdout] error[E0412]: cannot find type `Element` in this scope
[INFO] [stdout]    --> tests/called_minimally_on_build.rs:118:35
[INFO] [stdout]     |
[INFO] [stdout] 118 |             fn Base(cx: Scope) -> Element {
[INFO] [stdout]     |                                   ^^^^^^^ not found in this scope
[INFO] [stdout] ...
[INFO] [stdout] 189 |     test_state!(state: (Child, Node, Parent));
[INFO] [stdout]     |     ----------------------------------------- in this macro invocation
[INFO] [stdout]     |
[INFO] [stdout]     = note: this error originates in the macro `test_state` (in Nightly builds, run with -Z macro-backtrace for more info)
[INFO] [stdout] help: there is an enum variant `crate::NodeType::Element` and 3 others; try using the variant's enum
[INFO] [stdout]     |
[INFO] [stdout] 118 |             fn Base(cx: Scope) -> crate::NodeType {
[INFO] [stdout]     |                                   ~~~~~~~~~~~~~~~
[INFO] [stdout] 118 |             fn Base(cx: Scope) -> dioxus_native_core::prelude::NodeType {
[INFO] [stdout]     |                                   ~~~~~~~~~~~~~~~~~~~~~~~~~~~~~~~~~~~~~
[INFO] [stdout] 118 |             fn Base(cx: Scope) -> dioxus_native_core::real_dom::NodeTypeMut {
[INFO] [stdout]     |                                   ~~~~~~~~~~~~~~~~~~~~~~~~~~~~~~~~~~~~~~~~~
[INFO] [stdout] 
[INFO] [stdout] 
[INFO] [stdout] error[E0412]: cannot find type `Scope` in this scope
[INFO] [stdout]    --> tests/called_minimally_on_build.rs:118:25
[INFO] [stdout]     |
[INFO] [stdout] 118 |             fn Base(cx: Scope) -> Element {
[INFO] [stdout]     |                         ^^^^^ not found in this scope
[INFO] [stdout] ...
[INFO] [stdout] 206 |     test_state!(state: (Child, Node, Parent));
[INFO] [stdout]     |     ----------------------------------------- in this macro invocation
[INFO] [stdout]     |
[INFO] [stdout]     = note: this error originates in the macro `test_state` (in Nightly builds, run with -Z macro-backtrace for more info)
[INFO] [stdout] help: consider importing one of these items
[INFO] [stdout]     |
[INFO] [stdout] 193 +     use rayon::Scope;
[INFO] [stdout]     |
[INFO] [stdout] 193 +     use std::thread::Scope;
[INFO] [stdout]     |
[INFO] [stdout] 
[INFO] [stdout] 
[INFO] [stdout] error[E0412]: cannot find type `Element` in this scope
[INFO] [stdout]    --> tests/called_minimally_on_build.rs:118:35
[INFO] [stdout]     |
[INFO] [stdout] 118 |             fn Base(cx: Scope) -> Element {
[INFO] [stdout]     |                                   ^^^^^^^ not found in this scope
[INFO] [stdout] ...
[INFO] [stdout] 206 |     test_state!(state: (Child, Node, Parent));
[INFO] [stdout]     |     ----------------------------------------- in this macro invocation
[INFO] [stdout]     |
[INFO] [stdout]     = note: this error originates in the macro `test_state` (in Nightly builds, run with -Z macro-backtrace for more info)
[INFO] [stdout] help: there is an enum variant `crate::NodeType::Element` and 3 others; try using the variant's enum
[INFO] [stdout]     |
[INFO] [stdout] 118 |             fn Base(cx: Scope) -> crate::NodeType {
[INFO] [stdout]     |                                   ~~~~~~~~~~~~~~~
[INFO] [stdout] 118 |             fn Base(cx: Scope) -> dioxus_native_core::prelude::NodeType {
[INFO] [stdout]     |                                   ~~~~~~~~~~~~~~~~~~~~~~~~~~~~~~~~~~~~~
[INFO] [stdout] 118 |             fn Base(cx: Scope) -> dioxus_native_core::real_dom::NodeTypeMut {
[INFO] [stdout]     |                                   ~~~~~~~~~~~~~~~~~~~~~~~~~~~~~~~~~~~~~~~~~
[INFO] [stdout] 
[INFO] [stdout] 
[INFO] [stdout] error[E0412]: cannot find type `Scope` in this scope
[INFO] [stdout]    --> tests/called_minimally_on_build.rs:118:25
[INFO] [stdout]     |
[INFO] [stdout] 118 |             fn Base(cx: Scope) -> Element {
[INFO] [stdout]     |                         ^^^^^ not found in this scope
[INFO] [stdout] ...
[INFO] [stdout] 219 |     test_state!(state: (Node1, Node2));
[INFO] [stdout]     |     ---------------------------------- in this macro invocation
[INFO] [stdout]     |
[INFO] [stdout]     = note: this error originates in the macro `test_state` (in Nightly builds, run with -Z macro-backtrace for more info)
[INFO] [stdout] help: consider importing one of these items
[INFO] [stdout]     |
[INFO] [stdout] 210 +     use rayon::Scope;
[INFO] [stdout]     |
[INFO] [stdout] 210 +     use std::thread::Scope;
[INFO] [stdout]     |
[INFO] [stdout] 
[INFO] [stdout] 
[INFO] [stdout] error[E0412]: cannot find type `Element` in this scope
[INFO] [stdout]    --> tests/called_minimally_on_build.rs:118:35
[INFO] [stdout]     |
[INFO] [stdout] 118 |             fn Base(cx: Scope) -> Element {
[INFO] [stdout]     |                                   ^^^^^^^ not found in this scope
[INFO] [stdout] ...
[INFO] [stdout] 219 |     test_state!(state: (Node1, Node2));
[INFO] [stdout]     |     ---------------------------------- in this macro invocation
[INFO] [stdout]     |
[INFO] [stdout]     = note: this error originates in the macro `test_state` (in Nightly builds, run with -Z macro-backtrace for more info)
[INFO] [stdout] help: there is an enum variant `crate::NodeType::Element` and 3 others; try using the variant's enum
[INFO] [stdout]     |
[INFO] [stdout] 118 |             fn Base(cx: Scope) -> crate::NodeType {
[INFO] [stdout]     |                                   ~~~~~~~~~~~~~~~
[INFO] [stdout] 118 |             fn Base(cx: Scope) -> dioxus_native_core::prelude::NodeType {
[INFO] [stdout]     |                                   ~~~~~~~~~~~~~~~~~~~~~~~~~~~~~~~~~~~~~
[INFO] [stdout] 118 |             fn Base(cx: Scope) -> dioxus_native_core::real_dom::NodeTypeMut {
[INFO] [stdout]     |                                   ~~~~~~~~~~~~~~~~~~~~~~~~~~~~~~~~~~~~~~~~~
[INFO] [stdout] 
[INFO] [stdout] 
[INFO] [stdout] error[E0412]: cannot find type `Scope` in this scope
[INFO] [stdout]    --> tests/called_minimally_on_build.rs:118:25
[INFO] [stdout]     |
[INFO] [stdout] 118 |             fn Base(cx: Scope) -> Element {
[INFO] [stdout]     |                         ^^^^^ not found in this scope
[INFO] [stdout] ...
[INFO] [stdout] 236 |     test_state!(state: (Child, Node, Parent));
[INFO] [stdout]     |     ----------------------------------------- in this macro invocation
[INFO] [stdout]     |
[INFO] [stdout]     = note: this error originates in the macro `test_state` (in Nightly builds, run with -Z macro-backtrace for more info)
[INFO] [stdout] help: consider importing one of these items
[INFO] [stdout]     |
[INFO] [stdout] 223 +     use rayon::Scope;
[INFO] [stdout]     |
[INFO] [stdout] 223 +     use std::thread::Scope;
[INFO] [stdout]     |
[INFO] [stdout] 
[INFO] [stdout] 
[INFO] [stdout] error[E0412]: cannot find type `Element` in this scope
[INFO] [stdout]    --> tests/called_minimally_on_build.rs:118:35
[INFO] [stdout]     |
[INFO] [stdout] 118 |             fn Base(cx: Scope) -> Element {
[INFO] [stdout]     |                                   ^^^^^^^ not found in this scope
[INFO] [stdout] ...
[INFO] [stdout] 236 |     test_state!(state: (Child, Node, Parent));
[INFO] [stdout]     |     ----------------------------------------- in this macro invocation
[INFO] [stdout]     |
[INFO] [stdout]     = note: this error originates in the macro `test_state` (in Nightly builds, run with -Z macro-backtrace for more info)
[INFO] [stdout] help: there is an enum variant `crate::NodeType::Element` and 3 others; try using the variant's enum
[INFO] [stdout]     |
[INFO] [stdout] 118 |             fn Base(cx: Scope) -> crate::NodeType {
[INFO] [stdout]     |                                   ~~~~~~~~~~~~~~~
[INFO] [stdout] 118 |             fn Base(cx: Scope) -> dioxus_native_core::prelude::NodeType {
[INFO] [stdout]     |                                   ~~~~~~~~~~~~~~~~~~~~~~~~~~~~~~~~~~~~~
[INFO] [stdout] 118 |             fn Base(cx: Scope) -> dioxus_native_core::real_dom::NodeTypeMut {
[INFO] [stdout]     |                                   ~~~~~~~~~~~~~~~~~~~~~~~~~~~~~~~~~~~~~~~~~
[INFO] [stdout] 
[INFO] [stdout] 
[INFO] [stdout] error[E0412]: cannot find type `Scope` in this scope
[INFO] [stdout]    --> src/utils/persistant_iterator.rs:204:17
[INFO] [stdout]     |
[INFO] [stdout] 204 |     fn Base(cx: Scope) -> Element {
[INFO] [stdout]     |                 ^^^^^ not found in this scope
[INFO] [stdout]     |
[INFO] [stdout] help: consider importing one of these items
[INFO] [stdout]     |
[INFO] [stdout] 1   + use rayon::Scope;
[INFO] [stdout]     |
[INFO] [stdout] 1   + use std::thread::Scope;
[INFO] [stdout]     |
[INFO] [stdout] 
[INFO] [stdout] 
[INFO] [stdout] error[E0412]: cannot find type `Element` in this scope
[INFO] [stdout]    --> src/utils/persistant_iterator.rs:204:27
[INFO] [stdout]     |
[INFO] [stdout] 204 |     fn Base(cx: Scope) -> Element {
[INFO] [stdout]     |                           ^^^^^^^ not found in this scope
[INFO] [stdout]     |
[INFO] [stdout] help: there is an enum variant `crate::prelude::NodeType::Element` and 1 other; try using the variant's enum
[INFO] [stdout]     |
[INFO] [stdout] 204 |     fn Base(cx: Scope) -> crate::prelude::NodeType {
[INFO] [stdout]     |                           ~~~~~~~~~~~~~~~~~~~~~~~~
[INFO] [stdout] 204 |     fn Base(cx: Scope) -> crate::real_dom::NodeTypeMut {
[INFO] [stdout]     |                           ~~~~~~~~~~~~~~~~~~~~~~~~~~~~
[INFO] [stdout] 
[INFO] [stdout] 
[INFO] [stdout] error[E0412]: cannot find type `Scope` in this scope
[INFO] [stdout]    --> src/utils/persistant_iterator.rs:302:17
[INFO] [stdout]     |
[INFO] [stdout] 302 |     fn Base(cx: Scope) -> Element {
[INFO] [stdout]     |                 ^^^^^ not found in this scope
[INFO] [stdout]     |
[INFO] [stdout] help: consider importing one of these items
[INFO] [stdout]     |
[INFO] [stdout] 1   + use rayon::Scope;
[INFO] [stdout]     |
[INFO] [stdout] 1   + use std::thread::Scope;
[INFO] [stdout]     |
[INFO] [stdout] 
[INFO] [stdout] 
[INFO] [stdout] error[E0412]: cannot find type `Element` in this scope
[INFO] [stdout]    --> src/utils/persistant_iterator.rs:302:27
[INFO] [stdout]     |
[INFO] [stdout] 302 |     fn Base(cx: Scope) -> Element {
[INFO] [stdout]     |                           ^^^^^^^ not found in this scope
[INFO] [stdout]     |
[INFO] [stdout] help: there is an enum variant `crate::prelude::NodeType::Element` and 1 other; try using the variant's enum
[INFO] [stdout]     |
[INFO] [stdout] 302 |     fn Base(cx: Scope) -> crate::prelude::NodeType {
[INFO] [stdout]     |                           ~~~~~~~~~~~~~~~~~~~~~~~~
[INFO] [stdout] 302 |     fn Base(cx: Scope) -> crate::real_dom::NodeTypeMut {
[INFO] [stdout]     |                           ~~~~~~~~~~~~~~~~~~~~~~~~~~~~
[INFO] [stdout] 
[INFO] [stdout] 
[INFO] [stdout] error[E0412]: cannot find type `Scope` in this scope
[INFO] [stdout]    --> src/utils/persistant_iterator.rs:383:17
[INFO] [stdout]     |
[INFO] [stdout] 383 |     fn Base(cx: Scope) -> Element {
[INFO] [stdout]     |                 ^^^^^ not found in this scope
[INFO] [stdout]     |
[INFO] [stdout] help: consider importing one of these items
[INFO] [stdout]     |
[INFO] [stdout] 1   + use rayon::Scope;
[INFO] [stdout]     |
[INFO] [stdout] 1   + use std::thread::Scope;
[INFO] [stdout]     |
[INFO] [stdout] 
[INFO] [stdout] 
[INFO] [stdout] error[E0412]: cannot find type `Element` in this scope
[INFO] [stdout]    --> src/utils/persistant_iterator.rs:383:27
[INFO] [stdout]     |
[INFO] [stdout] 383 |     fn Base(cx: Scope) -> Element {
[INFO] [stdout]     |                           ^^^^^^^ not found in this scope
[INFO] [stdout]     |
[INFO] [stdout] help: there is an enum variant `crate::prelude::NodeType::Element` and 1 other; try using the variant's enum
[INFO] [stdout]     |
[INFO] [stdout] 383 |     fn Base(cx: Scope) -> crate::prelude::NodeType {
[INFO] [stdout]     |                           ~~~~~~~~~~~~~~~~~~~~~~~~
[INFO] [stdout] 383 |     fn Base(cx: Scope) -> crate::real_dom::NodeTypeMut {
[INFO] [stdout]     |                           ~~~~~~~~~~~~~~~~~~~~~~~~~~~~
[INFO] [stdout] 
[INFO] [stdout] 
[INFO] [stdout] error[E0412]: cannot find type `Scope` in this scope
[INFO] [stdout]    --> src/utils/persistant_iterator.rs:441:17
[INFO] [stdout]     |
[INFO] [stdout] 441 |     fn Base(cx: Scope) -> Element {
[INFO] [stdout]     |                 ^^^^^ not found in this scope
[INFO] [stdout]     |
[INFO] [stdout] help: consider importing one of these items
[INFO] [stdout]     |
[INFO] [stdout] 1   + use rayon::Scope;
[INFO] [stdout]     |
[INFO] [stdout] 1   + use std::thread::Scope;
[INFO] [stdout]     |
[INFO] [stdout] 
[INFO] [stdout] 
[INFO] [stdout] error[E0412]: cannot find type `Element` in this scope
[INFO] [stdout]    --> src/utils/persistant_iterator.rs:441:27
[INFO] [stdout]     |
[INFO] [stdout] 441 |     fn Base(cx: Scope) -> Element {
[INFO] [stdout]     |                           ^^^^^^^ not found in this scope
[INFO] [stdout]     |
[INFO] [stdout] help: there is an enum variant `crate::prelude::NodeType::Element` and 1 other; try using the variant's enum
[INFO] [stdout]     |
[INFO] [stdout] 441 |     fn Base(cx: Scope) -> crate::prelude::NodeType {
[INFO] [stdout]     |                           ~~~~~~~~~~~~~~~~~~~~~~~~
[INFO] [stdout] 441 |     fn Base(cx: Scope) -> crate::real_dom::NodeTypeMut {
[INFO] [stdout]     |                           ~~~~~~~~~~~~~~~~~~~~~~~~~~~~
[INFO] [stdout] 
[INFO] [stdout] 
[INFO] [stdout] error[E0433]: failed to resolve: use of undeclared type `DioxusState`
[INFO] [stdout]    --> tests/miri_native.rs:135:32
[INFO] [stdout]     |
[INFO] [stdout] 135 |         let mut dioxus_state = DioxusState::create(&mut rdom.lock().unwrap());
[INFO] [stdout]     |                                ^^^^^^^^^^^ use of undeclared type `DioxusState`
[INFO] [stdout] 
[INFO] [stdout] 
[INFO] [stdout] error[E0433]: failed to resolve: use of undeclared type `VirtualDom`
[INFO] [stdout]    --> tests/miri_native.rs:136:23
[INFO] [stdout]     |
[INFO] [stdout] 136 |         let mut dom = VirtualDom::new(app);
[INFO] [stdout]     |                       ^^^^^^^^^^ use of undeclared type `VirtualDom`
[INFO] [stdout] 
[INFO] [stdout] 
[INFO] [stdout] error[E0425]: cannot find function `use_state` in this scope
[INFO] [stdout]    --> tests/miri_native.rs:100:22
[INFO] [stdout]     |
[INFO] [stdout] 100 |         let colors = use_state(cx, || vec!["green", "blue", "red"]);
[INFO] [stdout]     |                      ^^^^^^^^^ not found in this scope
[INFO] [stdout] 
[INFO] [stdout] 
[INFO] [stdout] error[E0425]: cannot find function `use_state` in this scope
[INFO] [stdout]    --> tests/miri_native.rs:101:23
[INFO] [stdout]     |
[INFO] [stdout] 101 |         let padding = use_state(cx, || 10);
[INFO] [stdout]     |                       ^^^^^^^^^ not found in this scope
[INFO] [stdout] 
[INFO] [stdout] 
[INFO] [stdout] error[E0425]: cannot find function `use_effect` in this scope
[INFO] [stdout]    --> tests/miri_native.rs:103:9
[INFO] [stdout]     |
[INFO] [stdout] 103 |         use_effect(cx, colors, |colors| async move {
[INFO] [stdout]     |         ^^^^^^^^^^ not found in this scope
[INFO] [stdout] 
[INFO] [stdout] 
[INFO] [stdout] error[E0425]: cannot find function `use_effect` in this scope
[INFO] [stdout]    --> tests/miri_native.rs:108:9
[INFO] [stdout]     |
[INFO] [stdout] 108 |         use_effect(cx, padding, |padding| async move {
[INFO] [stdout]     |         ^^^^^^^^^^ not found in this scope
[INFO] [stdout] 
[INFO] [stdout] 
[INFO] [stdout] error: aborting due to 10 previous errors
[INFO] [stdout] 
[INFO] [stdout] 
[INFO] [stdout] Some errors have detailed explanations: E0412, E0425, E0433.
[INFO] [stdout] 
[INFO] [stdout] For more information about an error, try `rustc --explain E0412`.
[INFO] [stdout] 
[INFO] [stdout] error[E0412]: cannot find type `TemplateAttribute` in this scope
[INFO] [stdout]   --> tests/fuzzing.rs:19:53
[INFO] [stdout]    |
[INFO] [stdout] 19 | fn create_random_attribute(attr_idx: &mut usize) -> TemplateAttribute<'static> {
[INFO] [stdout]    |                                                     ^^^^^^^^^^^^^^^^^ not found in this scope
[INFO] [stdout] 
[INFO] [stdout] 
[INFO] [stdout] error[E0412]: cannot find type `TemplateNode` in this scope
[INFO] [stdout]   --> tests/fuzzing.rs:42:6
[INFO] [stdout]    |
[INFO] [stdout] 42 | ) -> TemplateNode<'static> {
[INFO] [stdout]    |      ^^^^^^^^^^^^ not found in this scope
[INFO] [stdout] 
[INFO] [stdout] 
[INFO] [stdout] error[E0412]: cannot find type `TemplateNode` in this scope
[INFO] [stdout]   --> tests/fuzzing.rs:98:12
[INFO] [stdout]    |
[INFO] [stdout] 98 |     node: &TemplateNode<'static>,
[INFO] [stdout]    |            ^^^^^^^^^^^^ not found in this scope
[INFO] [stdout] 
[INFO] [stdout] 
[INFO] [stdout] error[E0412]: cannot find type `Template` in this scope
[INFO] [stdout]    --> tests/fuzzing.rs:136:51
[INFO] [stdout]     |
[INFO] [stdout] 136 | fn create_random_template(name: &'static str) -> (Template<'static>, Vec<DynamicNodeType>) {
[INFO] [stdout]     |                                                   ^^^^^^^^ not found in this scope
[INFO] [stdout] 
[INFO] [stdout] 
[INFO] [stdout] error[E0422]: cannot find struct, variant or union type `Template` in this scope
[INFO] [stdout]    --> tests/fuzzing.rs:167:9
[INFO] [stdout]     |
[INFO] [stdout] 167 |         Template {
[INFO] [stdout]     |         ^^^^^^^^ not found in this scope
[INFO] [stdout] 
[INFO] [stdout] 
[INFO] [stdout] error[E0412]: cannot find type `ScopeState` in this scope
[INFO] [stdout]    --> tests/fuzzing.rs:177:36
[INFO] [stdout]     |
[INFO] [stdout] 177 | fn create_random_dynamic_node(cx: &ScopeState, depth: usize) -> DynamicNode {
[INFO] [stdout]     |                                    ^^^^^^^^^^ not found in this scope
[INFO] [stdout] 
[INFO] [stdout] 
[INFO] [stdout] error[E0412]: cannot find type `DynamicNode` in this scope
[INFO] [stdout]    --> tests/fuzzing.rs:177:65
[INFO] [stdout]     |
[INFO] [stdout] 177 | fn create_random_dynamic_node(cx: &ScopeState, depth: usize) -> DynamicNode {
[INFO] [stdout]     |                                                                 ^^^^^^^^^^^ not found in this scope
[INFO] [stdout] 
[INFO] [stdout] 
[INFO] [stdout] error[E0422]: cannot find struct, variant or union type `VNode` in this scope
[INFO] [stdout]    --> tests/fuzzing.rs:181:67
[INFO] [stdout]     |
[INFO] [stdout] 181 |         1 => cx.make_node((0..(rand::random::<u8>() % 5)).map(|_| VNode {
[INFO] [stdout]     |                                                                   ^^^^^ not found in this scope
[INFO] [stdout] 
[INFO] [stdout] 
[INFO] [stdout] error[E0422]: cannot find struct, variant or union type `Template` in this scope
[INFO] [stdout]    --> tests/fuzzing.rs:184:33
[INFO] [stdout]     |
[INFO] [stdout] 184 |             template: Cell::new(Template {
[INFO] [stdout]     |                                 ^^^^^^^^ not found in this scope
[INFO] [stdout] 
[INFO] [stdout] 
[INFO] [stdout] error[E0412]: cannot find type `ScopeState` in this scope
[INFO] [stdout]    --> tests/fuzzing.rs:207:36
[INFO] [stdout]     |
[INFO] [stdout] 207 | fn create_random_dynamic_attr(cx: &ScopeState) -> Attribute {
[INFO] [stdout]     |                                    ^^^^^^^^^^ not found in this scope
[INFO] [stdout] 
[INFO] [stdout] 
[INFO] [stdout] error[E0412]: cannot find type `Attribute` in this scope
[INFO] [stdout]    --> tests/fuzzing.rs:207:51
[INFO] [stdout]     |
[INFO] [stdout] 207 | fn create_random_dynamic_attr(cx: &ScopeState) -> Attribute {
[INFO] [stdout]     |                                                   ^^^^^^^^^ not found in this scope
[INFO] [stdout] 
[INFO] [stdout] 
[INFO] [stdout] error[E0412]: cannot find type `Scope` in this scope
[INFO] [stdout]    --> tests/fuzzing.rs:236:30
[INFO] [stdout]     |
[INFO] [stdout] 236 | fn create_random_element(cx: Scope<DepthProps>) -> Element {
[INFO] [stdout]     |                              ^^^^^ not found in this scope
[INFO] [stdout]     |
[INFO] [stdout] help: consider importing one of these items
[INFO] [stdout]     |
[INFO] [stdout] 1   + use rayon::Scope;
[INFO] [stdout]     |
[INFO] [stdout] 1   + use std::thread::Scope;
[INFO] [stdout]     |
[INFO] [stdout] 
[INFO] [stdout] 
[INFO] [stdout] error[E0412]: cannot find type `Element` in this scope
[INFO] [stdout]    --> tests/fuzzing.rs:236:52
[INFO] [stdout]     |
[INFO] [stdout] 236 | fn create_random_element(cx: Scope<DepthProps>) -> Element {
[INFO] [stdout]     |                                                    ^^^^^^^ not found in this scope
[INFO] [stdout]     |
[INFO] [stdout] help: there is an enum variant `crate::NodeType::Element` and 3 others; try using the variant's enum
[INFO] [stdout]     |
[INFO] [stdout] 236 | fn create_random_element(cx: Scope<DepthProps>) -> crate::NodeType {
[INFO] [stdout]     |                                                    ~~~~~~~~~~~~~~~
[INFO] [stdout] 236 | fn create_random_element(cx: Scope<DepthProps>) -> dioxus_native_core::prelude::NodeType {
[INFO] [stdout]     |                                                    ~~~~~~~~~~~~~~~~~~~~~~~~~~~~~~~~~~~~~
[INFO] [stdout] 236 | fn create_random_element(cx: Scope<DepthProps>) -> dioxus_native_core::real_dom::NodeTypeMut {
[INFO] [stdout]     |                                                    ~~~~~~~~~~~~~~~~~~~~~~~~~~~~~~~~~~~~~~~~~
[INFO] [stdout] 
[INFO] [stdout] 
[INFO] [stderr] error: could not compile `dioxus-native-core` (test "miri_native") due to 11 previous errors
[INFO] [stdout] error[E0422]: cannot find struct, variant or union type `VNode` in this scope
[INFO] [stdout]    --> tests/fuzzing.rs:256:24
[INFO] [stdout]     |
[INFO] [stdout] 256 |             let node = VNode {
[INFO] [stdout]     |                        ^^^^^ not found in this scope
[INFO] [stdout] 
[INFO] [stdout] 
[INFO] [stderr] warning: build failed, waiting for other jobs to finish...
[INFO] [stdout] error[E0433]: failed to resolve: use of undeclared type `VirtualDom`
[INFO] [stdout]    --> tests/called_minimally_on_build.rs:139:28
[INFO] [stdout]     |
[INFO] [stdout] 139 |             let mut vdom = VirtualDom::new(Base);
[INFO] [stdout]     |                            ^^^^^^^^^^ use of undeclared type `VirtualDom`
[INFO] [stdout] ...
[INFO] [stdout] 172 |     test_state!(state: (Child, Node, Parent));
[INFO] [stdout]     |     ----------------------------------------- in this macro invocation
[INFO] [stdout]     |
[INFO] [stdout]     = note: this error originates in the macro `test_state` (in Nightly builds, run with -Z macro-backtrace for more info)
[INFO] [stdout] 
[INFO] [stdout] 
[INFO] [stdout] error[E0433]: failed to resolve: use of undeclared type `DioxusState`
[INFO] [stdout]    --> tests/called_minimally_on_build.rs:144:36
[INFO] [stdout]     |
[INFO] [stdout] 144 |             let mut dioxus_state = DioxusState::create(&mut dom);
[INFO] [stdout]     |                                    ^^^^^^^^^^^ use of undeclared type `DioxusState`
[INFO] [stdout] ...
[INFO] [stdout] 172 |     test_state!(state: (Child, Node, Parent));
[INFO] [stdout]     |     ----------------------------------------- in this macro invocation
[INFO] [stdout]     |
[INFO] [stdout]     = note: this error originates in the macro `test_state` (in Nightly builds, run with -Z macro-backtrace for more info)
[INFO] [stdout] 
[INFO] [stdout] 
[INFO] [stdout] error[E0433]: failed to resolve: use of undeclared type `VirtualDom`
[INFO] [stdout]    --> tests/called_minimally_on_build.rs:139:28
[INFO] [stdout]     |
[INFO] [stdout] 139 |             let mut vdom = VirtualDom::new(Base);
[INFO] [stdout]     |                            ^^^^^^^^^^ use of undeclared type `VirtualDom`
[INFO] [stdout] ...
[INFO] [stdout] 189 |     test_state!(state: (Child, Node, Parent));
[INFO] [stdout]     |     ----------------------------------------- in this macro invocation
[INFO] [stdout]     |
[INFO] [stdout]     = note: this error originates in the macro `test_state` (in Nightly builds, run with -Z macro-backtrace for more info)
[INFO] [stdout] 
[INFO] [stdout] 
[INFO] [stdout] error[E0433]: failed to resolve: use of undeclared type `DioxusState`
[INFO] [stdout]    --> tests/called_minimally_on_build.rs:144:36
[INFO] [stdout]     |
[INFO] [stdout] 144 |             let mut dioxus_state = DioxusState::create(&mut dom);
[INFO] [stdout]     |                                    ^^^^^^^^^^^ use of undeclared type `DioxusState`
[INFO] [stdout] ...
[INFO] [stdout] 189 |     test_state!(state: (Child, Node, Parent));
[INFO] [stdout]     |     ----------------------------------------- in this macro invocation
[INFO] [stdout]     |
[INFO] [stdout]     = note: this error originates in the macro `test_state` (in Nightly builds, run with -Z macro-backtrace for more info)
[INFO] [stdout] 
[INFO] [stdout] 
[INFO] [stdout] error[E0433]: failed to resolve: use of undeclared type `VirtualDom`
[INFO] [stdout]    --> tests/called_minimally_on_build.rs:139:28
[INFO] [stdout]     |
[INFO] [stdout] 139 |             let mut vdom = VirtualDom::new(Base);
[INFO] [stdout]     |                            ^^^^^^^^^^ use of undeclared type `VirtualDom`
[INFO] [stdout] ...
[INFO] [stdout] 206 |     test_state!(state: (Child, Node, Parent));
[INFO] [stdout]     |     ----------------------------------------- in this macro invocation
[INFO] [stdout]     |
[INFO] [stdout]     = note: this error originates in the macro `test_state` (in Nightly builds, run with -Z macro-backtrace for more info)
[INFO] [stdout] 
[INFO] [stdout] 
[INFO] [stdout] error[E0433]: failed to resolve: use of undeclared type `DioxusState`
[INFO] [stdout]    --> tests/called_minimally_on_build.rs:144:36
[INFO] [stdout]     |
[INFO] [stdout] 144 |             let mut dioxus_state = DioxusState::create(&mut dom);
[INFO] [stdout]     |                                    ^^^^^^^^^^^ use of undeclared type `DioxusState`
[INFO] [stdout] ...
[INFO] [stdout] 206 |     test_state!(state: (Child, Node, Parent));
[INFO] [stdout]     |     ----------------------------------------- in this macro invocation
[INFO] [stdout]     |
[INFO] [stdout]     = note: this error originates in the macro `test_state` (in Nightly builds, run with -Z macro-backtrace for more info)
[INFO] [stdout] 
[INFO] [stdout] 
[INFO] [stdout] error[E0433]: failed to resolve: use of undeclared type `VirtualDom`
[INFO] [stdout]    --> tests/called_minimally_on_build.rs:139:28
[INFO] [stdout]     |
[INFO] [stdout] 139 |             let mut vdom = VirtualDom::new(Base);
[INFO] [stdout]     |                            ^^^^^^^^^^ use of undeclared type `VirtualDom`
[INFO] [stdout] ...
[INFO] [stdout] 219 |     test_state!(state: (Node1, Node2));
[INFO] [stdout]     |     ---------------------------------- in this macro invocation
[INFO] [stdout]     |
[INFO] [stdout]     = note: this error originates in the macro `test_state` (in Nightly builds, run with -Z macro-backtrace for more info)
[INFO] [stdout] 
[INFO] [stdout] 
[INFO] [stdout] error[E0433]: failed to resolve: use of undeclared type `DioxusState`
[INFO] [stdout]    --> tests/called_minimally_on_build.rs:144:36
[INFO] [stdout]     |
[INFO] [stdout] 144 |             let mut dioxus_state = DioxusState::create(&mut dom);
[INFO] [stdout]     |                                    ^^^^^^^^^^^ use of undeclared type `DioxusState`
[INFO] [stdout] ...
[INFO] [stdout] 219 |     test_state!(state: (Node1, Node2));
[INFO] [stdout]     |     ---------------------------------- in this macro invocation
[INFO] [stdout]     |
[INFO] [stdout]     = note: this error originates in the macro `test_state` (in Nightly builds, run with -Z macro-backtrace for more info)
[INFO] [stdout] 
[INFO] [stdout] 
[INFO] [stdout] error[E0433]: failed to resolve: use of undeclared type `VirtualDom`
[INFO] [stdout]    --> tests/called_minimally_on_build.rs:139:28
[INFO] [stdout]     |
[INFO] [stdout] 139 |             let mut vdom = VirtualDom::new(Base);
[INFO] [stdout]     |                            ^^^^^^^^^^ use of undeclared type `VirtualDom`
[INFO] [stdout] ...
[INFO] [stdout] 236 |     test_state!(state: (Child, Node, Parent));
[INFO] [stdout]     |     ----------------------------------------- in this macro invocation
[INFO] [stdout]     |
[INFO] [stdout]     = note: this error originates in the macro `test_state` (in Nightly builds, run with -Z macro-backtrace for more info)
[INFO] [stdout] 
[INFO] [stdout] 
[INFO] [stdout] error[E0433]: failed to resolve: use of undeclared type `DioxusState`
[INFO] [stdout]    --> tests/called_minimally_on_build.rs:144:36
[INFO] [stdout]     |
[INFO] [stdout] 144 |             let mut dioxus_state = DioxusState::create(&mut dom);
[INFO] [stdout]     |                                    ^^^^^^^^^^^ use of undeclared type `DioxusState`
[INFO] [stdout] ...
[INFO] [stdout] 236 |     test_state!(state: (Child, Node, Parent));
[INFO] [stdout]     |     ----------------------------------------- in this macro invocation
[INFO] [stdout]     |
[INFO] [stdout]     = note: this error originates in the macro `test_state` (in Nightly builds, run with -Z macro-backtrace for more info)
[INFO] [stdout] 
[INFO] [stdout] 
[INFO] [stdout] error: aborting due to 26 previous errors
[INFO] [stdout] 
[INFO] [stdout] 
[INFO] [stdout] Some errors have detailed explanations: E0412, E0433.
[INFO] [stdout] 
[INFO] [stdout] For more information about an error, try `rustc --explain E0412`.
[INFO] [stdout] 
[INFO] [stderr] error: could not compile `dioxus-native-core` (test "called_minimally_on_build") due to 27 previous errors
[INFO] [stdout] error[E0282]: type annotations needed for `&mut T`
[INFO] [stdout]    --> tests/fuzzing.rs:146:9
[INFO] [stdout]     |
[INFO] [stdout] 146 |     let roots = Box::leak(roots.into_boxed_slice());
[INFO] [stdout]     |         ^^^^^
[INFO] [stdout] ...
[INFO] [stdout] 149 |     for (i, root) in roots.iter().enumerate() {
[INFO] [stdout]     |                            ---- type must be known at this point
[INFO] [stdout]     |
[INFO] [stdout] help: consider giving `roots` an explicit type, where the type for type parameter `T` is specified
[INFO] [stdout]     |
[INFO] [stdout] 146 |     let roots: &mut T = Box::leak(roots.into_boxed_slice());
[INFO] [stdout]     |              ++++++++
[INFO] [stdout] 
[INFO] [stdout] 
[INFO] [stdout] error[E0433]: failed to resolve: use of undeclared type `DynamicNode`
[INFO] [stdout]    --> tests/fuzzing.rs:180:14
[INFO] [stdout]     |
[INFO] [stdout] 180 |         0 => DynamicNode::Placeholder(Default::default()),
[INFO] [stdout]     |              ^^^^^^^^^^^ use of undeclared type `DynamicNode`
[INFO] [stdout] 
[INFO] [stdout] 
[INFO] [stdout] error[E0433]: failed to resolve: use of undeclared type `AttributeValue`
[INFO] [stdout]    --> tests/fuzzing.rs:209:14
[INFO] [stdout]     |
[INFO] [stdout] 209 |         0 => AttributeValue::Text(Box::leak(
[INFO] [stdout]     |              ^^^^^^^^^^^^^^ use of undeclared type `AttributeValue`
[INFO] [stdout] 
[INFO] [stdout] 
[INFO] [stdout] error[E0433]: failed to resolve: use of undeclared type `AttributeValue`
[INFO] [stdout]    --> tests/fuzzing.rs:212:14
[INFO] [stdout]     |
[INFO] [stdout] 212 |         1 => AttributeValue::Float(rand::random()),
[INFO] [stdout]     |              ^^^^^^^^^^^^^^ use of undeclared type `AttributeValue`
[INFO] [stdout] 
[INFO] [stdout] 
[INFO] [stdout] error[E0433]: failed to resolve: use of undeclared type `AttributeValue`
[INFO] [stdout]    --> tests/fuzzing.rs:213:14
[INFO] [stdout]     |
[INFO] [stdout] 213 |         2 => AttributeValue::Int(rand::random()),
[INFO] [stdout]     |              ^^^^^^^^^^^^^^ use of undeclared type `AttributeValue`
[INFO] [stdout] 
[INFO] [stdout] 
[INFO] [stdout] error[E0433]: failed to resolve: use of undeclared type `AttributeValue`
[INFO] [stdout]    --> tests/fuzzing.rs:214:14
[INFO] [stdout]     |
[INFO] [stdout] 214 |         3 => AttributeValue::Bool(rand::random()),
[INFO] [stdout]     |              ^^^^^^^^^^^^^^ use of undeclared type `AttributeValue`
[INFO] [stdout] 
[INFO] [stdout] 
[INFO] [stdout] error[E0433]: failed to resolve: use of undeclared type `AttributeValue`
[INFO] [stdout]    --> tests/fuzzing.rs:216:14
[INFO] [stdout]     |
[INFO] [stdout] 216 |         5 => AttributeValue::None,
[INFO] [stdout]     |              ^^^^^^^^^^^^^^ use of undeclared type `AttributeValue`
[INFO] [stdout] 
[INFO] [stdout] 
[INFO] [stdout] error[E0433]: failed to resolve: use of undeclared type `Attribute`
[INFO] [stdout]    --> tests/fuzzing.rs:220:5
[INFO] [stdout]     |
[INFO] [stdout] 220 |     Attribute::new(
[INFO] [stdout]     |     ^^^^^^^^^ use of undeclared type `Attribute`
[INFO] [stdout] 
[INFO] [stdout] 
[INFO] [stdout] error[E0433]: failed to resolve: use of undeclared type `DynamicNode`
[INFO] [stdout]    --> tests/fuzzing.rs:265:54
[INFO] [stdout]     |
[INFO] [stdout] 265 | ...                   DynamicNodeType::Text => DynamicNode::Text(VText::new(Box::leak(
[INFO] [stdout]     |                                                ^^^^^^^^^^^ use of undeclared type `DynamicNode`
[INFO] [stdout] 
[INFO] [stdout] 
[INFO] [stdout] error[E0433]: failed to resolve: use of undeclared type `VText`
[INFO] [stdout]    --> tests/fuzzing.rs:265:72
[INFO] [stdout]     |
[INFO] [stdout] 265 | ...                   DynamicNodeType::Text => DynamicNode::Text(VText::new(Box::leak(
[INFO] [stdout]     |                                                                  ^^^^^ use of undeclared type `VText`
[INFO] [stdout] 
[INFO] [stdout] 
[INFO] [stdout] error[E0433]: failed to resolve: use of undeclared type `VirtualDom`
[INFO] [stdout]    --> tests/fuzzing.rs:337:24
[INFO] [stdout]     |
[INFO] [stdout] 337 |         let mut vdom = VirtualDom::new_with_props(
[INFO] [stdout]     |                        ^^^^^^^^^^ use of undeclared type `VirtualDom`
[INFO] [stdout] 
[INFO] [stdout] 
[INFO] [stdout] error[E0433]: failed to resolve: use of undeclared type `DioxusState`
[INFO] [stdout]    --> tests/fuzzing.rs:346:32
[INFO] [stdout]     |
[INFO] [stdout] 346 |         let mut dioxus_state = DioxusState::create(&mut rdom);
[INFO] [stdout]     |                                ^^^^^^^^^^^ use of undeclared type `DioxusState`
[INFO] [stdout] 
[INFO] [stdout] 
[INFO] [stdout] error[E0433]: failed to resolve: use of undeclared type `VirtualDom`
[INFO] [stdout]    --> tests/fuzzing.rs:359:24
[INFO] [stdout]     |
[INFO] [stdout] 359 |         let mut vdom = VirtualDom::new_with_props(
[INFO] [stdout]     |                        ^^^^^^^^^^ use of undeclared type `VirtualDom`
[INFO] [stdout] 
[INFO] [stdout] 
[INFO] [stdout] error[E0433]: failed to resolve: use of undeclared type `DioxusState`
[INFO] [stdout]    --> tests/fuzzing.rs:368:32
[INFO] [stdout]     |
[INFO] [stdout] 368 |         let mut dioxus_state = DioxusState::create(&mut rdom);
[INFO] [stdout]     |                                ^^^^^^^^^^^ use of undeclared type `DioxusState`
[INFO] [stdout] 
[INFO] [stdout] 
[INFO] [stdout] error[E0433]: failed to resolve: use of undeclared type `TemplateAttribute`
[INFO] [stdout]   --> tests/fuzzing.rs:21:14
[INFO] [stdout]    |
[INFO] [stdout] 21 |         0 => TemplateAttribute::Static {
[INFO] [stdout]    |              ^^^^^^^^^^^^^^^^^ use of undeclared type `TemplateAttribute`
[INFO] [stdout] 
[INFO] [stdout] 
[INFO] [stdout] error[E0433]: failed to resolve: use of undeclared type `TemplateAttribute`
[INFO] [stdout]   --> tests/fuzzing.rs:26:14
[INFO] [stdout]    |
[INFO] [stdout] 26 |         1 => TemplateAttribute::Dynamic {
[INFO] [stdout]    |              ^^^^^^^^^^^^^^^^^ use of undeclared type `TemplateAttribute`
[INFO] [stdout] 
[INFO] [stdout] 
[INFO] [stdout] error[E0433]: failed to resolve: use of undeclared type `TemplateNode`
[INFO] [stdout]   --> tests/fuzzing.rs:51:13
[INFO] [stdout]    |
[INFO] [stdout] 51 |             TemplateNode::Element {
[INFO] [stdout]    |             ^^^^^^^^^^^^ use of undeclared type `TemplateNode`
[INFO] [stdout] 
[INFO] [stdout] 
[INFO] [stdout] error[E0433]: failed to resolve: use of undeclared type `TemplateNode`
[INFO] [stdout]   --> tests/fuzzing.rs:74:14
[INFO] [stdout]    |
[INFO] [stdout] 74 |         1 => TemplateNode::Text {
[INFO] [stdout]    |              ^^^^^^^^^^^^ use of undeclared type `TemplateNode`
[INFO] [stdout] 
[INFO] [stdout] 
[INFO] [stdout] error[E0433]: failed to resolve: use of undeclared type `TemplateNode`
[INFO] [stdout]   --> tests/fuzzing.rs:77:14
[INFO] [stdout]    |
[INFO] [stdout] 77 |         2 => TemplateNode::DynamicText {
[INFO] [stdout]    |              ^^^^^^^^^^^^ use of undeclared type `TemplateNode`
[INFO] [stdout] 
[INFO] [stdout] 
[INFO] [stdout] error[E0433]: failed to resolve: use of undeclared type `TemplateNode`
[INFO] [stdout]   --> tests/fuzzing.rs:85:14
[INFO] [stdout]    |
[INFO] [stdout] 85 |         3 => TemplateNode::Dynamic {
[INFO] [stdout]    |              ^^^^^^^^^^^^ use of undeclared type `TemplateNode`
[INFO] [stdout] 
[INFO] [stdout] 
[INFO] [stdout] error[E0433]: failed to resolve: use of undeclared type `TemplateNode`
[INFO] [stdout]    --> tests/fuzzing.rs:104:9
[INFO] [stdout]     |
[INFO] [stdout] 104 |         TemplateNode::Element {
[INFO] [stdout]     |         ^^^^^^^^^^^^ use of undeclared type `TemplateNode`
[INFO] [stdout] 
[INFO] [stdout] 
[INFO] [stdout] error[E0433]: failed to resolve: use of undeclared type `TemplateAttribute`
[INFO] [stdout]    --> tests/fuzzing.rs:109:21
[INFO] [stdout]     |
[INFO] [stdout] 109 |                     TemplateAttribute::Static { .. } => {}
[INFO] [stdout]     |                     ^^^^^^^^^^^^^^^^^ use of undeclared type `TemplateAttribute`
[INFO] [stdout] 
[INFO] [stdout] 
[INFO] [stdout] error[E0433]: failed to resolve: use of undeclared type `TemplateAttribute`
[INFO] [stdout]    --> tests/fuzzing.rs:110:21
[INFO] [stdout]     |
[INFO] [stdout] 110 |                     TemplateAttribute::Dynamic { .. } => {
[INFO] [stdout]     |                     ^^^^^^^^^^^^^^^^^ use of undeclared type `TemplateAttribute`
[INFO] [stdout] 
[INFO] [stdout] 
[INFO] [stdout] error[E0433]: failed to resolve: use of undeclared type `TemplateNode`
[INFO] [stdout]    --> tests/fuzzing.rs:121:9
[INFO] [stdout]     |
[INFO] [stdout] 121 |         TemplateNode::Text { .. } => {}
[INFO] [stdout]     |         ^^^^^^^^^^^^ use of undeclared type `TemplateNode`
[INFO] [stdout] 
[INFO] [stdout] 
[INFO] [stdout] error[E0433]: failed to resolve: use of undeclared type `TemplateNode`
[INFO] [stdout]    --> tests/fuzzing.rs:122:9
[INFO] [stdout]     |
[INFO] [stdout] 122 |         TemplateNode::DynamicText { .. } => {
[INFO] [stdout]     |         ^^^^^^^^^^^^ use of undeclared type `TemplateNode`
[INFO] [stdout] 
[INFO] [stdout] 
[INFO] [stdout] error[E0433]: failed to resolve: use of undeclared type `TemplateNode`
[INFO] [stdout]    --> tests/fuzzing.rs:125:9
[INFO] [stdout]     |
[INFO] [stdout] 125 |         TemplateNode::Dynamic { .. } => {
[INFO] [stdout]     |         ^^^^^^^^^^^^ use of undeclared type `TemplateNode`
[INFO] [stdout] 
[INFO] [stdout] 
[INFO] [stdout] error[E0433]: failed to resolve: use of undeclared type `TemplateNode`
[INFO] [stdout]    --> tests/fuzzing.rs:186:26
[INFO] [stdout]     |
[INFO] [stdout] 186 |                 roots: &[TemplateNode::Dynamic { id: 0 }],
[INFO] [stdout]     |                          ^^^^^^^^^^^^ use of undeclared type `TemplateNode`
[INFO] [stdout] 
[INFO] [stdout] 
[INFO] [stdout] error: aborting due to 44 previous errors
[INFO] [stdout] 
[INFO] [stdout] 
[INFO] [stdout] Some errors have detailed explanations: E0282, E0412, E0422, E0432, E0433.
[INFO] [stdout] 
[INFO] [stdout] For more information about an error, try `rustc --explain E0282`.
[INFO] [stdout] 
[INFO] [stderr] error: could not compile `dioxus-native-core` (test "fuzzing") due to 45 previous errors
[INFO] [stdout] error[E0433]: failed to resolve: use of undeclared type `VirtualDom`
[INFO] [stdout]    --> src/utils/persistant_iterator.rs:218:20
[INFO] [stdout]     |
[INFO] [stdout] 218 |     let mut vdom = VirtualDom::new(Base);
[INFO] [stdout]     |                    ^^^^^^^^^^ use of undeclared type `VirtualDom`
[INFO] [stdout] 
[INFO] [stdout] 
[INFO] [stdout] error[E0433]: failed to resolve: use of undeclared type `VirtualDom`
[INFO] [stdout]    --> src/utils/persistant_iterator.rs:321:20
[INFO] [stdout]     |
[INFO] [stdout] 321 |     let mut vdom = VirtualDom::new(Base);
[INFO] [stdout]     |                    ^^^^^^^^^^ use of undeclared type `VirtualDom`
[INFO] [stdout] 
[INFO] [stdout] 
[INFO] [stdout] error[E0425]: cannot find function, tuple struct or tuple variant `ScopeId` in this scope
[INFO] [stdout]    --> src/utils/persistant_iterator.rs:357:21
[INFO] [stdout]     |
[INFO] [stdout] 357 |     vdom.mark_dirty(ScopeId(0));
[INFO] [stdout]     |                     ^^^^^^^ not found in this scope
[INFO] [stdout] 
[INFO] [stdout] 
[INFO] [stdout] error[E0433]: failed to resolve: use of undeclared type `VirtualDom`
[INFO] [stdout]    --> src/utils/persistant_iterator.rs:402:20
[INFO] [stdout]     |
[INFO] [stdout] 402 |     let mut vdom = VirtualDom::new(Base);
[INFO] [stdout]     |                    ^^^^^^^^^^ use of undeclared type `VirtualDom`
[INFO] [stdout] 
[INFO] [stdout] 
[INFO] [stdout] error[E0425]: cannot find function, tuple struct or tuple variant `ScopeId` in this scope
[INFO] [stdout]    --> src/utils/persistant_iterator.rs:422:21
[INFO] [stdout]     |
[INFO] [stdout] 422 |     vdom.mark_dirty(ScopeId(0));
[INFO] [stdout]     |                     ^^^^^^^ not found in this scope
[INFO] [stdout] 
[INFO] [stdout] 
[INFO] [stdout] error[E0433]: failed to resolve: use of undeclared type `VirtualDom`
[INFO] [stdout]    --> src/utils/persistant_iterator.rs:460:20
[INFO] [stdout]     |
[INFO] [stdout] 460 |     let mut vdom = VirtualDom::new(Base);
[INFO] [stdout]     |                    ^^^^^^^^^^ use of undeclared type `VirtualDom`
[INFO] [stdout] 
[INFO] [stdout] 
[INFO] [stdout] error: aborting due to 26 previous errors
[INFO] [stdout] 
[INFO] [stdout] 
[INFO] [stdout] Some errors have detailed explanations: E0412, E0425, E0432, E0433.
[INFO] [stdout] 
[INFO] [stdout] For more information about an error, try `rustc --explain E0412`.
[INFO] [stdout] 
[INFO] [stderr] error: could not compile `dioxus-native-core` (lib test) due to 27 previous errors
[INFO] running `Command { std: "docker" "inspect" "1654088e9cfbcd0798731b097cfd86c76a2bbb5a961de81080fd42fb4d4285a9", kill_on_drop: false }`
[INFO] running `Command { std: "docker" "rm" "-f" "1654088e9cfbcd0798731b097cfd86c76a2bbb5a961de81080fd42fb4d4285a9", kill_on_drop: false }`
[INFO] [stdout] 1654088e9cfbcd0798731b097cfd86c76a2bbb5a961de81080fd42fb4d4285a9
[INFO] testing dioxus-native-core-0.4.0 against beta-2023-12-22 for beta-1.76-1
[INFO] extracting crate dioxus-native-core 0.4.0 into /workspace/builds/worker-0-tc2/source
[INFO] validating manifest of crates.io crate dioxus-native-core 0.4.0 on toolchain beta-2023-12-22
[INFO] running `Command { std: CARGO_HOME="/workspace/cargo-home" RUSTUP_HOME="/workspace/rustup-home" "/workspace/cargo-home/bin/cargo" "+beta-2023-12-22" "metadata" "--manifest-path" "Cargo.toml" "--no-deps", kill_on_drop: false }`
[INFO] started tweaking crates.io crate dioxus-native-core 0.4.0
[INFO] finished tweaking crates.io crate dioxus-native-core 0.4.0
[INFO] tweaked toml for crates.io crate dioxus-native-core 0.4.0 written to /workspace/builds/worker-0-tc2/source/Cargo.toml
[INFO] crate crates.io crate dioxus-native-core 0.4.0 already has a lockfile, it will not be regenerated
[INFO] running `Command { std: CARGO_HOME="/workspace/cargo-home" RUSTUP_HOME="/workspace/rustup-home" "/workspace/cargo-home/bin/cargo" "+beta-2023-12-22" "fetch" "--manifest-path" "Cargo.toml", kill_on_drop: false }`
[INFO] running `Command { std: "docker" "create" "-v" "/var/lib/crater-agent-workspace/builds/worker-0-tc2/target:/opt/rustwide/target:rw,Z" "-v" "/var/lib/crater-agent-workspace/builds/worker-0-tc2/source:/opt/rustwide/workdir:ro,Z" "-v" "/var/lib/crater-agent-workspace/cargo-home:/opt/rustwide/cargo-home:ro,Z" "-v" "/var/lib/crater-agent-workspace/rustup-home:/opt/rustwide/rustup-home:ro,Z" "-e" "SOURCE_DIR=/opt/rustwide/workdir" "-e" "CARGO_TARGET_DIR=/opt/rustwide/target" "-e" "CARGO_HOME=/opt/rustwide/cargo-home" "-e" "RUSTUP_HOME=/opt/rustwide/rustup-home" "-w" "/opt/rustwide/workdir" "-m" "1610612736" "--user" "0:0" "--network" "none" "ghcr.io/rust-lang/crates-build-env/linux@sha256:2788e3201cd34a07e3172128adcd8b3090168a8e3bcc40d7c032b9dda1df7d1c" "/opt/rustwide/cargo-home/bin/cargo" "+beta-2023-12-22" "metadata" "--no-deps" "--format-version=1", kill_on_drop: false }`
[INFO] [stdout] ecac2d94e100f27ed9485f659ac9efd5622ba6ed98a73fabcffe5cc533c74b33
[INFO] running `Command { std: "docker" "start" "-a" "ecac2d94e100f27ed9485f659ac9efd5622ba6ed98a73fabcffe5cc533c74b33", kill_on_drop: false }`
[INFO] running `Command { std: "docker" "inspect" "ecac2d94e100f27ed9485f659ac9efd5622ba6ed98a73fabcffe5cc533c74b33", kill_on_drop: false }`
[INFO] running `Command { std: "docker" "rm" "-f" "ecac2d94e100f27ed9485f659ac9efd5622ba6ed98a73fabcffe5cc533c74b33", kill_on_drop: false }`
[INFO] [stdout] ecac2d94e100f27ed9485f659ac9efd5622ba6ed98a73fabcffe5cc533c74b33
[INFO] running `Command { std: "docker" "create" "-v" "/var/lib/crater-agent-workspace/builds/worker-0-tc2/target:/opt/rustwide/target:rw,Z" "-v" "/var/lib/crater-agent-workspace/builds/worker-0-tc2/source:/opt/rustwide/workdir:ro,Z" "-v" "/var/lib/crater-agent-workspace/cargo-home:/opt/rustwide/cargo-home:ro,Z" "-v" "/var/lib/crater-agent-workspace/rustup-home:/opt/rustwide/rustup-home:ro,Z" "-e" "SOURCE_DIR=/opt/rustwide/workdir" "-e" "CARGO_TARGET_DIR=/opt/rustwide/target" "-e" "CARGO_INCREMENTAL=0" "-e" "RUST_BACKTRACE=full" "-e" "RUSTFLAGS=--cap-lints=warn" "-e" "RUSTDOCFLAGS=--cap-lints=warn" "-e" "CARGO_HOME=/opt/rustwide/cargo-home" "-e" "RUSTUP_HOME=/opt/rustwide/rustup-home" "-w" "/opt/rustwide/workdir" "-m" "1610612736" "--user" "0:0" "--network" "none" "ghcr.io/rust-lang/crates-build-env/linux@sha256:2788e3201cd34a07e3172128adcd8b3090168a8e3bcc40d7c032b9dda1df7d1c" "/opt/rustwide/cargo-home/bin/cargo" "+beta-2023-12-22" "build" "--frozen" "--message-format=json", kill_on_drop: false }`
[INFO] [stdout] 7a17dbda5811b2f276351435bb3fb7d9cbb69036b2e0acb66f5edb024036159f
[INFO] running `Command { std: "docker" "start" "-a" "7a17dbda5811b2f276351435bb3fb7d9cbb69036b2e0acb66f5edb024036159f", kill_on_drop: false }`
[INFO] [stderr]    Compiling libc v0.2.147
[INFO] [stderr]    Compiling scopeguard v1.2.0
[INFO] [stderr]    Compiling crossbeam-utils v0.8.16
[INFO] [stderr]    Compiling memoffset v0.9.0
[INFO] [stderr]    Compiling crossbeam-epoch v0.9.15
[INFO] [stderr]    Compiling lock_api v0.4.10
[INFO] [stderr]    Compiling ahash v0.7.6
[INFO] [stderr]    Compiling parking_lot_core v0.9.8
[INFO] [stderr]    Compiling syn v1.0.109
[INFO] [stderr]    Compiling rayon-core v1.11.0
[INFO] [stderr]    Compiling serde v1.0.173
[INFO] [stderr]    Compiling slab v0.4.8
[INFO] [stderr]    Compiling serde_derive v1.0.173
[INFO] [stderr]    Compiling hashbrown v0.14.0
[INFO] [stderr]    Compiling either v1.8.1
[INFO] [stderr]    Compiling crossbeam-channel v0.5.8
[INFO] [stderr]    Compiling crossbeam-deque v0.8.3
[INFO] [stderr]    Compiling getrandom v0.2.10
[INFO] [stderr]    Compiling num_cpus v1.16.0
[INFO] [stderr]    Compiling rustc-hash v1.1.0
[INFO] [stderr]    Compiling anymap v1.0.0-beta.2
[INFO] [stderr]    Compiling hashbrown v0.12.3
[INFO] [stderr]    Compiling parking_lot v0.12.1
[INFO] [stderr]    Compiling dashmap v5.5.0
[INFO] [stderr]    Compiling rayon v1.7.0
[INFO] [stderr]    Compiling shipyard_proc v0.3.0
[INFO] [stderr]    Compiling shipyard v0.6.2
[INFO] [stderr]    Compiling keyboard-types v0.6.2
[INFO] [stderr]    Compiling dioxus-native-core v0.4.0 (/opt/rustwide/workdir)
[INFO] [stderr]     Finished dev [unoptimized + debuginfo] target(s) in 9.67s
[INFO] running `Command { std: "docker" "inspect" "7a17dbda5811b2f276351435bb3fb7d9cbb69036b2e0acb66f5edb024036159f", kill_on_drop: false }`
[INFO] running `Command { std: "docker" "rm" "-f" "7a17dbda5811b2f276351435bb3fb7d9cbb69036b2e0acb66f5edb024036159f", kill_on_drop: false }`
[INFO] [stdout] 7a17dbda5811b2f276351435bb3fb7d9cbb69036b2e0acb66f5edb024036159f
[INFO] running `Command { std: "docker" "create" "-v" "/var/lib/crater-agent-workspace/builds/worker-0-tc2/target:/opt/rustwide/target:rw,Z" "-v" "/var/lib/crater-agent-workspace/builds/worker-0-tc2/source:/opt/rustwide/workdir:ro,Z" "-v" "/var/lib/crater-agent-workspace/cargo-home:/opt/rustwide/cargo-home:ro,Z" "-v" "/var/lib/crater-agent-workspace/rustup-home:/opt/rustwide/rustup-home:ro,Z" "-e" "SOURCE_DIR=/opt/rustwide/workdir" "-e" "CARGO_TARGET_DIR=/opt/rustwide/target" "-e" "CARGO_INCREMENTAL=0" "-e" "RUST_BACKTRACE=full" "-e" "RUSTFLAGS=--cap-lints=warn" "-e" "RUSTDOCFLAGS=--cap-lints=warn" "-e" "CARGO_HOME=/opt/rustwide/cargo-home" "-e" "RUSTUP_HOME=/opt/rustwide/rustup-home" "-w" "/opt/rustwide/workdir" "-m" "1610612736" "--user" "0:0" "--network" "none" "ghcr.io/rust-lang/crates-build-env/linux@sha256:2788e3201cd34a07e3172128adcd8b3090168a8e3bcc40d7c032b9dda1df7d1c" "/opt/rustwide/cargo-home/bin/cargo" "+beta-2023-12-22" "test" "--frozen" "--no-run" "--message-format=json", kill_on_drop: false }`
[INFO] [stdout] 02f69bcbaf5c3367e40449585e04d4c27c4b3c9def19da61bcf366ab454b4011
[INFO] running `Command { std: "docker" "start" "-a" "02f69bcbaf5c3367e40449585e04d4c27c4b3c9def19da61bcf366ab454b4011", kill_on_drop: false }`
[INFO] [stderr]    Compiling getrandom v0.2.10
[INFO] [stderr]    Compiling syn v2.0.26
[INFO] [stderr]    Compiling tokio v1.29.1
[INFO] [stderr]    Compiling mio v0.8.8
[INFO] [stderr]    Compiling signal-hook-registry v1.4.1
[INFO] [stderr]    Compiling socket2 v0.4.9
[INFO] [stderr]    Compiling bytes v1.4.0
[INFO] [stderr]    Compiling ahash v0.7.6
[INFO] [stderr]    Compiling rand_core v0.6.4
[INFO] [stderr]    Compiling hashbrown v0.12.3
[INFO] [stderr]    Compiling rand_chacha v0.3.1
[INFO] [stderr]    Compiling rand v0.8.5
[INFO] [stderr]    Compiling shipyard v0.6.2
[INFO] [stderr]    Compiling tokio-macros v2.1.0
[INFO] [stderr]    Compiling dioxus-native-core-macro v0.4.0
[INFO] [stderr]    Compiling dioxus-native-core v0.4.0 (/opt/rustwide/workdir)
[INFO] [stdout] error[E0433]: failed to resolve: use of undeclared crate or module `dioxus`
[INFO] [stdout]  --> examples/simple_dioxus.rs:2:5
[INFO] [stdout]   |
[INFO] [stdout] 2 | use dioxus::prelude::*;
[INFO] [stdout]   |     ^^^^^^ use of undeclared crate or module `dioxus`
[INFO] [stdout] 
[INFO] [stdout] 
[INFO] [stdout] error[E0433]: failed to resolve: use of undeclared crate or module `dioxus`
[INFO] [stdout]  --> tests/fuzzing.rs:1:5
[INFO] [stdout]   |
[INFO] [stdout] 1 | use dioxus::prelude::Props;
[INFO] [stdout]   |     ^^^^^^ use of undeclared crate or module `dioxus`
[INFO] [stdout] 
[INFO] [stdout] 
[INFO] [stdout] error[E0432]: unresolved import `dioxus_core`
[INFO] [stdout]  --> tests/fuzzing.rs:2:5
[INFO] [stdout]   |
[INFO] [stdout] 2 | use dioxus_core::*;
[INFO] [stdout]   |     ^^^^^^^^^^^ use of undeclared crate or module `dioxus_core`
[INFO] [stdout] 
[INFO] [stdout] 
[INFO] [stdout] error[E0433]: failed to resolve: use of undeclared crate or module `dioxus`
[INFO] [stdout]  --> tests/custom_element.rs:1:5
[INFO] [stdout]   |
[INFO] [stdout] 1 | use dioxus::prelude::*;
[INFO] [stdout]   |     ^^^^^^ use of undeclared crate or module `dioxus`
[INFO] [stdout] 
[INFO] [stdout] 
[INFO] [stdout] error: cannot determine resolution for the derive macro `Props`
[INFO] [stdout]    --> tests/fuzzing.rs:230:21
[INFO] [stdout]     |
[INFO] [stdout] 230 | #[derive(PartialEq, Props, Component)]
[INFO] [stdout]     |                     ^^^^^
[INFO] [stdout]     |
[INFO] [stdout]     = note: import resolution is stuck, try simplifying macro imports
[INFO] [stdout] 
[INFO] [stdout] 
[INFO] [stdout] error: cannot find macro `rsx` in this scope
[INFO] [stdout]    --> examples/simple_dioxus.rs:179:19
[INFO] [stdout]     |
[INFO] [stdout] 179 |         cx.render(rsx! {
[INFO] [stdout]     |                   ^^^
[INFO] [stdout] 
[INFO] [stdout] 
[INFO] [stdout] error: cannot find macro `rsx` in this scope
[INFO] [stdout]    --> examples/simple_dioxus.rs:189:19
[INFO] [stdout]     |
[INFO] [stdout] 189 |         cx.render(rsx! {
[INFO] [stdout]     |                   ^^^
[INFO] [stdout] 
[INFO] [stdout] 
[INFO] [stdout] error[E0433]: failed to resolve: use of undeclared crate or module `dioxus`
[INFO] [stdout]    --> src/utils/persistant_iterator.rs:202:9
[INFO] [stdout]     |
[INFO] [stdout] 202 |     use dioxus::prelude::*;
[INFO] [stdout]     |         ^^^^^^ use of undeclared crate or module `dioxus`
[INFO] [stdout] 
[INFO] [stdout] 
[INFO] [stdout] error[E0432]: unresolved import `crate::dioxus`
[INFO] [stdout]    --> src/utils/persistant_iterator.rs:200:16
[INFO] [stdout]     |
[INFO] [stdout] 200 |     use crate::dioxus::DioxusState;
[INFO] [stdout]     |                ^^^^^^ could not find `dioxus` in the crate root
[INFO] [stdout] 
[INFO] [stdout] 
[INFO] [stdout] error[E0433]: failed to resolve: use of undeclared crate or module `dioxus`
[INFO] [stdout]    --> src/utils/persistant_iterator.rs:300:9
[INFO] [stdout]     |
[INFO] [stdout] 300 |     use dioxus::prelude::*;
[INFO] [stdout]     |         ^^^^^^ use of undeclared crate or module `dioxus`
[INFO] [stdout] 
[INFO] [stdout] 
[INFO] [stdout] error[E0432]: unresolved import `crate::dioxus`
[INFO] [stdout]    --> src/utils/persistant_iterator.rs:298:16
[INFO] [stdout]     |
[INFO] [stdout] 298 |     use crate::dioxus::DioxusState;
[INFO] [stdout]     |                ^^^^^^ could not find `dioxus` in the crate root
[INFO] [stdout] 
[INFO] [stdout] 
[INFO] [stdout] error[E0433]: failed to resolve: use of undeclared crate or module `dioxus`
[INFO] [stdout]    --> src/utils/persistant_iterator.rs:381:9
[INFO] [stdout]     |
[INFO] [stdout] 381 |     use dioxus::prelude::*;
[INFO] [stdout]     |         ^^^^^^ use of undeclared crate or module `dioxus`
[INFO] [stdout] 
[INFO] [stdout] 
[INFO] [stdout] error[E0432]: unresolved import `crate::dioxus`
[INFO] [stdout]    --> src/utils/persistant_iterator.rs:379:16
[INFO] [stdout]     |
[INFO] [stdout] 379 |     use crate::dioxus::DioxusState;
[INFO] [stdout]     |                ^^^^^^ could not find `dioxus` in the crate root
[INFO] [stdout] 
[INFO] [stdout] 
[INFO] [stdout] error[E0433]: failed to resolve: use of undeclared crate or module `dioxus`
[INFO] [stdout]    --> src/utils/persistant_iterator.rs:439:9
[INFO] [stdout]     |
[INFO] [stdout] 439 |     use dioxus::prelude::*;
[INFO] [stdout]     |         ^^^^^^ use of undeclared crate or module `dioxus`
[INFO] [stdout] 
[INFO] [stdout] 
[INFO] [stdout] error[E0432]: unresolved import `crate::dioxus`
[INFO] [stdout]    --> src/utils/persistant_iterator.rs:437:16
[INFO] [stdout]     |
[INFO] [stdout] 437 |     use crate::dioxus::DioxusState;
[INFO] [stdout]     |                ^^^^^^ could not find `dioxus` in the crate root
[INFO] [stdout] 
[INFO] [stdout] 
[INFO] [stdout] error[E0412]: cannot find type `Scope` in this scope
[INFO] [stdout]    --> examples/simple_dioxus.rs:169:16
[INFO] [stdout]     |
[INFO] [stdout] 169 |     fn app(cx: Scope) -> Element {
[INFO] [stdout]     |                ^^^^^ not found in this scope
[INFO] [stdout]     |
[INFO] [stdout] help: consider importing one of these items
[INFO] [stdout]     |
[INFO] [stdout] 2   + use rayon::Scope;
[INFO] [stdout]     |
[INFO] [stdout] 2   + use std::thread::Scope;
[INFO] [stdout]     |
[INFO] [stdout] 
[INFO] [stdout] 
[INFO] [stdout] error: cannot find macro `use_future` in this scope
[INFO] [stdout]    --> tests/custom_element.rs:262:9
[INFO] [stdout]     |
[INFO] [stdout] 262 |         use_future!(cx, |count| async move {
[INFO] [stdout]     |         ^^^^^^^^^^
[INFO] [stdout] 
[INFO] [stdout] 
[INFO] [stdout] error: cannot find macro `render` in this scope
[INFO] [stdout]    --> src/utils/persistant_iterator.rs:205:9
[INFO] [stdout]     |
[INFO] [stdout] 205 |         render!(
[INFO] [stdout]     |         ^^^^^^
[INFO] [stdout] 
[INFO] [stdout] 
[INFO] [stdout] error: cannot find macro `render` in this scope
[INFO] [stdout]    --> src/utils/persistant_iterator.rs:308:9
[INFO] [stdout]     |
[INFO] [stdout] 308 |         render!(
[INFO] [stdout]     |         ^^^^^^
[INFO] [stdout] 
[INFO] [stdout] 
[INFO] [stdout] error: cannot find macro `render` in this scope
[INFO] [stdout]    --> src/utils/persistant_iterator.rs:389:9
[INFO] [stdout]     |
[INFO] [stdout] 389 |         render!(
[INFO] [stdout]     |         ^^^^^^
[INFO] [stdout] 
[INFO] [stdout] 
[INFO] [stdout] error[E0412]: cannot find type `Element` in this scope
[INFO] [stdout]    --> examples/simple_dioxus.rs:169:26
[INFO] [stdout]     |
[INFO] [stdout] 169 |     fn app(cx: Scope) -> Element {
[INFO] [stdout]     |                          ^^^^^^^ not found in this scope
[INFO] [stdout]     |
[INFO] [stdout] help: there is an enum variant `crate::NodeType::Element` and 3 others; try using the variant's enum
[INFO] [stdout]     |
[INFO] [stdout] 169 |     fn app(cx: Scope) -> crate::NodeType {
[INFO] [stdout]     |                          ~~~~~~~~~~~~~~~
[INFO] [stdout] 169 |     fn app(cx: Scope) -> dioxus_native_core::prelude::NodeType {
[INFO] [stdout]     |                          ~~~~~~~~~~~~~~~~~~~~~~~~~~~~~~~~~~~~~
[INFO] [stdout] 169 |     fn app(cx: Scope) -> dioxus_native_core::real_dom::NodeTypeMut {
[INFO] [stdout]     |                          ~~~~~~~~~~~~~~~~~~~~~~~~~~~~~~~~~~~~~~~~~
[INFO] [stdout] 
[INFO] [stdout] 
[INFO] [stdout] error[E0412]: cannot find type `Scope` in this scope
[INFO] [stdout]    --> examples/simple_dioxus.rs:188:17
[INFO] [stdout]     |
[INFO] [stdout] 188 |     fn Comp(cx: Scope) -> Element {
[INFO] [stdout]     |                 ^^^^^ not found in this scope
[INFO] [stdout]     |
[INFO] [stdout] help: consider importing one of these items
[INFO] [stdout]     |
[INFO] [stdout] 2   + use rayon::Scope;
[INFO] [stdout]     |
[INFO] [stdout] 2   + use std::thread::Scope;
[INFO] [stdout]     |
[INFO] [stdout] 
[INFO] [stdout] 
[INFO] [stdout] error[E0412]: cannot find type `Element` in this scope
[INFO] [stdout]    --> examples/simple_dioxus.rs:188:27
[INFO] [stdout]     |
[INFO] [stdout] 188 |     fn Comp(cx: Scope) -> Element {
[INFO] [stdout]     |                           ^^^^^^^ not found in this scope
[INFO] [stdout]     |
[INFO] [stdout] help: there is an enum variant `crate::NodeType::Element` and 3 others; try using the variant's enum
[INFO] [stdout]     |
[INFO] [stdout] 188 |     fn Comp(cx: Scope) -> crate::NodeType {
[INFO] [stdout]     |                           ~~~~~~~~~~~~~~~
[INFO] [stdout] 188 |     fn Comp(cx: Scope) -> dioxus_native_core::prelude::NodeType {
[INFO] [stdout]     |                           ~~~~~~~~~~~~~~~~~~~~~~~~~~~~~~~~~~~~~
[INFO] [stdout] 188 |     fn Comp(cx: Scope) -> dioxus_native_core::real_dom::NodeTypeMut {
[INFO] [stdout]     |                           ~~~~~~~~~~~~~~~~~~~~~~~~~~~~~~~~~~~~~~~~~
[INFO] [stdout] 
[INFO] [stdout] 
[INFO] [stdout] error: cannot find macro `rsx` in this scope
[INFO] [stdout]    --> tests/custom_element.rs:266:19
[INFO] [stdout]     |
[INFO] [stdout] 266 |         cx.render(rsx! {
[INFO] [stdout]     |                   ^^^
[INFO] [stdout] 
[INFO] [stdout] 
[INFO] [stdout] error: cannot find macro `render` in this scope
[INFO] [stdout]    --> src/utils/persistant_iterator.rs:447:9
[INFO] [stdout]     |
[INFO] [stdout] 447 |         render!(
[INFO] [stdout]     |         ^^^^^^
[INFO] [stdout] 
[INFO] [stdout] 
[INFO] [stdout] error: cannot find macro `rsx` in this scope
[INFO] [stdout]    --> tests/custom_element.rs:337:19
[INFO] [stdout]     |
[INFO] [stdout] 337 |         cx.render(rsx! {
[INFO] [stdout]     |                   ^^^
[INFO] [stdout] 
[INFO] [stdout] 
[INFO] [stdout] error[E0433]: failed to resolve: use of undeclared crate or module `dioxus`
[INFO] [stdout]  --> tests/called_minimally_on_build.rs:1:5
[INFO] [stdout]   |
[INFO] [stdout] 1 | use dioxus::prelude::*;
[INFO] [stdout]   |     ^^^^^^ use of undeclared crate or module `dioxus`
[INFO] [stdout] 
[INFO] [stdout] 
[INFO] [stdout] error: cannot find macro `rsx` in this scope
[INFO] [stdout]    --> tests/custom_element.rs:366:19
[INFO] [stdout]     |
[INFO] [stdout] 366 |         cx.render(rsx! {
[INFO] [stdout]     |                   ^^^
[INFO] [stdout] 
[INFO] [stdout] 
[INFO] [stdout] error: cannot find macro `render` in this scope
[INFO] [stdout]    --> tests/called_minimally_on_build.rs:119:17
[INFO] [stdout]     |
[INFO] [stdout] 119 |                 render!{
[INFO] [stdout]     |                 ^^^^^^
[INFO] [stdout] ...
[INFO] [stdout] 172 |     test_state!(state: (Child, Node, Parent));
[INFO] [stdout]     |     ----------------------------------------- in this macro invocation
[INFO] [stdout]     |
[INFO] [stdout]     = note: this error originates in the macro `test_state` (in Nightly builds, run with -Z macro-backtrace for more info)
[INFO] [stdout] 
[INFO] [stdout] 
[INFO] [stdout] error: cannot find macro `render` in this scope
[INFO] [stdout]    --> tests/called_minimally_on_build.rs:119:17
[INFO] [stdout]     |
[INFO] [stdout] 119 |                 render!{
[INFO] [stdout]     |                 ^^^^^^
[INFO] [stdout] ...
[INFO] [stdout] 189 |     test_state!(state: (Child, Node, Parent));
[INFO] [stdout]     |     ----------------------------------------- in this macro invocation
[INFO] [stdout]     |
[INFO] [stdout]     = note: this error originates in the macro `test_state` (in Nightly builds, run with -Z macro-backtrace for more info)
[INFO] [stdout] 
[INFO] [stdout] 
[INFO] [stdout] error[E0412]: cannot find type `Scope` in this scope
[INFO] [stdout]    --> tests/custom_element.rs:259:16
[INFO] [stdout]     |
[INFO] [stdout] 259 |     fn app(cx: Scope) -> Element {
[INFO] [stdout]     |                ^^^^^ not found in this scope
[INFO] [stdout]     |
[INFO] [stdout] help: consider importing one of these items
[INFO] [stdout]     |
[INFO] [stdout] 1   + use rayon::Scope;
[INFO] [stdout]     |
[INFO] [stdout] 1   + use std::thread::Scope;
[INFO] [stdout]     |
[INFO] [stdout] 
[INFO] [stdout] 
[INFO] [stdout] error: cannot find macro `render` in this scope
[INFO] [stdout]    --> tests/called_minimally_on_build.rs:119:17
[INFO] [stdout]     |
[INFO] [stdout] 119 |                 render!{
[INFO] [stdout]     |                 ^^^^^^
[INFO] [stdout] ...
[INFO] [stdout] 206 |     test_state!(state: (Child, Node, Parent));
[INFO] [stdout]     |     ----------------------------------------- in this macro invocation
[INFO] [stdout]     |
[INFO] [stdout]     = note: this error originates in the macro `test_state` (in Nightly builds, run with -Z macro-backtrace for more info)
[INFO] [stdout] 
[INFO] [stdout] 
[INFO] [stdout] error: cannot find macro `render` in this scope
[INFO] [stdout]    --> tests/called_minimally_on_build.rs:119:17
[INFO] [stdout]     |
[INFO] [stdout] 119 |                 render!{
[INFO] [stdout]     |                 ^^^^^^
[INFO] [stdout] ...
[INFO] [stdout] 219 |     test_state!(state: (Node1, Node2));
[INFO] [stdout]     |     ---------------------------------- in this macro invocation
[INFO] [stdout]     |
[INFO] [stdout]     = note: this error originates in the macro `test_state` (in Nightly builds, run with -Z macro-backtrace for more info)
[INFO] [stdout] 
[INFO] [stdout] 
[INFO] [stdout] error[E0412]: cannot find type `Element` in this scope
[INFO] [stdout]    --> tests/custom_element.rs:259:26
[INFO] [stdout]     |
[INFO] [stdout] 259 |     fn app(cx: Scope) -> Element {
[INFO] [stdout]     |                          ^^^^^^^ not found in this scope
[INFO] [stdout]     |
[INFO] [stdout] help: there is an enum variant `crate::NodeType::Element` and 3 others; try using the variant's enum
[INFO] [stdout]     |
[INFO] [stdout] 259 |     fn app(cx: Scope) -> crate::NodeType {
[INFO] [stdout]     |                          ~~~~~~~~~~~~~~~
[INFO] [stdout] 259 |     fn app(cx: Scope) -> dioxus_native_core::prelude::NodeType {
[INFO] [stdout]     |                          ~~~~~~~~~~~~~~~~~~~~~~~~~~~~~~~~~~~~~
[INFO] [stdout] 259 |     fn app(cx: Scope) -> dioxus_native_core::real_dom::NodeTypeMut {
[INFO] [stdout]     |                          ~~~~~~~~~~~~~~~~~~~~~~~~~~~~~~~~~~~~~~~~~
[INFO] [stdout] 
[INFO] [stdout] 
[INFO] [stdout] error[E0412]: cannot find type `Scope` in this scope
[INFO] [stdout]    --> tests/custom_element.rs:336:16
[INFO] [stdout]     |
[INFO] [stdout] 336 |     fn app(cx: Scope) -> Element {
[INFO] [stdout]     |                ^^^^^ not found in this scope
[INFO] [stdout]     |
[INFO] [stdout] help: consider importing one of these items
[INFO] [stdout]     |
[INFO] [stdout] 1   + use rayon::Scope;
[INFO] [stdout]     |
[INFO] [stdout] 1   + use std::thread::Scope;
[INFO] [stdout]     |
[INFO] [stdout] 
[INFO] [stdout] 
[INFO] [stdout] error: cannot find macro `render` in this scope
[INFO] [stdout]    --> tests/called_minimally_on_build.rs:119:17
[INFO] [stdout]     |
[INFO] [stdout] 119 |                 render!{
[INFO] [stdout]     |                 ^^^^^^
[INFO] [stdout] ...
[INFO] [stdout] 236 |     test_state!(state: (Child, Node, Parent));
[INFO] [stdout]     |     ----------------------------------------- in this macro invocation
[INFO] [stdout]     |
[INFO] [stdout]     = note: this error originates in the macro `test_state` (in Nightly builds, run with -Z macro-backtrace for more info)
[INFO] [stdout] 
[INFO] [stdout] 
[INFO] [stdout] error[E0412]: cannot find type `Element` in this scope
[INFO] [stdout]    --> tests/custom_element.rs:336:26
[INFO] [stdout]     |
[INFO] [stdout] 336 |     fn app(cx: Scope) -> Element {
[INFO] [stdout]     |                          ^^^^^^^ not found in this scope
[INFO] [stdout]     |
[INFO] [stdout] help: there is an enum variant `crate::NodeType::Element` and 3 others; try using the variant's enum
[INFO] [stdout]     |
[INFO] [stdout] 336 |     fn app(cx: Scope) -> crate::NodeType {
[INFO] [stdout]     |                          ~~~~~~~~~~~~~~~
[INFO] [stdout] 336 |     fn app(cx: Scope) -> dioxus_native_core::prelude::NodeType {
[INFO] [stdout]     |                          ~~~~~~~~~~~~~~~~~~~~~~~~~~~~~~~~~~~~~
[INFO] [stdout] 336 |     fn app(cx: Scope) -> dioxus_native_core::real_dom::NodeTypeMut {
[INFO] [stdout]     |                          ~~~~~~~~~~~~~~~~~~~~~~~~~~~~~~~~~~~~~~~~~
[INFO] [stdout] 
[INFO] [stdout] 
[INFO] [stdout] error[E0412]: cannot find type `Scope` in this scope
[INFO] [stdout]    --> tests/custom_element.rs:365:16
[INFO] [stdout]     |
[INFO] [stdout] 365 |     fn app(cx: Scope) -> Element {
[INFO] [stdout]     |                ^^^^^ not found in this scope
[INFO] [stdout]     |
[INFO] [stdout] help: consider importing one of these items
[INFO] [stdout]     |
[INFO] [stdout] 1   + use rayon::Scope;
[INFO] [stdout]     |
[INFO] [stdout] 1   + use std::thread::Scope;
[INFO] [stdout]     |
[INFO] [stdout] 
[INFO] [stdout] 
[INFO] [stdout] error[E0412]: cannot find type `Element` in this scope
[INFO] [stdout]    --> tests/custom_element.rs:365:26
[INFO] [stdout]     |
[INFO] [stdout] 365 |     fn app(cx: Scope) -> Element {
[INFO] [stdout]     |                          ^^^^^^^ not found in this scope
[INFO] [stdout]     |
[INFO] [stdout] help: there is an enum variant `crate::NodeType::Element` and 3 others; try using the variant's enum
[INFO] [stdout]     |
[INFO] [stdout] 365 |     fn app(cx: Scope) -> crate::NodeType {
[INFO] [stdout]     |                          ~~~~~~~~~~~~~~~
[INFO] [stdout] 365 |     fn app(cx: Scope) -> dioxus_native_core::prelude::NodeType {
[INFO] [stdout]     |                          ~~~~~~~~~~~~~~~~~~~~~~~~~~~~~~~~~~~~~
[INFO] [stdout] 365 |     fn app(cx: Scope) -> dioxus_native_core::real_dom::NodeTypeMut {
[INFO] [stdout]     |                          ~~~~~~~~~~~~~~~~~~~~~~~~~~~~~~~~~~~~~~~~~
[INFO] [stdout] 
[INFO] [stdout] 
[INFO] [stdout] error[E0412]: cannot find type `Scope` in this scope
[INFO] [stdout]    --> src/utils/persistant_iterator.rs:204:17
[INFO] [stdout]     |
[INFO] [stdout] 204 |     fn Base(cx: Scope) -> Element {
[INFO] [stdout]     |                 ^^^^^ not found in this scope
[INFO] [stdout]     |
[INFO] [stdout] help: consider importing one of these items
[INFO] [stdout]     |
[INFO] [stdout] 1   + use rayon::Scope;
[INFO] [stdout]     |
[INFO] [stdout] 1   + use std::thread::Scope;
[INFO] [stdout]     |
[INFO] [stdout] 
[INFO] [stdout] 
[INFO] [stdout] error[E0412]: cannot find type `Element` in this scope
[INFO] [stdout]    --> src/utils/persistant_iterator.rs:204:27
[INFO] [stdout]     |
[INFO] [stdout] 204 |     fn Base(cx: Scope) -> Element {
[INFO] [stdout]     |                           ^^^^^^^ not found in this scope
[INFO] [stdout]     |
[INFO] [stdout] help: there is an enum variant `crate::prelude::NodeType::Element` and 1 other; try using the variant's enum
[INFO] [stdout]     |
[INFO] [stdout] 204 |     fn Base(cx: Scope) -> crate::prelude::NodeType {
[INFO] [stdout]     |                           ~~~~~~~~~~~~~~~~~~~~~~~~
[INFO] [stdout] 204 |     fn Base(cx: Scope) -> crate::real_dom::NodeTypeMut {
[INFO] [stdout]     |                           ~~~~~~~~~~~~~~~~~~~~~~~~~~~~
[INFO] [stdout] 
[INFO] [stdout] 
[INFO] [stdout] error[E0412]: cannot find type `Scope` in this scope
[INFO] [stdout]    --> src/utils/persistant_iterator.rs:302:17
[INFO] [stdout]     |
[INFO] [stdout] 302 |     fn Base(cx: Scope) -> Element {
[INFO] [stdout]     |                 ^^^^^ not found in this scope
[INFO] [stdout]     |
[INFO] [stdout] help: consider importing one of these items
[INFO] [stdout]     |
[INFO] [stdout] 1   + use rayon::Scope;
[INFO] [stdout]     |
[INFO] [stdout] 1   + use std::thread::Scope;
[INFO] [stdout]     |
[INFO] [stdout] 
[INFO] [stdout] 
[INFO] [stdout] error[E0412]: cannot find type `Element` in this scope
[INFO] [stdout]    --> src/utils/persistant_iterator.rs:302:27
[INFO] [stdout]     |
[INFO] [stdout] 302 |     fn Base(cx: Scope) -> Element {
[INFO] [stdout]     |                           ^^^^^^^ not found in this scope
[INFO] [stdout]     |
[INFO] [stdout] help: there is an enum variant `crate::prelude::NodeType::Element` and 1 other; try using the variant's enum
[INFO] [stdout]     |
[INFO] [stdout] 302 |     fn Base(cx: Scope) -> crate::prelude::NodeType {
[INFO] [stdout]     |                           ~~~~~~~~~~~~~~~~~~~~~~~~
[INFO] [stdout] 302 |     fn Base(cx: Scope) -> crate::real_dom::NodeTypeMut {
[INFO] [stdout]     |                           ~~~~~~~~~~~~~~~~~~~~~~~~~~~~
[INFO] [stdout] 
[INFO] [stdout] 
[INFO] [stdout] error[E0412]: cannot find type `Scope` in this scope
[INFO] [stdout]    --> src/utils/persistant_iterator.rs:383:17
[INFO] [stdout]     |
[INFO] [stdout] 383 |     fn Base(cx: Scope) -> Element {
[INFO] [stdout]     |                 ^^^^^ not found in this scope
[INFO] [stdout]     |
[INFO] [stdout] help: consider importing one of these items
[INFO] [stdout]     |
[INFO] [stdout] 1   + use rayon::Scope;
[INFO] [stdout]     |
[INFO] [stdout] 1   + use std::thread::Scope;
[INFO] [stdout]     |
[INFO] [stdout] 
[INFO] [stdout] 
[INFO] [stdout] error[E0412]: cannot find type `Element` in this scope
[INFO] [stdout]    --> src/utils/persistant_iterator.rs:383:27
[INFO] [stdout]     |
[INFO] [stdout] 383 |     fn Base(cx: Scope) -> Element {
[INFO] [stdout]     |                           ^^^^^^^ not found in this scope
[INFO] [stdout]     |
[INFO] [stdout] help: there is an enum variant `crate::prelude::NodeType::Element` and 1 other; try using the variant's enum
[INFO] [stdout]     |
[INFO] [stdout] 383 |     fn Base(cx: Scope) -> crate::prelude::NodeType {
[INFO] [stdout]     |                           ~~~~~~~~~~~~~~~~~~~~~~~~
[INFO] [stdout] 383 |     fn Base(cx: Scope) -> crate::real_dom::NodeTypeMut {
[INFO] [stdout]     |                           ~~~~~~~~~~~~~~~~~~~~~~~~~~~~
[INFO] [stdout] 
[INFO] [stdout] 
[INFO] [stdout] error[E0412]: cannot find type `Scope` in this scope
[INFO] [stdout]    --> src/utils/persistant_iterator.rs:441:17
[INFO] [stdout]     |
[INFO] [stdout] 441 |     fn Base(cx: Scope) -> Element {
[INFO] [stdout]     |                 ^^^^^ not found in this scope
[INFO] [stdout]     |
[INFO] [stdout] help: consider importing one of these items
[INFO] [stdout]     |
[INFO] [stdout] 1   + use rayon::Scope;
[INFO] [stdout]     |
[INFO] [stdout] 1   + use std::thread::Scope;
[INFO] [stdout]     |
[INFO] [stdout] 
[INFO] [stdout] 
[INFO] [stdout] error[E0412]: cannot find type `Element` in this scope
[INFO] [stdout]    --> src/utils/persistant_iterator.rs:441:27
[INFO] [stdout]     |
[INFO] [stdout] 441 |     fn Base(cx: Scope) -> Element {
[INFO] [stdout]     |                           ^^^^^^^ not found in this scope
[INFO] [stdout]     |
[INFO] [stdout] help: there is an enum variant `crate::prelude::NodeType::Element` and 1 other; try using the variant's enum
[INFO] [stdout]     |
[INFO] [stdout] 441 |     fn Base(cx: Scope) -> crate::prelude::NodeType {
[INFO] [stdout]     |                           ~~~~~~~~~~~~~~~~~~~~~~~~
[INFO] [stdout] 441 |     fn Base(cx: Scope) -> crate::real_dom::NodeTypeMut {
[INFO] [stdout]     |                           ~~~~~~~~~~~~~~~~~~~~~~~~~~~~
[INFO] [stdout] 
[INFO] [stdout] 
[INFO] [stdout] error[E0412]: cannot find type `TemplateAttribute` in this scope
[INFO] [stdout]   --> tests/fuzzing.rs:19:53
[INFO] [stdout]    |
[INFO] [stdout] 19 | fn create_random_attribute(attr_idx: &mut usize) -> TemplateAttribute<'static> {
[INFO] [stdout]    |                                                     ^^^^^^^^^^^^^^^^^ not found in this scope
[INFO] [stdout] 
[INFO] [stdout] 
[INFO] [stdout] error[E0412]: cannot find type `TemplateNode` in this scope
[INFO] [stdout]   --> tests/fuzzing.rs:42:6
[INFO] [stdout]    |
[INFO] [stdout] 42 | ) -> TemplateNode<'static> {
[INFO] [stdout]    |      ^^^^^^^^^^^^ not found in this scope
[INFO] [stdout] 
[INFO] [stdout] 
[INFO] [stdout] error[E0412]: cannot find type `TemplateNode` in this scope
[INFO] [stdout]   --> tests/fuzzing.rs:98:12
[INFO] [stdout]    |
[INFO] [stdout] 98 |     node: &TemplateNode<'static>,
[INFO] [stdout]    |            ^^^^^^^^^^^^ not found in this scope
[INFO] [stdout] 
[INFO] [stdout] 
[INFO] [stdout] error[E0412]: cannot find type `Template` in this scope
[INFO] [stdout]    --> tests/fuzzing.rs:136:51
[INFO] [stdout]     |
[INFO] [stdout] 136 | fn create_random_template(name: &'static str) -> (Template<'static>, Vec<DynamicNodeType>) {
[INFO] [stdout]     |                                                   ^^^^^^^^ not found in this scope
[INFO] [stdout] 
[INFO] [stdout] 
[INFO] [stdout] error[E0422]: cannot find struct, variant or union type `Template` in this scope
[INFO] [stdout]    --> tests/fuzzing.rs:167:9
[INFO] [stdout]     |
[INFO] [stdout] 167 |         Template {
[INFO] [stdout]     |         ^^^^^^^^ not found in this scope
[INFO] [stdout] 
[INFO] [stdout] 
[INFO] [stdout] error[E0412]: cannot find type `ScopeState` in this scope
[INFO] [stdout]    --> tests/fuzzing.rs:177:36
[INFO] [stdout]     |
[INFO] [stdout] 177 | fn create_random_dynamic_node(cx: &ScopeState, depth: usize) -> DynamicNode {
[INFO] [stdout]     |                                    ^^^^^^^^^^ not found in this scope
[INFO] [stdout] 
[INFO] [stdout] 
[INFO] [stdout] error[E0412]: cannot find type `DynamicNode` in this scope
[INFO] [stdout]    --> tests/fuzzing.rs:177:65
[INFO] [stdout]     |
[INFO] [stdout] 177 | fn create_random_dynamic_node(cx: &ScopeState, depth: usize) -> DynamicNode {
[INFO] [stdout]     |                                                                 ^^^^^^^^^^^ not found in this scope
[INFO] [stdout] 
[INFO] [stdout] 
[INFO] [stdout] error[E0422]: cannot find struct, variant or union type `VNode` in this scope
[INFO] [stdout]    --> tests/fuzzing.rs:181:67
[INFO] [stdout]     |
[INFO] [stdout] 181 |         1 => cx.make_node((0..(rand::random::<u8>() % 5)).map(|_| VNode {
[INFO] [stdout]     |                                                                   ^^^^^ not found in this scope
[INFO] [stdout] 
[INFO] [stdout] 
[INFO] [stdout] error[E0422]: cannot find struct, variant or union type `Template` in this scope
[INFO] [stdout]    --> tests/fuzzing.rs:184:33
[INFO] [stdout]     |
[INFO] [stdout] 184 |             template: Cell::new(Template {
[INFO] [stdout]     |                                 ^^^^^^^^ not found in this scope
[INFO] [stdout] 
[INFO] [stdout] 
[INFO] [stdout] error[E0412]: cannot find type `ScopeState` in this scope
[INFO] [stdout]    --> tests/fuzzing.rs:207:36
[INFO] [stdout]     |
[INFO] [stdout] 207 | fn create_random_dynamic_attr(cx: &ScopeState) -> Attribute {
[INFO] [stdout]     |                                    ^^^^^^^^^^ not found in this scope
[INFO] [stdout] 
[INFO] [stdout] 
[INFO] [stdout] error[E0412]: cannot find type `Attribute` in this scope
[INFO] [stdout]    --> tests/fuzzing.rs:207:51
[INFO] [stdout]     |
[INFO] [stdout] 207 | fn create_random_dynamic_attr(cx: &ScopeState) -> Attribute {
[INFO] [stdout]     |                                                   ^^^^^^^^^ not found in this scope
[INFO] [stdout] 
[INFO] [stdout] 
[INFO] [stdout] error[E0412]: cannot find type `Scope` in this scope
[INFO] [stdout]    --> tests/fuzzing.rs:236:30
[INFO] [stdout]     |
[INFO] [stdout] 236 | fn create_random_element(cx: Scope<DepthProps>) -> Element {
[INFO] [stdout]     |                              ^^^^^ not found in this scope
[INFO] [stdout]     |
[INFO] [stdout] help: consider importing one of these items
[INFO] [stdout]     |
[INFO] [stdout] 1   + use rayon::Scope;
[INFO] [stdout]     |
[INFO] [stdout] 1   + use std::thread::Scope;
[INFO] [stdout]     |
[INFO] [stdout] 
[INFO] [stdout] 
[INFO] [stdout] error[E0412]: cannot find type `Element` in this scope
[INFO] [stdout]    --> tests/fuzzing.rs:236:52
[INFO] [stdout]     |
[INFO] [stdout] 236 | fn create_random_element(cx: Scope<DepthProps>) -> Element {
[INFO] [stdout]     |                                                    ^^^^^^^ not found in this scope
[INFO] [stdout]     |
[INFO] [stdout] help: there is an enum variant `crate::NodeType::Element` and 3 others; try using the variant's enum
[INFO] [stdout]     |
[INFO] [stdout] 236 | fn create_random_element(cx: Scope<DepthProps>) -> crate::NodeType {
[INFO] [stdout]     |                                                    ~~~~~~~~~~~~~~~
[INFO] [stdout] 236 | fn create_random_element(cx: Scope<DepthProps>) -> dioxus_native_core::prelude::NodeType {
[INFO] [stdout]     |                                                    ~~~~~~~~~~~~~~~~~~~~~~~~~~~~~~~~~~~~~
[INFO] [stdout] 236 | fn create_random_element(cx: Scope<DepthProps>) -> dioxus_native_core::real_dom::NodeTypeMut {
[INFO] [stdout]     |                                                    ~~~~~~~~~~~~~~~~~~~~~~~~~~~~~~~~~~~~~~~~~
[INFO] [stdout] 
[INFO] [stdout] 
[INFO] [stdout] error[E0422]: cannot find struct, variant or union type `VNode` in this scope
[INFO] [stdout]    --> tests/fuzzing.rs:256:24
[INFO] [stdout]     |
[INFO] [stdout] 256 |             let node = VNode {
[INFO] [stdout]     |                        ^^^^^ not found in this scope
[INFO] [stdout] 
[INFO] [stdout] 
[INFO] [stdout] error[E0412]: cannot find type `Scope` in this scope
[INFO] [stdout]    --> tests/called_minimally_on_build.rs:118:25
[INFO] [stdout]     |
[INFO] [stdout] 118 |             fn Base(cx: Scope) -> Element {
[INFO] [stdout]     |                         ^^^^^ not found in this scope
[INFO] [stdout] ...
[INFO] [stdout] 172 |     test_state!(state: (Child, Node, Parent));
[INFO] [stdout]     |     ----------------------------------------- in this macro invocation
[INFO] [stdout]     |
[INFO] [stdout]     = note: this error originates in the macro `test_state` (in Nightly builds, run with -Z macro-backtrace for more info)
[INFO] [stdout] help: consider importing one of these items
[INFO] [stdout]     |
[INFO] [stdout] 159 +     use rayon::Scope;
[INFO] [stdout]     |
[INFO] [stdout] 159 +     use std::thread::Scope;
[INFO] [stdout]     |
[INFO] [stdout] 
[INFO] [stdout] 
[INFO] [stdout] error[E0433]: failed to resolve: use of undeclared type `VirtualDom`
[INFO] [stdout]    --> examples/simple_dioxus.rs:198:20
[INFO] [stdout]     |
[INFO] [stdout] 198 |     let mut vdom = VirtualDom::new(app);
[INFO] [stdout]     |                    ^^^^^^^^^^ use of undeclared type `VirtualDom`
[INFO] [stdout] 
[INFO] [stdout] 
[INFO] [stdout] error[E0433]: failed to resolve: use of undeclared type `DioxusState`
[INFO] [stdout]    --> examples/simple_dioxus.rs:204:40
[INFO] [stdout]     |
[INFO] [stdout] 204 |     let mut dioxus_intigration_state = DioxusState::create(&mut rdom);
[INFO] [stdout]     |                                        ^^^^^^^^^^^ use of undeclared type `DioxusState`
[INFO] [stdout] 
[INFO] [stdout] 
[INFO] [stdout] error[E0433]: failed to resolve: use of undeclared type `DioxusState`
[INFO] [stdout]    --> tests/custom_element.rs:285:32
[INFO] [stdout]     |
[INFO] [stdout] 285 |         let mut dioxus_state = DioxusState::create(&mut rdom);
[INFO] [stdout]     |                                ^^^^^^^^^^^ use of undeclared type `DioxusState`
[INFO] [stdout] 
[INFO] [stdout] 
[INFO] [stdout] error[E0412]: cannot find type `Element` in this scope
[INFO] [stdout]    --> tests/called_minimally_on_build.rs:118:35
[INFO] [stdout]     |
[INFO] [stdout] 118 |             fn Base(cx: Scope) -> Element {
[INFO] [stdout]     |                                   ^^^^^^^ not found in this scope
[INFO] [stdout] ...
[INFO] [stdout] 172 |     test_state!(state: (Child, Node, Parent));
[INFO] [stdout]     |     ----------------------------------------- in this macro invocation
[INFO] [stdout]     |
[INFO] [stdout]     = note: this error originates in the macro `test_state` (in Nightly builds, run with -Z macro-backtrace for more info)
[INFO] [stdout] help: there is an enum variant `crate::NodeType::Element` and 3 others; try using the variant's enum
[INFO] [stdout]     |
[INFO] [stdout] 118 |             fn Base(cx: Scope) -> crate::NodeType {
[INFO] [stdout]     |                                   ~~~~~~~~~~~~~~~
[INFO] [stdout] 118 |             fn Base(cx: Scope) -> dioxus_native_core::prelude::NodeType {
[INFO] [stdout]     |                                   ~~~~~~~~~~~~~~~~~~~~~~~~~~~~~~~~~~~~~
[INFO] [stdout] 118 |             fn Base(cx: Scope) -> dioxus_native_core::real_dom::NodeTypeMut {
[INFO] [stdout]     |                                   ~~~~~~~~~~~~~~~~~~~~~~~~~~~~~~~~~~~~~~~~~
[INFO] [stdout] 
[INFO] [stdout] 
[INFO] [stdout] error[E0412]: cannot find type `Scope` in this scope
[INFO] [stdout]    --> tests/called_minimally_on_build.rs:118:25
[INFO] [stdout]     |
[INFO] [stdout] 118 |             fn Base(cx: Scope) -> Element {
[INFO] [stdout]     |                         ^^^^^ not found in this scope
[INFO] [stdout] ...
[INFO] [stdout] 189 |     test_state!(state: (Child, Node, Parent));
[INFO] [stdout]     |     ----------------------------------------- in this macro invocation
[INFO] [stdout]     |
[INFO] [stdout]     = note: this error originates in the macro `test_state` (in Nightly builds, run with -Z macro-backtrace for more info)
[INFO] [stdout] help: consider importing one of these items
[INFO] [stdout]     |
[INFO] [stdout] 176 +     use rayon::Scope;
[INFO] [stdout]     |
[INFO] [stdout] 176 +     use std::thread::Scope;
[INFO] [stdout]     |
[INFO] [stdout] 
[INFO] [stdout] 
[INFO] [stdout] error[E0412]: cannot find type `Element` in this scope
[INFO] [stdout]    --> tests/called_minimally_on_build.rs:118:35
[INFO] [stdout]     |
[INFO] [stdout] 118 |             fn Base(cx: Scope) -> Element {
[INFO] [stdout]     |                                   ^^^^^^^ not found in this scope
[INFO] [stdout] ...
[INFO] [stdout] 189 |     test_state!(state: (Child, Node, Parent));
[INFO] [stdout]     |     ----------------------------------------- in this macro invocation
[INFO] [stdout]     |
[INFO] [stdout]     = note: this error originates in the macro `test_state` (in Nightly builds, run with -Z macro-backtrace for more info)
[INFO] [stdout] help: there is an enum variant `crate::NodeType::Element` and 3 others; try using the variant's enum
[INFO] [stdout]     |
[INFO] [stdout] 118 |             fn Base(cx: Scope) -> crate::NodeType {
[INFO] [stdout]     |                                   ~~~~~~~~~~~~~~~
[INFO] [stdout] 118 |             fn Base(cx: Scope) -> dioxus_native_core::prelude::NodeType {
[INFO] [stdout]     |                                   ~~~~~~~~~~~~~~~~~~~~~~~~~~~~~~~~~~~~~
[INFO] [stdout] 118 |             fn Base(cx: Scope) -> dioxus_native_core::real_dom::NodeTypeMut {
[INFO] [stdout]     |                                   ~~~~~~~~~~~~~~~~~~~~~~~~~~~~~~~~~~~~~~~~~
[INFO] [stdout] 
[INFO] [stdout] 
[INFO] [stdout] error[E0412]: cannot find type `Scope` in this scope
[INFO] [stdout]    --> tests/called_minimally_on_build.rs:118:25
[INFO] [stdout]     |
[INFO] [stdout] 118 |             fn Base(cx: Scope) -> Element {
[INFO] [stdout]     |                         ^^^^^ not found in this scope
[INFO] [stdout] ...
[INFO] [stdout] 206 |     test_state!(state: (Child, Node, Parent));
[INFO] [stdout]     |     ----------------------------------------- in this macro invocation
[INFO] [stdout]     |
[INFO] [stdout]     = note: this error originates in the macro `test_state` (in Nightly builds, run with -Z macro-backtrace for more info)
[INFO] [stdout] help: consider importing one of these items
[INFO] [stdout]     |
[INFO] [stdout] 193 +     use rayon::Scope;
[INFO] [stdout]     |
[INFO] [stdout] 193 +     use std::thread::Scope;
[INFO] [stdout]     |
[INFO] [stdout] 
[INFO] [stdout] 
[INFO] [stdout] error[E0412]: cannot find type `Element` in this scope
[INFO] [stdout]    --> tests/called_minimally_on_build.rs:118:35
[INFO] [stdout]     |
[INFO] [stdout] 118 |             fn Base(cx: Scope) -> Element {
[INFO] [stdout]     |                                   ^^^^^^^ not found in this scope
[INFO] [stdout] ...
[INFO] [stdout] 206 |     test_state!(state: (Child, Node, Parent));
[INFO] [stdout]     |     ----------------------------------------- in this macro invocation
[INFO] [stdout]     |
[INFO] [stdout]     = note: this error originates in the macro `test_state` (in Nightly builds, run with -Z macro-backtrace for more info)
[INFO] [stdout] help: there is an enum variant `crate::NodeType::Element` and 3 others; try using the variant's enum
[INFO] [stdout]     |
[INFO] [stdout] 118 |             fn Base(cx: Scope) -> crate::NodeType {
[INFO] [stdout]     |                                   ~~~~~~~~~~~~~~~
[INFO] [stdout] 118 |             fn Base(cx: Scope) -> dioxus_native_core::prelude::NodeType {
[INFO] [stdout]     |                                   ~~~~~~~~~~~~~~~~~~~~~~~~~~~~~~~~~~~~~
[INFO] [stdout] 118 |             fn Base(cx: Scope) -> dioxus_native_core::real_dom::NodeTypeMut {
[INFO] [stdout]     |                                   ~~~~~~~~~~~~~~~~~~~~~~~~~~~~~~~~~~~~~~~~~
[INFO] [stdout] 
[INFO] [stdout] 
[INFO] [stdout] error[E0412]: cannot find type `Scope` in this scope
[INFO] [stdout]    --> tests/called_minimally_on_build.rs:118:25
[INFO] [stdout]     |
[INFO] [stdout] 118 |             fn Base(cx: Scope) -> Element {
[INFO] [stdout]     |                         ^^^^^ not found in this scope
[INFO] [stdout] ...
[INFO] [stdout] 219 |     test_state!(state: (Node1, Node2));
[INFO] [stdout]     |     ---------------------------------- in this macro invocation
[INFO] [stdout]     |
[INFO] [stdout]     = note: this error originates in the macro `test_state` (in Nightly builds, run with -Z macro-backtrace for more info)
[INFO] [stdout] help: consider importing one of these items
[INFO] [stdout]     |
[INFO] [stdout] 210 +     use rayon::Scope;
[INFO] [stdout]     |
[INFO] [stdout] 210 +     use std::thread::Scope;
[INFO] [stdout]     |
[INFO] [stdout] 
[INFO] [stdout] 
[INFO] [stdout] error[E0412]: cannot find type `Element` in this scope
[INFO] [stdout]    --> tests/called_minimally_on_build.rs:118:35
[INFO] [stdout]     |
[INFO] [stdout] 118 |             fn Base(cx: Scope) -> Element {
[INFO] [stdout]     |                                   ^^^^^^^ not found in this scope
[INFO] [stdout] ...
[INFO] [stdout] 219 |     test_state!(state: (Node1, Node2));
[INFO] [stdout]     |     ---------------------------------- in this macro invocation
[INFO] [stdout]     |
[INFO] [stdout]     = note: this error originates in the macro `test_state` (in Nightly builds, run with -Z macro-backtrace for more info)
[INFO] [stdout] help: there is an enum variant `crate::NodeType::Element` and 3 others; try using the variant's enum
[INFO] [stdout]     |
[INFO] [stdout] 118 |             fn Base(cx: Scope) -> crate::NodeType {
[INFO] [stdout]     |                                   ~~~~~~~~~~~~~~~
[INFO] [stdout] 118 |             fn Base(cx: Scope) -> dioxus_native_core::prelude::NodeType {
[INFO] [stdout]     |                                   ~~~~~~~~~~~~~~~~~~~~~~~~~~~~~~~~~~~~~
[INFO] [stdout] 118 |             fn Base(cx: Scope) -> dioxus_native_core::real_dom::NodeTypeMut {
[INFO] [stdout]     |                                   ~~~~~~~~~~~~~~~~~~~~~~~~~~~~~~~~~~~~~~~~~
[INFO] [stdout] 
[INFO] [stdout] 
[INFO] [stdout] error[E0412]: cannot find type `Scope` in this scope
[INFO] [stdout]    --> tests/called_minimally_on_build.rs:118:25
[INFO] [stdout]     |
[INFO] [stdout] 118 |             fn Base(cx: Scope) -> Element {
[INFO] [stdout]     |                         ^^^^^ not found in this scope
[INFO] [stdout] ...
[INFO] [stdout] 236 |     test_state!(state: (Child, Node, Parent));
[INFO] [stdout]     |     ----------------------------------------- in this macro invocation
[INFO] [stdout]     |
[INFO] [stdout]     = note: this error originates in the macro `test_state` (in Nightly builds, run with -Z macro-backtrace for more info)
[INFO] [stdout] help: consider importing one of these items
[INFO] [stdout]     |
[INFO] [stdout] 223 +     use rayon::Scope;
[INFO] [stdout]     |
[INFO] [stdout] 223 +     use std::thread::Scope;
[INFO] [stdout]     |
[INFO] [stdout] 
[INFO] [stdout] 
[INFO] [stdout] error[E0412]: cannot find type `Element` in this scope
[INFO] [stdout]    --> tests/called_minimally_on_build.rs:118:35
[INFO] [stdout]     |
[INFO] [stdout] 118 |             fn Base(cx: Scope) -> Element {
[INFO] [stdout]     |                                   ^^^^^^^ not found in this scope
[INFO] [stdout] ...
[INFO] [stdout] 236 |     test_state!(state: (Child, Node, Parent));
[INFO] [stdout]     |     ----------------------------------------- in this macro invocation
[INFO] [stdout]     |
[INFO] [stdout]     = note: this error originates in the macro `test_state` (in Nightly builds, run with -Z macro-backtrace for more info)
[INFO] [stdout] help: there is an enum variant `crate::NodeType::Element` and 3 others; try using the variant's enum
[INFO] [stdout]     |
[INFO] [stdout] 118 |             fn Base(cx: Scope) -> crate::NodeType {
[INFO] [stdout]     |                                   ~~~~~~~~~~~~~~~
[INFO] [stdout] 118 |             fn Base(cx: Scope) -> dioxus_native_core::prelude::NodeType {
[INFO] [stdout]     |                                   ~~~~~~~~~~~~~~~~~~~~~~~~~~~~~~~~~~~~~
[INFO] [stdout] 118 |             fn Base(cx: Scope) -> dioxus_native_core::real_dom::NodeTypeMut {
[INFO] [stdout]     |                                   ~~~~~~~~~~~~~~~~~~~~~~~~~~~~~~~~~~~~~~~~~
[INFO] [stdout] 
[INFO] [stdout] 
[INFO] [stdout] error[E0433]: failed to resolve: use of undeclared type `VirtualDom`
[INFO] [stdout]    --> tests/custom_element.rs:286:23
[INFO] [stdout]     |
[INFO] [stdout] 286 |         let mut dom = VirtualDom::new(app);
[INFO] [stdout]     |                       ^^^^^^^^^^ use of undeclared type `VirtualDom`
[INFO] [stdout] 
[INFO] [stdout] 
[INFO] [stdout] error[E0425]: cannot find function `use_state` in this scope
[INFO] [stdout]    --> examples/simple_dioxus.rs:170:21
[INFO] [stdout]     |
[INFO] [stdout] 170 |         let count = use_state(cx, || 0);
[INFO] [stdout]     |                     ^^^^^^^^^ not found in this scope
[INFO] [stdout] 
[INFO] [stdout] 
[INFO] [stdout] error[E0425]: cannot find function `use_future` in this scope
[INFO] [stdout]    --> examples/simple_dioxus.rs:172:9
[INFO] [stdout]     |
[INFO] [stdout] 172 |         use_future(cx, (count,), |(count,)| async move {
[INFO] [stdout]     |         ^^^^^^^^^^ not found in this scope
[INFO] [stdout] 
[INFO] [stdout] 
[INFO] [stdout] error: aborting due to 11 previous errors
[INFO] [stdout] 
[INFO] [stdout] 
[INFO] [stdout] Some errors have detailed explanations: E0412, E0425, E0433.
[INFO] [stdout] 
[INFO] [stdout] For more information about an error, try `rustc --explain E0412`.
[INFO] [stdout] 
[INFO] [stdout] error[E0282]: type annotations needed for `&mut T`
[INFO] [stdout]    --> tests/fuzzing.rs:146:9
[INFO] [stdout]     |
[INFO] [stdout] 146 |     let roots = Box::leak(roots.into_boxed_slice());
[INFO] [stdout]     |         ^^^^^
[INFO] [stdout] ...
[INFO] [stdout] 149 |     for (i, root) in roots.iter().enumerate() {
[INFO] [stdout]     |                            ---- type must be known at this point
[INFO] [stdout]     |
[INFO] [stdout] help: consider giving `roots` an explicit type, where the type for type parameter `T` is specified
[INFO] [stdout]     |
[INFO] [stdout] 146 |     let roots: &mut T = Box::leak(roots.into_boxed_slice());
[INFO] [stdout]     |              ++++++++
[INFO] [stdout] 
[INFO] [stdout] 
[INFO] [stderr] error: could not compile `dioxus-native-core` (example "simple_dioxus") due to 12 previous errors
[INFO] [stderr] warning: build failed, waiting for other jobs to finish...
[INFO] [stdout] error[E0425]: cannot find function `use_state` in this scope
[INFO] [stdout]    --> tests/custom_element.rs:260:21
[INFO] [stdout]     |
[INFO] [stdout] 260 |         let count = use_state(cx, || 0);
[INFO] [stdout]     |                     ^^^^^^^^^ not found in this scope
[INFO] [stdout] 
[INFO] [stdout] 
[INFO] [stdout] error[E0433]: failed to resolve: use of undeclared type `DioxusState`
[INFO] [stdout]    --> tests/custom_element.rs:352:32
[INFO] [stdout]     |
[INFO] [stdout] 352 |         let mut dioxus_state = DioxusState::create(&mut rdom);
[INFO] [stdout]     |                                ^^^^^^^^^^^ use of undeclared type `DioxusState`
[INFO] [stdout] 
[INFO] [stdout] 
[INFO] [stdout] error[E0433]: failed to resolve: use of undeclared type `DynamicNode`
[INFO] [stdout]    --> tests/fuzzing.rs:180:14
[INFO] [stdout]     |
[INFO] [stdout] 180 |         0 => DynamicNode::Placeholder(Default::default()),
[INFO] [stdout]     |              ^^^^^^^^^^^ use of undeclared type `DynamicNode`
[INFO] [stdout] 
[INFO] [stdout] 
[INFO] [stdout] error[E0433]: failed to resolve: use of undeclared type `VirtualDom`
[INFO] [stdout]    --> tests/custom_element.rs:353:23
[INFO] [stdout]     |
[INFO] [stdout] 353 |         let mut dom = VirtualDom::new(app);
[INFO] [stdout]     |                       ^^^^^^^^^^ use of undeclared type `VirtualDom`
[INFO] [stdout] 
[INFO] [stdout] 
[INFO] [stdout] error[E0433]: failed to resolve: use of undeclared type `DioxusState`
[INFO] [stdout]    --> tests/custom_element.rs:380:32
[INFO] [stdout]     |
[INFO] [stdout] 380 |         let mut dioxus_state = DioxusState::create(&mut rdom);
[INFO] [stdout]     |                                ^^^^^^^^^^^ use of undeclared type `DioxusState`
[INFO] [stdout] 
[INFO] [stdout] 
[INFO] [stdout] error[E0433]: failed to resolve: use of undeclared type `VirtualDom`
[INFO] [stdout]    --> tests/custom_element.rs:381:23
[INFO] [stdout]     |
[INFO] [stdout] 381 |         let mut dom = VirtualDom::new(app);
[INFO] [stdout]     |                       ^^^^^^^^^^ use of undeclared type `VirtualDom`
[INFO] [stdout] 
[INFO] [stdout] 
[INFO] [stdout] error[E0433]: failed to resolve: use of undeclared type `AttributeValue`
[INFO] [stdout]    --> tests/fuzzing.rs:209:14
[INFO] [stdout]     |
[INFO] [stdout] 209 |         0 => AttributeValue::Text(Box::leak(
[INFO] [stdout]     |              ^^^^^^^^^^^^^^ use of undeclared type `AttributeValue`
[INFO] [stdout] 
[INFO] [stdout] 
[INFO] [stdout] error[E0433]: failed to resolve: use of undeclared type `AttributeValue`
[INFO] [stdout]    --> tests/fuzzing.rs:212:14
[INFO] [stdout]     |
[INFO] [stdout] 212 |         1 => AttributeValue::Float(rand::random()),
[INFO] [stdout]     |              ^^^^^^^^^^^^^^ use of undeclared type `AttributeValue`
[INFO] [stdout] 
[INFO] [stdout] 
[INFO] [stdout] error[E0433]: failed to resolve: use of undeclared type `AttributeValue`
[INFO] [stdout]    --> tests/fuzzing.rs:213:14
[INFO] [stdout]     |
[INFO] [stdout] 213 |         2 => AttributeValue::Int(rand::random()),
[INFO] [stdout]     |              ^^^^^^^^^^^^^^ use of undeclared type `AttributeValue`
[INFO] [stdout] 
[INFO] [stdout] 
[INFO] [stdout] error[E0433]: failed to resolve: use of undeclared type `AttributeValue`
[INFO] [stdout]    --> tests/fuzzing.rs:214:14
[INFO] [stdout]     |
[INFO] [stdout] 214 |         3 => AttributeValue::Bool(rand::random()),
[INFO] [stdout]     |              ^^^^^^^^^^^^^^ use of undeclared type `AttributeValue`
[INFO] [stdout] 
[INFO] [stdout] 
[INFO] [stdout] error[E0433]: failed to resolve: use of undeclared type `AttributeValue`
[INFO] [stdout]    --> tests/fuzzing.rs:216:14
[INFO] [stdout]     |
[INFO] [stdout] 216 |         5 => AttributeValue::None,
[INFO] [stdout]     |              ^^^^^^^^^^^^^^ use of undeclared type `AttributeValue`
[INFO] [stdout] 
[INFO] [stdout] 
[INFO] [stdout] error[E0433]: failed to resolve: use of undeclared type `Attribute`
[INFO] [stdout]    --> tests/fuzzing.rs:220:5
[INFO] [stdout]     |
[INFO] [stdout] 220 |     Attribute::new(
[INFO] [stdout]     |     ^^^^^^^^^ use of undeclared type `Attribute`
[INFO] [stdout] 
[INFO] [stdout] 
[INFO] [stdout] error[E0433]: failed to resolve: use of undeclared type `DynamicNode`
[INFO] [stdout]    --> tests/fuzzing.rs:265:54
[INFO] [stdout]     |
[INFO] [stdout] 265 | ...                   DynamicNodeType::Text => DynamicNode::Text(VText::new(Box::leak(
[INFO] [stdout]     |                                                ^^^^^^^^^^^ use of undeclared type `DynamicNode`
[INFO] [stdout] 
[INFO] [stdout] 
[INFO] [stdout] error: aborting due to 18 previous errors
[INFO] [stdout] 
[INFO] [stdout] 
[INFO] [stdout] Some errors have detailed explanations: E0412, E0425, E0433.
[INFO] [stdout] 
[INFO] [stdout] For more information about an error, try `rustc --explain E0412`.
[INFO] [stdout] 
[INFO] [stdout] error[E0433]: failed to resolve: use of undeclared type `VText`
[INFO] [stdout]    --> tests/fuzzing.rs:265:72
[INFO] [stdout]     |
[INFO] [stdout] 265 | ...                   DynamicNodeType::Text => DynamicNode::Text(VText::new(Box::leak(
[INFO] [stdout]     |                                                                  ^^^^^ use of undeclared type `VText`
[INFO] [stdout] 
[INFO] [stdout] 
[INFO] [stdout] error[E0433]: failed to resolve: use of undeclared type `VirtualDom`
[INFO] [stdout]    --> tests/called_minimally_on_build.rs:139:28
[INFO] [stdout]     |
[INFO] [stdout] 139 |             let mut vdom = VirtualDom::new(Base);
[INFO] [stdout]     |                            ^^^^^^^^^^ use of undeclared type `VirtualDom`
[INFO] [stdout] ...
[INFO] [stdout] 172 |     test_state!(state: (Child, Node, Parent));
[INFO] [stdout]     |     ----------------------------------------- in this macro invocation
[INFO] [stdout]     |
[INFO] [stdout]     = note: this error originates in the macro `test_state` (in Nightly builds, run with -Z macro-backtrace for more info)
[INFO] [stdout] 
[INFO] [stdout] 
[INFO] [stderr] error: could not compile `dioxus-native-core` (test "custom_element") due to 19 previous errors
[INFO] [stdout] error[E0433]: failed to resolve: use of undeclared type `DioxusState`
[INFO] [stdout]    --> tests/called_minimally_on_build.rs:144:36
[INFO] [stdout]     |
[INFO] [stdout] 144 |             let mut dioxus_state = DioxusState::create(&mut dom);
[INFO] [stdout]     |                                    ^^^^^^^^^^^ use of undeclared type `DioxusState`
[INFO] [stdout] ...
[INFO] [stdout] 172 |     test_state!(state: (Child, Node, Parent));
[INFO] [stdout]     |     ----------------------------------------- in this macro invocation
[INFO] [stdout]     |
[INFO] [stdout]     = note: this error originates in the macro `test_state` (in Nightly builds, run with -Z macro-backtrace for more info)
[INFO] [stdout] 
[INFO] [stdout] 
[INFO] [stdout] error[E0433]: failed to resolve: use of undeclared type `VirtualDom`
[INFO] [stdout]    --> tests/fuzzing.rs:337:24
[INFO] [stdout]     |
[INFO] [stdout] 337 |         let mut vdom = VirtualDom::new_with_props(
[INFO] [stdout]     |                        ^^^^^^^^^^ use of undeclared type `VirtualDom`
[INFO] [stdout] 
[INFO] [stdout] 
[INFO] [stdout] error[E0433]: failed to resolve: use of undeclared type `DioxusState`
[INFO] [stdout]    --> tests/fuzzing.rs:346:32
[INFO] [stdout]     |
[INFO] [stdout] 346 |         let mut dioxus_state = DioxusState::create(&mut rdom);
[INFO] [stdout]     |                                ^^^^^^^^^^^ use of undeclared type `DioxusState`
[INFO] [stdout] 
[INFO] [stdout] 
[INFO] [stdout] error[E0433]: failed to resolve: use of undeclared type `VirtualDom`
[INFO] [stdout]    --> tests/fuzzing.rs:359:24
[INFO] [stdout]     |
[INFO] [stdout] 359 |         let mut vdom = VirtualDom::new_with_props(
[INFO] [stdout]     |                        ^^^^^^^^^^ use of undeclared type `VirtualDom`
[INFO] [stdout] 
[INFO] [stdout] 
[INFO] [stdout] error[E0433]: failed to resolve: use of undeclared type `DioxusState`
[INFO] [stdout]    --> tests/fuzzing.rs:368:32
[INFO] [stdout]     |
[INFO] [stdout] 368 |         let mut dioxus_state = DioxusState::create(&mut rdom);
[INFO] [stdout]     |                                ^^^^^^^^^^^ use of undeclared type `DioxusState`
[INFO] [stdout] 
[INFO] [stdout] 
[INFO] [stdout] error[E0433]: failed to resolve: use of undeclared type `VirtualDom`
[INFO] [stdout]    --> tests/called_minimally_on_build.rs:139:28
[INFO] [stdout]     |
[INFO] [stdout] 139 |             let mut vdom = VirtualDom::new(Base);
[INFO] [stdout]     |                            ^^^^^^^^^^ use of undeclared type `VirtualDom`
[INFO] [stdout] ...
[INFO] [stdout] 189 |     test_state!(state: (Child, Node, Parent));
[INFO] [stdout]     |     ----------------------------------------- in this macro invocation
[INFO] [stdout]     |
[INFO] [stdout]     = note: this error originates in the macro `test_state` (in Nightly builds, run with -Z macro-backtrace for more info)
[INFO] [stdout] 
[INFO] [stdout] 
[INFO] [stdout] error[E0433]: failed to resolve: use of undeclared type `DioxusState`
[INFO] [stdout]    --> tests/called_minimally_on_build.rs:144:36
[INFO] [stdout]     |
[INFO] [stdout] 144 |             let mut dioxus_state = DioxusState::create(&mut dom);
[INFO] [stdout]     |                                    ^^^^^^^^^^^ use of undeclared type `DioxusState`
[INFO] [stdout] ...
[INFO] [stdout] 189 |     test_state!(state: (Child, Node, Parent));
[INFO] [stdout]     |     ----------------------------------------- in this macro invocation
[INFO] [stdout]     |
[INFO] [stdout]     = note: this error originates in the macro `test_state` (in Nightly builds, run with -Z macro-backtrace for more info)
[INFO] [stdout] 
[INFO] [stdout] 
[INFO] [stdout] error[E0433]: failed to resolve: use of undeclared type `TemplateAttribute`
[INFO] [stdout]   --> tests/fuzzing.rs:21:14
[INFO] [stdout]    |
[INFO] [stdout] 21 |         0 => TemplateAttribute::Static {
[INFO] [stdout]    |              ^^^^^^^^^^^^^^^^^ use of undeclared type `TemplateAttribute`
[INFO] [stdout] 
[INFO] [stdout] 
[INFO] [stdout] error[E0433]: failed to resolve: use of undeclared type `VirtualDom`
[INFO] [stdout]    --> tests/called_minimally_on_build.rs:139:28
[INFO] [stdout]     |
[INFO] [stdout] 139 |             let mut vdom = VirtualDom::new(Base);
[INFO] [stdout]     |                            ^^^^^^^^^^ use of undeclared type `VirtualDom`
[INFO] [stdout] ...
[INFO] [stdout] 206 |     test_state!(state: (Child, Node, Parent));
[INFO] [stdout]     |     ----------------------------------------- in this macro invocation
[INFO] [stdout]     |
[INFO] [stdout]     = note: this error originates in the macro `test_state` (in Nightly builds, run with -Z macro-backtrace for more info)
[INFO] [stdout] 
[INFO] [stdout] 
[INFO] [stdout] error[E0433]: failed to resolve: use of undeclared type `TemplateAttribute`
[INFO] [stdout]   --> tests/fuzzing.rs:26:14
[INFO] [stdout]    |
[INFO] [stdout] 26 |         1 => TemplateAttribute::Dynamic {
[INFO] [stdout]    |              ^^^^^^^^^^^^^^^^^ use of undeclared type `TemplateAttribute`
[INFO] [stdout] 
[INFO] [stdout] 
[INFO] [stdout] error[E0433]: failed to resolve: use of undeclared type `TemplateNode`
[INFO] [stdout]   --> tests/fuzzing.rs:51:13
[INFO] [stdout]    |
[INFO] [stdout] 51 |             TemplateNode::Element {
[INFO] [stdout]    |             ^^^^^^^^^^^^ use of undeclared type `TemplateNode`
[INFO] [stdout] 
[INFO] [stdout] 
[INFO] [stdout] error[E0433]: failed to resolve: use of undeclared type `TemplateNode`
[INFO] [stdout]   --> tests/fuzzing.rs:74:14
[INFO] [stdout]    |
[INFO] [stdout] 74 |         1 => TemplateNode::Text {
[INFO] [stdout]    |              ^^^^^^^^^^^^ use of undeclared type `TemplateNode`
[INFO] [stdout] 
[INFO] [stdout] 
[INFO] [stdout] error[E0433]: failed to resolve: use of undeclared type `TemplateNode`
[INFO] [stdout]   --> tests/fuzzing.rs:77:14
[INFO] [stdout]    |
[INFO] [stdout] 77 |         2 => TemplateNode::DynamicText {
[INFO] [stdout]    |              ^^^^^^^^^^^^ use of undeclared type `TemplateNode`
[INFO] [stdout] 
[INFO] [stdout] 
[INFO] [stdout] error[E0433]: failed to resolve: use of undeclared type `TemplateNode`
[INFO] [stdout]   --> tests/fuzzing.rs:85:14
[INFO] [stdout]    |
[INFO] [stdout] 85 |         3 => TemplateNode::Dynamic {
[INFO] [stdout]    |              ^^^^^^^^^^^^ use of undeclared type `TemplateNode`
[INFO] [stdout] 
[INFO] [stdout] 
[INFO] [stdout] error[E0433]: failed to resolve: use of undeclared type `TemplateNode`
[INFO] [stdout]    --> tests/fuzzing.rs:104:9
[INFO] [stdout]     |
[INFO] [stdout] 104 |         TemplateNode::Element {
[INFO] [stdout]     |         ^^^^^^^^^^^^ use of undeclared type `TemplateNode`
[INFO] [stdout] 
[INFO] [stdout] 
[INFO] [stdout] error[E0433]: failed to resolve: use of undeclared type `TemplateAttribute`
[INFO] [stdout]    --> tests/fuzzing.rs:109:21
[INFO] [stdout]     |
[INFO] [stdout] 109 |                     TemplateAttribute::Static { .. } => {}
[INFO] [stdout]     |                     ^^^^^^^^^^^^^^^^^ use of undeclared type `TemplateAttribute`
[INFO] [stdout] 
[INFO] [stdout] 
[INFO] [stdout] error[E0433]: failed to resolve: use of undeclared type `TemplateAttribute`
[INFO] [stdout]    --> tests/fuzzing.rs:110:21
[INFO] [stdout]     |
[INFO] [stdout] 110 |                     TemplateAttribute::Dynamic { .. } => {
[INFO] [stdout]     |                     ^^^^^^^^^^^^^^^^^ use of undeclared type `TemplateAttribute`
[INFO] [stdout] 
[INFO] [stdout] 
[INFO] [stdout] error[E0433]: failed to resolve: use of undeclared type `TemplateNode`
[INFO] [stdout]    --> tests/fuzzing.rs:121:9
[INFO] [stdout]     |
[INFO] [stdout] 121 |         TemplateNode::Text { .. } => {}
[INFO] [stdout]     |         ^^^^^^^^^^^^ use of undeclared type `TemplateNode`
[INFO] [stdout] 
[INFO] [stdout] 
[INFO] [stdout] error[E0433]: failed to resolve: use of undeclared type `TemplateNode`
[INFO] [stdout]    --> tests/fuzzing.rs:122:9
[INFO] [stdout]     |
[INFO] [stdout] 122 |         TemplateNode::DynamicText { .. } => {
[INFO] [stdout]     |         ^^^^^^^^^^^^ use of undeclared type `TemplateNode`
[INFO] [stdout] 
[INFO] [stdout] 
[INFO] [stdout] error[E0433]: failed to resolve: use of undeclared type `TemplateNode`
[INFO] [stdout]    --> tests/fuzzing.rs:125:9
[INFO] [stdout]     |
[INFO] [stdout] 125 |         TemplateNode::Dynamic { .. } => {
[INFO] [stdout]     |         ^^^^^^^^^^^^ use of undeclared type `TemplateNode`
[INFO] [stdout] 
[INFO] [stdout] 
[INFO] [stdout] error[E0433]: failed to resolve: use of undeclared type `TemplateNode`
[INFO] [stdout]    --> tests/fuzzing.rs:186:26
[INFO] [stdout]     |
[INFO] [stdout] 186 |                 roots: &[TemplateNode::Dynamic { id: 0 }],
[INFO] [stdout]     |                          ^^^^^^^^^^^^ use of undeclared type `TemplateNode`
[INFO] [stdout] 
[INFO] [stdout] 
[INFO] [stdout] error: aborting due to 44 previous errors
[INFO] [stdout] 
[INFO] [stdout] 
[INFO] [stdout] Some errors have detailed explanations: E0282, E0412, E0422, E0432, E0433.
[INFO] [stdout] 
[INFO] [stdout] For more information about an error, try `rustc --explain E0282`.
[INFO] [stdout] 
[INFO] [stdout] error[E0433]: failed to resolve: use of undeclared type `DioxusState`
[INFO] [stdout]    --> tests/called_minimally_on_build.rs:144:36
[INFO] [stdout]     |
[INFO] [stdout] 144 |             let mut dioxus_state = DioxusState::create(&mut dom);
[INFO] [stdout]     |                                    ^^^^^^^^^^^ use of undeclared type `DioxusState`
[INFO] [stdout] ...
[INFO] [stdout] 206 |     test_state!(state: (Child, Node, Parent));
[INFO] [stdout]     |     ----------------------------------------- in this macro invocation
[INFO] [stdout]     |
[INFO] [stdout]     = note: this error originates in the macro `test_state` (in Nightly builds, run with -Z macro-backtrace for more info)
[INFO] [stdout] 
[INFO] [stdout] 
[INFO] [stderr] error: could not compile `dioxus-native-core` (test "fuzzing") due to 45 previous errors
[INFO] [stdout] error[E0433]: failed to resolve: use of undeclared type `VirtualDom`
[INFO] [stdout]    --> src/utils/persistant_iterator.rs:218:20
[INFO] [stdout]     |
[INFO] [stdout] 218 |     let mut vdom = VirtualDom::new(Base);
[INFO] [stdout]     |                    ^^^^^^^^^^ use of undeclared type `VirtualDom`
[INFO] [stdout] 
[INFO] [stdout] 
[INFO] [stdout] error[E0433]: failed to resolve: use of undeclared type `VirtualDom`
[INFO] [stdout]    --> src/utils/persistant_iterator.rs:321:20
[INFO] [stdout]     |
[INFO] [stdout] 321 |     let mut vdom = VirtualDom::new(Base);
[INFO] [stdout]     |                    ^^^^^^^^^^ use of undeclared type `VirtualDom`
[INFO] [stdout] 
[INFO] [stdout] 
[INFO] [stdout] error[E0433]: failed to resolve: use of undeclared type `VirtualDom`
[INFO] [stdout]    --> tests/called_minimally_on_build.rs:139:28
[INFO] [stdout]     |
[INFO] [stdout] 139 |             let mut vdom = VirtualDom::new(Base);
[INFO] [stdout]     |                            ^^^^^^^^^^ use of undeclared type `VirtualDom`
[INFO] [stdout] ...
[INFO] [stdout] 219 |     test_state!(state: (Node1, Node2));
[INFO] [stdout]     |     ---------------------------------- in this macro invocation
[INFO] [stdout]     |
[INFO] [stdout]     = note: this error originates in the macro `test_state` (in Nightly builds, run with -Z macro-backtrace for more info)
[INFO] [stdout] 
[INFO] [stdout] 
[INFO] [stdout] error[E0433]: failed to resolve: use of undeclared type `DioxusState`
[INFO] [stdout]    --> tests/called_minimally_on_build.rs:144:36
[INFO] [stdout]     |
[INFO] [stdout] 144 |             let mut dioxus_state = DioxusState::create(&mut dom);
[INFO] [stdout]     |                                    ^^^^^^^^^^^ use of undeclared type `DioxusState`
[INFO] [stdout] ...
[INFO] [stdout] 219 |     test_state!(state: (Node1, Node2));
[INFO] [stdout]     |     ---------------------------------- in this macro invocation
[INFO] [stdout]     |
[INFO] [stdout]     = note: this error originates in the macro `test_state` (in Nightly builds, run with -Z macro-backtrace for more info)
[INFO] [stdout] 
[INFO] [stdout] 
[INFO] [stdout] error[E0425]: cannot find function, tuple struct or tuple variant `ScopeId` in this scope
[INFO] [stdout]    --> src/utils/persistant_iterator.rs:357:21
[INFO] [stdout]     |
[INFO] [stdout] 357 |     vdom.mark_dirty(ScopeId(0));
[INFO] [stdout]     |                     ^^^^^^^ not found in this scope
[INFO] [stdout] 
[INFO] [stdout] 
[INFO] [stdout] error[E0433]: failed to resolve: use of undeclared type `VirtualDom`
[INFO] [stdout]    --> src/utils/persistant_iterator.rs:402:20
[INFO] [stdout]     |
[INFO] [stdout] 402 |     let mut vdom = VirtualDom::new(Base);
[INFO] [stdout]     |                    ^^^^^^^^^^ use of undeclared type `VirtualDom`
[INFO] [stdout] 
[INFO] [stdout] 
[INFO] [stdout] error[E0425]: cannot find function, tuple struct or tuple variant `ScopeId` in this scope
[INFO] [stdout]    --> src/utils/persistant_iterator.rs:422:21
[INFO] [stdout]     |
[INFO] [stdout] 422 |     vdom.mark_dirty(ScopeId(0));
[INFO] [stdout]     |                     ^^^^^^^ not found in this scope
[INFO] [stdout] 
[INFO] [stdout] 
[INFO] [stdout] error[E0433]: failed to resolve: use of undeclared type `VirtualDom`
[INFO] [stdout]    --> src/utils/persistant_iterator.rs:460:20
[INFO] [stdout]     |
[INFO] [stdout] 460 |     let mut vdom = VirtualDom::new(Base);
[INFO] [stdout]     |                    ^^^^^^^^^^ use of undeclared type `VirtualDom`
[INFO] [stdout] 
[INFO] [stdout] 
[INFO] [stdout] error[E0433]: failed to resolve: use of undeclared type `VirtualDom`
[INFO] [stdout]    --> tests/called_minimally_on_build.rs:139:28
[INFO] [stdout]     |
[INFO] [stdout] 139 |             let mut vdom = VirtualDom::new(Base);
[INFO] [stdout]     |                            ^^^^^^^^^^ use of undeclared type `VirtualDom`
[INFO] [stdout] ...
[INFO] [stdout] 236 |     test_state!(state: (Child, Node, Parent));
[INFO] [stdout]     |     ----------------------------------------- in this macro invocation
[INFO] [stdout]     |
[INFO] [stdout]     = note: this error originates in the macro `test_state` (in Nightly builds, run with -Z macro-backtrace for more info)
[INFO] [stdout] 
[INFO] [stdout] 
[INFO] [stdout] error[E0433]: failed to resolve: use of undeclared type `DioxusState`
[INFO] [stdout]    --> tests/called_minimally_on_build.rs:144:36
[INFO] [stdout]     |
[INFO] [stdout] 144 |             let mut dioxus_state = DioxusState::create(&mut dom);
[INFO] [stdout]     |                                    ^^^^^^^^^^^ use of undeclared type `DioxusState`
[INFO] [stdout] ...
[INFO] [stdout] 236 |     test_state!(state: (Child, Node, Parent));
[INFO] [stdout]     |     ----------------------------------------- in this macro invocation
[INFO] [stdout]     |
[INFO] [stdout]     = note: this error originates in the macro `test_state` (in Nightly builds, run with -Z macro-backtrace for more info)
[INFO] [stdout] 
[INFO] [stdout] 
[INFO] [stdout] error: aborting due to 26 previous errors
[INFO] [stdout] 
[INFO] [stdout] 
[INFO] [stdout] Some errors have detailed explanations: E0412, E0433.
[INFO] [stdout] 
[INFO] [stdout] For more information about an error, try `rustc --explain E0412`.
[INFO] [stdout] 
[INFO] [stderr] error: could not compile `dioxus-native-core` (test "called_minimally_on_build") due to 27 previous errors
[INFO] [stdout] error: aborting due to 26 previous errors
[INFO] [stdout] 
[INFO] [stdout] 
[INFO] [stdout] Some errors have detailed explanations: E0412, E0425, E0432, E0433.
[INFO] [stdout] 
[INFO] [stdout] For more information about an error, try `rustc --explain E0412`.
[INFO] [stdout] 
[INFO] [stderr] error: could not compile `dioxus-native-core` (lib test) due to 27 previous errors
[INFO] running `Command { std: "docker" "inspect" "02f69bcbaf5c3367e40449585e04d4c27c4b3c9def19da61bcf366ab454b4011", kill_on_drop: false }`
[INFO] running `Command { std: "docker" "rm" "-f" "02f69bcbaf5c3367e40449585e04d4c27c4b3c9def19da61bcf366ab454b4011", kill_on_drop: false }`
[INFO] [stdout] 02f69bcbaf5c3367e40449585e04d4c27c4b3c9def19da61bcf366ab454b4011
